[INFO] cloning repository https://github.com/lucasmartins-ai/lookauniversalremote
[INFO] running `Command { std: "git" "-c" "credential.helper=" "-c" "credential.helper=/workspace/cargo-home/bin/git-credential-null" "clone" "--bare" "https://github.com/lucasmartins-ai/lookauniversalremote" "/workspace/cache/git-repos/https%3A%2F%2Fgithub.com%2Flucasmartins-ai%2Flookauniversalremote", kill_on_drop: false }`
[INFO] [stderr] Cloning into bare repository '/workspace/cache/git-repos/https%3A%2F%2Fgithub.com%2Flucasmartins-ai%2Flookauniversalremote'...
[INFO] running `Command { std: "git" "rev-parse" "HEAD", kill_on_drop: false }`
[INFO] [stdout] 88b10abc6feef8f6f33b41a546c6de237d8b77af
[INFO] checking lucasmartins-ai/lookauniversalremote against 3154cc1a3e6424e44f438a95007d043ed5ceaaf6 for pr-133502-30
[INFO] running `Command { std: "git" "clone" "/workspace/cache/git-repos/https%3A%2F%2Fgithub.com%2Flucasmartins-ai%2Flookauniversalremote" "/workspace/builds/worker-5-tc2/source", kill_on_drop: false }`
[INFO] [stderr] Cloning into '/workspace/builds/worker-5-tc2/source'...
[INFO] [stderr] done.
[INFO] removed /workspace/builds/worker-5-tc2/source/rust-toolchain.toml
[INFO] started tweaking git repo https://github.com/lucasmartins-ai/lookauniversalremote
[INFO] finished tweaking git repo https://github.com/lucasmartins-ai/lookauniversalremote
[INFO] tweaked toml for git repo https://github.com/lucasmartins-ai/lookauniversalremote written to /workspace/builds/worker-5-tc2/source/Cargo.toml
[INFO] validating manifest of git repo https://github.com/lucasmartins-ai/lookauniversalremote on toolchain 3154cc1a3e6424e44f438a95007d043ed5ceaaf6
[INFO] running `Command { std: CARGO_HOME="/workspace/cargo-home" RUSTUP_HOME="/workspace/rustup-home" "/workspace/cargo-home/bin/cargo" "+3154cc1a3e6424e44f438a95007d043ed5ceaaf6" "metadata" "--manifest-path" "Cargo.toml" "--no-deps", kill_on_drop: false }`
[INFO] crate git repo https://github.com/lucasmartins-ai/lookauniversalremote already has a lockfile, it will not be regenerated
[INFO] running `Command { std: CARGO_HOME="/workspace/cargo-home" RUSTUP_HOME="/workspace/rustup-home" "/workspace/cargo-home/bin/cargo" "+3154cc1a3e6424e44f438a95007d043ed5ceaaf6" "fetch" "--manifest-path" "Cargo.toml", kill_on_drop: false }`
[INFO] [stderr] warning: unused field `version` in `workspace.package`
[INFO] [stderr]   --> Cargo.toml:23:1
[INFO] [stderr]    |
[INFO] [stderr] 23 | version = "0.1.0"
[INFO] [stderr]    | ^^^^^^^
[INFO] [stderr]    |
[INFO] [stderr]    = note: `cargo::unused_workspace_package_fields` is set to `warn` by default
[INFO] [stderr] help: consider removing the field `workspace.package.version`
[INFO] [stderr] warning: workspace (manifest) generated 1 warning
[INFO] running `Command { std: "docker" "create" "-v" "/var/lib/crater-agent-workspace/builds/worker-5-tc2/source:/opt/rustwide/workdir:ro,Z" "-v" "/var/lib/crater-agent-workspace/builds/worker-5-tc2/target:/opt/rustwide/target:rw,Z" "-v" "/var/lib/crater-agent-workspace/cargo-home:/opt/rustwide/cargo-home:ro,Z" "-v" "/var/lib/crater-agent-workspace/rustup-home:/opt/rustwide/rustup-home:ro,Z" "-m" "1610612736" "--network" "none" "ghcr.io/rust-lang/crates-build-env/linux@sha256:77db811e55d90add9212f6832c23229e3de5f1c1f9905e8cb07319ea15df73ac" "sleep" "infinity", kill_on_drop: false }`
[INFO] [stdout] 6856ce60b9ce48dca747c23f4f42c4eb7331b844cc41b86c153b4e30264c14eb
[INFO] running `Command { std: "docker" "start" "6856ce60b9ce48dca747c23f4f42c4eb7331b844cc41b86c153b4e30264c14eb", kill_on_drop: false }`
[INFO] running `Command { std: "docker" "inspect" "6856ce60b9ce48dca747c23f4f42c4eb7331b844cc41b86c153b4e30264c14eb", kill_on_drop: false }`
[INFO] running `Command { std: "docker" "exec" "-e" "SOURCE_DIR=/opt/rustwide/workdir" "-e" "CARGO_HOME=/opt/rustwide/cargo-home" "-e" "RUSTUP_HOME=/opt/rustwide/rustup-home" "-e" "CARGO_TARGET_DIR=/opt/rustwide/target" "-w" "/opt/rustwide/workdir" "--user" "0:0" "6856ce60b9ce48dca747c23f4f42c4eb7331b844cc41b86c153b4e30264c14eb" "/opt/rustwide/cargo-home/bin/cargo" "+3154cc1a3e6424e44f438a95007d043ed5ceaaf6" "metadata" "--no-deps" "--format-version=1", kill_on_drop: false }`
[INFO] running `Command { std: "docker" "inspect" "6856ce60b9ce48dca747c23f4f42c4eb7331b844cc41b86c153b4e30264c14eb", kill_on_drop: false }`
[INFO] running `Command { std: "docker" "exec" "-e" "SOURCE_DIR=/opt/rustwide/workdir" "-e" "CARGO_HOME=/opt/rustwide/cargo-home" "-e" "RUSTUP_HOME=/opt/rustwide/rustup-home" "-e" "CARGO_TARGET_DIR=/opt/rustwide/target" "-e" "CARGO_INCREMENTAL=0" "-e" "RUST_BACKTRACE=full" "-e" "RUSTFLAGS=--cap-lints=forbid" "-e" "RUSTDOCFLAGS=--cap-lints=forbid" "-w" "/opt/rustwide/workdir" "--user" "0:0" "6856ce60b9ce48dca747c23f4f42c4eb7331b844cc41b86c153b4e30264c14eb" "/opt/rustwide/cargo-home/bin/cargo" "+3154cc1a3e6424e44f438a95007d043ed5ceaaf6" "check" "--frozen" "--all" "--all-targets" "--message-format=json", kill_on_drop: false }`
[INFO] [stderr] warning: unused field `version` in `workspace.package`
[INFO] [stderr]   --> Cargo.toml:23:1
[INFO] [stderr]    |
[INFO] [stderr] 23 | version = "0.1.0"
[INFO] [stderr]    | ^^^^^^^
[INFO] [stderr]    |
[INFO] [stderr]    = note: `cargo::unused_workspace_package_fields` is set to `warn` by default
[INFO] [stderr] help: consider removing the field `workspace.package.version`
[INFO] [stderr] warning: workspace (manifest) generated 1 warning
[INFO] [stderr]    Compiling syn v3.0.4
[INFO] [stderr]    Compiling zerocopy-derive v0.8.56
[INFO] [stderr]     Checking zeroize v1.9.0
[INFO] [stderr]    Compiling cc v1.4.4
[INFO] [stderr]    Compiling portable-atomic v1.15.0
[INFO] [stderr]     Checking serde_json v1.0.151
[INFO] [stderr]     Checking aho-corasick v1.1.5
[INFO] [stderr]     Checking nom v7.1.3
[INFO] [stderr]     Checking generic-array v0.14.7
[INFO] [stderr]     Checking crypto-common v0.1.7
[INFO] [stderr]     Checking block-buffer v0.10.4
[INFO] [stderr]     Checking block-padding v0.3.3
[INFO] [stderr]     Checking digest v0.10.7
[INFO] [stderr]     Checking inout v0.1.4
[INFO] [stderr]     Checking der v0.7.10
[INFO] [stderr]     Checking cipher v0.4.4
[INFO] [stderr]     Checking regex-automata v0.4.18
[INFO] [stderr]     Checking hmac v0.12.1
[INFO] [stderr]     Checking sha1 v0.10.7
[INFO] [stderr]     Checking rustls-pki-types v1.15.1
[INFO] [stderr]     Checking getrandom v0.3.4
[INFO] [stderr]     Checking ff v0.13.1
[INFO] [stderr]     Checking group v0.13.0
[INFO] [stderr]     Checking rand_core v0.9.5
[INFO] [stderr]     Checking hkdf v0.12.4
[INFO] [stderr]     Checking zerocopy v0.8.56
[INFO] [stderr]     Checking universal-hash v0.5.1
[INFO] [stderr]    Compiling ring v0.17.14
[INFO] [stderr]     Checking crypto-bigint v0.5.5
[INFO] [stderr]    Compiling asn1-rs-derive v0.5.1
[INFO] [stderr]     Checking rusticata-macros v4.1.0
[INFO] [stderr]    Compiling asn1-rs-impl v0.2.0
[INFO] [stderr]     Checking spki v0.7.3
[INFO] [stderr]     Checking pkcs8 v0.10.2
[INFO] [stderr]    Compiling rustls v0.23.43
[INFO] [stderr]     Checking sec1 v0.7.3
[INFO] [stderr]     Checking polyval v0.6.2
[INFO] [stderr]     Checking ctr v0.9.2
[INFO] [stderr]     Checking aead v0.5.2
[INFO] [stderr]     Checking num-integer v0.1.47
[INFO] [stderr]     Checking either v1.18.0
[INFO] [stderr]    Compiling oid-registry v0.7.1
[INFO] [stderr]     Checking ghash v0.5.1
[INFO] [stderr]     Checking num-bigint v0.4.8
[INFO] [stderr]    Compiling curve25519-dalek v4.1.3
[INFO] [stderr]     Checking aes v0.8.4
[INFO] [stderr]     Checking rfc6979 v0.4.0
[INFO] [stderr]     Checking signature v2.2.0
[INFO] [stderr]     Checking plotters-backend v0.3.7
[INFO] [stderr]    Compiling nix v0.29.0
[INFO] [stderr]     Checking aes-gcm v0.10.3
[INFO] [stderr]     Checking elliptic-curve v0.13.8
[INFO] [stderr]     Checking plotters-svg v0.3.7
[INFO] [stderr]     Checking arc-swap v1.9.2
[INFO] [stderr]     Checking itertools v0.10.5
[INFO] [stderr]     Checking primeorder v0.13.6
[INFO] [stderr]     Checking ecdsa v0.16.9
[INFO] [stderr]     Checking http-body-util v0.1.5
[INFO] [stderr]     Checking md-5 v0.10.6
[INFO] [stderr]     Checking sha2 v0.10.9
[INFO] [stderr]    Compiling curve25519-dalek-derive v0.1.1
[INFO] [stderr]    Compiling memoffset v0.6.5
[INFO] [stderr]     Checking regex v1.13.1
[INFO] [stderr]    Compiling substring v1.4.5
[INFO] [stderr]     Checking cast v0.3.0
[INFO] [stderr]     Checking rayon v1.12.0
[INFO] [stderr]     Checking plotters v0.3.7
[INFO] [stderr]     Checking waitgroup v0.1.2
[INFO] [stderr]     Checking pem v3.0.6
[INFO] [stderr]     Checking is-terminal v0.4.17
[INFO] [stderr]     Checking lookaremote-protocol v0.1.0 (/opt/rustwide/workdir/packages/protocol)
[INFO] [stderr]     Checking oorandom v11.1.5
[INFO] [stderr]     Checking anes v0.1.6
[INFO] [stderr]     Checking criterion-plot v0.5.0
[INFO] [stderr]     Checking moxcms v0.8.1
[INFO] [stderr]     Checking uuid v1.25.0
[INFO] [stderr]     Checking p384 v0.13.1
[INFO] [stderr]     Checking p256 v0.13.2
[INFO] [stderr]     Checking x25519-dalek v2.0.1
[INFO] [stderr]     Checking ccm v0.5.0
[INFO] [stderr]     Checking webpki-roots v1.0.9
[INFO] [stderr]     Checking cbc v0.1.2
[INFO] [stderr]     Checking rustls-webpki v0.103.15
[INFO] [stderr]     Checking bytemuck v1.25.2
[INFO] [stderr]     Checking bitvec v1.1.1
[INFO] [stderr]    Compiling tokio-macros v2.7.2
[INFO] [stderr]    Compiling serde_derive v1.0.229
[INFO] [stderr]    Compiling displaydoc v0.2.7
[INFO] [stderr]    Compiling zerovec-derive v0.11.6
[INFO] [stderr]     Checking tokio v1.53.1
[INFO] [stderr]     Checking ppv-lite86 v0.2.21
[INFO] [stderr]    Compiling futures-macro v0.3.34
[INFO] [stderr]    Compiling async-trait v0.1.92
[INFO] [stderr]     Checking rand_chacha v0.3.1
[INFO] [stderr]     Checking rand v0.8.8
[INFO] [stderr]     Checking futures-util v0.3.34
[INFO] [stderr]     Checking zerovec v0.11.8
[INFO] [stderr]     Checking zerotrie v0.2.5
[INFO] [stderr]     Checking rand_chacha v0.9.0
[INFO] [stderr]     Checking asn1-rs v0.6.2
[INFO] [stderr]    Compiling clap_derive v4.6.4
[INFO] [stderr]     Checking tinystr v0.8.4
[INFO] [stderr]     Checking icu_locale_core v2.3.0
[INFO] [stderr]     Checking potential_utf v0.1.6
[INFO] [stderr]     Checking icu_collections v2.3.0
[INFO] [stderr]    Compiling thiserror-impl v2.0.20
[INFO] [stderr]     Checking rand v0.9.5
[INFO] [stderr]     Checking icu_provider v2.3.1
[INFO] [stderr]     Checking half v2.7.1
[INFO] [stderr]     Checking icu_normalizer v2.3.0
[INFO] [stderr]     Checking serde v1.0.229
[INFO] [stderr]     Checking icu_properties v2.3.0
[INFO] [stderr]     Checking ciborium-ll v0.2.2
[INFO] [stderr]     Checking der-parser v9.0.0
[INFO] [stderr]     Checking thiserror v2.0.20
[INFO] [stderr]     Checking ciborium v0.2.2
[INFO] [stderr]     Checking tinytemplate v1.2.1
[INFO] [stderr]     Checking clap v4.6.6
[INFO] [stderr]     Checking tungstenite v0.29.0
[INFO] [stderr]     Checking serde_urlencoded v0.7.1
[INFO] [stderr]     Checking x509-parser v0.16.0
[INFO] [stderr]     Checking toml_datetime v0.6.11
[INFO] [stderr]     Checking futures-executor v0.3.34
[INFO] [stderr]     Checking serde_spanned v0.6.9
[INFO] [stderr]     Checking futures v0.3.34
[INFO] [stderr]     Checking bincode v1.3.3
[INFO] [stderr]     Checking toml_edit v0.22.27
[INFO] [stderr]     Checking criterion v0.5.1
[INFO] [stderr]     Checking tungstenite v0.26.2
[INFO] [stderr]     Checking idna_adapter v1.2.2
[INFO] [stderr]     Checking smol_str v0.2.2
[INFO] [stderr]     Checking idna v1.1.0
[INFO] [stderr]     Checking image v0.25.10
[INFO] [stderr]     Checking url v2.5.8
[INFO] [stderr]     Checking input-linux-sys v0.9.0
[INFO] [stderr]     Checking nix v0.23.2
[INFO] [stderr]     Checking rcgen v0.13.2
[INFO] [stderr]     Checking sdp v0.7.0
[INFO] [stderr]     Checking webrtc-util v0.10.0
[INFO] [stderr]     Checking tokio-util v0.7.19
[INFO] [stderr]     Checking hyper v1.11.0
[INFO] [stderr]     Checking tower v0.5.3
[INFO] [stderr]     Checking tokio-tungstenite v0.29.0
[INFO] [stderr]     Checking matchers v0.2.0
[INFO] [stderr]     Checking axum-core v0.5.6
[INFO] [stderr]     Checking tracing-subscriber v0.3.23
[INFO] [stderr]     Checking tokio-rustls v0.26.4
[INFO] [stderr]     Checking toml v0.8.23
[INFO] [stderr]     Checking qrcode v0.14.1
[INFO] [stderr]     Checking tower-http v0.6.11
[INFO] [stderr]     Checking hyper-util v0.1.20
[INFO] [stderr]     Checking tokio-tungstenite v0.26.2
[INFO] [stderr]     Checking input-linux v0.7.1
[INFO] [stderr]     Checking rtp v0.12.0
[INFO] [stderr]     Checking rtcp v0.12.0
[INFO] [stderr]     Checking stun v0.7.0
[INFO] [stderr]     Checking webrtc-sctp v0.11.0
[INFO] [stderr]     Checking webrtc-srtp v0.14.0
[INFO] [stderr]     Checking turn v0.9.0
[INFO] [stderr]     Checking webrtc-mdns v0.8.0
[INFO] [stderr]     Checking webrtc-media v0.9.0
[INFO] [stderr]     Checking interceptor v0.13.0
[INFO] [stderr]     Checking webrtc-dtls v0.11.0
[INFO] [stderr]     Checking evdev v0.12.2
[INFO] [stderr]     Checking open v5.4.2
[INFO] [stderr]     Checking tray-item v0.10.0
[INFO] [stdout] error[E0433]: cannot find `TrayItemImpl` in `api`
[INFO] [stdout]   --> /opt/rustwide/cargo-home/registry/src/index.crates.io-1949cf8c6b5b557f/tray-item-0.10.0/src/lib.rs:32:22
[INFO] [stdout]    |
[INFO] [stdout] 32 |         Ok(Self(api::TrayItemImpl::new(title, icon)?))
[INFO] [stdout]    |                      ^^^^^^^^^^^^ could not find `TrayItemImpl` in `api`
[INFO] [stdout]    |
[INFO] [stdout] note: found an item that was configured out
[INFO] [stdout]   --> /opt/rustwide/cargo-home/registry/src/index.crates.io-1949cf8c6b5b557f/tray-item-0.10.0/src/api/mod.rs:15:10
[INFO] [stdout]    |
[INFO] [stdout] 14 | #[cfg(all(target_os = "linux", feature = "ksni"))]
[INFO] [stdout]    |                                ---------------- the item is gated behind the `ksni` feature
[INFO] [stdout] 15 | pub type TrayItemImpl = linux_ksni::TrayItemLinux;
[INFO] [stdout]    |          ^^^^^^^^^^^^
[INFO] [stdout] note: found an item that was configured out
[INFO] [stdout]   --> /opt/rustwide/cargo-home/registry/src/index.crates.io-1949cf8c6b5b557f/tray-item-0.10.0/src/api/mod.rs:18:10
[INFO] [stdout]    |
[INFO] [stdout] 17 | #[cfg(all(target_os = "linux", feature = "libappindicator"))]
[INFO] [stdout]    |                                --------------------------- the item is gated behind the `libappindicator` feature
[INFO] [stdout] 18 | pub type TrayItemImpl = linux_libappindicator::TrayItemLinux;
[INFO] [stdout]    |          ^^^^^^^^^^^^
[INFO] [stdout] note: found an item that was configured out
[INFO] [stdout]   --> /opt/rustwide/cargo-home/registry/src/index.crates.io-1949cf8c6b5b557f/tray-item-0.10.0/src/api/mod.rs:21:10
[INFO] [stdout]    |
[INFO] [stdout] 20 | #[cfg(target_os = "windows")]
[INFO] [stdout]    |       --------------------- the item is gated behind the `windows` feature
[INFO] [stdout] 21 | pub type TrayItemImpl = windows::TrayItemWindows;
[INFO] [stdout]    |          ^^^^^^^^^^^^
[INFO] [stdout] note: found an item that was configured out
[INFO] [stdout]   --> /opt/rustwide/cargo-home/registry/src/index.crates.io-1949cf8c6b5b557f/tray-item-0.10.0/src/api/mod.rs:24:10
[INFO] [stdout]    |
[INFO] [stdout] 23 | #[cfg(target_os = "macos")]
[INFO] [stdout]    |       ------------------- the item is gated behind the `macos` feature
[INFO] [stdout] 24 | pub type TrayItemImpl = macos::TrayItemMacOS;
[INFO] [stdout]    |          ^^^^^^^^^^^^
[INFO] [stdout] 
[INFO] [stdout] 
[INFO] [stdout] error[E0425]: cannot find type `TrayItemImpl` in module `api`
[INFO] [stdout]   --> /opt/rustwide/cargo-home/registry/src/index.crates.io-1949cf8c6b5b557f/tray-item-0.10.0/src/lib.rs:5:26
[INFO] [stdout]    |
[INFO] [stdout]  5 | pub struct TrayItem(api::TrayItemImpl);
[INFO] [stdout]    |                          ^^^^^^^^^^^^ not found in `api`
[INFO] [stdout]    |
[INFO] [stdout] note: found an item that was configured out
[INFO] [stdout]   --> /opt/rustwide/cargo-home/registry/src/index.crates.io-1949cf8c6b5b557f/tray-item-0.10.0/src/api/mod.rs:15:10
[INFO] [stdout]    |
[INFO] [stdout] 14 | #[cfg(all(target_os = "linux", feature = "ksni"))]
[INFO] [stdout]    |                                ---------------- the item is gated behind the `ksni` feature
[INFO] [stdout] 15 | pub type TrayItemImpl = linux_ksni::TrayItemLinux;
[INFO] [stdout]    |          ^^^^^^^^^^^^
[INFO] [stdout] note: found an item that was configured out
[INFO] [stdout]   --> /opt/rustwide/cargo-home/registry/src/index.crates.io-1949cf8c6b5b557f/tray-item-0.10.0/src/api/mod.rs:18:10
[INFO] [stdout]    |
[INFO] [stdout] 17 | #[cfg(all(target_os = "linux", feature = "libappindicator"))]
[INFO] [stdout]    |                                --------------------------- the item is gated behind the `libappindicator` feature
[INFO] [stdout] 18 | pub type TrayItemImpl = linux_libappindicator::TrayItemLinux;
[INFO] [stdout]    |          ^^^^^^^^^^^^
[INFO] [stdout] note: found an item that was configured out
[INFO] [stdout]   --> /opt/rustwide/cargo-home/registry/src/index.crates.io-1949cf8c6b5b557f/tray-item-0.10.0/src/api/mod.rs:21:10
[INFO] [stdout]    |
[INFO] [stdout] 20 | #[cfg(target_os = "windows")]
[INFO] [stdout]    |       --------------------- the item is gated behind the `windows` feature
[INFO] [stdout] 21 | pub type TrayItemImpl = windows::TrayItemWindows;
[INFO] [stdout]    |          ^^^^^^^^^^^^
[INFO] [stdout] note: found an item that was configured out
[INFO] [stdout]   --> /opt/rustwide/cargo-home/registry/src/index.crates.io-1949cf8c6b5b557f/tray-item-0.10.0/src/api/mod.rs:24:10
[INFO] [stdout]    |
[INFO] [stdout] 23 | #[cfg(target_os = "macos")]
[INFO] [stdout]    |       ------------------- the item is gated behind the `macos` feature
[INFO] [stdout] 24 | pub type TrayItemImpl = macos::TrayItemMacOS;
[INFO] [stdout]    |          ^^^^^^^^^^^^
[INFO] [stdout] 
[INFO] [stdout] 
[INFO] [stdout] error[E0425]: cannot find type `TrayItemImpl` in module `api`
[INFO] [stdout]   --> /opt/rustwide/cargo-home/registry/src/index.crates.io-1949cf8c6b5b557f/tray-item-0.10.0/src/lib.rs:50:46
[INFO] [stdout]    |
[INFO] [stdout] 50 |     pub fn inner_mut(&mut self) -> &mut api::TrayItemImpl {
[INFO] [stdout]    |                                              ^^^^^^^^^^^^ not found in `api`
[INFO] [stdout]    |
[INFO] [stdout] note: found an item that was configured out
[INFO] [stdout]   --> /opt/rustwide/cargo-home/registry/src/index.crates.io-1949cf8c6b5b557f/tray-item-0.10.0/src/api/mod.rs:15:10
[INFO] [stdout]    |
[INFO] [stdout] 14 | #[cfg(all(target_os = "linux", feature = "ksni"))]
[INFO] [stdout]    |                                ---------------- the item is gated behind the `ksni` feature
[INFO] [stdout] 15 | pub type TrayItemImpl = linux_ksni::TrayItemLinux;
[INFO] [stdout]    |          ^^^^^^^^^^^^
[INFO] [stdout] note: found an item that was configured out
[INFO] [stdout]   --> /opt/rustwide/cargo-home/registry/src/index.crates.io-1949cf8c6b5b557f/tray-item-0.10.0/src/api/mod.rs:18:10
[INFO] [stdout]    |
[INFO] [stdout] 17 | #[cfg(all(target_os = "linux", feature = "libappindicator"))]
[INFO] [stdout]    |                                --------------------------- the item is gated behind the `libappindicator` feature
[INFO] [stdout] 18 | pub type TrayItemImpl = linux_libappindicator::TrayItemLinux;
[INFO] [stdout]    |          ^^^^^^^^^^^^
[INFO] [stdout] note: found an item that was configured out
[INFO] [stdout]   --> /opt/rustwide/cargo-home/registry/src/index.crates.io-1949cf8c6b5b557f/tray-item-0.10.0/src/api/mod.rs:21:10
[INFO] [stdout]    |
[INFO] [stdout] 20 | #[cfg(target_os = "windows")]
[INFO] [stdout]    |       --------------------- the item is gated behind the `windows` feature
[INFO] [stdout] 21 | pub type TrayItemImpl = windows::TrayItemWindows;
[INFO] [stdout]    |          ^^^^^^^^^^^^
[INFO] [stdout] note: found an item that was configured out
[INFO] [stdout]   --> /opt/rustwide/cargo-home/registry/src/index.crates.io-1949cf8c6b5b557f/tray-item-0.10.0/src/api/mod.rs:24:10
[INFO] [stdout]    |
[INFO] [stdout] 23 | #[cfg(target_os = "macos")]
[INFO] [stdout]    |       ------------------- the item is gated behind the `macos` feature
[INFO] [stdout] 24 | pub type TrayItemImpl = macos::TrayItemMacOS;
[INFO] [stdout]    |          ^^^^^^^^^^^^
[INFO] [stdout] 
[INFO] [stdout] 
[INFO] [stdout] Some errors have detailed explanations: E0425, E0433.
[INFO] [stdout] 
[INFO] [stdout] For more information about an error, try `rustc --explain E0425`.
[INFO] [stdout] 
[INFO] [stderr] error: could not compile `tray-item` (lib) due to 3 previous errors
[INFO] [stderr] warning: build failed, waiting for other jobs to finish...
[INFO] running `Command { std: "docker" "inspect" "6856ce60b9ce48dca747c23f4f42c4eb7331b844cc41b86c153b4e30264c14eb", kill_on_drop: false }`
[INFO] running `Command { std: "docker" "rm" "-f" "6856ce60b9ce48dca747c23f4f42c4eb7331b844cc41b86c153b4e30264c14eb", kill_on_drop: false }`
[INFO] [stdout] 6856ce60b9ce48dca747c23f4f42c4eb7331b844cc41b86c153b4e30264c14eb
