[INFO] cloning repository https://github.com/ltanon-ai/caddis
[INFO] running `Command { std: "git" "-c" "credential.helper=" "-c" "credential.helper=/workspace/cargo-home/bin/git-credential-null" "clone" "--bare" "https://github.com/ltanon-ai/caddis" "/workspace/cache/git-repos/https%3A%2F%2Fgithub.com%2Fltanon-ai%2Fcaddis", kill_on_drop: false }`
[INFO] [stderr] Cloning into bare repository '/workspace/cache/git-repos/https%3A%2F%2Fgithub.com%2Fltanon-ai%2Fcaddis'...
[INFO] running `Command { std: "git" "rev-parse" "HEAD", kill_on_drop: false }`
[INFO] [stdout] 0aafc6706f0f47e379ad2c90bc72506bd35bd9f7
[INFO] checking ltanon-ai/caddis against 3154cc1a3e6424e44f438a95007d043ed5ceaaf6+rustflags=-Znext-solver=coherence for pr-133502-30
[INFO] running `Command { std: "git" "clone" "/workspace/cache/git-repos/https%3A%2F%2Fgithub.com%2Fltanon-ai%2Fcaddis" "/workspace/builds/worker-0-tc1/source", kill_on_drop: false }`
[INFO] [stderr] Cloning into '/workspace/builds/worker-0-tc1/source'...
[INFO] [stderr] done.
[INFO] started tweaking git repo https://github.com/ltanon-ai/caddis
[INFO] finished tweaking git repo https://github.com/ltanon-ai/caddis
[INFO] tweaked toml for git repo https://github.com/ltanon-ai/caddis written to /workspace/builds/worker-0-tc1/source/Cargo.toml
[INFO] validating manifest of git repo https://github.com/ltanon-ai/caddis on toolchain 3154cc1a3e6424e44f438a95007d043ed5ceaaf6
[INFO] running `Command { std: CARGO_HOME="/workspace/cargo-home" RUSTUP_HOME="/workspace/rustup-home" "/workspace/cargo-home/bin/cargo" "+3154cc1a3e6424e44f438a95007d043ed5ceaaf6" "metadata" "--manifest-path" "Cargo.toml" "--no-deps", kill_on_drop: false }`
[INFO] crate git repo https://github.com/ltanon-ai/caddis already has a lockfile, it will not be regenerated
[INFO] running `Command { std: CARGO_HOME="/workspace/cargo-home" RUSTUP_HOME="/workspace/rustup-home" "/workspace/cargo-home/bin/cargo" "+3154cc1a3e6424e44f438a95007d043ed5ceaaf6" "fetch" "--manifest-path" "Cargo.toml", kill_on_drop: false }`
[INFO] [stderr]     Blocking waiting for file lock on package cache
[INFO] [stderr]     Blocking waiting for file lock on package cache
[INFO] running `Command { std: "docker" "create" "-v" "/var/lib/crater-agent-workspace/builds/worker-0-tc1/source:/opt/rustwide/workdir:ro,Z" "-v" "/var/lib/crater-agent-workspace/builds/worker-0-tc1/target:/opt/rustwide/target:rw,Z" "-v" "/var/lib/crater-agent-workspace/cargo-home:/opt/rustwide/cargo-home:ro,Z" "-v" "/var/lib/crater-agent-workspace/rustup-home:/opt/rustwide/rustup-home:ro,Z" "-m" "1610612736" "--network" "none" "ghcr.io/rust-lang/crates-build-env/linux@sha256:77db811e55d90add9212f6832c23229e3de5f1c1f9905e8cb07319ea15df73ac" "sleep" "infinity", kill_on_drop: false }`
[INFO] [stdout] 96f1e1010b8e3bcb87f3bcd2c43ba9fe671fe4157eed5cbf226de544408ac9ab
[INFO] running `Command { std: "docker" "start" "96f1e1010b8e3bcb87f3bcd2c43ba9fe671fe4157eed5cbf226de544408ac9ab", kill_on_drop: false }`
[INFO] running `Command { std: "docker" "inspect" "96f1e1010b8e3bcb87f3bcd2c43ba9fe671fe4157eed5cbf226de544408ac9ab", kill_on_drop: false }`
[INFO] running `Command { std: "docker" "exec" "-e" "SOURCE_DIR=/opt/rustwide/workdir" "-e" "CARGO_HOME=/opt/rustwide/cargo-home" "-e" "RUSTUP_HOME=/opt/rustwide/rustup-home" "-e" "CARGO_TARGET_DIR=/opt/rustwide/target" "-w" "/opt/rustwide/workdir" "--user" "0:0" "96f1e1010b8e3bcb87f3bcd2c43ba9fe671fe4157eed5cbf226de544408ac9ab" "/opt/rustwide/cargo-home/bin/cargo" "+3154cc1a3e6424e44f438a95007d043ed5ceaaf6" "metadata" "--no-deps" "--format-version=1", kill_on_drop: false }`
[INFO] running `Command { std: "docker" "inspect" "96f1e1010b8e3bcb87f3bcd2c43ba9fe671fe4157eed5cbf226de544408ac9ab", kill_on_drop: false }`
[INFO] running `Command { std: "docker" "exec" "-e" "SOURCE_DIR=/opt/rustwide/workdir" "-e" "CARGO_HOME=/opt/rustwide/cargo-home" "-e" "RUSTUP_HOME=/opt/rustwide/rustup-home" "-e" "CARGO_TARGET_DIR=/opt/rustwide/target" "-e" "CARGO_INCREMENTAL=0" "-e" "RUST_BACKTRACE=full" "-e" "RUSTFLAGS=--cap-lints=forbid -Znext-solver=coherence" "-e" "RUSTDOCFLAGS=--cap-lints=forbid" "-w" "/opt/rustwide/workdir" "--user" "0:0" "96f1e1010b8e3bcb87f3bcd2c43ba9fe671fe4157eed5cbf226de544408ac9ab" "/opt/rustwide/cargo-home/bin/cargo" "+3154cc1a3e6424e44f438a95007d043ed5ceaaf6" "check" "--frozen" "--all" "--all-targets" "--message-format=json", kill_on_drop: false }`
[INFO] [stderr]     Checking caddis-core v0.1.0 (/opt/rustwide/workdir/crates/caddis-core)
[INFO] [stderr]    Compiling caddis v0.2.0 (/opt/rustwide/workdir/crates/caddis)
[INFO] [stderr]     Checking caddis-card v0.1.0 (/opt/rustwide/workdir/crates/caddis-card)
[INFO] [stderr]    Compiling proc-macro2 v1.0.107
[INFO] [stderr]    Compiling quote v1.0.47
[INFO] [stderr]     Checking caddis-voice v0.1.0 (/opt/rustwide/workdir/crates/caddis-voice)
[INFO] [stderr]     Checking caddis-memory v0.1.0 (/opt/rustwide/workdir/crates/caddis-memory)
[INFO] [stdout] error[E0432]: unresolved import `crate::job::ChildScope`
[INFO] [stdout]   --> crates/caddis-voice/src/mp3dec.rs:19:5
[INFO] [stdout]    |
[INFO] [stdout] 19 | use crate::job::ChildScope;
[INFO] [stdout]    |     ^^^^^^^^^^^^----------
[INFO] [stdout]    |                 |
[INFO] [stdout]    |                 no `ChildScope` in `job`
[INFO] [stdout]    |
[INFO] [stdout] note: found an item that was configured out
[INFO] [stdout]   --> crates/caddis-voice/src/job.rs:92:12
[INFO] [stdout]    |
[INFO] [stdout] 91 | #[cfg(windows)]
[INFO] [stdout]    |       ------- the item is gated here
[INFO] [stdout] 92 | pub struct ChildScope {
[INFO] [stdout]    |            ^^^^^^^^^^
[INFO] [stdout] 
[INFO] [stdout] 
[INFO] [stdout] error[E0432]: unresolved import `crate::job::ChildScope`
[INFO] [stdout]   --> crates/caddis-voice/src/piper.rs:17:5
[INFO] [stdout]    |
[INFO] [stdout] 17 | use crate::job::ChildScope;
[INFO] [stdout]    |     ^^^^^^^^^^^^----------
[INFO] [stdout]    |                 |
[INFO] [stdout]    |                 no `ChildScope` in `job`
[INFO] [stdout]    |
[INFO] [stdout]    = note: unresolved item `crate::mp3dec::tests::ChildScope` exists but is inaccessible
[INFO] [stdout] note: found an item that was configured out
[INFO] [stdout]   --> crates/caddis-voice/src/job.rs:92:12
[INFO] [stdout]    |
[INFO] [stdout] 91 | #[cfg(windows)]
[INFO] [stdout]    |       ------- the item is gated here
[INFO] [stdout] 92 | pub struct ChildScope {
[INFO] [stdout]    |            ^^^^^^^^^^
[INFO] [stdout] 
[INFO] [stdout] 
[INFO] [stdout] error[E0432]: unresolved import `job::ChildScope`
[INFO] [stdout]    --> crates/caddis-voice/src/lib.rs:165:15
[INFO] [stdout]     |
[INFO] [stdout] 165 | pub use job::{ChildScope, DeadManSwitch, JobErr};
[INFO] [stdout]     |               ^^^^^^^^^^ no `ChildScope` in `job`
[INFO] [stdout]     |
[INFO] [stdout]     = note: unresolved item `crate::piper::tests::ChildScope` exists but is inaccessible
[INFO] [stdout] note: found an item that was configured out
[INFO] [stdout]    --> crates/caddis-voice/src/job.rs:92:12
[INFO] [stdout]     |
[INFO] [stdout]  91 | #[cfg(windows)]
[INFO] [stdout]     |       ------- the item is gated here
[INFO] [stdout]  92 | pub struct ChildScope {
[INFO] [stdout]     |            ^^^^^^^^^^
[INFO] [stdout] 
[INFO] [stdout] 
[INFO] [stderr]     Checking caddis-organs v0.1.0 (/opt/rustwide/workdir/crates/caddis-organs)
[INFO] [stderr]     Checking caddis-warden v0.1.0 (/opt/rustwide/workdir/crates/caddis-warden)
[INFO] [stderr]     Checking caddis-tree v0.1.0 (/opt/rustwide/workdir/crates/caddis-tree)
[INFO] [stderr]     Checking caddis-router v0.10.0 (/opt/rustwide/workdir/crates/caddis-router)
[INFO] [stdout] warning: unused import: `super::*`
[INFO] [stdout]    --> crates/caddis-voice/src/job.rs:141:9
[INFO] [stdout]     |
[INFO] [stdout] 141 |     use super::*;
[INFO] [stdout]     |         ^^^^^^^^
[INFO] [stdout]     |
[INFO] [stdout]     = note: `#[warn(unused_imports)]` (part of `#[warn(unused)]`) on by default
[INFO] [stdout] 
[INFO] [stdout] 
[INFO] [stdout] warning: unused import: `std::process::Command`
[INFO] [stdout]    --> crates/caddis-voice/src/job.rs:142:9
[INFO] [stdout]     |
[INFO] [stdout] 142 |     use std::process::Command;
[INFO] [stdout]     |         ^^^^^^^^^^^^^^^^^^^^^
[INFO] [stdout] 
[INFO] [stdout] 
[INFO] [stdout] warning: unused imports: `Duration` and `Instant`
[INFO] [stdout]    --> crates/caddis-voice/src/job.rs:143:21
[INFO] [stdout]     |
[INFO] [stdout] 143 |     use std::time::{Duration, Instant};
[INFO] [stdout]     |                     ^^^^^^^^  ^^^^^^^
[INFO] [stdout] 
[INFO] [stdout] 
[INFO] [stdout] warning: unused imports: `WsFrame` and `WsStream`
[INFO] [stdout]   --> crates/caddis-voice/src/wss.rs:29:22
[INFO] [stdout]    |
[INFO] [stdout] 29 | use crate::edgetts::{WsFrame, WsStream};
[INFO] [stdout]    |                      ^^^^^^^  ^^^^^^^^
[INFO] [stdout] 
[INFO] [stdout] 
[INFO] [stdout] warning: constant `REUSE_SLACK_SECS` is never used
[INFO] [stdout]   --> crates/caddis-memory/src/winprobe.rs:32:7
[INFO] [stdout]    |
[INFO] [stdout] 32 | const REUSE_SLACK_SECS: u64 = 2;
[INFO] [stdout]    |       ^^^^^^^^^^^^^^^^
[INFO] [stdout]    |
[INFO] [stdout]    = note: `#[warn(dead_code)]` (part of `#[warn(unused)]`) on by default
[INFO] [stdout] 
[INFO] [stdout] 
[INFO] [stdout] warning: constant `FILETIME_UNIX_EPOCH` is never used
[INFO] [stdout]   --> crates/caddis-memory/src/winprobe.rs:36:7
[INFO] [stdout]    |
[INFO] [stdout] 36 | const FILETIME_UNIX_EPOCH: i64 = 116_444_736_000_000_000;
[INFO] [stdout]    |       ^^^^^^^^^^^^^^^^^^^
[INFO] [stdout] 
[INFO] [stdout] 
[INFO] [stdout] error[E0432]: unresolved import `crate::job::ChildScope`
[INFO] [stdout]   --> crates/caddis-voice/src/mp3dec.rs:19:5
[INFO] [stdout]    |
[INFO] [stdout] 19 | use crate::job::ChildScope;
[INFO] [stdout]    |     ^^^^^^^^^^^^----------
[INFO] [stdout]    |                 |
[INFO] [stdout]    |                 no `ChildScope` in `job`
[INFO] [stdout]    |
[INFO] [stdout] note: found an item that was configured out
[INFO] [stdout]   --> crates/caddis-voice/src/job.rs:92:12
[INFO] [stdout]    |
[INFO] [stdout] 91 | #[cfg(windows)]
[INFO] [stdout]    |       ------- the item is gated here
[INFO] [stdout] 92 | pub struct ChildScope {
[INFO] [stdout]    |            ^^^^^^^^^^
[INFO] [stdout] 
[INFO] [stdout] 
[INFO] [stdout] error[E0432]: unresolved import `crate::job::ChildScope`
[INFO] [stdout]   --> crates/caddis-voice/src/piper.rs:17:5
[INFO] [stdout]    |
[INFO] [stdout] 17 | use crate::job::ChildScope;
[INFO] [stdout]    |     ^^^^^^^^^^^^----------
[INFO] [stdout]    |                 |
[INFO] [stdout]    |                 no `ChildScope` in `job`
[INFO] [stdout]    |
[INFO] [stdout] note: found an item that was configured out
[INFO] [stdout]   --> crates/caddis-voice/src/job.rs:92:12
[INFO] [stdout]    |
[INFO] [stdout] 91 | #[cfg(windows)]
[INFO] [stdout]    |       ------- the item is gated here
[INFO] [stdout] 92 | pub struct ChildScope {
[INFO] [stdout]    |            ^^^^^^^^^^
[INFO] [stdout] 
[INFO] [stdout] 
[INFO] [stdout] error[E0432]: unresolved import `job::ChildScope`
[INFO] [stdout]    --> crates/caddis-voice/src/lib.rs:165:15
[INFO] [stdout]     |
[INFO] [stdout] 165 | pub use job::{ChildScope, DeadManSwitch, JobErr};
[INFO] [stdout]     |               ^^^^^^^^^^ no `ChildScope` in `job`
[INFO] [stdout]     |
[INFO] [stdout] note: found an item that was configured out
[INFO] [stdout]    --> crates/caddis-voice/src/job.rs:92:12
[INFO] [stdout]     |
[INFO] [stdout]  91 | #[cfg(windows)]
[INFO] [stdout]     |       ------- the item is gated here
[INFO] [stdout]  92 | pub struct ChildScope {
[INFO] [stdout]     |            ^^^^^^^^^^
[INFO] [stdout] 
[INFO] [stdout] 
[INFO] [stdout] warning: unused import: `WsFrame`
[INFO] [stdout]   --> crates/caddis-voice/src/wss.rs:29:22
[INFO] [stdout]    |
[INFO] [stdout] 29 | use crate::edgetts::{WsFrame, WsStream};
[INFO] [stdout]    |                      ^^^^^^^
[INFO] [stdout]    |
[INFO] [stdout]    = note: `#[warn(unused_imports)]` (part of `#[warn(unused)]`) on by default
[INFO] [stdout] 
[INFO] [stdout] 
[INFO] [stdout] error[E0277]: the trait bound `WsClient: WsStream` is not satisfied
[INFO] [stdout]    --> crates/caddis-voice/src/edgetts_lane.rs:103:36
[INFO] [stdout]     |
[INFO] [stdout] 103 |         let audio = self.render_on(&mut ws, voice, &text, seed)?;
[INFO] [stdout]     |                                    ^^^^^^^ unsatisfied trait bound
[INFO] [stdout]     |
[INFO] [stdout] help: the trait `WsStream` is not implemented for `WsClient`
[INFO] [stdout]    --> crates/caddis-voice/src/wss.rs:935:1
[INFO] [stdout]     |
[INFO] [stdout] 935 | pub struct WsClient {
[INFO] [stdout]     | ^^^^^^^^^^^^^^^^^^^
[INFO] [stdout] help: this trait has no implementations, consider adding one
[INFO] [stdout]    --> crates/caddis-voice/src/edgetts.rs:211:1
[INFO] [stdout]     |
[INFO] [stdout] 211 | pub trait WsStream {
[INFO] [stdout]     | ^^^^^^^^^^^^^^^^^^
[INFO] [stdout]     = note: required for the cast from `&mut WsClient` to `&mut dyn WsStream`
[INFO] [stdout] 
[INFO] [stdout] 
[INFO] [stdout] error[E0277]: the trait bound `wss::WsClient: edgetts::WsStream` is not satisfied
[INFO] [stdout]    --> crates/caddis-voice/src/edgetts_lane.rs:103:36
[INFO] [stdout]     |
[INFO] [stdout] 103 |         let audio = self.render_on(&mut ws, voice, &text, seed)?;
[INFO] [stdout]     |                                    ^^^^^^^ unsatisfied trait bound
[INFO] [stdout]     |
[INFO] [stdout] help: the trait `edgetts::WsStream` is not implemented for `wss::WsClient`
[INFO] [stdout]    --> crates/caddis-voice/src/wss.rs:935:1
[INFO] [stdout]     |
[INFO] [stdout] 935 | pub struct WsClient {
[INFO] [stdout]     | ^^^^^^^^^^^^^^^^^^^
[INFO] [stdout]     = note: required for the cast from `&mut wss::WsClient` to `&mut dyn edgetts::WsStream`
[INFO] [stdout] 
[INFO] [stdout] 
[INFO] [stdout] warning: unused import: `WsStream`
[INFO] [stdout]   --> crates/caddis-voice/src/wss.rs:29:31
[INFO] [stdout]    |
[INFO] [stdout] 29 | use crate::edgetts::{WsFrame, WsStream};
[INFO] [stdout]    |                               ^^^^^^^^
[INFO] [stdout] 
[INFO] [stdout] 
[INFO] [stdout] error[E0433]: cannot find `PermissionsExt` in `fs`
[INFO] [stdout]    --> crates/caddis/tests/worker_done_env.rs:140:41
[INFO] [stdout]     |
[INFO] [stdout] 140 |             fs::set_permissions(&p, fs::PermissionsExt::from_mode(0o755)).unwrap();
[INFO] [stdout]     |                                         ^^^^^^^^^^^^^^ could not find `PermissionsExt` in `fs`
[INFO] [stdout]     |
[INFO] [stdout] help: a struct with a similar name exists
[INFO] [stdout]     |
[INFO] [stdout] 140 -             fs::set_permissions(&p, fs::PermissionsExt::from_mode(0o755)).unwrap();
[INFO] [stdout] 140 +             fs::set_permissions(&p, fs::Permissions::from_mode(0o755)).unwrap();
[INFO] [stdout]     |
[INFO] [stdout] help: consider importing this trait
[INFO] [stdout]     |
[INFO] [stdout]   4 + use std::os::unix::prelude::PermissionsExt;
[INFO] [stdout]     |
[INFO] [stdout] help: if you import `PermissionsExt`, refer to it directly
[INFO] [stdout]     |
[INFO] [stdout] 140 -             fs::set_permissions(&p, fs::PermissionsExt::from_mode(0o755)).unwrap();
[INFO] [stdout] 140 +             fs::set_permissions(&p, PermissionsExt::from_mode(0o755)).unwrap();
[INFO] [stdout]     |
[INFO] [stdout] 
[INFO] [stdout] 
[INFO] [stdout] error[E0433]: cannot find `PermissionsExt` in `fs`
[INFO] [stdout]    --> crates/caddis/tests/worker_done_env.rs:218:45
[INFO] [stdout]     |
[INFO] [stdout] 218 |             fs::set_permissions(&probe, fs::PermissionsExt::from_mode(0o755)).unwrap();
[INFO] [stdout]     |                                             ^^^^^^^^^^^^^^ could not find `PermissionsExt` in `fs`
[INFO] [stdout]     |
[INFO] [stdout] help: a struct with a similar name exists
[INFO] [stdout]     |
[INFO] [stdout] 218 -             fs::set_permissions(&probe, fs::PermissionsExt::from_mode(0o755)).unwrap();
[INFO] [stdout] 218 +             fs::set_permissions(&probe, fs::Permissions::from_mode(0o755)).unwrap();
[INFO] [stdout]     |
[INFO] [stdout] help: consider importing this trait
[INFO] [stdout]     |
[INFO] [stdout]   4 + use std::os::unix::prelude::PermissionsExt;
[INFO] [stdout]     |
[INFO] [stdout] help: if you import `PermissionsExt`, refer to it directly
[INFO] [stdout]     |
[INFO] [stdout] 218 -             fs::set_permissions(&probe, fs::PermissionsExt::from_mode(0o755)).unwrap();
[INFO] [stdout] 218 +             fs::set_permissions(&probe, PermissionsExt::from_mode(0o755)).unwrap();
[INFO] [stdout]     |
[INFO] [stdout] 
[INFO] [stdout] 
[INFO] [stdout] warning: unused import: `std::os::unix::fs::PermissionsExt`
[INFO] [stdout]    --> crates/caddis/tests/worker_done_env.rs:137:17
[INFO] [stdout]     |
[INFO] [stdout] 137 |             use std::os::unix::fs::PermissionsExt;
[INFO] [stdout]     |                 ^^^^^^^^^^^^^^^^^^^^^^^^^^^^^^^^^
[INFO] [stdout]     |
[INFO] [stdout]     = note: `#[warn(unused_imports)]` (part of `#[warn(unused)]`) on by default
[INFO] [stdout] 
[INFO] [stdout] 
[INFO] [stdout] warning: unused import: `std::os::unix::fs::PermissionsExt`
[INFO] [stdout]    --> crates/caddis/tests/worker_done_env.rs:216:17
[INFO] [stdout]     |
[INFO] [stdout] 216 |             use std::os::unix::fs::PermissionsExt;
[INFO] [stdout]     |                 ^^^^^^^^^^^^^^^^^^^^^^^^^^^^^^^^^
[INFO] [stdout] 
[INFO] [stdout] 
[INFO] [stdout] For more information about this error, try `rustc --explain E0433`.
[INFO] [stdout] 
[INFO] [stderr] error: could not compile `caddis` (test "worker_done_env") due to 2 previous errors; 2 warnings emitted
[INFO] [stderr] warning: build failed, waiting for other jobs to finish...
[INFO] [stdout] error[E0433]: cannot find `PermissionsExt` in `fs`
[INFO] [stdout]   --> crates/caddis/tests/worker_dash.rs:58:41
[INFO] [stdout]    |
[INFO] [stdout] 58 |             fs::set_permissions(&p, fs::PermissionsExt::from_mode(0o755)).unwrap();
[INFO] [stdout]    |                                         ^^^^^^^^^^^^^^ could not find `PermissionsExt` in `fs`
[INFO] [stdout]    |
[INFO] [stdout] help: a struct with a similar name exists
[INFO] [stdout]    |
[INFO] [stdout] 58 -             fs::set_permissions(&p, fs::PermissionsExt::from_mode(0o755)).unwrap();
[INFO] [stdout] 58 +             fs::set_permissions(&p, fs::Permissions::from_mode(0o755)).unwrap();
[INFO] [stdout]    |
[INFO] [stdout] help: consider importing this trait
[INFO] [stdout]    |
[INFO] [stdout]  4 + use std::os::unix::prelude::PermissionsExt;
[INFO] [stdout]    |
[INFO] [stdout] help: if you import `PermissionsExt`, refer to it directly
[INFO] [stdout]    |
[INFO] [stdout] 58 -             fs::set_permissions(&p, fs::PermissionsExt::from_mode(0o755)).unwrap();
[INFO] [stdout] 58 +             fs::set_permissions(&p, PermissionsExt::from_mode(0o755)).unwrap();
[INFO] [stdout]    |
[INFO] [stdout] 
[INFO] [stdout] 
[INFO] [stdout] warning: unused import: `std::os::unix::fs::PermissionsExt`
[INFO] [stdout]   --> crates/caddis/tests/worker_dash.rs:55:17
[INFO] [stdout]    |
[INFO] [stdout] 55 |             use std::os::unix::fs::PermissionsExt;
[INFO] [stdout]    |                 ^^^^^^^^^^^^^^^^^^^^^^^^^^^^^^^^^
[INFO] [stdout]    |
[INFO] [stdout]    = note: `#[warn(unused_imports)]` (part of `#[warn(unused)]`) on by default
[INFO] [stdout] 
[INFO] [stdout] 
[INFO] [stdout] For more information about this error, try `rustc --explain E0433`.
[INFO] [stdout] 
[INFO] [stderr] error: could not compile `caddis` (test "worker_dash") due to 1 previous error; 1 warning emitted
[INFO] [stdout] warning: constant `REUSE_SLACK_SECS` is never used
[INFO] [stdout]   --> crates/caddis-memory/src/winprobe.rs:32:7
[INFO] [stdout]    |
[INFO] [stdout] 32 | const REUSE_SLACK_SECS: u64 = 2;
[INFO] [stdout]    |       ^^^^^^^^^^^^^^^^
[INFO] [stdout]    |
[INFO] [stdout]    = note: `#[warn(dead_code)]` (part of `#[warn(unused)]`) on by default
[INFO] [stdout] 
[INFO] [stdout] 
[INFO] [stdout] warning: constant `FILETIME_UNIX_EPOCH` is never used
[INFO] [stdout]   --> crates/caddis-memory/src/winprobe.rs:36:7
[INFO] [stdout]    |
[INFO] [stdout] 36 | const FILETIME_UNIX_EPOCH: i64 = 116_444_736_000_000_000;
[INFO] [stdout]    |       ^^^^^^^^^^^^^^^^^^^
[INFO] [stdout] 
[INFO] [stdout] 
[INFO] [stdout] warning: unused variable: `connect_timeout_ms`
[INFO] [stdout]    --> crates/caddis-voice/src/wss.rs:959:9
[INFO] [stdout]     |
[INFO] [stdout] 959 |         connect_timeout_ms: u32,
[INFO] [stdout]     |         ^^^^^^^^^^^^^^^^^^ help: if this is intentional, prefix it with an underscore: `_connect_timeout_ms`
[INFO] [stdout]     |
[INFO] [stdout]     = note: `#[warn(unused_variables)]` (part of `#[warn(unused)]`) on by default
[INFO] [stdout] 
[INFO] [stdout] 
[INFO] [stdout] warning: unused variable: `read_timeout_ms`
[INFO] [stdout]    --> crates/caddis-voice/src/wss.rs:960:9
[INFO] [stdout]     |
[INFO] [stdout] 960 |         read_timeout_ms: u32,
[INFO] [stdout]     |         ^^^^^^^^^^^^^^^ help: if this is intentional, prefix it with an underscore: `_read_timeout_ms`
[INFO] [stdout] 
[INFO] [stdout] 
[INFO] [stdout] Some errors have detailed explanations: E0277, E0432.
[INFO] [stdout] 
[INFO] [stdout] For more information about an error, try `rustc --explain E0277`.
[INFO] [stdout] 
[INFO] [stderr] error: could not compile `caddis-voice` (lib) due to 4 previous errors; 4 warnings emitted
[INFO] [stdout] warning: unused variable: `connect_timeout_ms`
[INFO] [stdout]    --> crates/caddis-voice/src/wss.rs:959:9
[INFO] [stdout]     |
[INFO] [stdout] 959 |         connect_timeout_ms: u32,
[INFO] [stdout]     |         ^^^^^^^^^^^^^^^^^^ help: if this is intentional, prefix it with an underscore: `_connect_timeout_ms`
[INFO] [stdout]     |
[INFO] [stdout]     = note: `#[warn(unused_variables)]` (part of `#[warn(unused)]`) on by default
[INFO] [stdout] 
[INFO] [stdout] 
[INFO] [stdout] warning: unused variable: `read_timeout_ms`
[INFO] [stdout]    --> crates/caddis-voice/src/wss.rs:960:9
[INFO] [stdout]     |
[INFO] [stdout] 960 |         read_timeout_ms: u32,
[INFO] [stdout]     |         ^^^^^^^^^^^^^^^ help: if this is intentional, prefix it with an underscore: `_read_timeout_ms`
[INFO] [stdout] 
[INFO] [stdout] 
[INFO] [stdout] Some errors have detailed explanations: E0277, E0432.
[INFO] [stdout] 
[INFO] [stdout] For more information about an error, try `rustc --explain E0277`.
[INFO] [stdout] 
[INFO] [stderr] error: could not compile `caddis-voice` (lib test) due to 4 previous errors; 6 warnings emitted
[INFO] running `Command { std: "docker" "inspect" "96f1e1010b8e3bcb87f3bcd2c43ba9fe671fe4157eed5cbf226de544408ac9ab", kill_on_drop: false }`
[INFO] running `Command { std: "docker" "rm" "-f" "96f1e1010b8e3bcb87f3bcd2c43ba9fe671fe4157eed5cbf226de544408ac9ab", kill_on_drop: false }`
[INFO] [stdout] 96f1e1010b8e3bcb87f3bcd2c43ba9fe671fe4157eed5cbf226de544408ac9ab
