[INFO] cloning repository https://github.com/lqvp/hme_bridge
[INFO] running `Command { std: "git" "-c" "credential.helper=" "-c" "credential.helper=/workspace/cargo-home/bin/git-credential-null" "clone" "--bare" "https://github.com/lqvp/hme_bridge" "/workspace/cache/git-repos/https%3A%2F%2Fgithub.com%2Flqvp%2Fhme_bridge", kill_on_drop: false }`
[INFO] [stderr] Cloning into bare repository '/workspace/cache/git-repos/https%3A%2F%2Fgithub.com%2Flqvp%2Fhme_bridge'...
[INFO] running `Command { std: "git" "rev-parse" "HEAD", kill_on_drop: false }`
[INFO] [stdout] 4e002e02bfb3d142fdca0671b5394545b4a2d7dd
[INFO] checking lqvp/hme_bridge against 3154cc1a3e6424e44f438a95007d043ed5ceaaf6 for pr-133502-30
[INFO] running `Command { std: "git" "clone" "/workspace/cache/git-repos/https%3A%2F%2Fgithub.com%2Flqvp%2Fhme_bridge" "/workspace/builds/worker-1-tc2/source", kill_on_drop: false }`
[INFO] [stderr] Cloning into '/workspace/builds/worker-1-tc2/source'...
[INFO] [stderr] done.
[INFO] removed /workspace/builds/worker-1-tc2/source/.cargo/config.toml
[INFO] started tweaking git repo https://github.com/lqvp/hme_bridge
[INFO] finished tweaking git repo https://github.com/lqvp/hme_bridge
[INFO] tweaked toml for git repo https://github.com/lqvp/hme_bridge written to /workspace/builds/worker-1-tc2/source/Cargo.toml
[INFO] validating manifest of git repo https://github.com/lqvp/hme_bridge on toolchain 3154cc1a3e6424e44f438a95007d043ed5ceaaf6
[INFO] running `Command { std: CARGO_HOME="/workspace/cargo-home" RUSTUP_HOME="/workspace/rustup-home" "/workspace/cargo-home/bin/cargo" "+3154cc1a3e6424e44f438a95007d043ed5ceaaf6" "metadata" "--manifest-path" "Cargo.toml" "--no-deps", kill_on_drop: false }`
[INFO] crate git repo https://github.com/lqvp/hme_bridge already has a lockfile, it will not be regenerated
[INFO] running `Command { std: CARGO_HOME="/workspace/cargo-home" RUSTUP_HOME="/workspace/rustup-home" "/workspace/cargo-home/bin/cargo" "+3154cc1a3e6424e44f438a95007d043ed5ceaaf6" "fetch" "--manifest-path" "Cargo.toml", kill_on_drop: false }`
[INFO] running `Command { std: "docker" "create" "-v" "/var/lib/crater-agent-workspace/builds/worker-1-tc2/source:/opt/rustwide/workdir:ro,Z" "-v" "/var/lib/crater-agent-workspace/builds/worker-1-tc2/target:/opt/rustwide/target:rw,Z" "-v" "/var/lib/crater-agent-workspace/cargo-home:/opt/rustwide/cargo-home:ro,Z" "-v" "/var/lib/crater-agent-workspace/rustup-home:/opt/rustwide/rustup-home:ro,Z" "-m" "1610612736" "--network" "none" "ghcr.io/rust-lang/crates-build-env/linux@sha256:77db811e55d90add9212f6832c23229e3de5f1c1f9905e8cb07319ea15df73ac" "sleep" "infinity", kill_on_drop: false }`
[INFO] [stdout] cf89ff39660a9fdccc05361b4fcf2e075bc9fc63043a3c3bde359edc963559c9
[INFO] running `Command { std: "docker" "start" "cf89ff39660a9fdccc05361b4fcf2e075bc9fc63043a3c3bde359edc963559c9", kill_on_drop: false }`
[INFO] running `Command { std: "docker" "inspect" "cf89ff39660a9fdccc05361b4fcf2e075bc9fc63043a3c3bde359edc963559c9", kill_on_drop: false }`
[INFO] running `Command { std: "docker" "exec" "-e" "SOURCE_DIR=/opt/rustwide/workdir" "-e" "CARGO_HOME=/opt/rustwide/cargo-home" "-e" "RUSTUP_HOME=/opt/rustwide/rustup-home" "-e" "CARGO_TARGET_DIR=/opt/rustwide/target" "-w" "/opt/rustwide/workdir" "--user" "0:0" "cf89ff39660a9fdccc05361b4fcf2e075bc9fc63043a3c3bde359edc963559c9" "/opt/rustwide/cargo-home/bin/cargo" "+3154cc1a3e6424e44f438a95007d043ed5ceaaf6" "metadata" "--no-deps" "--format-version=1", kill_on_drop: false }`
[INFO] running `Command { std: "docker" "inspect" "cf89ff39660a9fdccc05361b4fcf2e075bc9fc63043a3c3bde359edc963559c9", kill_on_drop: false }`
[INFO] running `Command { std: "docker" "exec" "-e" "SOURCE_DIR=/opt/rustwide/workdir" "-e" "CARGO_HOME=/opt/rustwide/cargo-home" "-e" "RUSTUP_HOME=/opt/rustwide/rustup-home" "-e" "CARGO_TARGET_DIR=/opt/rustwide/target" "-e" "CARGO_INCREMENTAL=0" "-e" "RUST_BACKTRACE=full" "-e" "RUSTFLAGS=--cap-lints=forbid" "-e" "RUSTDOCFLAGS=--cap-lints=forbid" "-w" "/opt/rustwide/workdir" "--user" "0:0" "cf89ff39660a9fdccc05361b4fcf2e075bc9fc63043a3c3bde359edc963559c9" "/opt/rustwide/cargo-home/bin/cargo" "+3154cc1a3e6424e44f438a95007d043ed5ceaaf6" "check" "--frozen" "--all" "--all-targets" "--message-format=json", kill_on_drop: false }`
[INFO] [stderr]    Compiling syn v3.0.5
[INFO] [stderr]    Compiling wasm-bindgen-shared v0.2.129
[INFO] [stderr]     Checking unicode-ident v1.0.18
[INFO] [stderr]     Checking futures-sink v0.3.31
[INFO] [stderr]    Compiling once_cell v1.21.3
[INFO] [stderr]    Compiling wasm-bindgen v0.2.129
[INFO] [stderr]    Compiling futures-util v0.3.31
[INFO] [stderr]    Compiling strum_macros v0.28.0
[INFO] [stderr]    Compiling getrandom v0.4.3
[INFO] [stderr]    Compiling libc v0.2.175
[INFO] [stderr]     Checking form_urlencoded v1.2.2
[INFO] [stderr]    Compiling serde_json v1.0.152
[INFO] [stderr]    Compiling pin-project-internal v1.1.10
[INFO] [stderr]     Checking icu_normalizer v2.0.0
[INFO] [stderr]     Checking zmij v1.0.0
[INFO] [stderr]     Checking chacha20 v0.10.2
[INFO] [stderr]     Checking tracing-subscriber v0.3.19
[INFO] [stderr]     Checking tokio v1.47.1
[INFO] [stderr]     Checking futures-channel v0.3.31
[INFO] [stderr]    Compiling tracing-attributes v0.1.31
[INFO] [stderr]     Checking idna_adapter v1.2.1
[INFO] [stderr]     Checking idna v1.1.0
[INFO] [stderr]     Checking url v2.5.8
[INFO] [stderr]     Checking pin-project v1.1.10
[INFO] [stderr]     Checking rand v0.10.3
[INFO] [stderr]     Checking tracing v0.1.44
[INFO] [stderr]    Compiling strum v0.28.0
[INFO] [stderr]    Compiling wasm-bindgen-macro-support v0.2.129
[INFO] [stderr]    Compiling serde_derive v1.0.229
[INFO] [stderr]     Checking serde v1.0.229
[INFO] [stderr]     Checking chrono v0.4.45
[INFO] [stderr]     Checking serde_urlencoded v0.7.1
[INFO] [stderr]    Compiling wasm-bindgen-macro v0.2.129
[INFO] [stderr]     Checking js-sys v0.3.106
[INFO] [stderr]     Checking console_error_panic_hook v0.1.7
[INFO] [stderr]     Checking web-sys v0.3.106
[INFO] [stderr]     Checking wasm-bindgen-futures v0.4.79
[INFO] [stderr]     Checking serde-wasm-bindgen v0.6.5
[INFO] [stderr]    Compiling worker-sys v0.8.7
[INFO] [stderr]     Checking wasm-streams v0.7.0
[INFO] [stderr]     Checking tracing-web v0.1.3
[INFO] [stderr]    Compiling worker-macros v0.8.7
[INFO] [stderr]     Checking worker v0.8.7
[INFO] [stderr]     Checking hme_bridge v0.1.0 (/opt/rustwide/workdir)
[INFO] [stdout] error[E0432]: unresolved import `rand::RngCore`
[INFO] [stdout]  --> src/lib.rs:2:5
[INFO] [stdout]   |
[INFO] [stdout] 2 | use rand::RngCore;
[INFO] [stdout]   |     ^^^^^^-------
[INFO] [stdout]   |           |
[INFO] [stdout]   |           no `RngCore` in the root
[INFO] [stdout] 
[INFO] [stdout] 
[INFO] [stdout] error[E0432]: unresolved import `rand::RngCore`
[INFO] [stdout]  --> src/lib.rs:2:5
[INFO] [stdout]   |
[INFO] [stdout] 2 | use rand::RngCore;
[INFO] [stdout]   |     ^^^^^^-------
[INFO] [stdout]   |           |
[INFO] [stdout]   |           no `RngCore` in the root
[INFO] [stdout] 
[INFO] [stdout] 
[INFO] [stdout] error[E0599]: no method named `fill_bytes` found for struct `ThreadRng` in the current scope
[INFO] [stdout]   --> src/lib.rs:32:17
[INFO] [stdout]    |
[INFO] [stdout] 32 |     rand::rng().fill_bytes(&mut bytes);
[INFO] [stdout]    |                 ^^^^^^^^^^
[INFO] [stdout]    |
[INFO] [stdout]   ::: /opt/rustwide/cargo-home/registry/src/index.crates.io-1949cf8c6b5b557f/rand_core-0.10.1/src/lib.rs:62:8
[INFO] [stdout]    |
[INFO] [stdout] 62 |     fn fill_bytes(&mut self, dst: &mut [u8]);
[INFO] [stdout]    |        ---------- the method is available for `ThreadRng` here
[INFO] [stdout]    |
[INFO] [stdout]    = help: items from traits can only be used if the trait is in scope
[INFO] [stdout] help: trait `Rng` which provides `fill_bytes` is implemented but not in scope; perhaps you want to import it
[INFO] [stdout]    |
[INFO] [stdout]  1 + use rand::Rng;
[INFO] [stdout]    |
[INFO] [stdout] help: there is a method `try_fill_bytes` with a similar name
[INFO] [stdout]    |
[INFO] [stdout] 32 |     rand::rng().try_fill_bytes(&mut bytes);
[INFO] [stdout]    |                 ++++
[INFO] [stdout] 
[INFO] [stdout] 
[INFO] [stdout] error[E0599]: no method named `fill_bytes` found for struct `ThreadRng` in the current scope
[INFO] [stdout]   --> src/lib.rs:32:17
[INFO] [stdout]    |
[INFO] [stdout] 32 |     rand::rng().fill_bytes(&mut bytes);
[INFO] [stdout]    |                 ^^^^^^^^^^
[INFO] [stdout]    |
[INFO] [stdout]   ::: /opt/rustwide/cargo-home/registry/src/index.crates.io-1949cf8c6b5b557f/rand_core-0.10.1/src/lib.rs:62:8
[INFO] [stdout]    |
[INFO] [stdout] 62 |     fn fill_bytes(&mut self, dst: &mut [u8]);
[INFO] [stdout]    |        ---------- the method is available for `ThreadRng` here
[INFO] [stdout]    |
[INFO] [stdout]    = help: items from traits can only be used if the trait is in scope
[INFO] [stdout] help: trait `Rng` which provides `fill_bytes` is implemented but not in scope; perhaps you want to import it
[INFO] [stdout]    |
[INFO] [stdout]  1 + use rand::Rng;
[INFO] [stdout]    |
[INFO] [stdout] help: there is a method `try_fill_bytes` with a similar name
[INFO] [stdout]    |
[INFO] [stdout] 32 |     rand::rng().try_fill_bytes(&mut bytes);
[INFO] [stdout]    |                 ++++
[INFO] [stdout] 
[INFO] [stdout] 
[INFO] [stdout] Some errors have detailed explanations: E0432, E0599.
[INFO] [stdout] 
[INFO] [stdout] For more information about an error, try `rustc --explain E0432`.
[INFO] [stdout] 
[INFO] [stderr] error: could not compile `hme_bridge` (lib test) due to 2 previous errors
[INFO] [stdout] Some errors have detailed explanations: E0432, E0599.
[INFO] [stdout] 
[INFO] [stderr] warning: build failed, waiting for other jobs to finish...
[INFO] [stdout] For more information about an error, try `rustc --explain E0432`.
[INFO] [stdout] 
[INFO] [stderr] error: could not compile `hme_bridge` (lib) due to 2 previous errors
[INFO] [stderr] warning: unused dependency `tracing`
[INFO] [stderr]  --> Cargo.toml:6:1
[INFO] [stderr]   |
[INFO] [stderr] 6 | tracing = "0.1.41"
[INFO] [stderr]   | ^^^^^^^^^^^^^^^^^^
[INFO] [stderr]   |
[INFO] [stderr]   = note: `cargo::unused_dependencies` is set to `warn` by default
[INFO] [stderr] help: consider removing the dependency on `tracing`
[INFO] [stderr] warning: unused dependency `tracing-web`
[INFO] [stderr]  --> Cargo.toml:7:1
[INFO] [stderr]   |
[INFO] [stderr] 7 | tracing-web = "0.1.3"
[INFO] [stderr]   | ^^^^^^^^^^^^^^^^^^^^^
[INFO] [stderr]   |
[INFO] [stderr] help: consider removing the dependency on `tracing-web`
[INFO] [stderr] warning: `hme_bridge` (manifest) generated 2 warnings
[INFO] running `Command { std: "docker" "inspect" "cf89ff39660a9fdccc05361b4fcf2e075bc9fc63043a3c3bde359edc963559c9", kill_on_drop: false }`
[INFO] running `Command { std: "docker" "rm" "-f" "cf89ff39660a9fdccc05361b4fcf2e075bc9fc63043a3c3bde359edc963559c9", kill_on_drop: false }`
[INFO] [stdout] cf89ff39660a9fdccc05361b4fcf2e075bc9fc63043a3c3bde359edc963559c9
