[INFO] cloning repository https://github.com/loyoi/xmune
[INFO] running `Command { std: "git" "-c" "credential.helper=" "-c" "credential.helper=/workspace/cargo-home/bin/git-credential-null" "clone" "--bare" "https://github.com/loyoi/xmune" "/workspace/cache/git-repos/https%3A%2F%2Fgithub.com%2Floyoi%2Fxmune", kill_on_drop: false }`
[INFO] [stderr] Cloning into bare repository '/workspace/cache/git-repos/https%3A%2F%2Fgithub.com%2Floyoi%2Fxmune'...
[INFO] running `Command { std: "git" "rev-parse" "HEAD", kill_on_drop: false }`
[INFO] [stdout] 407d6667790426a6e707697441b26d8d5d8af347
[INFO] checking loyoi/xmune against 3154cc1a3e6424e44f438a95007d043ed5ceaaf6 for pr-133502-30
[INFO] running `Command { std: "git" "clone" "/workspace/cache/git-repos/https%3A%2F%2Fgithub.com%2Floyoi%2Fxmune" "/workspace/builds/worker-6-tc2/source", kill_on_drop: false }`
[INFO] [stderr] Cloning into '/workspace/builds/worker-6-tc2/source'...
[INFO] [stderr] done.
[INFO] started tweaking git repo https://github.com/loyoi/xmune
[INFO] finished tweaking git repo https://github.com/loyoi/xmune
[INFO] tweaked toml for git repo https://github.com/loyoi/xmune written to /workspace/builds/worker-6-tc2/source/Cargo.toml
[INFO] validating manifest of git repo https://github.com/loyoi/xmune on toolchain 3154cc1a3e6424e44f438a95007d043ed5ceaaf6
[INFO] running `Command { std: CARGO_HOME="/workspace/cargo-home" RUSTUP_HOME="/workspace/rustup-home" "/workspace/cargo-home/bin/cargo" "+3154cc1a3e6424e44f438a95007d043ed5ceaaf6" "metadata" "--manifest-path" "Cargo.toml" "--no-deps", kill_on_drop: false }`
[INFO] crate git repo https://github.com/loyoi/xmune already has a lockfile, it will not be regenerated
[INFO] running `Command { std: CARGO_HOME="/workspace/cargo-home" RUSTUP_HOME="/workspace/rustup-home" "/workspace/cargo-home/bin/cargo" "+3154cc1a3e6424e44f438a95007d043ed5ceaaf6" "fetch" "--manifest-path" "Cargo.toml", kill_on_drop: false }`
[INFO] running `Command { std: "docker" "create" "-v" "/var/lib/crater-agent-workspace/builds/worker-6-tc2/source:/opt/rustwide/workdir:ro,Z" "-v" "/var/lib/crater-agent-workspace/builds/worker-6-tc2/target:/opt/rustwide/target:rw,Z" "-v" "/var/lib/crater-agent-workspace/cargo-home:/opt/rustwide/cargo-home:ro,Z" "-v" "/var/lib/crater-agent-workspace/rustup-home:/opt/rustwide/rustup-home:ro,Z" "-m" "1610612736" "--network" "none" "ghcr.io/rust-lang/crates-build-env/linux@sha256:77db811e55d90add9212f6832c23229e3de5f1c1f9905e8cb07319ea15df73ac" "sleep" "infinity", kill_on_drop: false }`
[INFO] [stdout] 8cc4d4e0cf94676a7c86f132e880c792ac08fad6363945096da144c0ca772dda
[INFO] running `Command { std: "docker" "start" "8cc4d4e0cf94676a7c86f132e880c792ac08fad6363945096da144c0ca772dda", kill_on_drop: false }`
[INFO] running `Command { std: "docker" "inspect" "8cc4d4e0cf94676a7c86f132e880c792ac08fad6363945096da144c0ca772dda", kill_on_drop: false }`
[INFO] running `Command { std: "docker" "exec" "-e" "SOURCE_DIR=/opt/rustwide/workdir" "-e" "CARGO_HOME=/opt/rustwide/cargo-home" "-e" "RUSTUP_HOME=/opt/rustwide/rustup-home" "-e" "CARGO_TARGET_DIR=/opt/rustwide/target" "-w" "/opt/rustwide/workdir" "--user" "0:0" "8cc4d4e0cf94676a7c86f132e880c792ac08fad6363945096da144c0ca772dda" "/opt/rustwide/cargo-home/bin/cargo" "+3154cc1a3e6424e44f438a95007d043ed5ceaaf6" "metadata" "--no-deps" "--format-version=1", kill_on_drop: false }`
[INFO] running `Command { std: "docker" "inspect" "8cc4d4e0cf94676a7c86f132e880c792ac08fad6363945096da144c0ca772dda", kill_on_drop: false }`
[INFO] running `Command { std: "docker" "exec" "-e" "SOURCE_DIR=/opt/rustwide/workdir" "-e" "CARGO_HOME=/opt/rustwide/cargo-home" "-e" "RUSTUP_HOME=/opt/rustwide/rustup-home" "-e" "CARGO_TARGET_DIR=/opt/rustwide/target" "-e" "CARGO_INCREMENTAL=0" "-e" "RUST_BACKTRACE=full" "-e" "RUSTFLAGS=--cap-lints=forbid" "-e" "RUSTDOCFLAGS=--cap-lints=forbid" "-w" "/opt/rustwide/workdir" "--user" "0:0" "8cc4d4e0cf94676a7c86f132e880c792ac08fad6363945096da144c0ca772dda" "/opt/rustwide/cargo-home/bin/cargo" "+3154cc1a3e6424e44f438a95007d043ed5ceaaf6" "check" "--frozen" "--all" "--all-targets" "--message-format=json", kill_on_drop: false }`
[INFO] [stderr]    Compiling serde v1.0.229
[INFO] [stderr]    Compiling serde_core v1.0.229
[INFO] [stderr]     Checking bitflags v2.13.2
[INFO] [stderr]    Compiling cfg-expr v0.15.8
[INFO] [stderr]    Compiling syn v1.0.109
[INFO] [stderr]     Checking log v0.4.34
[INFO] [stderr]    Compiling gio v0.18.4
[INFO] [stderr]    Compiling syn v3.0.5
[INFO] [stderr]    Compiling syn v2.0.119
[INFO] [stderr]    Compiling proc-macro-error-attr v1.0.4
[INFO] [stderr]     Checking miniz_oxide v0.9.1
[INFO] [stderr]     Checking bytemuck v1.25.2
[INFO] [stderr]    Compiling x11 v2.21.0
[INFO] [stderr]    Compiling rustix v1.1.4
[INFO] [stderr]     Checking core_maths v0.1.1
[INFO] [stderr]     Checking memmap2 v0.9.11
[INFO] [stderr]    Compiling gtk v0.18.2
[INFO] [stderr]    Compiling slotmap v1.1.1
[INFO] [stderr]    Compiling libxdo-sys v0.11.0
[INFO] [stderr]     Checking float-cmp v0.9.0
[INFO] [stderr]     Checking ttf-parser v0.25.1
[INFO] [stderr]     Checking polycool v0.4.0
[INFO] [stderr]    Compiling num-traits v0.2.19
[INFO] [stderr]     Checking strict-num v0.1.1
[INFO] [stderr]     Checking fontconfig-parser v0.5.8
[INFO] [stderr]     Checking tinyvec v1.13.2
[INFO] [stderr]     Checking libloading v0.7.4
[INFO] [stderr]     Checking flate2 v1.1.10
[INFO] [stderr]     Checking unicode-bidi-mirroring v0.4.0
[INFO] [stderr]    Compiling proc-macro-error v1.0.4
[INFO] [stderr]     Checking tiny-skia-path v0.12.0
[INFO] [stderr]     Checking kurbo v0.13.1
[INFO] [stderr]     Checking unicode-script v0.5.8
[INFO] [stderr]     Checking unicode-ccc v0.4.0
[INFO] [stderr]     Checking unicode-properties v0.1.4
[INFO] [stderr]     Checking x11rb-protocol v0.13.2
[INFO] [stderr]     Checking dirs-sys v0.5.0
[INFO] [stderr]     Checking simplecss v0.2.2
[INFO] [stderr]     Checking roxmltree v0.21.1
[INFO] [stderr]     Checking dpi v0.1.2
[INFO] [stderr]     Checking png v0.18.1
[INFO] [stderr]     Checking zune-core v0.5.3
[INFO] [stderr]     Checking imagesize v0.14.0
[INFO] [stderr]     Checking unicode-vo v0.1.0
[INFO] [stderr]     Checking pico-args v0.5.0
[INFO] [stderr]     Checking xmlwriter v0.1.0
[INFO] [stderr]     Checking data-url v0.3.2
[INFO] [stderr]     Checking gif v0.14.2
[INFO] [stderr]     Checking dirs v6.0.0
[INFO] [stderr]     Checking xkbcommon v0.9.0
[INFO] [stderr]     Checking zune-jpeg v0.5.15
[INFO] [stderr]     Checking rgb v0.8.53
[INFO] [stderr]     Checking nom v8.0.0
[INFO] [stderr]     Checking which v8.0.6
[INFO] [stderr]     Checking shlex v2.0.1
[INFO] [stderr]     Checking libxdo v0.6.0
[INFO] [stderr]     Checking moxcms v0.8.1
[INFO] [stderr]     Checking svgtypes v0.16.1
[INFO] [stderr]     Checking tiny-skia v0.12.0
[INFO] [stderr]     Checking rustybuzz v0.20.1
[INFO] [stderr]     Checking fontdb v0.23.0
[INFO] [stderr]     Checking gethostname v1.1.0
[INFO] [stderr]    Compiling futures-macro v0.3.34
[INFO] [stderr]    Compiling serde_derive v1.0.229
[INFO] [stderr]    Compiling thiserror-impl v2.0.20
[INFO] [stderr]    Compiling toml_datetime v0.6.3
[INFO] [stderr]    Compiling serde_spanned v0.6.9
[INFO] [stderr]    Compiling toml v0.5.11
[INFO] [stderr]     Checking usvg v0.47.0
[INFO] [stderr]     Checking futures-util v0.3.34
[INFO] [stderr]    Compiling toml_edit v0.20.2
[INFO] [stderr]    Compiling toml_edit v0.19.15
[INFO] [stderr]    Compiling thiserror-impl v1.0.69
[INFO] [stderr]     Checking thiserror v2.0.20
[INFO] [stderr]    Compiling proc-macro-crate v1.3.1
[INFO] [stderr]     Checking image v0.25.10
[INFO] [stderr]    Compiling winres v0.1.12
[INFO] [stderr]     Checking thiserror v1.0.69
[INFO] [stderr]    Compiling xmenu v0.1.0 (/opt/rustwide/workdir)
[INFO] [stderr]    Compiling gtk3-macros v0.18.2
[INFO] [stderr]     Checking resvg v0.47.0
[INFO] [stderr]     Checking futures-executor v0.3.34
[INFO] [stderr]     Checking keyboard-types v0.7.0
[INFO] [stderr]     Checking serde_yaml v0.9.34+deprecated
[INFO] [stderr]    Compiling toml v0.8.2
[INFO] [stderr]    Compiling proc-macro-crate v2.0.2
[INFO] [stderr]    Compiling system-deps v6.2.2
[INFO] [stderr]    Compiling glib-macros v0.18.5
[INFO] [stderr]    Compiling glib-sys v0.18.1
[INFO] [stderr]    Compiling gobject-sys v0.18.0
[INFO] [stderr]    Compiling gio-sys v0.18.1
[INFO] [stderr]    Compiling gdk-pixbuf-sys v0.18.0
[INFO] [stderr]    Compiling pango-sys v0.18.0
[INFO] [stderr]    Compiling gdk-sys v0.18.2
[INFO] [stderr]    Compiling cairo-sys-rs v0.18.2
[INFO] [stderr]    Compiling atk-sys v0.18.2
[INFO] [stderr]    Compiling gtk-sys v0.18.2
[INFO] [stderr]     Checking glib v0.18.5
[INFO] [stderr]     Checking x11rb v0.13.2
[INFO] [stderr]     Checking libappindicator-sys v0.9.0
[INFO] [stderr]     Checking global-hotkey v0.8.0
[INFO] [stderr]     Checking enigo v0.6.1
[INFO] [stderr]     Checking cairo-rs v0.18.5
[INFO] [stderr]     Checking atk v0.18.2
[INFO] [stderr]     Checking gdk-pixbuf v0.18.5
[INFO] [stderr]     Checking pango v0.18.3
[INFO] [stderr]     Checking gdk v0.18.2
[INFO] [stderr]     Checking muda v0.19.3
[INFO] [stderr]     Checking libappindicator v0.9.0
[INFO] [stderr]     Checking tray-icon v0.24.2
[INFO] [stdout] error[E0433]: cannot find module or crate `windows` in this scope
[INFO] [stdout]    --> src/core/app_state.rs:225:13
[INFO] [stdout]     |
[INFO] [stdout] 225 |         use windows::Win32::UI::WindowsAndMessaging::GetForegroundWindow;
[INFO] [stdout]     |             ^^^^^^^ use of unresolved module or unlinked crate `windows`
[INFO] [stdout]     |
[INFO] [stdout]     = help: if you wanted to use a crate named `windows`, use `cargo add windows` to add it to your `Cargo.toml`
[INFO] [stdout] 
[INFO] [stdout] 
[INFO] [stdout] error[E0433]: cannot find module or crate `windows` in this scope
[INFO] [stdout]    --> src/core/app_state.rs:239:13
[INFO] [stdout]     |
[INFO] [stdout] 239 |         use windows::Win32::Foundation::HWND;
[INFO] [stdout]     |             ^^^^^^^ use of unresolved module or unlinked crate `windows`
[INFO] [stdout]     |
[INFO] [stdout]     = help: if you wanted to use a crate named `windows`, use `cargo add windows` to add it to your `Cargo.toml`
[INFO] [stdout] 
[INFO] [stdout] 
[INFO] [stdout] error[E0433]: cannot find module or crate `windows` in this scope
[INFO] [stdout]    --> src/core/app_state.rs:240:13
[INFO] [stdout]     |
[INFO] [stdout] 240 |         use windows::Win32::UI::WindowsAndMessaging::{GetForegroundWindow, SetForegroundWindow};
[INFO] [stdout]     |             ^^^^^^^ use of unresolved module or unlinked crate `windows`
[INFO] [stdout]     |
[INFO] [stdout]     = help: if you wanted to use a crate named `windows`, use `cargo add windows` to add it to your `Cargo.toml`
[INFO] [stdout] 
[INFO] [stdout] 
[INFO] [stdout] error[E0433]: cannot find `windows` in `os`
[INFO] [stdout]    --> src/core/menu.rs:128:18
[INFO] [stdout]     |
[INFO] [stdout] 128 |     use std::os::windows::ffi::OsStrExt;
[INFO] [stdout]     |                  ^^^^^^^ could not find `windows` in `os`
[INFO] [stdout]     |
[INFO] [stdout] note: found an item that was configured out
[INFO] [stdout]    --> /rustc/3154cc1a3e6424e44f438a95007d043ed5ceaaf6/library/std/src/os/mod.rs:62:4
[INFO] [stdout]     |
[INFO] [stdout]     = note: the item is gated behind the `windows` feature
[INFO] [stdout] 
[INFO] [stdout] 
[INFO] [stdout] error[E0433]: cannot find `windows` in `os`
[INFO] [stdout]    --> src/core/menu.rs:209:18
[INFO] [stdout]     |
[INFO] [stdout] 209 |     use std::os::windows::process::CommandExt;
[INFO] [stdout]     |                  ^^^^^^^ could not find `windows` in `os`
[INFO] [stdout]     |
[INFO] [stdout] note: found an item that was configured out
[INFO] [stdout]    --> /rustc/3154cc1a3e6424e44f438a95007d043ed5ceaaf6/library/std/src/os/mod.rs:62:4
[INFO] [stdout]     |
[INFO] [stdout]     = note: the item is gated behind the `windows` feature
[INFO] [stdout] 
[INFO] [stdout] 
[INFO] [stdout] error[E0433]: cannot find `windows` in `os`
[INFO] [stdout]  --> src/utils/autostart.rs:2:14
[INFO] [stdout]   |
[INFO] [stdout] 2 | use std::os::windows::ffi::OsStrExt;
[INFO] [stdout]   |              ^^^^^^^ could not find `windows` in `os`
[INFO] [stdout]   |
[INFO] [stdout] note: found an item that was configured out
[INFO] [stdout]  --> /rustc/3154cc1a3e6424e44f438a95007d043ed5ceaaf6/library/std/src/os/mod.rs:62:4
[INFO] [stdout]   |
[INFO] [stdout]   = note: the item is gated behind the `windows` feature
[INFO] [stdout] 
[INFO] [stdout] 
[INFO] [stdout] error[E0433]: cannot find module or crate `windows` in this scope
[INFO] [stdout]  --> src/utils/autostart.rs:3:5
[INFO] [stdout]   |
[INFO] [stdout] 3 | use windows::core::{w, PCWSTR};
[INFO] [stdout]   |     ^^^^^^^ use of unresolved module or unlinked crate `windows`
[INFO] [stdout]   |
[INFO] [stdout]   = help: if you wanted to use a crate named `windows`, use `cargo add windows` to add it to your `Cargo.toml`
[INFO] [stdout] 
[INFO] [stdout] 
[INFO] [stdout] error[E0433]: cannot find module or crate `windows` in this scope
[INFO] [stdout]  --> src/utils/autostart.rs:4:5
[INFO] [stdout]   |
[INFO] [stdout] 4 | use windows::Win32::Foundation::ERROR_SUCCESS;
[INFO] [stdout]   |     ^^^^^^^ use of unresolved module or unlinked crate `windows`
[INFO] [stdout]   |
[INFO] [stdout]   = help: if you wanted to use a crate named `windows`, use `cargo add windows` to add it to your `Cargo.toml`
[INFO] [stdout] 
[INFO] [stdout] 
[INFO] [stdout] error[E0433]: cannot find module or crate `windows` in this scope
[INFO] [stdout]  --> src/utils/autostart.rs:5:5
[INFO] [stdout]   |
[INFO] [stdout] 5 | use windows::Win32::System::Registry::{
[INFO] [stdout]   |     ^^^^^^^ use of unresolved module or unlinked crate `windows`
[INFO] [stdout]   |
[INFO] [stdout]   = help: if you wanted to use a crate named `windows`, use `cargo add windows` to add it to your `Cargo.toml`
[INFO] [stdout] 
[INFO] [stdout] 
[INFO] [stdout] error[E0433]: cannot find module or crate `windows` in this scope
[INFO] [stdout]  --> src/utils/clipboard_win.rs:5:5
[INFO] [stdout]   |
[INFO] [stdout] 5 | use windows::Win32::Foundation::{GlobalFree, HANDLE, HGLOBAL};
[INFO] [stdout]   |     ^^^^^^^ use of unresolved module or unlinked crate `windows`
[INFO] [stdout]   |
[INFO] [stdout]   = help: if you wanted to use a crate named `windows`, use `cargo add windows` to add it to your `Cargo.toml`
[INFO] [stdout] 
[INFO] [stdout] 
[INFO] [stdout] error[E0433]: cannot find module or crate `windows` in this scope
[INFO] [stdout]  --> src/utils/clipboard_win.rs:6:5
[INFO] [stdout]   |
[INFO] [stdout] 6 | use windows::Win32::System::DataExchange::{
[INFO] [stdout]   |     ^^^^^^^ use of unresolved module or unlinked crate `windows`
[INFO] [stdout]   |
[INFO] [stdout]   = help: if you wanted to use a crate named `windows`, use `cargo add windows` to add it to your `Cargo.toml`
[INFO] [stdout] 
[INFO] [stdout] 
[INFO] [stdout] error[E0433]: cannot find module or crate `windows` in this scope
[INFO] [stdout]   --> src/utils/clipboard_win.rs:10:5
[INFO] [stdout]    |
[INFO] [stdout] 10 | use windows::Win32::System::Memory::{
[INFO] [stdout]    |     ^^^^^^^ use of unresolved module or unlinked crate `windows`
[INFO] [stdout]    |
[INFO] [stdout]    = help: if you wanted to use a crate named `windows`, use `cargo add windows` to add it to your `Cargo.toml`
[INFO] [stdout] 
[INFO] [stdout] 
[INFO] [stdout] error[E0433]: cannot find module or crate `windows` in this scope
[INFO] [stdout]   --> src/utils/clipboard_win.rs:13:5
[INFO] [stdout]    |
[INFO] [stdout] 13 | use windows::Win32::UI::Shell::{DragQueryFileW, HDROP};
[INFO] [stdout]    |     ^^^^^^^ use of unresolved module or unlinked crate `windows`
[INFO] [stdout]    |
[INFO] [stdout]    = help: if you wanted to use a crate named `windows`, use `cargo add windows` to add it to your `Cargo.toml`
[INFO] [stdout] 
[INFO] [stdout] 
[INFO] [stdout] error[E0433]: cannot find module or crate `windows` in this scope
[INFO] [stdout]  --> src/utils/icon.rs:6:5
[INFO] [stdout]   |
[INFO] [stdout] 6 | use windows::Win32::UI::WindowsAndMessaging::HICON;
[INFO] [stdout]   |     ^^^^^^^ use of unresolved module or unlinked crate `windows`
[INFO] [stdout]   |
[INFO] [stdout]   = help: if you wanted to use a crate named `windows`, use `cargo add windows` to add it to your `Cargo.toml`
[INFO] [stdout] 
[INFO] [stdout] 
[INFO] [stdout] error[E0433]: cannot find module or crate `windows` in this scope
[INFO] [stdout]    --> src/core/app_state.rs:225:13
[INFO] [stdout]     |
[INFO] [stdout] 225 |         use windows::Win32::UI::WindowsAndMessaging::GetForegroundWindow;
[INFO] [stdout]     |             ^^^^^^^ use of unresolved module or unlinked crate `windows`
[INFO] [stdout]     |
[INFO] [stdout]     = help: if you wanted to use a crate named `windows`, use `cargo add windows` to add it to your `Cargo.toml`
[INFO] [stdout] 
[INFO] [stdout] 
[INFO] [stdout] error[E0433]: cannot find module or crate `windows` in this scope
[INFO] [stdout]    --> src/core/app_state.rs:239:13
[INFO] [stdout]     |
[INFO] [stdout] 239 |         use windows::Win32::Foundation::HWND;
[INFO] [stdout]     |             ^^^^^^^ use of unresolved module or unlinked crate `windows`
[INFO] [stdout]     |
[INFO] [stdout]     = help: if you wanted to use a crate named `windows`, use `cargo add windows` to add it to your `Cargo.toml`
[INFO] [stdout] 
[INFO] [stdout] 
[INFO] [stdout] error[E0433]: cannot find module or crate `windows` in this scope
[INFO] [stdout]    --> src/core/app_state.rs:240:13
[INFO] [stdout]     |
[INFO] [stdout] 240 |         use windows::Win32::UI::WindowsAndMessaging::{GetForegroundWindow, SetForegroundWindow};
[INFO] [stdout]     |             ^^^^^^^ use of unresolved module or unlinked crate `windows`
[INFO] [stdout]     |
[INFO] [stdout]     = help: if you wanted to use a crate named `windows`, use `cargo add windows` to add it to your `Cargo.toml`
[INFO] [stdout] 
[INFO] [stdout] 
[INFO] [stdout] error[E0433]: cannot find `windows` in `os`
[INFO] [stdout]    --> src/core/menu.rs:128:18
[INFO] [stdout]     |
[INFO] [stdout] 128 |     use std::os::windows::ffi::OsStrExt;
[INFO] [stdout]     |                  ^^^^^^^ could not find `windows` in `os`
[INFO] [stdout]     |
[INFO] [stdout] note: found an item that was configured out
[INFO] [stdout]    --> /rustc/3154cc1a3e6424e44f438a95007d043ed5ceaaf6/library/std/src/os/mod.rs:62:4
[INFO] [stdout]     |
[INFO] [stdout]     = note: the item is gated behind the `windows` feature
[INFO] [stdout] 
[INFO] [stdout] 
[INFO] [stdout] error[E0433]: cannot find `windows` in `os`
[INFO] [stdout]    --> src/core/menu.rs:209:18
[INFO] [stdout]     |
[INFO] [stdout] 209 |     use std::os::windows::process::CommandExt;
[INFO] [stdout]     |                  ^^^^^^^ could not find `windows` in `os`
[INFO] [stdout]     |
[INFO] [stdout] note: found an item that was configured out
[INFO] [stdout]    --> /rustc/3154cc1a3e6424e44f438a95007d043ed5ceaaf6/library/std/src/os/mod.rs:62:4
[INFO] [stdout]     |
[INFO] [stdout]     = note: the item is gated behind the `windows` feature
[INFO] [stdout] 
[INFO] [stdout] 
[INFO] [stdout] error[E0433]: cannot find `windows` in `os`
[INFO] [stdout]  --> src/utils/autostart.rs:2:14
[INFO] [stdout]   |
[INFO] [stdout] 2 | use std::os::windows::ffi::OsStrExt;
[INFO] [stdout]   |              ^^^^^^^ could not find `windows` in `os`
[INFO] [stdout]   |
[INFO] [stdout] note: found an item that was configured out
[INFO] [stdout]  --> /rustc/3154cc1a3e6424e44f438a95007d043ed5ceaaf6/library/std/src/os/mod.rs:62:4
[INFO] [stdout]   |
[INFO] [stdout]   = note: the item is gated behind the `windows` feature
[INFO] [stdout] 
[INFO] [stdout] 
[INFO] [stdout] error[E0433]: cannot find module or crate `windows` in this scope
[INFO] [stdout]  --> src/utils/autostart.rs:3:5
[INFO] [stdout]   |
[INFO] [stdout] 3 | use windows::core::{w, PCWSTR};
[INFO] [stdout]   |     ^^^^^^^ use of unresolved module or unlinked crate `windows`
[INFO] [stdout]   |
[INFO] [stdout]   = help: if you wanted to use a crate named `windows`, use `cargo add windows` to add it to your `Cargo.toml`
[INFO] [stdout] 
[INFO] [stdout] 
[INFO] [stdout] error[E0433]: cannot find module or crate `windows` in this scope
[INFO] [stdout]  --> src/utils/autostart.rs:4:5
[INFO] [stdout]   |
[INFO] [stdout] 4 | use windows::Win32::Foundation::ERROR_SUCCESS;
[INFO] [stdout]   |     ^^^^^^^ use of unresolved module or unlinked crate `windows`
[INFO] [stdout]   |
[INFO] [stdout]   = help: if you wanted to use a crate named `windows`, use `cargo add windows` to add it to your `Cargo.toml`
[INFO] [stdout] 
[INFO] [stdout] 
[INFO] [stdout] error[E0433]: cannot find module or crate `windows` in this scope
[INFO] [stdout]  --> src/utils/autostart.rs:5:5
[INFO] [stdout]   |
[INFO] [stdout] 5 | use windows::Win32::System::Registry::{
[INFO] [stdout]   |     ^^^^^^^ use of unresolved module or unlinked crate `windows`
[INFO] [stdout]   |
[INFO] [stdout]   = help: if you wanted to use a crate named `windows`, use `cargo add windows` to add it to your `Cargo.toml`
[INFO] [stdout] 
[INFO] [stdout] 
[INFO] [stdout] error[E0433]: cannot find module or crate `windows` in this scope
[INFO] [stdout]  --> src/utils/clipboard_win.rs:5:5
[INFO] [stdout]   |
[INFO] [stdout] 5 | use windows::Win32::Foundation::{GlobalFree, HANDLE, HGLOBAL};
[INFO] [stdout]   |     ^^^^^^^ use of unresolved module or unlinked crate `windows`
[INFO] [stdout]   |
[INFO] [stdout]   = help: if you wanted to use a crate named `windows`, use `cargo add windows` to add it to your `Cargo.toml`
[INFO] [stdout] 
[INFO] [stdout] 
[INFO] [stdout] error[E0433]: cannot find `windows` in `os`
[INFO] [stdout]   --> src/main.rs:11:14
[INFO] [stdout]    |
[INFO] [stdout] 11 | use std::os::windows::process::CommandExt;
[INFO] [stdout]    |              ^^^^^^^ could not find `windows` in `os`
[INFO] [stdout]    |
[INFO] [stdout] note: found an item that was configured out
[INFO] [stdout]   --> /rustc/3154cc1a3e6424e44f438a95007d043ed5ceaaf6/library/std/src/os/mod.rs:62:4
[INFO] [stdout]    |
[INFO] [stdout]    = note: the item is gated behind the `windows` feature
[INFO] [stdout] 
[INFO] [stdout] 
[INFO] [stdout] error[E0433]: cannot find module or crate `windows` in this scope
[INFO] [stdout]   --> src/main.rs:55:13
[INFO] [stdout]    |
[INFO] [stdout] 55 |         use windows::Win32::System::Threading::CREATE_NO_WINDOW;
[INFO] [stdout]    |             ^^^^^^^ use of unresolved module or unlinked crate `windows`
[INFO] [stdout]    |
[INFO] [stdout]    = help: if you wanted to use a crate named `windows`, use `cargo add windows` to add it to your `Cargo.toml`
[INFO] [stdout] 
[INFO] [stdout] 
[INFO] [stdout] error[E0433]: cannot find module or crate `windows` in this scope
[INFO] [stdout]    --> src/core/keys.rs:302:9
[INFO] [stdout]     |
[INFO] [stdout] 302 |     use windows::Win32::UI::Input::KeyboardAndMouse::GetAsyncKeyState;
[INFO] [stdout]     |         ^^^^^^^ use of unresolved module or unlinked crate `windows`
[INFO] [stdout]     |
[INFO] [stdout]     = help: if you wanted to use a crate named `windows`, use `cargo add windows` to add it to your `Cargo.toml`
[INFO] [stdout] 
[INFO] [stdout] 
[INFO] [stdout] error[E0433]: cannot find module or crate `windows` in this scope
[INFO] [stdout]  --> src/utils/clipboard_win.rs:6:5
[INFO] [stdout]   |
[INFO] [stdout] 6 | use windows::Win32::System::DataExchange::{
[INFO] [stdout]   |     ^^^^^^^ use of unresolved module or unlinked crate `windows`
[INFO] [stdout]   |
[INFO] [stdout]   = help: if you wanted to use a crate named `windows`, use `cargo add windows` to add it to your `Cargo.toml`
[INFO] [stdout] 
[INFO] [stdout] 
[INFO] [stdout] error[E0433]: cannot find module or crate `windows` in this scope
[INFO] [stdout]   --> src/utils/clipboard_win.rs:10:5
[INFO] [stdout]    |
[INFO] [stdout] 10 | use windows::Win32::System::Memory::{
[INFO] [stdout]    |     ^^^^^^^ use of unresolved module or unlinked crate `windows`
[INFO] [stdout]    |
[INFO] [stdout]    = help: if you wanted to use a crate named `windows`, use `cargo add windows` to add it to your `Cargo.toml`
[INFO] [stdout] 
[INFO] [stdout] 
[INFO] [stdout] error[E0433]: cannot find module or crate `windows` in this scope
[INFO] [stdout]   --> src/utils/clipboard_win.rs:13:5
[INFO] [stdout]    |
[INFO] [stdout] 13 | use windows::Win32::UI::Shell::{DragQueryFileW, HDROP};
[INFO] [stdout]    |     ^^^^^^^ use of unresolved module or unlinked crate `windows`
[INFO] [stdout]    |
[INFO] [stdout]    = help: if you wanted to use a crate named `windows`, use `cargo add windows` to add it to your `Cargo.toml`
[INFO] [stdout] 
[INFO] [stdout] 
[INFO] [stdout] error[E0433]: cannot find module or crate `windows` in this scope
[INFO] [stdout]  --> src/utils/icon.rs:6:5
[INFO] [stdout]   |
[INFO] [stdout] 6 | use windows::Win32::UI::WindowsAndMessaging::HICON;
[INFO] [stdout]   |     ^^^^^^^ use of unresolved module or unlinked crate `windows`
[INFO] [stdout]   |
[INFO] [stdout]   = help: if you wanted to use a crate named `windows`, use `cargo add windows` to add it to your `Cargo.toml`
[INFO] [stdout] 
[INFO] [stdout] 
[INFO] [stdout] error[E0433]: cannot find `windows` in `os`
[INFO] [stdout]   --> src/main.rs:11:14
[INFO] [stdout]    |
[INFO] [stdout] 11 | use std::os::windows::process::CommandExt;
[INFO] [stdout]    |              ^^^^^^^ could not find `windows` in `os`
[INFO] [stdout]    |
[INFO] [stdout] note: found an item that was configured out
[INFO] [stdout]   --> /rustc/3154cc1a3e6424e44f438a95007d043ed5ceaaf6/library/std/src/os/mod.rs:62:4
[INFO] [stdout]    |
[INFO] [stdout]    = note: the item is gated behind the `windows` feature
[INFO] [stdout] 
[INFO] [stdout] 
[INFO] [stdout] error[E0433]: cannot find module or crate `windows` in this scope
[INFO] [stdout]   --> src/main.rs:55:13
[INFO] [stdout]    |
[INFO] [stdout] 55 |         use windows::Win32::System::Threading::CREATE_NO_WINDOW;
[INFO] [stdout]    |             ^^^^^^^ use of unresolved module or unlinked crate `windows`
[INFO] [stdout]    |
[INFO] [stdout]    = help: if you wanted to use a crate named `windows`, use `cargo add windows` to add it to your `Cargo.toml`
[INFO] [stdout] 
[INFO] [stdout] 
[INFO] [stdout] error[E0433]: cannot find module or crate `windows` in this scope
[INFO] [stdout]    --> src/core/keys.rs:302:9
[INFO] [stdout]     |
[INFO] [stdout] 302 |     use windows::Win32::UI::Input::KeyboardAndMouse::GetAsyncKeyState;
[INFO] [stdout]     |         ^^^^^^^ use of unresolved module or unlinked crate `windows`
[INFO] [stdout]     |
[INFO] [stdout]     = help: if you wanted to use a crate named `windows`, use `cargo add windows` to add it to your `Cargo.toml`
[INFO] [stdout] 
[INFO] [stdout] 
[INFO] [stdout] error[E0433]: cannot find module or crate `windows` in this scope
[INFO] [stdout]    --> src/core/menu.rs:166:9
[INFO] [stdout]     |
[INFO] [stdout] 166 |     use windows::core::PCWSTR;
[INFO] [stdout]     |         ^^^^^^^ use of unresolved module or unlinked crate `windows`
[INFO] [stdout]     |
[INFO] [stdout]     = help: if you wanted to use a crate named `windows`, use `cargo add windows` to add it to your `Cargo.toml`
[INFO] [stdout] 
[INFO] [stdout] 
[INFO] [stdout] error[E0433]: cannot find module or crate `windows` in this scope
[INFO] [stdout]    --> src/core/menu.rs:167:9
[INFO] [stdout]     |
[INFO] [stdout] 167 |     use windows::Win32::UI::Shell::{ShellExecuteExW, SHELLEXECUTEINFOW};
[INFO] [stdout]     |         ^^^^^^^ use of unresolved module or unlinked crate `windows`
[INFO] [stdout]     |
[INFO] [stdout]     = help: if you wanted to use a crate named `windows`, use `cargo add windows` to add it to your `Cargo.toml`
[INFO] [stdout] 
[INFO] [stdout] 
[INFO] [stdout] error[E0433]: cannot find module or crate `windows` in this scope
[INFO] [stdout]    --> src/core/menu.rs:168:9
[INFO] [stdout]     |
[INFO] [stdout] 168 |     use windows::Win32::UI::WindowsAndMessaging::SW_SHOW;
[INFO] [stdout]     |         ^^^^^^^ use of unresolved module or unlinked crate `windows`
[INFO] [stdout]     |
[INFO] [stdout]     = help: if you wanted to use a crate named `windows`, use `cargo add windows` to add it to your `Cargo.toml`
[INFO] [stdout] 
[INFO] [stdout] 
[INFO] [stdout] error[E0433]: cannot find module or crate `windows` in this scope
[INFO] [stdout]    --> src/core/menu.rs:203:9
[INFO] [stdout]     |
[INFO] [stdout] 203 |     use windows::Win32::UI::Input::KeyboardAndMouse::{GetAsyncKeyState, VK_SHIFT};
[INFO] [stdout]     |         ^^^^^^^ use of unresolved module or unlinked crate `windows`
[INFO] [stdout]     |
[INFO] [stdout]     = help: if you wanted to use a crate named `windows`, use `cargo add windows` to add it to your `Cargo.toml`
[INFO] [stdout] 
[INFO] [stdout] 
[INFO] [stdout] error[E0433]: cannot find module or crate `windows` in this scope
[INFO] [stdout]    --> src/core/menu.rs:211:9
[INFO] [stdout]     |
[INFO] [stdout] 211 |     use windows::Win32::System::Threading::CREATE_NEW_CONSOLE;
[INFO] [stdout]     |         ^^^^^^^ use of unresolved module or unlinked crate `windows`
[INFO] [stdout]     |
[INFO] [stdout]     = help: if you wanted to use a crate named `windows`, use `cargo add windows` to add it to your `Cargo.toml`
[INFO] [stdout] 
[INFO] [stdout] 
[INFO] [stdout] error[E0433]: cannot find module or crate `windows` in this scope
[INFO] [stdout]   --> src/utils/window.rs:17:13
[INFO] [stdout]    |
[INFO] [stdout] 17 |         use windows::core::PWSTR;
[INFO] [stdout]    |             ^^^^^^^ use of unresolved module or unlinked crate `windows`
[INFO] [stdout]    |
[INFO] [stdout]    = help: if you wanted to use a crate named `windows`, use `cargo add windows` to add it to your `Cargo.toml`
[INFO] [stdout] 
[INFO] [stdout] 
[INFO] [stdout] error[E0433]: cannot find module or crate `windows` in this scope
[INFO] [stdout]   --> src/utils/window.rs:18:13
[INFO] [stdout]    |
[INFO] [stdout] 18 |         use windows::Win32::System::Threading::{
[INFO] [stdout]    |             ^^^^^^^ use of unresolved module or unlinked crate `windows`
[INFO] [stdout]    |
[INFO] [stdout]    = help: if you wanted to use a crate named `windows`, use `cargo add windows` to add it to your `Cargo.toml`
[INFO] [stdout] 
[INFO] [stdout] 
[INFO] [stdout] error[E0433]: cannot find module or crate `windows` in this scope
[INFO] [stdout]   --> src/utils/window.rs:22:13
[INFO] [stdout]    |
[INFO] [stdout] 22 |         use windows::Win32::UI::WindowsAndMessaging::{
[INFO] [stdout]    |             ^^^^^^^ use of unresolved module or unlinked crate `windows`
[INFO] [stdout]    |
[INFO] [stdout]    = help: if you wanted to use a crate named `windows`, use `cargo add windows` to add it to your `Cargo.toml`
[INFO] [stdout] 
[INFO] [stdout] 
[INFO] [stdout] error[E0433]: cannot find module or crate `windows` in this scope
[INFO] [stdout]    --> src/utils/icon.rs:145:9
[INFO] [stdout]     |
[INFO] [stdout] 145 |     use windows::Win32::Graphics::Gdi::*;
[INFO] [stdout]     |         ^^^^^^^ use of unresolved module or unlinked crate `windows`
[INFO] [stdout]     |
[INFO] [stdout]     = help: if you wanted to use a crate named `windows`, use `cargo add windows` to add it to your `Cargo.toml`
[INFO] [stdout] 
[INFO] [stdout] 
[INFO] [stdout] error[E0433]: cannot find module or crate `windows` in this scope
[INFO] [stdout]    --> src/core/menu.rs:166:9
[INFO] [stdout]     |
[INFO] [stdout] 166 |     use windows::core::PCWSTR;
[INFO] [stdout]     |         ^^^^^^^ use of unresolved module or unlinked crate `windows`
[INFO] [stdout]     |
[INFO] [stdout]     = help: if you wanted to use a crate named `windows`, use `cargo add windows` to add it to your `Cargo.toml`
[INFO] [stdout] 
[INFO] [stdout] 
[INFO] [stdout] error[E0433]: cannot find module or crate `windows` in this scope
[INFO] [stdout]    --> src/core/menu.rs:167:9
[INFO] [stdout]     |
[INFO] [stdout] 167 |     use windows::Win32::UI::Shell::{ShellExecuteExW, SHELLEXECUTEINFOW};
[INFO] [stdout]     |         ^^^^^^^ use of unresolved module or unlinked crate `windows`
[INFO] [stdout]     |
[INFO] [stdout]     = help: if you wanted to use a crate named `windows`, use `cargo add windows` to add it to your `Cargo.toml`
[INFO] [stdout] 
[INFO] [stdout] 
[INFO] [stdout] error[E0433]: cannot find module or crate `windows` in this scope
[INFO] [stdout]    --> src/core/menu.rs:168:9
[INFO] [stdout]     |
[INFO] [stdout] 168 |     use windows::Win32::UI::WindowsAndMessaging::SW_SHOW;
[INFO] [stdout]     |         ^^^^^^^ use of unresolved module or unlinked crate `windows`
[INFO] [stdout]     |
[INFO] [stdout]     = help: if you wanted to use a crate named `windows`, use `cargo add windows` to add it to your `Cargo.toml`
[INFO] [stdout] 
[INFO] [stdout] 
[INFO] [stdout] error[E0433]: cannot find module or crate `windows` in this scope
[INFO] [stdout]    --> src/core/menu.rs:203:9
[INFO] [stdout]     |
[INFO] [stdout] 203 |     use windows::Win32::UI::Input::KeyboardAndMouse::{GetAsyncKeyState, VK_SHIFT};
[INFO] [stdout]     |         ^^^^^^^ use of unresolved module or unlinked crate `windows`
[INFO] [stdout]     |
[INFO] [stdout]     = help: if you wanted to use a crate named `windows`, use `cargo add windows` to add it to your `Cargo.toml`
[INFO] [stdout] 
[INFO] [stdout] 
[INFO] [stdout] error[E0433]: cannot find module or crate `windows` in this scope
[INFO] [stdout]    --> src/core/menu.rs:211:9
[INFO] [stdout]     |
[INFO] [stdout] 211 |     use windows::Win32::System::Threading::CREATE_NEW_CONSOLE;
[INFO] [stdout]     |         ^^^^^^^ use of unresolved module or unlinked crate `windows`
[INFO] [stdout]     |
[INFO] [stdout]     = help: if you wanted to use a crate named `windows`, use `cargo add windows` to add it to your `Cargo.toml`
[INFO] [stdout] 
[INFO] [stdout] 
[INFO] [stdout] error[E0433]: cannot find module or crate `windows` in this scope
[INFO] [stdout]   --> src/utils/window.rs:17:13
[INFO] [stdout]    |
[INFO] [stdout] 17 |         use windows::core::PWSTR;
[INFO] [stdout]    |             ^^^^^^^ use of unresolved module or unlinked crate `windows`
[INFO] [stdout]    |
[INFO] [stdout]    = help: if you wanted to use a crate named `windows`, use `cargo add windows` to add it to your `Cargo.toml`
[INFO] [stdout] 
[INFO] [stdout] 
[INFO] [stdout] error[E0433]: cannot find module or crate `windows` in this scope
[INFO] [stdout]   --> src/utils/window.rs:18:13
[INFO] [stdout]    |
[INFO] [stdout] 18 |         use windows::Win32::System::Threading::{
[INFO] [stdout]    |             ^^^^^^^ use of unresolved module or unlinked crate `windows`
[INFO] [stdout]    |
[INFO] [stdout]    = help: if you wanted to use a crate named `windows`, use `cargo add windows` to add it to your `Cargo.toml`
[INFO] [stdout] 
[INFO] [stdout] 
[INFO] [stdout] error[E0433]: cannot find module or crate `windows` in this scope
[INFO] [stdout]   --> src/utils/window.rs:22:13
[INFO] [stdout]    |
[INFO] [stdout] 22 |         use windows::Win32::UI::WindowsAndMessaging::{
[INFO] [stdout]    |             ^^^^^^^ use of unresolved module or unlinked crate `windows`
[INFO] [stdout]    |
[INFO] [stdout]    = help: if you wanted to use a crate named `windows`, use `cargo add windows` to add it to your `Cargo.toml`
[INFO] [stdout] 
[INFO] [stdout] 
[INFO] [stdout] error[E0433]: cannot find module or crate `windows` in this scope
[INFO] [stdout]    --> src/utils/icon.rs:145:9
[INFO] [stdout]     |
[INFO] [stdout] 145 |     use windows::Win32::Graphics::Gdi::*;
[INFO] [stdout]     |         ^^^^^^^ use of unresolved module or unlinked crate `windows`
[INFO] [stdout]     |
[INFO] [stdout]     = help: if you wanted to use a crate named `windows`, use `cargo add windows` to add it to your `Cargo.toml`
[INFO] [stdout] 
[INFO] [stdout] 
[INFO] [stdout] error[E0433]: cannot find module or crate `windows` in this scope
[INFO] [stdout]    --> src/utils/icon.rs:146:9
[INFO] [stdout]     |
[INFO] [stdout] 146 |     use windows::Win32::UI::WindowsAndMessaging::*;
[INFO] [stdout]     |         ^^^^^^^ use of unresolved module or unlinked crate `windows`
[INFO] [stdout]     |
[INFO] [stdout]     = help: if you wanted to use a crate named `windows`, use `cargo add windows` to add it to your `Cargo.toml`
[INFO] [stdout] 
[INFO] [stdout] 
[INFO] [stdout] error[E0432]: unresolved imports `windows::Win32::Graphics::Gdi::*`, `windows::Win32::UI::WindowsAndMessaging::*`
[INFO] [stdout]    --> src/utils/icon.rs:145:9
[INFO] [stdout]     |
[INFO] [stdout] 145 |     use windows::Win32::Graphics::Gdi::*;
[INFO] [stdout]     |         ^^^^^^^^^^^^^^^^^^^^^^^^^^^^^^^^
[INFO] [stdout] 146 |     use windows::Win32::UI::WindowsAndMessaging::*;
[INFO] [stdout]     |         ^^^^^^^^^^^^^^^^^^^^^^^^^^^^^^^^^^^^^^^^^^
[INFO] [stdout] 
[INFO] [stdout] 
[INFO] [stdout] error[E0433]: cannot find module or crate `windows` in this scope
[INFO] [stdout]    --> src/utils/icon.rs:146:9
[INFO] [stdout]     |
[INFO] [stdout] 146 |     use windows::Win32::UI::WindowsAndMessaging::*;
[INFO] [stdout]     |         ^^^^^^^ use of unresolved module or unlinked crate `windows`
[INFO] [stdout]     |
[INFO] [stdout]     = help: if you wanted to use a crate named `windows`, use `cargo add windows` to add it to your `Cargo.toml`
[INFO] [stdout] 
[INFO] [stdout] 
[INFO] [stdout] error[E0432]: unresolved imports `windows::Win32::Graphics::Gdi::*`, `windows::Win32::UI::WindowsAndMessaging::*`
[INFO] [stdout]    --> src/utils/icon.rs:145:9
[INFO] [stdout]     |
[INFO] [stdout] 145 |     use windows::Win32::Graphics::Gdi::*;
[INFO] [stdout]     |         ^^^^^^^^^^^^^^^^^^^^^^^^^^^^^^^^
[INFO] [stdout] 146 |     use windows::Win32::UI::WindowsAndMessaging::*;
[INFO] [stdout]     |         ^^^^^^^^^^^^^^^^^^^^^^^^^^^^^^^^^^^^^^^^^^
[INFO] [stdout] 
[INFO] [stdout] 
[INFO] [stdout] error[E0433]: cannot find module or crate `windows` in this scope
[INFO] [stdout]  --> src/utils/window.rs:4:22
[INFO] [stdout]   |
[INFO] [stdout] 4 | struct ProcessHandle(windows::Win32::Foundation::HANDLE);
[INFO] [stdout]   |                      ^^^^^^^ use of unresolved module or unlinked crate `windows`
[INFO] [stdout]   |
[INFO] [stdout]   = help: if you wanted to use a crate named `windows`, use `cargo add windows` to add it to your `Cargo.toml`
[INFO] [stdout] 
[INFO] [stdout] 
[INFO] [stdout] error[E0433]: cannot find module or crate `windows` in this scope
[INFO] [stdout]  --> src/utils/window.rs:9:21
[INFO] [stdout]   |
[INFO] [stdout] 9 |             let _ = windows::Win32::Foundation::CloseHandle(self.0);
[INFO] [stdout]   |                     ^^^^^^^ use of unresolved module or unlinked crate `windows`
[INFO] [stdout]   |
[INFO] [stdout]   = help: if you wanted to use a crate named `windows`, use `cargo add windows` to add it to your `Cargo.toml`
[INFO] [stdout] 
[INFO] [stdout] 
[INFO] [stdout] error[E0422]: cannot find struct, variant or union type `ICONINFO` in this scope
[INFO] [stdout]    --> src/utils/icon.rs:149:29
[INFO] [stdout]     |
[INFO] [stdout] 149 |         let mut icon_info = ICONINFO {
[INFO] [stdout]     |                             ^^^^^^^^ not found in this scope
[INFO] [stdout] 
[INFO] [stdout] 
[INFO] [stdout] error[E0433]: cannot find module or crate `windows` in this scope
[INFO] [stdout]  --> src/utils/window.rs:4:22
[INFO] [stdout]   |
[INFO] [stdout] 4 | struct ProcessHandle(windows::Win32::Foundation::HANDLE);
[INFO] [stdout]   |                      ^^^^^^^ use of unresolved module or unlinked crate `windows`
[INFO] [stdout]   |
[INFO] [stdout]   = help: if you wanted to use a crate named `windows`, use `cargo add windows` to add it to your `Cargo.toml`
[INFO] [stdout] 
[INFO] [stdout] 
[INFO] [stdout] error[E0425]: cannot find type `BITMAP` in this scope
[INFO] [stdout]    --> src/utils/icon.rs:168:33
[INFO] [stdout]     |
[INFO] [stdout] 168 |             std::mem::size_of::<BITMAP>() as i32,
[INFO] [stdout]     |                                 ^^^^^^ not found in this scope
[INFO] [stdout]     |
[INFO] [stdout] help: you might be missing a type parameter
[INFO] [stdout]     |
[INFO] [stdout] 144 | unsafe fn get_icon_rgba<BITMAP>(hicon: HICON) -> Option<tray_icon::menu::Icon> {
[INFO] [stdout]     |                        ++++++++
[INFO] [stdout] 
[INFO] [stdout] 
[INFO] [stdout] error[E0425]: cannot find type `BITMAP` in this scope
[INFO] [stdout]    --> src/utils/icon.rs:169:35
[INFO] [stdout]     |
[INFO] [stdout] 169 |             Some(&mut bmp as *mut BITMAP as *mut _),
[INFO] [stdout]     |                                   ^^^^^^ not found in this scope
[INFO] [stdout] 
[INFO] [stdout] 
[INFO] [stdout] error[E0422]: cannot find struct, variant or union type `BITMAPINFO` in this scope
[INFO] [stdout]    --> src/utils/icon.rs:192:28
[INFO] [stdout]     |
[INFO] [stdout] 192 |         let mut bmp_info = BITMAPINFO {
[INFO] [stdout]     |                            ^^^^^^^^^^ not found in this scope
[INFO] [stdout] 
[INFO] [stdout] 
[INFO] [stdout] error[E0422]: cannot find struct, variant or union type `BITMAPINFOHEADER` in this scope
[INFO] [stdout]    --> src/utils/icon.rs:193:24
[INFO] [stdout]     |
[INFO] [stdout] 193 |             bmiHeader: BITMAPINFOHEADER {
[INFO] [stdout]     |                        ^^^^^^^^^^^^^^^^ not found in this scope
[INFO] [stdout] 
[INFO] [stdout] 
[INFO] [stdout] error[E0425]: cannot find type `BITMAPINFOHEADER` in this scope
[INFO] [stdout]    --> src/utils/icon.rs:194:45
[INFO] [stdout]     |
[INFO] [stdout] 194 |                 biSize: std::mem::size_of::<BITMAPINFOHEADER>() as u32,
[INFO] [stdout]     |                                             ^^^^^^^^^^^^^^^^ not found in this scope
[INFO] [stdout]     |
[INFO] [stdout] help: you might be missing a type parameter
[INFO] [stdout]     |
[INFO] [stdout] 144 | unsafe fn get_icon_rgba<BITMAPINFOHEADER>(hicon: HICON) -> Option<tray_icon::menu::Icon> {
[INFO] [stdout]     |                        ++++++++++++++++++
[INFO] [stdout] 
[INFO] [stdout] 
[INFO] [stdout] error[E0425]: cannot find value `BI_RGB` in this scope
[INFO] [stdout]    --> src/utils/icon.rs:197:32
[INFO] [stdout]     |
[INFO] [stdout] 197 |                 biCompression: BI_RGB.0,
[INFO] [stdout]     |                                ^^^^^^ not found in this scope
[INFO] [stdout] 
[INFO] [stdout] 
[INFO] [stdout] error[E0425]: cannot find value `DIB_RGB_COLORS` in this scope
[INFO] [stdout]    --> src/utils/icon.rs:216:13
[INFO] [stdout]     |
[INFO] [stdout] 216 |             DIB_RGB_COLORS,
[INFO] [stdout]     |             ^^^^^^^^^^^^^^ not found in this scope
[INFO] [stdout] 
[INFO] [stdout] 
[INFO] [stdout] warning: unused import: `ContextMenu`
[INFO] [stdout]   --> src/main.rs:12:23
[INFO] [stdout]    |
[INFO] [stdout] 12 | use tray_icon::menu::{ContextMenu, MenuEvent};
[INFO] [stdout]    |                       ^^^^^^^^^^^
[INFO] [stdout]    |
[INFO] [stdout]    = note: `#[warn(unused_imports)]` (part of `#[warn(unused)]`) on by default
[INFO] [stdout] 
[INFO] [stdout] 
[INFO] [stdout] error[E0433]: cannot find module or crate `windows` in this scope
[INFO] [stdout]  --> src/utils/window.rs:9:21
[INFO] [stdout]   |
[INFO] [stdout] 9 |             let _ = windows::Win32::Foundation::CloseHandle(self.0);
[INFO] [stdout]   |                     ^^^^^^^ use of unresolved module or unlinked crate `windows`
[INFO] [stdout]   |
[INFO] [stdout]   = help: if you wanted to use a crate named `windows`, use `cargo add windows` to add it to your `Cargo.toml`
[INFO] [stdout] 
[INFO] [stdout] 
[INFO] [stdout] error[E0422]: cannot find struct, variant or union type `ICONINFO` in this scope
[INFO] [stdout]    --> src/utils/icon.rs:149:29
[INFO] [stdout]     |
[INFO] [stdout] 149 |         let mut icon_info = ICONINFO {
[INFO] [stdout]     |                             ^^^^^^^^ not found in this scope
[INFO] [stdout] 
[INFO] [stdout] 
[INFO] [stdout] error[E0425]: cannot find type `BITMAP` in this scope
[INFO] [stdout]    --> src/utils/icon.rs:168:33
[INFO] [stdout]     |
[INFO] [stdout] 168 |             std::mem::size_of::<BITMAP>() as i32,
[INFO] [stdout]     |                                 ^^^^^^ not found in this scope
[INFO] [stdout]     |
[INFO] [stdout] help: you might be missing a type parameter
[INFO] [stdout]     |
[INFO] [stdout] 144 | unsafe fn get_icon_rgba<BITMAP>(hicon: HICON) -> Option<tray_icon::menu::Icon> {
[INFO] [stdout]     |                        ++++++++
[INFO] [stdout] 
[INFO] [stdout] 
[INFO] [stdout] error[E0425]: cannot find type `BITMAP` in this scope
[INFO] [stdout]    --> src/utils/icon.rs:169:35
[INFO] [stdout]     |
[INFO] [stdout] 169 |             Some(&mut bmp as *mut BITMAP as *mut _),
[INFO] [stdout]     |                                   ^^^^^^ not found in this scope
[INFO] [stdout] 
[INFO] [stdout] 
[INFO] [stdout] error[E0422]: cannot find struct, variant or union type `BITMAPINFO` in this scope
[INFO] [stdout]    --> src/utils/icon.rs:192:28
[INFO] [stdout]     |
[INFO] [stdout] 192 |         let mut bmp_info = BITMAPINFO {
[INFO] [stdout]     |                            ^^^^^^^^^^ not found in this scope
[INFO] [stdout] 
[INFO] [stdout] 
[INFO] [stdout] error[E0422]: cannot find struct, variant or union type `BITMAPINFOHEADER` in this scope
[INFO] [stdout]    --> src/utils/icon.rs:193:24
[INFO] [stdout]     |
[INFO] [stdout] 193 |             bmiHeader: BITMAPINFOHEADER {
[INFO] [stdout]     |                        ^^^^^^^^^^^^^^^^ not found in this scope
[INFO] [stdout] 
[INFO] [stdout] 
[INFO] [stdout] error[E0425]: cannot find type `BITMAPINFOHEADER` in this scope
[INFO] [stdout]    --> src/utils/icon.rs:194:45
[INFO] [stdout]     |
[INFO] [stdout] 194 |                 biSize: std::mem::size_of::<BITMAPINFOHEADER>() as u32,
[INFO] [stdout]     |                                             ^^^^^^^^^^^^^^^^ not found in this scope
[INFO] [stdout]     |
[INFO] [stdout] help: you might be missing a type parameter
[INFO] [stdout]     |
[INFO] [stdout] 144 | unsafe fn get_icon_rgba<BITMAPINFOHEADER>(hicon: HICON) -> Option<tray_icon::menu::Icon> {
[INFO] [stdout]     |                        ++++++++++++++++++
[INFO] [stdout] 
[INFO] [stdout] 
[INFO] [stdout] error[E0425]: cannot find value `BI_RGB` in this scope
[INFO] [stdout]    --> src/utils/icon.rs:197:32
[INFO] [stdout]     |
[INFO] [stdout] 197 |                 biCompression: BI_RGB.0,
[INFO] [stdout]     |                                ^^^^^^ not found in this scope
[INFO] [stdout] 
[INFO] [stdout] 
[INFO] [stdout] error[E0425]: cannot find value `DIB_RGB_COLORS` in this scope
[INFO] [stdout]    --> src/utils/icon.rs:216:13
[INFO] [stdout]     |
[INFO] [stdout] 216 |             DIB_RGB_COLORS,
[INFO] [stdout]     |             ^^^^^^^^^^^^^^ not found in this scope
[INFO] [stdout] 
[INFO] [stdout] 
[INFO] [stdout] warning: unused import: `ContextMenu`
[INFO] [stdout]   --> src/main.rs:12:23
[INFO] [stdout]    |
[INFO] [stdout] 12 | use tray_icon::menu::{ContextMenu, MenuEvent};
[INFO] [stdout]    |                       ^^^^^^^^^^^
[INFO] [stdout]    |
[INFO] [stdout]    = note: `#[warn(unused_imports)]` (part of `#[warn(unused)]`) on by default
[INFO] [stdout] 
[INFO] [stdout] 
[INFO] [stdout] error[E0599]: no method named `encode_wide` found for reference `&OsStr` in the current scope
[INFO] [stdout]    --> src/core/menu.rs:129:29
[INFO] [stdout]     |
[INFO] [stdout] 129 |     std::ffi::OsStr::new(s).encode_wide().chain(Some(0)).collect()
[INFO] [stdout]     |                             ^^^^^^^^^^^ method not found in `&OsStr`
[INFO] [stdout] 
[INFO] [stdout] 
[INFO] [stdout] error[E0599]: no method named `encode_wide` found for reference `&OsStr` in the current scope
[INFO] [stdout]    --> src/core/menu.rs:129:29
[INFO] [stdout]     |
[INFO] [stdout] 129 |     std::ffi::OsStr::new(s).encode_wide().chain(Some(0)).collect()
[INFO] [stdout]     |                             ^^^^^^^^^^^ method not found in `&OsStr`
[INFO] [stdout] 
[INFO] [stdout] 
[INFO] [stdout] error[E0599]: no method named `creation_flags` found for struct `std::process::Command` in the current scope
[INFO] [stdout]    --> src/core/menu.rs:226:9
[INFO] [stdout]     |
[INFO] [stdout] 226 |     cmd.creation_flags(CREATE_NEW_CONSOLE.0);
[INFO] [stdout]     |         ^^^^^^^^^^^^^^ method not found in `std::process::Command`
[INFO] [stdout] 
[INFO] [stdout] 
[INFO] [stdout] error[E0599]: no method named `creation_flags` found for struct `std::process::Command` in the current scope
[INFO] [stdout]    --> src/core/menu.rs:226:9
[INFO] [stdout]     |
[INFO] [stdout] 226 |     cmd.creation_flags(CREATE_NEW_CONSOLE.0);
[INFO] [stdout]     |         ^^^^^^^^^^^^^^ method not found in `std::process::Command`
[INFO] [stdout] 
[INFO] [stdout] 
[INFO] [stdout] error[E0599]: no method named `encode_wide` found for reference `&OsStr` in the current scope
[INFO] [stdout]   --> src/utils/autostart.rs:18:19
[INFO] [stdout]    |
[INFO] [stdout] 18 |     OsStr::new(s).encode_wide().chain(Some(0)).collect()
[INFO] [stdout]    |                   ^^^^^^^^^^^ method not found in `&OsStr`
[INFO] [stdout] 
[INFO] [stdout] 
[INFO] [stdout] error[E0599]: no method named `encode_wide` found for reference `&OsStr` in the current scope
[INFO] [stdout]   --> src/utils/autostart.rs:18:19
[INFO] [stdout]    |
[INFO] [stdout] 18 |     OsStr::new(s).encode_wide().chain(Some(0)).collect()
[INFO] [stdout]    |                   ^^^^^^^^^^^ method not found in `&OsStr`
[INFO] [stdout] 
[INFO] [stdout] 
[INFO] [stdout] error[E0425]: cannot find function, tuple struct or tuple variant `GetIconInfo` in this scope
[INFO] [stdout]    --> src/utils/icon.rs:154:12
[INFO] [stdout]     |
[INFO] [stdout] 154 |         if GetIconInfo(hicon, &mut icon_info).is_err() {
[INFO] [stdout]     |            ^^^^^^^^^^^ not found in this scope
[INFO] [stdout] 
[INFO] [stdout] 
[INFO] [stdout] error[E0433]: cannot find type `BITMAP` in this scope
[INFO] [stdout]    --> src/utils/icon.rs:159:23
[INFO] [stdout]     |
[INFO] [stdout] 159 |         let mut bmp = BITMAP::default();
[INFO] [stdout]     |                       ^^^^^^ use of undeclared type `BITMAP`
[INFO] [stdout] 
[INFO] [stdout] 
[INFO] [stdout] error[E0425]: cannot find function, tuple struct or tuple variant `GetObjectW` in this scope
[INFO] [stdout]    --> src/utils/icon.rs:166:17
[INFO] [stdout]     |
[INFO] [stdout] 166 |         let _ = GetObjectW(
[INFO] [stdout]     |                 ^^^^^^^^^^ not found in this scope
[INFO] [stdout] 
[INFO] [stdout] 
[INFO] [stdout] error[E0425]: cannot find function, tuple struct or tuple variant `DeleteObject` in this scope
[INFO] [stdout]    --> src/utils/icon.rs:176:21
[INFO] [stdout]     |
[INFO] [stdout] 176 |             let _ = DeleteObject(icon_info.hbmColor.into());
[INFO] [stdout]     |                     ^^^^^^^^^^^^ not found in this scope
[INFO] [stdout] 
[INFO] [stdout] 
[INFO] [stdout] error[E0425]: cannot find function, tuple struct or tuple variant `DeleteObject` in this scope
[INFO] [stdout]    --> src/utils/icon.rs:177:21
[INFO] [stdout]     |
[INFO] [stdout] 177 |             let _ = DeleteObject(icon_info.hbmMask.into());
[INFO] [stdout]     |                     ^^^^^^^^^^^^ not found in this scope
[INFO] [stdout] 
[INFO] [stdout] 
[INFO] [stdout] error[E0425]: cannot find function, tuple struct or tuple variant `CreateCompatibleDC` in this scope
[INFO] [stdout]    --> src/utils/icon.rs:182:19
[INFO] [stdout]     |
[INFO] [stdout] 182 |         let hdc = CreateCompatibleDC(None);
[INFO] [stdout]     |                   ^^^^^^^^^^^^^^^^^^ not found in this scope
[INFO] [stdout] 
[INFO] [stdout] 
[INFO] [stdout] error[E0425]: cannot find function, tuple struct or tuple variant `DeleteObject` in this scope
[INFO] [stdout]    --> src/utils/icon.rs:184:21
[INFO] [stdout]     |
[INFO] [stdout] 184 |             let _ = DeleteObject(icon_info.hbmColor.into());
[INFO] [stdout]     |                     ^^^^^^^^^^^^ not found in this scope
[INFO] [stdout] 
[INFO] [stdout] 
[INFO] [stdout] error[E0425]: cannot find function, tuple struct or tuple variant `DeleteObject` in this scope
[INFO] [stdout]    --> src/utils/icon.rs:185:21
[INFO] [stdout]     |
[INFO] [stdout] 185 |             let _ = DeleteObject(icon_info.hbmMask.into());
[INFO] [stdout]     |                     ^^^^^^^^^^^^ not found in this scope
[INFO] [stdout] 
[INFO] [stdout] 
[INFO] [stdout] error[E0425]: cannot find function, tuple struct or tuple variant `SelectObject` in this scope
[INFO] [stdout]    --> src/utils/icon.rs:190:23
[INFO] [stdout]     |
[INFO] [stdout] 190 |         let old_bmp = SelectObject(hdc, hbm.into());
[INFO] [stdout]     |                       ^^^^^^^^^^^^ not found in this scope
[INFO] [stdout] 
[INFO] [stdout] 
[INFO] [stdout] error[E0425]: cannot find function, tuple struct or tuple variant `GetDIBits` in this scope
[INFO] [stdout]    --> src/utils/icon.rs:209:22
[INFO] [stdout]     |
[INFO] [stdout] 209 |         let result = GetDIBits(
[INFO] [stdout]     |                      ^^^^^^^^^ not found in this scope
[INFO] [stdout] 
[INFO] [stdout] 
[INFO] [stdout] error[E0425]: cannot find function, tuple struct or tuple variant `SelectObject` in this scope
[INFO] [stdout]    --> src/utils/icon.rs:220:9
[INFO] [stdout]     |
[INFO] [stdout] 220 |         SelectObject(hdc, old_bmp);
[INFO] [stdout]     |         ^^^^^^^^^^^^ not found in this scope
[INFO] [stdout] 
[INFO] [stdout] 
[INFO] [stdout] error[E0425]: cannot find function, tuple struct or tuple variant `DeleteDC` in this scope
[INFO] [stdout]    --> src/utils/icon.rs:221:17
[INFO] [stdout]     |
[INFO] [stdout] 221 |         let _ = DeleteDC(hdc);
[INFO] [stdout]     |                 ^^^^^^^^ not found in this scope
[INFO] [stdout] 
[INFO] [stdout] 
[INFO] [stdout] error[E0425]: cannot find function, tuple struct or tuple variant `DeleteObject` in this scope
[INFO] [stdout]    --> src/utils/icon.rs:222:17
[INFO] [stdout]     |
[INFO] [stdout] 222 |         let _ = DeleteObject(icon_info.hbmColor.into());
[INFO] [stdout]     |                 ^^^^^^^^^^^^ not found in this scope
[INFO] [stdout] 
[INFO] [stdout] 
[INFO] [stdout] error[E0425]: cannot find function, tuple struct or tuple variant `DeleteObject` in this scope
[INFO] [stdout]    --> src/utils/icon.rs:223:17
[INFO] [stdout]     |
[INFO] [stdout] 223 |         let _ = DeleteObject(icon_info.hbmMask.into());
[INFO] [stdout]     |                 ^^^^^^^^^^^^ not found in this scope
[INFO] [stdout] 
[INFO] [stdout] 
[INFO] [stdout] error[E0425]: cannot find function, tuple struct or tuple variant `GetIconInfo` in this scope
[INFO] [stdout]    --> src/utils/icon.rs:154:12
[INFO] [stdout]     |
[INFO] [stdout] 154 |         if GetIconInfo(hicon, &mut icon_info).is_err() {
[INFO] [stdout]     |            ^^^^^^^^^^^ not found in this scope
[INFO] [stdout] 
[INFO] [stdout] 
[INFO] [stdout] error[E0433]: cannot find type `BITMAP` in this scope
[INFO] [stdout]    --> src/utils/icon.rs:159:23
[INFO] [stdout]     |
[INFO] [stdout] 159 |         let mut bmp = BITMAP::default();
[INFO] [stdout]     |                       ^^^^^^ use of undeclared type `BITMAP`
[INFO] [stdout] 
[INFO] [stdout] 
[INFO] [stdout] error[E0425]: cannot find function, tuple struct or tuple variant `GetObjectW` in this scope
[INFO] [stdout]    --> src/utils/icon.rs:166:17
[INFO] [stdout]     |
[INFO] [stdout] 166 |         let _ = GetObjectW(
[INFO] [stdout]     |                 ^^^^^^^^^^ not found in this scope
[INFO] [stdout] 
[INFO] [stdout] 
[INFO] [stdout] error[E0425]: cannot find function, tuple struct or tuple variant `DeleteObject` in this scope
[INFO] [stdout]    --> src/utils/icon.rs:176:21
[INFO] [stdout]     |
[INFO] [stdout] 176 |             let _ = DeleteObject(icon_info.hbmColor.into());
[INFO] [stdout]     |                     ^^^^^^^^^^^^ not found in this scope
[INFO] [stdout] 
[INFO] [stdout] 
[INFO] [stdout] error[E0425]: cannot find function, tuple struct or tuple variant `DeleteObject` in this scope
[INFO] [stdout]    --> src/utils/icon.rs:177:21
[INFO] [stdout]     |
[INFO] [stdout] 177 |             let _ = DeleteObject(icon_info.hbmMask.into());
[INFO] [stdout]     |                     ^^^^^^^^^^^^ not found in this scope
[INFO] [stdout] 
[INFO] [stdout] 
[INFO] [stdout] error[E0425]: cannot find function, tuple struct or tuple variant `CreateCompatibleDC` in this scope
[INFO] [stdout]    --> src/utils/icon.rs:182:19
[INFO] [stdout]     |
[INFO] [stdout] 182 |         let hdc = CreateCompatibleDC(None);
[INFO] [stdout]     |                   ^^^^^^^^^^^^^^^^^^ not found in this scope
[INFO] [stdout] 
[INFO] [stdout] 
[INFO] [stdout] error[E0425]: cannot find function, tuple struct or tuple variant `DeleteObject` in this scope
[INFO] [stdout]    --> src/utils/icon.rs:184:21
[INFO] [stdout]     |
[INFO] [stdout] 184 |             let _ = DeleteObject(icon_info.hbmColor.into());
[INFO] [stdout]     |                     ^^^^^^^^^^^^ not found in this scope
[INFO] [stdout] 
[INFO] [stdout] 
[INFO] [stdout] error[E0425]: cannot find function, tuple struct or tuple variant `DeleteObject` in this scope
[INFO] [stdout]    --> src/utils/icon.rs:185:21
[INFO] [stdout]     |
[INFO] [stdout] 185 |             let _ = DeleteObject(icon_info.hbmMask.into());
[INFO] [stdout]     |                     ^^^^^^^^^^^^ not found in this scope
[INFO] [stdout] 
[INFO] [stdout] 
[INFO] [stdout] error[E0425]: cannot find function, tuple struct or tuple variant `SelectObject` in this scope
[INFO] [stdout]    --> src/utils/icon.rs:190:23
[INFO] [stdout]     |
[INFO] [stdout] 190 |         let old_bmp = SelectObject(hdc, hbm.into());
[INFO] [stdout]     |                       ^^^^^^^^^^^^ not found in this scope
[INFO] [stdout] 
[INFO] [stdout] 
[INFO] [stdout] error[E0425]: cannot find function, tuple struct or tuple variant `GetDIBits` in this scope
[INFO] [stdout]    --> src/utils/icon.rs:209:22
[INFO] [stdout]     |
[INFO] [stdout] 209 |         let result = GetDIBits(
[INFO] [stdout]     |                      ^^^^^^^^^ not found in this scope
[INFO] [stdout] 
[INFO] [stdout] 
[INFO] [stdout] error[E0425]: cannot find function, tuple struct or tuple variant `SelectObject` in this scope
[INFO] [stdout]    --> src/utils/icon.rs:220:9
[INFO] [stdout]     |
[INFO] [stdout] 220 |         SelectObject(hdc, old_bmp);
[INFO] [stdout]     |         ^^^^^^^^^^^^ not found in this scope
[INFO] [stdout] 
[INFO] [stdout] 
[INFO] [stdout] error[E0425]: cannot find function, tuple struct or tuple variant `DeleteDC` in this scope
[INFO] [stdout]    --> src/utils/icon.rs:221:17
[INFO] [stdout]     |
[INFO] [stdout] 221 |         let _ = DeleteDC(hdc);
[INFO] [stdout]     |                 ^^^^^^^^ not found in this scope
[INFO] [stdout] 
[INFO] [stdout] 
[INFO] [stdout] error[E0425]: cannot find function, tuple struct or tuple variant `DeleteObject` in this scope
[INFO] [stdout]    --> src/utils/icon.rs:222:17
[INFO] [stdout]     |
[INFO] [stdout] 222 |         let _ = DeleteObject(icon_info.hbmColor.into());
[INFO] [stdout]     |                 ^^^^^^^^^^^^ not found in this scope
[INFO] [stdout] 
[INFO] [stdout] 
[INFO] [stdout] error[E0425]: cannot find function, tuple struct or tuple variant `DeleteObject` in this scope
[INFO] [stdout]    --> src/utils/icon.rs:223:17
[INFO] [stdout]     |
[INFO] [stdout] 223 |         let _ = DeleteObject(icon_info.hbmMask.into());
[INFO] [stdout]     |                 ^^^^^^^^^^^^ not found in this scope
[INFO] [stdout] 
[INFO] [stdout] 
[INFO] [stdout] error[E0599]: no method named `creation_flags` found for mutable reference `&mut std::process::Command` in the current scope
[INFO] [stdout]   --> src/main.rs:58:14
[INFO] [stdout]    |
[INFO] [stdout] 56 |         std::process::Command::new("cmd")
[INFO] [stdout] 57 |             .args(["/c", "start", "", &state.config_path])
[INFO] [stdout] 58 |             .creation_flags(CREATE_NO_WINDOW.0)
[INFO] [stdout]    |              ^^^^^^^^^^^^^^ method not found in `&mut std::process::Command`
[INFO] [stdout] 
[INFO] [stdout] 
[INFO] [stdout] error[E0599]: no method named `creation_flags` found for mutable reference `&mut std::process::Command` in the current scope
[INFO] [stdout]   --> src/main.rs:58:14
[INFO] [stdout]    |
[INFO] [stdout] 56 |         std::process::Command::new("cmd")
[INFO] [stdout] 57 |             .args(["/c", "start", "", &state.config_path])
[INFO] [stdout] 58 |             .creation_flags(CREATE_NO_WINDOW.0)
[INFO] [stdout]    |              ^^^^^^^^^^^^^^ method not found in `&mut std::process::Command`
[INFO] [stdout] 
[INFO] [stdout] 
[INFO] [stdout] error[E0599]: no method named `window_handle` found for struct `TrayIcon` in the current scope
[INFO] [stdout]    --> src/main.rs:107:32
[INFO] [stdout]     |
[INFO] [stdout] 107 |     let hwnd = state.tray_icon.window_handle() as isize;
[INFO] [stdout]     |                                ^^^^^^^^^^^^^ method not found in `TrayIcon`
[INFO] [stdout] 
[INFO] [stdout] 
[INFO] [stdout] error[E0599]: no method named `window_handle` found for struct `TrayIcon` in the current scope
[INFO] [stdout]    --> src/main.rs:107:32
[INFO] [stdout]     |
[INFO] [stdout] 107 |     let hwnd = state.tray_icon.window_handle() as isize;
[INFO] [stdout]     |                                ^^^^^^^^^^^^^ method not found in `TrayIcon`
[INFO] [stdout] 
[INFO] [stdout] 
[INFO] [stdout] error[E0599]: no method named `show_context_menu_for_hwnd` found for struct `Menu` in the current scope
[INFO] [stdout]    --> src/main.rs:108:45
[INFO] [stdout]     |
[INFO] [stdout] 108 |     let result = unsafe { state.cached_menu.show_context_menu_for_hwnd(hwnd, None) };
[INFO] [stdout]     |                                             ^^^^^^^^^^^^^^^^^^^^^^^^^^
[INFO] [stdout]     |
[INFO] [stdout] help: there is a method `show_context_menu_for_gtk_window` with a similar name
[INFO] [stdout]     |
[INFO] [stdout] 108 -     let result = unsafe { state.cached_menu.show_context_menu_for_hwnd(hwnd, None) };
[INFO] [stdout] 108 +     let result = unsafe { state.cached_menu.show_context_menu_for_gtk_window(hwnd, None) };
[INFO] [stdout]     |
[INFO] [stdout] 
[INFO] [stdout] 
[INFO] [stdout] error[E0599]: no method named `show_context_menu_for_hwnd` found for struct `Menu` in the current scope
[INFO] [stdout]    --> src/main.rs:108:45
[INFO] [stdout]     |
[INFO] [stdout] 108 |     let result = unsafe { state.cached_menu.show_context_menu_for_hwnd(hwnd, None) };
[INFO] [stdout]     |                                             ^^^^^^^^^^^^^^^^^^^^^^^^^^
[INFO] [stdout]     |
[INFO] [stdout] help: there is a method `show_context_menu_for_gtk_window` with a similar name
[INFO] [stdout]     |
[INFO] [stdout] 108 -     let result = unsafe { state.cached_menu.show_context_menu_for_hwnd(hwnd, None) };
[INFO] [stdout] 108 +     let result = unsafe { state.cached_menu.show_context_menu_for_gtk_window(hwnd, None) };
[INFO] [stdout]     |
[INFO] [stdout] 
[INFO] [stdout] 
[INFO] [stdout] Some errors have detailed explanations: E0422, E0425, E0432, E0433, E0599.
[INFO] [stdout] 
[INFO] [stdout] For more information about an error, try `rustc --explain E0422`.
[INFO] [stdout] 
[INFO] [stdout] Some errors have detailed explanations: E0422, E0425, E0432, E0433, E0599.
[INFO] [stdout] 
[INFO] [stdout] For more information about an error, try `rustc --explain E0422`.
[INFO] [stdout] 
[INFO] [stderr] error: could not compile `xmenu` (bin "xmenu") due to 58 previous errors; 1 warning emitted
[INFO] [stderr] warning: build failed, waiting for other jobs to finish...
[INFO] [stderr] error: could not compile `xmenu` (bin "xmenu" test) due to 58 previous errors; 1 warning emitted
[INFO] running `Command { std: "docker" "inspect" "8cc4d4e0cf94676a7c86f132e880c792ac08fad6363945096da144c0ca772dda", kill_on_drop: false }`
[INFO] running `Command { std: "docker" "rm" "-f" "8cc4d4e0cf94676a7c86f132e880c792ac08fad6363945096da144c0ca772dda", kill_on_drop: false }`
[INFO] [stdout] 8cc4d4e0cf94676a7c86f132e880c792ac08fad6363945096da144c0ca772dda
