[INFO] cloning repository https://github.com/liuyinwanli/xble
[INFO] running `Command { std: "git" "-c" "credential.helper=" "-c" "credential.helper=/workspace/cargo-home/bin/git-credential-null" "clone" "--bare" "https://github.com/liuyinwanli/xble" "/workspace/cache/git-repos/https%3A%2F%2Fgithub.com%2Fliuyinwanli%2Fxble", kill_on_drop: false }`
[INFO] [stderr] Cloning into bare repository '/workspace/cache/git-repos/https%3A%2F%2Fgithub.com%2Fliuyinwanli%2Fxble'...
[INFO] running `Command { std: "git" "rev-parse" "HEAD", kill_on_drop: false }`
[INFO] [stdout] 6bbfea629d2c62c5aca146fa5d471a7f6fc7a2b5
[INFO] checking liuyinwanli/xble against 3154cc1a3e6424e44f438a95007d043ed5ceaaf6 for pr-133502-30
[INFO] running `Command { std: "git" "clone" "/workspace/cache/git-repos/https%3A%2F%2Fgithub.com%2Fliuyinwanli%2Fxble" "/workspace/builds/worker-0-tc2/source", kill_on_drop: false }`
[INFO] [stderr] Cloning into '/workspace/builds/worker-0-tc2/source'...
[INFO] [stderr] done.
[INFO] started tweaking git repo https://github.com/liuyinwanli/xble
[INFO] finished tweaking git repo https://github.com/liuyinwanli/xble
[INFO] tweaked toml for git repo https://github.com/liuyinwanli/xble written to /workspace/builds/worker-0-tc2/source/Cargo.toml
[INFO] validating manifest of git repo https://github.com/liuyinwanli/xble on toolchain 3154cc1a3e6424e44f438a95007d043ed5ceaaf6
[INFO] running `Command { std: CARGO_HOME="/workspace/cargo-home" RUSTUP_HOME="/workspace/rustup-home" "/workspace/cargo-home/bin/cargo" "+3154cc1a3e6424e44f438a95007d043ed5ceaaf6" "metadata" "--manifest-path" "Cargo.toml" "--no-deps", kill_on_drop: false }`
[INFO] crate git repo https://github.com/liuyinwanli/xble already has a lockfile, it will not be regenerated
[INFO] running `Command { std: CARGO_HOME="/workspace/cargo-home" RUSTUP_HOME="/workspace/rustup-home" "/workspace/cargo-home/bin/cargo" "+3154cc1a3e6424e44f438a95007d043ed5ceaaf6" "fetch" "--manifest-path" "Cargo.toml", kill_on_drop: false }`
[INFO] running `Command { std: "docker" "create" "-v" "/var/lib/crater-agent-workspace/builds/worker-0-tc2/source:/opt/rustwide/workdir:ro,Z" "-v" "/var/lib/crater-agent-workspace/builds/worker-0-tc2/target:/opt/rustwide/target:rw,Z" "-v" "/var/lib/crater-agent-workspace/cargo-home:/opt/rustwide/cargo-home:ro,Z" "-v" "/var/lib/crater-agent-workspace/rustup-home:/opt/rustwide/rustup-home:ro,Z" "-m" "1610612736" "--network" "none" "ghcr.io/rust-lang/crates-build-env/linux@sha256:77db811e55d90add9212f6832c23229e3de5f1c1f9905e8cb07319ea15df73ac" "sleep" "infinity", kill_on_drop: false }`
[INFO] [stdout] cb621fc21d2c96dcf6cccba67a6af3e9c7db3a22d626bfee6ae0c051f66e50d5
[INFO] running `Command { std: "docker" "start" "cb621fc21d2c96dcf6cccba67a6af3e9c7db3a22d626bfee6ae0c051f66e50d5", kill_on_drop: false }`
[INFO] running `Command { std: "docker" "inspect" "cb621fc21d2c96dcf6cccba67a6af3e9c7db3a22d626bfee6ae0c051f66e50d5", kill_on_drop: false }`
[INFO] running `Command { std: "docker" "exec" "-e" "SOURCE_DIR=/opt/rustwide/workdir" "-e" "CARGO_HOME=/opt/rustwide/cargo-home" "-e" "RUSTUP_HOME=/opt/rustwide/rustup-home" "-e" "CARGO_TARGET_DIR=/opt/rustwide/target" "-w" "/opt/rustwide/workdir" "--user" "0:0" "cb621fc21d2c96dcf6cccba67a6af3e9c7db3a22d626bfee6ae0c051f66e50d5" "/opt/rustwide/cargo-home/bin/cargo" "+3154cc1a3e6424e44f438a95007d043ed5ceaaf6" "metadata" "--no-deps" "--format-version=1", kill_on_drop: false }`
[INFO] running `Command { std: "docker" "inspect" "cb621fc21d2c96dcf6cccba67a6af3e9c7db3a22d626bfee6ae0c051f66e50d5", kill_on_drop: false }`
[INFO] running `Command { std: "docker" "exec" "-e" "SOURCE_DIR=/opt/rustwide/workdir" "-e" "CARGO_HOME=/opt/rustwide/cargo-home" "-e" "RUSTUP_HOME=/opt/rustwide/rustup-home" "-e" "CARGO_TARGET_DIR=/opt/rustwide/target" "-e" "CARGO_INCREMENTAL=0" "-e" "RUST_BACKTRACE=full" "-e" "RUSTFLAGS=--cap-lints=forbid" "-e" "RUSTDOCFLAGS=--cap-lints=forbid" "-w" "/opt/rustwide/workdir" "--user" "0:0" "cb621fc21d2c96dcf6cccba67a6af3e9c7db3a22d626bfee6ae0c051f66e50d5" "/opt/rustwide/cargo-home/bin/cargo" "+3154cc1a3e6424e44f438a95007d043ed5ceaaf6" "check" "--frozen" "--all" "--all-targets" "--message-format=json", kill_on_drop: false }`
[INFO] [stderr]    Compiling serde_core v1.0.229
[INFO] [stderr]     Checking futures-sink v0.3.33
[INFO] [stderr]    Compiling libdbus-sys v0.2.7
[INFO] [stderr]    Compiling fnv v1.0.7
[INFO] [stderr]     Checking smallvec v1.15.2
[INFO] [stderr]    Compiling zmij v1.0.23
[INFO] [stderr]    Compiling serde_json v1.0.151
[INFO] [stderr]    Compiling syn v2.0.119
[INFO] [stderr]    Compiling syn v3.0.3
[INFO] [stderr]    Compiling getrandom v0.4.3
[INFO] [stderr]     Checking hybrid-array v0.4.13
[INFO] [stderr]     Checking mio v1.2.2
[INFO] [stderr]    Compiling itoa v1.0.18
[INFO] [stderr]    Compiling nix v0.29.0
[INFO] [stderr]     Checking cpufeatures v0.3.0
[INFO] [stderr]     Checking bitflags v2.13.1
[INFO] [stderr]     Checking macaddr v1.0.1
[INFO] [stderr]     Checking chacha20 v0.10.1
[INFO] [stderr]     Checking futures-channel v0.3.33
[INFO] [stderr]     Checking parking_lot_core v0.9.12
[INFO] [stderr]     Checking rand v0.10.2
[INFO] [stderr]     Checking parking_lot v0.12.5
[INFO] [stderr]     Checking inout v0.2.2
[INFO] [stderr]     Checking crypto-common v0.2.2
[INFO] [stderr]     Checking cipher v0.5.2
[INFO] [stderr]    Compiling serde_derive v1.0.229
[INFO] [stderr]    Compiling displaydoc v0.2.7
[INFO] [stderr]     Checking aes v0.9.2
[INFO] [stderr]     Checking uuid v1.24.0
[INFO] [stderr]    Compiling darling_core v0.20.11
[INFO] [stderr]    Compiling synstructure v0.13.2
[INFO] [stderr]    Compiling futures-macro v0.3.33
[INFO] [stderr]    Compiling tokio-macros v2.7.1
[INFO] [stderr]    Compiling pin-project-internal v1.1.13
[INFO] [stderr]    Compiling strum_macros v0.26.4
[INFO] [stderr]    Compiling num-derive v0.4.2
[INFO] [stderr]    Compiling serde v1.0.229
[INFO] [stderr]     Checking tokio v1.53.1
[INFO] [stderr]     Checking futures-util v0.3.33
[INFO] [stderr]     Checking pin-project v1.1.13
[INFO] [stderr]    Compiling bluer v0.17.4
[INFO] [stderr]     Checking strum v0.26.3
[INFO] [stderr]    Compiling darling_macro v0.20.11
[INFO] [stderr]    Compiling darling v0.20.11
[INFO] [stderr]    Compiling custom_debug_derive v0.6.2
[INFO] [stderr]     Checking custom_debug v0.6.2
[INFO] [stderr]     Checking dbus v0.9.12
[INFO] [stderr]     Checking futures-executor v0.3.33
[INFO] [stderr]     Checking futures v0.3.33
[INFO] [stderr]     Checking tokio-stream v0.1.19
[INFO] [stderr]     Checking dbus-crossroads v0.5.3
[INFO] [stderr]     Checking dbus-tokio v0.7.6
[INFO] [stderr]     Checking xble v0.1.0 (/opt/rustwide/workdir)
[INFO] [stdout] warning: unused imports: `Future` and `pin_mut`
[INFO] [stdout]  --> src/bin/nx.rs:2:15
[INFO] [stdout]   |
[INFO] [stdout] 2 | use futures::{Future, StreamExt, pin_mut};
[INFO] [stdout]   |               ^^^^^^             ^^^^^^^
[INFO] [stdout]   |
[INFO] [stdout]   = note: `#[warn(unused_imports)]` (part of `#[warn(unused)]`) on by default
[INFO] [stdout] 
[INFO] [stdout] 
[INFO] [stdout] warning: unused imports: `Adapter`, `Agent`, `AuthorizeService`, `CharacteristicWriteRequest`, `DisplayPasskey`, `DisplayPinCode`, `ReqError`, `ReqResult`, `RequestAuthorization`, `RequestConfirmation`, `RequestPasskey`, `RequestPinCode`, `Service`, `Uuid`, and `WriteOp`
[INFO] [stdout]  --> src/bin/nx.rs:4:5
[INFO] [stdout]   |
[INFO] [stdout] 4 |     Adapter, AdapterEvent, Address, Device, Session, Uuid, agent::{
[INFO] [stdout]   |     ^^^^^^^                                          ^^^^
[INFO] [stdout] 5 |         Agent, AuthorizeService, DisplayPasskey, DisplayPinCode, ReqError, ReqResult,
[INFO] [stdout]   |         ^^^^^  ^^^^^^^^^^^^^^^^  ^^^^^^^^^^^^^^  ^^^^^^^^^^^^^^  ^^^^^^^^  ^^^^^^^^^
[INFO] [stdout] 6 |         RequestAuthorization, RequestConfirmation, RequestPasskey, RequestPinCode,
[INFO] [stdout]   |         ^^^^^^^^^^^^^^^^^^^^  ^^^^^^^^^^^^^^^^^^^  ^^^^^^^^^^^^^^  ^^^^^^^^^^^^^^
[INFO] [stdout] 7 |     }, gatt::{WriteOp, remote::{Characteristic, Service,CharacteristicWriteRequest}},
[INFO] [stdout]   |               ^^^^^^^                           ^^^^^^^ ^^^^^^^^^^^^^^^^^^^^^^^^^^
[INFO] [stdout] 
[INFO] [stdout] 
[INFO] [stdout] warning: unused import: `Instant`
[INFO] [stdout]   --> src/bin/nx.rs:11:35
[INFO] [stdout]    |
[INFO] [stdout] 11 | use tokio::{time::{sleep,Duration,Instant}};
[INFO] [stdout]    |                                   ^^^^^^^
[INFO] [stdout] 
[INFO] [stdout] 
[INFO] [stdout] warning: unused imports: `Future` and `pin_mut`
[INFO] [stdout]  --> src/bin/nx.rs:2:15
[INFO] [stdout]   |
[INFO] [stdout] 2 | use futures::{Future, StreamExt, pin_mut};
[INFO] [stdout]   |               ^^^^^^             ^^^^^^^
[INFO] [stdout]   |
[INFO] [stdout]   = note: `#[warn(unused_imports)]` (part of `#[warn(unused)]`) on by default
[INFO] [stdout] 
[INFO] [stdout] 
[INFO] [stdout] warning: unused imports: `Adapter`, `Agent`, `AuthorizeService`, `CharacteristicWriteRequest`, `DisplayPasskey`, `DisplayPinCode`, `ReqError`, `ReqResult`, `RequestAuthorization`, `RequestConfirmation`, `RequestPasskey`, `RequestPinCode`, `Service`, `Uuid`, and `WriteOp`
[INFO] [stdout]  --> src/bin/nx.rs:4:5
[INFO] [stdout]   |
[INFO] [stdout] 4 |     Adapter, AdapterEvent, Address, Device, Session, Uuid, agent::{
[INFO] [stdout]   |     ^^^^^^^                                          ^^^^
[INFO] [stdout] 5 |         Agent, AuthorizeService, DisplayPasskey, DisplayPinCode, ReqError, ReqResult,
[INFO] [stdout]   |         ^^^^^  ^^^^^^^^^^^^^^^^  ^^^^^^^^^^^^^^  ^^^^^^^^^^^^^^  ^^^^^^^^  ^^^^^^^^^
[INFO] [stdout] 6 |         RequestAuthorization, RequestConfirmation, RequestPasskey, RequestPinCode,
[INFO] [stdout]   |         ^^^^^^^^^^^^^^^^^^^^  ^^^^^^^^^^^^^^^^^^^  ^^^^^^^^^^^^^^  ^^^^^^^^^^^^^^
[INFO] [stdout] 7 |     }, gatt::{WriteOp, remote::{Characteristic, Service,CharacteristicWriteRequest}},
[INFO] [stdout]   |               ^^^^^^^                           ^^^^^^^ ^^^^^^^^^^^^^^^^^^^^^^^^^^
[INFO] [stdout] 
[INFO] [stdout] 
[INFO] [stdout] warning: unused import: `Instant`
[INFO] [stdout]   --> src/bin/nx.rs:11:35
[INFO] [stdout]    |
[INFO] [stdout] 11 | use tokio::{time::{sleep,Duration,Instant}};
[INFO] [stdout]    |                                   ^^^^^^^
[INFO] [stdout] 
[INFO] [stdout] 
[INFO] [stdout] warning: unused imports: `Array` and `BlockCipherEncrypt`
[INFO] [stdout]  --> src/bin/wifi.rs:2:19
[INFO] [stdout]   |
[INFO] [stdout] 2 | use aes::cipher::{Array, BlockCipherEncrypt, BlockCipherDecrypt, KeyInit};
[INFO] [stdout]   |                   ^^^^^  ^^^^^^^^^^^^^^^^^^
[INFO] [stdout]   |
[INFO] [stdout]   = note: `#[warn(unused_imports)]` (part of `#[warn(unused)]`) on by default
[INFO] [stdout] 
[INFO] [stdout] 
[INFO] [stdout] warning: unused import: `std::io`
[INFO] [stdout]  --> src/bin/wifi.rs:6:5
[INFO] [stdout]   |
[INFO] [stdout] 6 | use std::io;
[INFO] [stdout]   |     ^^^^^^^
[INFO] [stdout] 
[INFO] [stdout] 
[INFO] [stdout] warning: unused imports: `Array` and `BlockCipherEncrypt`
[INFO] [stdout]  --> src/bin/wifi.rs:2:19
[INFO] [stdout]   |
[INFO] [stdout] 2 | use aes::cipher::{Array, BlockCipherEncrypt, BlockCipherDecrypt, KeyInit};
[INFO] [stdout]   |                   ^^^^^  ^^^^^^^^^^^^^^^^^^
[INFO] [stdout]   |
[INFO] [stdout]   = note: `#[warn(unused_imports)]` (part of `#[warn(unused)]`) on by default
[INFO] [stdout] 
[INFO] [stdout] 
[INFO] [stdout] warning: unused import: `std::io`
[INFO] [stdout]  --> src/bin/wifi.rs:6:5
[INFO] [stdout]   |
[INFO] [stdout] 6 | use std::io;
[INFO] [stdout]   |     ^^^^^^^
[INFO] [stdout] 
[INFO] [stdout] 
[INFO] [stdout] error[E0433]: cannot find type `HashMap` in this scope
[INFO] [stdout]    --> src/main.rs:111:33
[INFO] [stdout]     |
[INFO] [stdout] 111 |         authorize_service_uuid: HashMap::new(),
[INFO] [stdout]     |                                 ^^^^^^^ use of undeclared type `HashMap`
[INFO] [stdout]     |
[INFO] [stdout] help: consider importing this struct
[INFO] [stdout]     |
[INFO] [stdout]  12 + use std::collections::HashMap;
[INFO] [stdout]     |
[INFO] [stdout] 
[INFO] [stdout] 
[INFO] [stdout] warning: constant `BASE_UUID` is never used
[INFO] [stdout]   --> src/bin/nx.rs:15:7
[INFO] [stdout]    |
[INFO] [stdout] 15 | const BASE_UUID: u128 = 0x00000000_0000_1000_8000_00805f9b34fb;
[INFO] [stdout]    |       ^^^^^^^^^
[INFO] [stdout]    |
[INFO] [stdout]    = note: `#[warn(dead_code)]` (part of `#[warn(unused)]`) on by default
[INFO] [stdout] 
[INFO] [stdout] 
[INFO] [stdout] warning: constant `BASE_UUID` is never used
[INFO] [stdout]   --> src/bin/nx.rs:15:7
[INFO] [stdout]    |
[INFO] [stdout] 15 | const BASE_UUID: u128 = 0x00000000_0000_1000_8000_00805f9b34fb;
[INFO] [stdout]    |       ^^^^^^^^^
[INFO] [stdout]    |
[INFO] [stdout]    = note: `#[warn(dead_code)]` (part of `#[warn(unused)]`) on by default
[INFO] [stdout] 
[INFO] [stdout] 
[INFO] [stdout] error[E0433]: cannot find type `HashMap` in this scope
[INFO] [stdout]    --> src/main.rs:111:33
[INFO] [stdout]     |
[INFO] [stdout] 111 |         authorize_service_uuid: HashMap::new(),
[INFO] [stdout]     |                                 ^^^^^^^ use of undeclared type `HashMap`
[INFO] [stdout]     |
[INFO] [stdout] help: consider importing this struct
[INFO] [stdout]     |
[INFO] [stdout]  12 + use std::collections::HashMap;
[INFO] [stdout]     |
[INFO] [stdout] 
[INFO] [stdout] 
[INFO] [stdout] error[E0560]: struct `Agent` has no field named `confirm_passkey`
[INFO] [stdout]    --> src/main.rs:107:9
[INFO] [stdout]     |
[INFO] [stdout] 107 |         confirm_passkey: None,
[INFO] [stdout]     |         ^^^^^^^^^^^^^^^ `Agent` does not have this field
[INFO] [stdout]     |
[INFO] [stdout]     = note: available fields are: `request_confirmation`, `request_authorization`
[INFO] [stdout] 
[INFO] [stdout] 
[INFO] [stdout] error[E0560]: struct `Agent` has no field named `authorize_service_uuid`
[INFO] [stdout]    --> src/main.rs:111:9
[INFO] [stdout]     |
[INFO] [stdout] 111 |         authorize_service_uuid: HashMap::new(),
[INFO] [stdout]     |         ^^^^^^^^^^^^^^^^^^^^^^ `Agent` does not have this field
[INFO] [stdout]     |
[INFO] [stdout]     = note: available fields are: `request_confirmation`, `request_authorization`
[INFO] [stdout] 
[INFO] [stdout] 
[INFO] [stdout] error[E0560]: struct `Agent` has no field named `cancel`
[INFO] [stdout]    --> src/main.rs:112:9
[INFO] [stdout]     |
[INFO] [stdout] 112 |         cancel: Box::new(|| {}),
[INFO] [stdout]     |         ^^^^^^ `Agent` does not have this field
[INFO] [stdout]     |
[INFO] [stdout]     = note: available fields are: `request_confirmation`, `request_authorization`
[INFO] [stdout] 
[INFO] [stdout] 
[INFO] [stdout] error[E0308]: mismatched types
[INFO] [stdout]    --> src/main.rs:95:23
[INFO] [stdout]     |
[INFO] [stdout]  95 | fn pairing_agent() -> Agent {
[INFO] [stdout]     |    -------------      ^^^^^ expected `Agent`, found `()`
[INFO] [stdout]     |    |
[INFO] [stdout]     |    implicitly returns `()` as its body has no tail or `return` expression
[INFO] [stdout] ...
[INFO] [stdout] 113 |     };
[INFO] [stdout]     |      - help: remove this semicolon to return this value
[INFO] [stdout] 
[INFO] [stdout] 
[INFO] [stdout] Some errors have detailed explanations: E0308, E0433, E0560.
[INFO] [stdout] 
[INFO] [stdout] For more information about an error, try `rustc --explain E0308`.
[INFO] [stdout] 
[INFO] [stderr] error: could not compile `xble` (bin "xble" test) due to 5 previous errors
[INFO] [stderr] warning: build failed, waiting for other jobs to finish...
[INFO] [stdout] error[E0560]: struct `Agent` has no field named `confirm_passkey`
[INFO] [stdout]    --> src/main.rs:107:9
[INFO] [stdout]     |
[INFO] [stdout] 107 |         confirm_passkey: None,
[INFO] [stdout]     |         ^^^^^^^^^^^^^^^ `Agent` does not have this field
[INFO] [stdout]     |
[INFO] [stdout]     = note: available fields are: `request_confirmation`, `request_authorization`
[INFO] [stdout] 
[INFO] [stdout] 
[INFO] [stdout] error[E0560]: struct `Agent` has no field named `authorize_service_uuid`
[INFO] [stdout]    --> src/main.rs:111:9
[INFO] [stdout]     |
[INFO] [stdout] 111 |         authorize_service_uuid: HashMap::new(),
[INFO] [stdout]     |         ^^^^^^^^^^^^^^^^^^^^^^ `Agent` does not have this field
[INFO] [stdout]     |
[INFO] [stdout]     = note: available fields are: `request_confirmation`, `request_authorization`
[INFO] [stdout] 
[INFO] [stdout] 
[INFO] [stdout] error[E0560]: struct `Agent` has no field named `cancel`
[INFO] [stdout]    --> src/main.rs:112:9
[INFO] [stdout]     |
[INFO] [stdout] 112 |         cancel: Box::new(|| {}),
[INFO] [stdout]     |         ^^^^^^ `Agent` does not have this field
[INFO] [stdout]     |
[INFO] [stdout]     = note: available fields are: `request_confirmation`, `request_authorization`
[INFO] [stdout] 
[INFO] [stdout] 
[INFO] [stdout] error[E0308]: mismatched types
[INFO] [stdout]    --> src/main.rs:95:23
[INFO] [stdout]     |
[INFO] [stdout]  95 | fn pairing_agent() -> Agent {
[INFO] [stdout]     |    -------------      ^^^^^ expected `Agent`, found `()`
[INFO] [stdout]     |    |
[INFO] [stdout]     |    implicitly returns `()` as its body has no tail or `return` expression
[INFO] [stdout] ...
[INFO] [stdout] 113 |     };
[INFO] [stdout]     |      - help: remove this semicolon to return this value
[INFO] [stdout] 
[INFO] [stdout] 
[INFO] [stdout] Some errors have detailed explanations: E0308, E0433, E0560.
[INFO] [stdout] 
[INFO] [stdout] For more information about an error, try `rustc --explain E0308`.
[INFO] [stdout] 
[INFO] [stderr] error: could not compile `xble` (bin "xble") due to 5 previous errors
[INFO] running `Command { std: "docker" "inspect" "cb621fc21d2c96dcf6cccba67a6af3e9c7db3a22d626bfee6ae0c051f66e50d5", kill_on_drop: false }`
[INFO] running `Command { std: "docker" "rm" "-f" "cb621fc21d2c96dcf6cccba67a6af3e9c7db3a22d626bfee6ae0c051f66e50d5", kill_on_drop: false }`
[INFO] [stdout] cb621fc21d2c96dcf6cccba67a6af3e9c7db3a22d626bfee6ae0c051f66e50d5
