[INFO] cloning repository https://github.com/liubo2355-hub/ModX
[INFO] running `Command { std: "git" "-c" "credential.helper=" "-c" "credential.helper=/workspace/cargo-home/bin/git-credential-null" "clone" "--bare" "https://github.com/liubo2355-hub/ModX" "/workspace/cache/git-repos/https%3A%2F%2Fgithub.com%2Fliubo2355-hub%2FModX", kill_on_drop: false }`
[INFO] [stderr] Cloning into bare repository '/workspace/cache/git-repos/https%3A%2F%2Fgithub.com%2Fliubo2355-hub%2FModX'...
[INFO] running `Command { std: "git" "rev-parse" "HEAD", kill_on_drop: false }`
[INFO] [stdout] b9bd65f4d01f038bf2be2127a999f8e9315578db
[INFO] checking liubo2355-hub/ModX against 3154cc1a3e6424e44f438a95007d043ed5ceaaf6 for pr-133502-30
[INFO] running `Command { std: "git" "clone" "/workspace/cache/git-repos/https%3A%2F%2Fgithub.com%2Fliubo2355-hub%2FModX" "/workspace/builds/worker-7-tc2/source", kill_on_drop: false }`
[INFO] [stderr] Cloning into '/workspace/builds/worker-7-tc2/source'...
[INFO] [stderr] done.
[INFO] started tweaking git repo https://github.com/liubo2355-hub/ModX
[INFO] finished tweaking git repo https://github.com/liubo2355-hub/ModX
[INFO] tweaked toml for git repo https://github.com/liubo2355-hub/ModX written to /workspace/builds/worker-7-tc2/source/Cargo.toml
[INFO] validating manifest of git repo https://github.com/liubo2355-hub/ModX on toolchain 3154cc1a3e6424e44f438a95007d043ed5ceaaf6
[INFO] running `Command { std: CARGO_HOME="/workspace/cargo-home" RUSTUP_HOME="/workspace/rustup-home" "/workspace/cargo-home/bin/cargo" "+3154cc1a3e6424e44f438a95007d043ed5ceaaf6" "metadata" "--manifest-path" "Cargo.toml" "--no-deps", kill_on_drop: false }`
[INFO] crate git repo https://github.com/liubo2355-hub/ModX already has a lockfile, it will not be regenerated
[INFO] running `Command { std: CARGO_HOME="/workspace/cargo-home" RUSTUP_HOME="/workspace/rustup-home" "/workspace/cargo-home/bin/cargo" "+3154cc1a3e6424e44f438a95007d043ed5ceaaf6" "fetch" "--manifest-path" "Cargo.toml", kill_on_drop: false }`
[INFO] running `Command { std: "docker" "create" "-v" "/var/lib/crater-agent-workspace/builds/worker-7-tc2/source:/opt/rustwide/workdir:ro,Z" "-v" "/var/lib/crater-agent-workspace/builds/worker-7-tc2/target:/opt/rustwide/target:rw,Z" "-v" "/var/lib/crater-agent-workspace/cargo-home:/opt/rustwide/cargo-home:ro,Z" "-v" "/var/lib/crater-agent-workspace/rustup-home:/opt/rustwide/rustup-home:ro,Z" "-m" "1610612736" "--network" "none" "ghcr.io/rust-lang/crates-build-env/linux@sha256:77db811e55d90add9212f6832c23229e3de5f1c1f9905e8cb07319ea15df73ac" "sleep" "infinity", kill_on_drop: false }`
[INFO] [stdout] c85c9775e3e7aa9449152821bf686367e6a0341e1c8f6b9a949c15291264c6c1
[INFO] running `Command { std: "docker" "start" "c85c9775e3e7aa9449152821bf686367e6a0341e1c8f6b9a949c15291264c6c1", kill_on_drop: false }`
[INFO] running `Command { std: "docker" "inspect" "c85c9775e3e7aa9449152821bf686367e6a0341e1c8f6b9a949c15291264c6c1", kill_on_drop: false }`
[INFO] running `Command { std: "docker" "exec" "-e" "SOURCE_DIR=/opt/rustwide/workdir" "-e" "CARGO_HOME=/opt/rustwide/cargo-home" "-e" "RUSTUP_HOME=/opt/rustwide/rustup-home" "-e" "CARGO_TARGET_DIR=/opt/rustwide/target" "-w" "/opt/rustwide/workdir" "--user" "0:0" "c85c9775e3e7aa9449152821bf686367e6a0341e1c8f6b9a949c15291264c6c1" "/opt/rustwide/cargo-home/bin/cargo" "+3154cc1a3e6424e44f438a95007d043ed5ceaaf6" "metadata" "--no-deps" "--format-version=1", kill_on_drop: false }`
[INFO] running `Command { std: "docker" "inspect" "c85c9775e3e7aa9449152821bf686367e6a0341e1c8f6b9a949c15291264c6c1", kill_on_drop: false }`
[INFO] running `Command { std: "docker" "exec" "-e" "SOURCE_DIR=/opt/rustwide/workdir" "-e" "CARGO_HOME=/opt/rustwide/cargo-home" "-e" "RUSTUP_HOME=/opt/rustwide/rustup-home" "-e" "CARGO_TARGET_DIR=/opt/rustwide/target" "-e" "CARGO_INCREMENTAL=0" "-e" "RUST_BACKTRACE=full" "-e" "RUSTFLAGS=--cap-lints=forbid" "-e" "RUSTDOCFLAGS=--cap-lints=forbid" "-w" "/opt/rustwide/workdir" "--user" "0:0" "c85c9775e3e7aa9449152821bf686367e6a0341e1c8f6b9a949c15291264c6c1" "/opt/rustwide/cargo-home/bin/cargo" "+3154cc1a3e6424e44f438a95007d043ed5ceaaf6" "check" "--frozen" "--all" "--all-targets" "--message-format=json", kill_on_drop: false }`
[INFO] [stderr]    Compiling tokio-macros v2.7.1
[INFO] [stderr]    Compiling displaydoc v0.2.6
[INFO] [stderr]     Checking http-body v1.1.0
[INFO] [stderr]     Checking futures-util v0.3.33
[INFO] [stderr]     Checking futures-channel v0.3.33
[INFO] [stderr]    Compiling rustls v0.23.42
[INFO] [stderr]     Checking rand_chacha v0.9.0
[INFO] [stderr]    Compiling thiserror-impl v2.0.19
[INFO] [stderr]     Checking http-body-util v0.1.4
[INFO] [stderr]     Checking rand v0.9.5
[INFO] [stderr]     Checking serde v1.0.229
[INFO] [stderr]     Checking regex-automata v0.4.16
[INFO] [stderr]     Checking tokio v1.53.1
[INFO] [stderr]     Checking tinystr v0.8.3
[INFO] [stderr]     Checking zerotrie v0.2.4
[INFO] [stderr]     Checking icu_collections v2.2.0
[INFO] [stderr]     Checking icu_locale_core v2.2.0
[INFO] [stderr]     Checking serde_urlencoded v0.7.1
[INFO] [stderr]     Checking thiserror v2.0.19
[INFO] [stderr]     Checking clap_builder v4.6.2
[INFO] [stderr]     Checking tungstenite v0.29.0
[INFO] [stderr]     Checking axum-core v0.5.6
[INFO] [stderr]     Checking icu_provider v2.2.0
[INFO] [stderr]     Checking serde_path_to_error v0.1.20
[INFO] [stderr]     Checking icu_properties v2.2.0
[INFO] [stderr]     Checking icu_normalizer v2.2.0
[INFO] [stderr]     Checking matchers v0.2.0
[INFO] [stderr]    Compiling async-stream-impl v0.3.6
[INFO] [stderr]     Checking windows-link v0.2.1
[INFO] [stderr]     Checking async-stream v0.3.6
[INFO] [stderr]     Checking windows-sys v0.61.2
[INFO] [stderr]     Checking tracing-subscriber v0.3.23
[INFO] [stderr]     Checking sha2 v0.10.9
[INFO] [stderr]     Checking clap v4.6.4
[INFO] [stderr]     Checking idna_adapter v1.2.2
[INFO] [stderr]     Checking idna v1.1.0
[INFO] [stderr]     Checking url v2.5.8
[INFO] [stderr]     Checking tokio-util v0.7.19
[INFO] [stderr]     Checking tower v0.5.3
[INFO] [stderr]     Checking tokio-rustls v0.26.4
[INFO] [stderr]     Checking tokio-tungstenite v0.29.0
[INFO] [stderr]     Checking tower-http v0.6.11
[INFO] [stderr]     Checking h2 v0.4.15
[INFO] [stderr]     Checking hyper v1.11.0
[INFO] [stderr]     Checking hyper-util v0.1.20
[INFO] [stderr]     Checking hyper-rustls v0.27.9
[INFO] [stderr]     Checking axum v0.8.9
[INFO] [stderr]     Checking reqwest v0.12.28
[INFO] [stderr]     Checking opencodex-rs v2.7.35 (/opt/rustwide/workdir)
[INFO] [stdout] error[E0433]: cannot find `windows` in `os`
[INFO] [stdout]  --> src/gpt_modes.rs:3:9
[INFO] [stdout]   |
[INFO] [stdout] 3 |     os::windows::process::CommandExt,
[INFO] [stdout]   |         ^^^^^^^ could not find `windows` in `os`
[INFO] [stdout]   |
[INFO] [stdout] note: found an item that was configured out
[INFO] [stdout]  --> /rustc/3154cc1a3e6424e44f438a95007d043ed5ceaaf6/library/std/src/os/mod.rs:62:4
[INFO] [stdout]   |
[INFO] [stdout]   = note: the item is gated behind the `windows` feature
[INFO] [stdout] 
[INFO] [stdout] 
[INFO] [stdout] error[E0433]: cannot find `executor` in `futures_util`
[INFO] [stdout]    --> src/main.rs:129:50
[INFO] [stdout]     |
[INFO] [stdout] 129 |             .and_then(|mut signal| futures_util::executor::block_on(signal.recv()));
[INFO] [stdout]     |                                                  ^^^^^^^^ could not find `executor` in `futures_util`
[INFO] [stdout] 
[INFO] [stdout] 
[INFO] [stdout] error[E0433]: cannot find `windows` in `os`
[INFO] [stdout]  --> src/gpt_modes.rs:3:9
[INFO] [stdout]   |
[INFO] [stdout] 3 |     os::windows::process::CommandExt,
[INFO] [stdout]   |         ^^^^^^^ could not find `windows` in `os`
[INFO] [stdout]   |
[INFO] [stdout] note: found an item that was configured out
[INFO] [stdout]  --> /rustc/3154cc1a3e6424e44f438a95007d043ed5ceaaf6/library/std/src/os/mod.rs:62:4
[INFO] [stdout]   |
[INFO] [stdout]   = note: the item is gated behind the `windows` feature
[INFO] [stdout] 
[INFO] [stdout] 
[INFO] [stdout] error[E0433]: cannot find `executor` in `futures_util`
[INFO] [stdout]    --> src/main.rs:129:50
[INFO] [stdout]     |
[INFO] [stdout] 129 |             .and_then(|mut signal| futures_util::executor::block_on(signal.recv()));
[INFO] [stdout]     |                                                  ^^^^^^^^ could not find `executor` in `futures_util`
[INFO] [stdout] 
[INFO] [stdout] 
[INFO] [stdout] error[E0599]: no method named `creation_flags` found for mutable reference `&mut std::process::Command` in the current scope
[INFO] [stdout]     --> src/gpt_modes.rs:1272:27
[INFO] [stdout]      |
[INFO] [stdout] 1272 |         kill.as_std_mut().creation_flags(0x0800_0000);
[INFO] [stdout]      |                           ^^^^^^^^^^^^^^ method not found in `&mut std::process::Command`
[INFO] [stdout] 
[INFO] [stdout] 
[INFO] [stdout] error[E0599]: no method named `creation_flags` found for mutable reference `&mut std::process::Command` in the current scope
[INFO] [stdout]     --> src/gpt_modes.rs:1285:14
[INFO] [stdout]      |
[INFO] [stdout] 1283 |         launch
[INFO] [stdout] 1284 |             .as_std_mut()
[INFO] [stdout] 1285 |             .creation_flags(0x0000_0200 | 0x0000_0008);
[INFO] [stdout]      |              ^^^^^^^^^^^^^^ method not found in `&mut std::process::Command`
[INFO] [stdout] 
[INFO] [stdout] 
[INFO] [stdout] error[E0599]: no method named `creation_flags` found for mutable reference `&mut std::process::Command` in the current scope
[INFO] [stdout]     --> src/gpt_modes.rs:1272:27
[INFO] [stdout]      |
[INFO] [stdout] 1272 |         kill.as_std_mut().creation_flags(0x0800_0000);
[INFO] [stdout]      |                           ^^^^^^^^^^^^^^ method not found in `&mut std::process::Command`
[INFO] [stdout] 
[INFO] [stdout] 
[INFO] [stdout] error[E0599]: no method named `creation_flags` found for mutable reference `&mut std::process::Command` in the current scope
[INFO] [stdout]     --> src/gpt_modes.rs:1285:14
[INFO] [stdout]      |
[INFO] [stdout] 1283 |         launch
[INFO] [stdout] 1284 |             .as_std_mut()
[INFO] [stdout] 1285 |             .creation_flags(0x0000_0200 | 0x0000_0008);
[INFO] [stdout]      |              ^^^^^^^^^^^^^^ method not found in `&mut std::process::Command`
[INFO] [stdout] 
[INFO] [stdout] 
[INFO] [stdout] Some errors have detailed explanations: E0433, E0599.
[INFO] [stdout] 
[INFO] [stdout] For more information about an error, try `rustc --explain E0433`.
[INFO] [stdout] 
[INFO] [stderr] error: could not compile `opencodex-rs` (bin "opencodex-rs") due to 4 previous errors
[INFO] [stderr] warning: build failed, waiting for other jobs to finish...
[INFO] [stdout] Some errors have detailed explanations: E0433, E0599.
[INFO] [stdout] 
[INFO] [stdout] For more information about an error, try `rustc --explain E0433`.
[INFO] [stdout] 
[INFO] [stderr] error: could not compile `opencodex-rs` (bin "opencodex-rs" test) due to 4 previous errors
[INFO] [stderr] warning: unused dependency `windows-sys`
[INFO] [stderr]   --> Cargo.toml:45:15
[INFO] [stderr]    |
[INFO] [stderr] 45 | [dependencies.windows-sys]
[INFO] [stderr]    |               ^^^^^^^^^^^^
[INFO] [stderr]    |
[INFO] [stderr]    = note: `cargo::unused_dependencies` is set to `warn` by default
[INFO] [stderr] help: consider removing the dependency on `windows-sys`
[INFO] [stderr] warning: `opencodex-rs` (manifest) generated 1 warning
[INFO] running `Command { std: "docker" "inspect" "c85c9775e3e7aa9449152821bf686367e6a0341e1c8f6b9a949c15291264c6c1", kill_on_drop: false }`
[INFO] running `Command { std: "docker" "rm" "-f" "c85c9775e3e7aa9449152821bf686367e6a0341e1c8f6b9a949c15291264c6c1", kill_on_drop: false }`
[INFO] [stdout] c85c9775e3e7aa9449152821bf686367e6a0341e1c8f6b9a949c15291264c6c1
