[INFO] cloning repository https://github.com/lilphil/steam-controller-bootloader
[INFO] running `Command { std: "git" "-c" "credential.helper=" "-c" "credential.helper=/workspace/cargo-home/bin/git-credential-null" "clone" "--bare" "https://github.com/lilphil/steam-controller-bootloader" "/workspace/cache/git-repos/https%3A%2F%2Fgithub.com%2Flilphil%2Fsteam-controller-bootloader", kill_on_drop: false }`
[INFO] [stderr] Cloning into bare repository '/workspace/cache/git-repos/https%3A%2F%2Fgithub.com%2Flilphil%2Fsteam-controller-bootloader'...
[INFO] running `Command { std: "git" "rev-parse" "HEAD", kill_on_drop: false }`
[INFO] [stdout] 9e571cb497fe53d7e720a393c183bea8aa7f70f7
[INFO] checking lilphil/steam-controller-bootloader against 3154cc1a3e6424e44f438a95007d043ed5ceaaf6 for pr-133502-30
[INFO] running `Command { std: "git" "clone" "/workspace/cache/git-repos/https%3A%2F%2Fgithub.com%2Flilphil%2Fsteam-controller-bootloader" "/workspace/builds/worker-2-tc2/source", kill_on_drop: false }`
[INFO] [stderr] Cloning into '/workspace/builds/worker-2-tc2/source'...
[INFO] [stderr] done.
[INFO] removed /workspace/builds/worker-2-tc2/source/.cargo/config.toml
[INFO] removed /workspace/builds/worker-2-tc2/source/rust-toolchain.toml
[INFO] started tweaking git repo https://github.com/lilphil/steam-controller-bootloader
[INFO] finished tweaking git repo https://github.com/lilphil/steam-controller-bootloader
[INFO] tweaked toml for git repo https://github.com/lilphil/steam-controller-bootloader written to /workspace/builds/worker-2-tc2/source/Cargo.toml
[INFO] validating manifest of git repo https://github.com/lilphil/steam-controller-bootloader on toolchain 3154cc1a3e6424e44f438a95007d043ed5ceaaf6
[INFO] running `Command { std: CARGO_HOME="/workspace/cargo-home" RUSTUP_HOME="/workspace/rustup-home" "/workspace/cargo-home/bin/cargo" "+3154cc1a3e6424e44f438a95007d043ed5ceaaf6" "metadata" "--manifest-path" "Cargo.toml" "--no-deps", kill_on_drop: false }`
[INFO] crate git repo https://github.com/lilphil/steam-controller-bootloader already has a lockfile, it will not be regenerated
[INFO] running `Command { std: CARGO_HOME="/workspace/cargo-home" RUSTUP_HOME="/workspace/rustup-home" "/workspace/cargo-home/bin/cargo" "+3154cc1a3e6424e44f438a95007d043ed5ceaaf6" "fetch" "--manifest-path" "Cargo.toml", kill_on_drop: false }`
[INFO] running `Command { std: "docker" "create" "-v" "/var/lib/crater-agent-workspace/builds/worker-2-tc2/source:/opt/rustwide/workdir:ro,Z" "-v" "/var/lib/crater-agent-workspace/builds/worker-2-tc2/target:/opt/rustwide/target:rw,Z" "-v" "/var/lib/crater-agent-workspace/cargo-home:/opt/rustwide/cargo-home:ro,Z" "-v" "/var/lib/crater-agent-workspace/rustup-home:/opt/rustwide/rustup-home:ro,Z" "-m" "1610612736" "--network" "none" "ghcr.io/rust-lang/crates-build-env/linux@sha256:77db811e55d90add9212f6832c23229e3de5f1c1f9905e8cb07319ea15df73ac" "sleep" "infinity", kill_on_drop: false }`
[INFO] [stdout] d27baeaa0225d851e6a6903df1db6f2558e4cd195bd61193d4d97b1101760a62
[INFO] running `Command { std: "docker" "start" "d27baeaa0225d851e6a6903df1db6f2558e4cd195bd61193d4d97b1101760a62", kill_on_drop: false }`
[INFO] running `Command { std: "docker" "inspect" "d27baeaa0225d851e6a6903df1db6f2558e4cd195bd61193d4d97b1101760a62", kill_on_drop: false }`
[INFO] running `Command { std: "docker" "exec" "-e" "SOURCE_DIR=/opt/rustwide/workdir" "-e" "CARGO_HOME=/opt/rustwide/cargo-home" "-e" "RUSTUP_HOME=/opt/rustwide/rustup-home" "-e" "CARGO_TARGET_DIR=/opt/rustwide/target" "-w" "/opt/rustwide/workdir" "--user" "0:0" "d27baeaa0225d851e6a6903df1db6f2558e4cd195bd61193d4d97b1101760a62" "/opt/rustwide/cargo-home/bin/cargo" "+3154cc1a3e6424e44f438a95007d043ed5ceaaf6" "metadata" "--no-deps" "--format-version=1", kill_on_drop: false }`
[INFO] running `Command { std: "docker" "inspect" "d27baeaa0225d851e6a6903df1db6f2558e4cd195bd61193d4d97b1101760a62", kill_on_drop: false }`
[INFO] running `Command { std: "docker" "exec" "-e" "SOURCE_DIR=/opt/rustwide/workdir" "-e" "CARGO_HOME=/opt/rustwide/cargo-home" "-e" "RUSTUP_HOME=/opt/rustwide/rustup-home" "-e" "CARGO_TARGET_DIR=/opt/rustwide/target" "-e" "CARGO_INCREMENTAL=0" "-e" "RUST_BACKTRACE=full" "-e" "RUSTFLAGS=--cap-lints=forbid" "-e" "RUSTDOCFLAGS=--cap-lints=forbid" "-w" "/opt/rustwide/workdir" "--user" "0:0" "d27baeaa0225d851e6a6903df1db6f2558e4cd195bd61193d4d97b1101760a62" "/opt/rustwide/cargo-home/bin/cargo" "+3154cc1a3e6424e44f438a95007d043ed5ceaaf6" "check" "--frozen" "--all" "--all-targets" "--message-format=json", kill_on_drop: false }`
[INFO] [stderr]    Compiling semver-parser v0.7.0
[INFO] [stderr]    Compiling cortex-m v0.7.9
[INFO] [stderr]    Compiling syn v1.0.109
[INFO] [stderr]     Checking nb v1.1.0
[INFO] [stderr]    Compiling cortex-m-rt v0.6.15
[INFO] [stderr]     Checking typenum v1.20.1
[INFO] [stderr]    Compiling cortex-m-macros v0.7.8
[INFO] [stderr]    Compiling generic-array v0.14.9
[INFO] [stderr]     Checking nb v0.1.3
[INFO] [stderr]     Checking void v1.0.2
[INFO] [stderr]     Checking vcell v0.1.3
[INFO] [stderr]    Compiling semver v0.9.0
[INFO] [stderr]     Checking volatile-register v0.2.2
[INFO] [stderr]     Checking embedded-hal v0.2.7
[INFO] [stderr]     Checking embedded-hal v1.0.0
[INFO] [stderr]     Checking critical-section v1.2.0
[INFO] [stderr]     Checking bitfield v0.13.2
[INFO] [stderr]     Checking num-traits v0.2.19
[INFO] [stderr]     Checking byteorder v1.5.0
[INFO] [stderr]    Compiling heapless v0.5.6
[INFO] [stderr]    Compiling rustc_version v0.2.3
[INFO] [stderr]     Checking stable_deref_trait v1.2.1
[INFO] [stderr]    Compiling lpc11uxx v0.3.0 (https://github.com/lpc-rs/lpc-pac#004d9fee)
[INFO] [stderr]     Checking r0 v0.2.2
[INFO] [stderr]    Compiling steam-controller-bootloader v0.1.0 (/opt/rustwide/workdir)
[INFO] [stderr]     Checking hash32 v0.1.1
[INFO] [stderr]     Checking static_assertions v1.1.0
[INFO] [stderr]     Checking bitflags v1.3.2
[INFO] [stderr]    Compiling bare-metal v0.2.5
[INFO] [stderr]     Checking enum_primitive v0.1.1 (https://github.com/roblabla/enum_primitive-rs.git?branch=master#e2344b98)
[INFO] [stderr]     Checking lpc11uxx-rom v0.1.0 (/opt/rustwide/workdir/lpc11uxx-rom)
[INFO] [stdout] error[E0512]: cannot transmute between types of different sizes, or dependently-sized types
[INFO] [stdout]   --> lpc11uxx-rom/src/usbd/mod.rs:65:1
[INFO] [stdout]    |
[INFO] [stdout] 65 | assert_eq_size!(UsbRomDriver, [u8; 0x20]);
[INFO] [stdout]    | ^^^^^^^^^^^^^^^^^^^^^^^^^^^^^^^^^^^^^^^^^
[INFO] [stdout]    |
[INFO] [stdout]    = note: source type: `UsbRomDriver` (448 bits)
[INFO] [stdout]    = note: target type: `[u8; 32]` (256 bits)
[INFO] [stdout]    = note: this error originates in the macro `assert_eq_size` (in Nightly builds, run with -Z macro-backtrace for more info)
[INFO] [stdout] 
[INFO] [stdout] 
[INFO] [stdout] error[E0512]: cannot transmute between types of different sizes, or dependently-sized types
[INFO] [stdout]    --> lpc11uxx-rom/src/usbd/mod.rs:268:1
[INFO] [stdout]     |
[INFO] [stdout] 268 | assert_eq_size!(InitParameter, [u8; 0x44]);
[INFO] [stdout]     | ^^^^^^^^^^^^^^^^^^^^^^^^^^^^^^^^^^^^^^^^^^
[INFO] [stdout]     |
[INFO] [stdout]     = note: source type: `InitParameter` (960 bits)
[INFO] [stdout]     = note: target type: `[u8; 68]` (544 bits)
[INFO] [stdout]     = note: this error originates in the macro `assert_eq_size` (in Nightly builds, run with -Z macro-backtrace for more info)
[INFO] [stdout] 
[INFO] [stdout] 
[INFO] [stdout] error[E0512]: cannot transmute between types of different sizes, or dependently-sized types
[INFO] [stdout]    --> lpc11uxx-rom/src/usbd/mod.rs:283:1
[INFO] [stdout]     |
[INFO] [stdout] 283 | assert_eq_size!(CoreApi, [u8; 0x20]);
[INFO] [stdout]     | ^^^^^^^^^^^^^^^^^^^^^^^^^^^^^^^^^^^^
[INFO] [stdout]     |
[INFO] [stdout]     = note: source type: `CoreApi` (512 bits)
[INFO] [stdout]     = note: target type: `[u8; 32]` (256 bits)
[INFO] [stdout]     = note: this error originates in the macro `assert_eq_size` (in Nightly builds, run with -Z macro-backtrace for more info)
[INFO] [stdout] 
[INFO] [stdout] 
[INFO] [stdout] error[E0512]: cannot transmute between types of different sizes, or dependently-sized types
[INFO] [stdout]    --> lpc11uxx-rom/src/usbd/mod.rs:295:1
[INFO] [stdout]     |
[INFO] [stdout] 295 | assert_eq_size!(CoreDescriptors, [u8; 0x14]);
[INFO] [stdout]     | ^^^^^^^^^^^^^^^^^^^^^^^^^^^^^^^^^^^^^^^^^^^^
[INFO] [stdout]     |
[INFO] [stdout]     = note: source type: `CoreDescriptors` (320 bits)
[INFO] [stdout]     = note: target type: `[u8; 20]` (160 bits)
[INFO] [stdout]     = note: this error originates in the macro `assert_eq_size` (in Nightly builds, run with -Z macro-backtrace for more info)
[INFO] [stdout] 
[INFO] [stdout] 
[INFO] [stdout] error[E0512]: cannot transmute between types of different sizes, or dependently-sized types
[INFO] [stdout]    --> lpc11uxx-rom/src/usbd/mod.rs:325:1
[INFO] [stdout]     |
[INFO] [stdout] 325 | assert_eq_size!(HardwareApi, [u8; 0x5c]);
[INFO] [stdout]     | ^^^^^^^^^^^^^^^^^^^^^^^^^^^^^^^^^^^^^^^^
[INFO] [stdout]     |
[INFO] [stdout]     = note: source type: `HardwareApi` (1472 bits)
[INFO] [stdout]     = note: target type: `[u8; 92]` (736 bits)
[INFO] [stdout]     = note: this error originates in the macro `assert_eq_size` (in Nightly builds, run with -Z macro-backtrace for more info)
[INFO] [stdout] 
[INFO] [stdout] 
[INFO] [stdout] error[E0512]: cannot transmute between types of different sizes, or dependently-sized types
[INFO] [stdout]    --> lpc11uxx-rom/src/usbd/mod.rs:364:1
[INFO] [stdout]     |
[INFO] [stdout] 364 | assert_eq_size!(HidApi, [u8; 8]);
[INFO] [stdout]     | ^^^^^^^^^^^^^^^^^^^^^^^^^^^^^^^^
[INFO] [stdout]     |
[INFO] [stdout]     = note: source type: `HidApi` (128 bits)
[INFO] [stdout]     = note: target type: `[u8; 8]` (64 bits)
[INFO] [stdout]     = note: this error originates in the macro `assert_eq_size` (in Nightly builds, run with -Z macro-backtrace for more info)
[INFO] [stdout] 
[INFO] [stdout] 
[INFO] [stdout] error[E0512]: cannot transmute between types of different sizes, or dependently-sized types
[INFO] [stdout]    --> lpc11uxx-rom/src/usbd/mod.rs:388:1
[INFO] [stdout]     |
[INFO] [stdout] 388 | assert_eq_size!(HidInitParameter, [u8; 0x38]);
[INFO] [stdout]     | ^^^^^^^^^^^^^^^^^^^^^^^^^^^^^^^^^^^^^^^^^^^^^
[INFO] [stdout]     |
[INFO] [stdout]     = note: source type: `HidInitParameter<'_>` (832 bits)
[INFO] [stdout]     = note: target type: `[u8; 56]` (448 bits)
[INFO] [stdout]     = note: this error originates in the macro `assert_eq_size` (in Nightly builds, run with -Z macro-backtrace for more info)
[INFO] [stdout] 
[INFO] [stdout] 
[INFO] [stdout] error[E0512]: cannot transmute between types of different sizes, or dependently-sized types
[INFO] [stdout]    --> lpc11uxx-rom/src/usbd/mod.rs:398:1
[INFO] [stdout]     |
[INFO] [stdout] 398 | assert_eq_size!(HidReport, [u8; 8]);
[INFO] [stdout]     | ^^^^^^^^^^^^^^^^^^^^^^^^^^^^^^^^^^^
[INFO] [stdout]     |
[INFO] [stdout]     = note: source type: `HidReport` (128 bits)
[INFO] [stdout]     = note: target type: `[u8; 8]` (64 bits)
[INFO] [stdout]     = note: this error originates in the macro `assert_eq_size` (in Nightly builds, run with -Z macro-backtrace for more info)
[INFO] [stdout] 
[INFO] [stdout] 
[INFO] [stdout] error[E0512]: cannot transmute between types of different sizes, or dependently-sized types
[INFO] [stdout]    --> lpc11uxx-rom/src/usbd/mod.rs:466:1
[INFO] [stdout]     |
[INFO] [stdout] 466 | assert_eq_size!(CdcInitParameter, [u8; 0x48]);
[INFO] [stdout]     | ^^^^^^^^^^^^^^^^^^^^^^^^^^^^^^^^^^^^^^^^^^^^^
[INFO] [stdout]     |
[INFO] [stdout]     = note: source type: `CdcInitParameter` (1088 bits)
[INFO] [stdout]     = note: target type: `[u8; 72]` (576 bits)
[INFO] [stdout]     = note: this error originates in the macro `assert_eq_size` (in Nightly builds, run with -Z macro-backtrace for more info)
[INFO] [stdout] 
[INFO] [stdout] 
[INFO] [stdout] error[E0512]: cannot transmute between types of different sizes, or dependently-sized types
[INFO] [stdout]    --> lpc11uxx-rom/src/usbd/mod.rs:474:1
[INFO] [stdout]     |
[INFO] [stdout] 474 | assert_eq_size!(CdcApi, [u8; 12]);
[INFO] [stdout]     | ^^^^^^^^^^^^^^^^^^^^^^^^^^^^^^^^^
[INFO] [stdout]     |
[INFO] [stdout]     = note: source type: `CdcApi` (192 bits)
[INFO] [stdout]     = note: target type: `[u8; 12]` (96 bits)
[INFO] [stdout]     = note: this error originates in the macro `assert_eq_size` (in Nightly builds, run with -Z macro-backtrace for more info)
[INFO] [stdout] 
[INFO] [stdout] 
[INFO] [stdout] error[E0512]: cannot transmute between types of different sizes, or dependently-sized types
[INFO] [stdout]   --> lpc11uxx-rom/src/lib.rs:20:1
[INFO] [stdout]    |
[INFO] [stdout] 20 | assert_eq_size!(RomDriver, [u8; 0x20]);
[INFO] [stdout]    | ^^^^^^^^^^^^^^^^^^^^^^^^^^^^^^^^^^^^^^
[INFO] [stdout]    |
[INFO] [stdout]    = note: source type: `RomDriver` (320 bits)
[INFO] [stdout]    = note: target type: `[u8; 32]` (256 bits)
[INFO] [stdout]    = note: this error originates in the macro `assert_eq_size` (in Nightly builds, run with -Z macro-backtrace for more info)
[INFO] [stdout] 
[INFO] [stdout] 
[INFO] [stdout] error[E0512]: cannot transmute between types of different sizes, or dependently-sized types
[INFO] [stdout]  --> lpc11uxx-rom/src/iap.rs:4:18
[INFO] [stdout]   |
[INFO] [stdout] 4 |         unsafe { core::mem::transmute(0x1fff_1ff1) };
[INFO] [stdout]   |                  ^^^^^^^^^^^^^^^^^^^^
[INFO] [stdout]   |
[INFO] [stdout]   = note: source type: `i32` (32 bits)
[INFO] [stdout]   = note: target type: `for<'a, 'b> extern "C" fn(&'a [u32; 5], &'b mut [u32; 4])` (64 bits)
[INFO] [stdout] 
[INFO] [stdout] 
[INFO] [stdout] For more information about this error, try `rustc --explain E0512`.
[INFO] [stdout] 
[INFO] [stderr] error: could not compile `lpc11uxx-rom` (lib) due to 12 previous errors
[INFO] [stderr] warning: build failed, waiting for other jobs to finish...
[INFO] running `Command { std: "docker" "inspect" "d27baeaa0225d851e6a6903df1db6f2558e4cd195bd61193d4d97b1101760a62", kill_on_drop: false }`
[INFO] running `Command { std: "docker" "rm" "-f" "d27baeaa0225d851e6a6903df1db6f2558e4cd195bd61193d4d97b1101760a62", kill_on_drop: false }`
[INFO] [stdout] d27baeaa0225d851e6a6903df1db6f2558e4cd195bd61193d4d97b1101760a62
