[INFO] cloning repository https://github.com/liberodark/nixnas
[INFO] running `Command { std: "git" "-c" "credential.helper=" "-c" "credential.helper=/workspace/cargo-home/bin/git-credential-null" "clone" "--bare" "https://github.com/liberodark/nixnas" "/workspace/cache/git-repos/https%3A%2F%2Fgithub.com%2Fliberodark%2Fnixnas", kill_on_drop: false }`
[INFO] [stderr] Cloning into bare repository '/workspace/cache/git-repos/https%3A%2F%2Fgithub.com%2Fliberodark%2Fnixnas'...
[INFO] running `Command { std: "git" "rev-parse" "HEAD", kill_on_drop: false }`
[INFO] [stdout] d2aea20fce9b80a6f0e06595a8e4b140a91cbe10
[INFO] checking liberodark/nixnas against 3154cc1a3e6424e44f438a95007d043ed5ceaaf6 for pr-133502-30
[INFO] running `Command { std: "git" "clone" "/workspace/cache/git-repos/https%3A%2F%2Fgithub.com%2Fliberodark%2Fnixnas" "/workspace/builds/worker-3-tc2/source", kill_on_drop: false }`
[INFO] [stderr] Cloning into '/workspace/builds/worker-3-tc2/source'...
[INFO] [stderr] done.
[INFO] started tweaking git repo https://github.com/liberodark/nixnas
[INFO] finished tweaking git repo https://github.com/liberodark/nixnas
[INFO] tweaked toml for git repo https://github.com/liberodark/nixnas written to /workspace/builds/worker-3-tc2/source/Cargo.toml
[INFO] validating manifest of git repo https://github.com/liberodark/nixnas on toolchain 3154cc1a3e6424e44f438a95007d043ed5ceaaf6
[INFO] running `Command { std: CARGO_HOME="/workspace/cargo-home" RUSTUP_HOME="/workspace/rustup-home" "/workspace/cargo-home/bin/cargo" "+3154cc1a3e6424e44f438a95007d043ed5ceaaf6" "metadata" "--manifest-path" "Cargo.toml" "--no-deps", kill_on_drop: false }`
[INFO] crate git repo https://github.com/liberodark/nixnas already has a lockfile, it will not be regenerated
[INFO] running `Command { std: CARGO_HOME="/workspace/cargo-home" RUSTUP_HOME="/workspace/rustup-home" "/workspace/cargo-home/bin/cargo" "+3154cc1a3e6424e44f438a95007d043ed5ceaaf6" "fetch" "--manifest-path" "Cargo.toml", kill_on_drop: false }`
[INFO] [stderr]     Blocking waiting for file lock on package cache
[INFO] running `Command { std: "docker" "create" "-v" "/var/lib/crater-agent-workspace/builds/worker-3-tc2/source:/opt/rustwide/workdir:ro,Z" "-v" "/var/lib/crater-agent-workspace/builds/worker-3-tc2/target:/opt/rustwide/target:rw,Z" "-v" "/var/lib/crater-agent-workspace/cargo-home:/opt/rustwide/cargo-home:ro,Z" "-v" "/var/lib/crater-agent-workspace/rustup-home:/opt/rustwide/rustup-home:ro,Z" "-m" "1610612736" "--network" "none" "ghcr.io/rust-lang/crates-build-env/linux@sha256:77db811e55d90add9212f6832c23229e3de5f1c1f9905e8cb07319ea15df73ac" "sleep" "infinity", kill_on_drop: false }`
[INFO] [stdout] 03cd9337318806ebcbaa3ed7a0723b8ae0047dca34c147bcf8253d6b0fcd70cb
[INFO] running `Command { std: "docker" "start" "03cd9337318806ebcbaa3ed7a0723b8ae0047dca34c147bcf8253d6b0fcd70cb", kill_on_drop: false }`
[INFO] running `Command { std: "docker" "inspect" "03cd9337318806ebcbaa3ed7a0723b8ae0047dca34c147bcf8253d6b0fcd70cb", kill_on_drop: false }`
[INFO] running `Command { std: "docker" "exec" "-e" "SOURCE_DIR=/opt/rustwide/workdir" "-e" "CARGO_HOME=/opt/rustwide/cargo-home" "-e" "RUSTUP_HOME=/opt/rustwide/rustup-home" "-e" "CARGO_TARGET_DIR=/opt/rustwide/target" "-w" "/opt/rustwide/workdir" "--user" "0:0" "03cd9337318806ebcbaa3ed7a0723b8ae0047dca34c147bcf8253d6b0fcd70cb" "/opt/rustwide/cargo-home/bin/cargo" "+3154cc1a3e6424e44f438a95007d043ed5ceaaf6" "metadata" "--no-deps" "--format-version=1", kill_on_drop: false }`
[INFO] running `Command { std: "docker" "inspect" "03cd9337318806ebcbaa3ed7a0723b8ae0047dca34c147bcf8253d6b0fcd70cb", kill_on_drop: false }`
[INFO] running `Command { std: "docker" "exec" "-e" "SOURCE_DIR=/opt/rustwide/workdir" "-e" "CARGO_HOME=/opt/rustwide/cargo-home" "-e" "RUSTUP_HOME=/opt/rustwide/rustup-home" "-e" "CARGO_TARGET_DIR=/opt/rustwide/target" "-e" "CARGO_INCREMENTAL=0" "-e" "RUST_BACKTRACE=full" "-e" "RUSTFLAGS=--cap-lints=forbid" "-e" "RUSTDOCFLAGS=--cap-lints=forbid" "-w" "/opt/rustwide/workdir" "--user" "0:0" "03cd9337318806ebcbaa3ed7a0723b8ae0047dca34c147bcf8253d6b0fcd70cb" "/opt/rustwide/cargo-home/bin/cargo" "+3154cc1a3e6424e44f438a95007d043ed5ceaaf6" "check" "--frozen" "--all" "--all-targets" "--message-format=json", kill_on_drop: false }`
[INFO] [stderr]    Compiling syn v2.0.117
[INFO] [stderr]    Compiling syn v3.0.3
[INFO] [stderr]    Compiling zerocopy v0.8.50
[INFO] [stderr]    Compiling num-traits v0.2.19
[INFO] [stderr]    Compiling serde_core v1.0.229
[INFO] [stderr]     Checking memchr v2.8.1
[INFO] [stderr]     Checking log v0.4.30
[INFO] [stderr]     Checking ff v0.13.1
[INFO] [stderr]    Compiling serde v1.0.229
[INFO] [stderr]     Checking group v0.13.0
[INFO] [stderr]     Checking getrandom v0.3.4
[INFO] [stderr]     Checking getrandom v0.4.2
[INFO] [stderr]     Checking rand_core v0.9.5
[INFO] [stderr]    Compiling winnow v1.0.3
[INFO] [stderr]    Compiling curve25519-dalek v4.1.3
[INFO] [stderr]    Compiling rustc-hash v2.1.2
[INFO] [stderr]    Compiling mime_guess v2.0.5
[INFO] [stderr]     Checking num-integer v0.1.46
[INFO] [stderr]    Compiling time-macros v0.2.27
[INFO] [stderr]     Checking num-iter v0.1.45
[INFO] [stderr]    Compiling basic-toml v0.1.10
[INFO] [stderr]     Checking http-body-util v0.1.3
[INFO] [stderr]     Checking data-encoding v2.11.0
[INFO] [stderr]    Compiling glob v0.3.3
[INFO] [stderr]     Checking digest v0.11.3
[INFO] [stderr]     Checking time v0.3.47
[INFO] [stderr]     Checking num-bigint v0.4.6
[INFO] [stderr]     Checking phc v0.6.1
[INFO] [stderr]     Checking clap_builder v4.6.7
[INFO] [stderr]     Checking serde_json v1.0.151
[INFO] [stderr]     Checking serde_path_to_error v0.1.20
[INFO] [stderr]     Checking password-hash v0.6.1
[INFO] [stderr]     Checking blake2 v0.11.0
[INFO] [stderr]     Checking pem v3.0.6
[INFO] [stderr]     Checking tracing-log v0.2.0
[INFO] [stderr]     Checking http-range-header v0.4.2
[INFO] [stderr]     Checking rustix v1.1.4
[INFO] [stderr]     Checking argon2 v0.6.0
[INFO] [stderr]     Checking rand v0.10.3
[INFO] [stderr]     Checking uuid v1.27.0
[INFO] [stderr]    Compiling serde_derive v1.0.229
[INFO] [stderr]    Compiling futures-macro v0.3.34
[INFO] [stderr]    Compiling thiserror-impl v2.0.21
[INFO] [stderr]    Compiling clap_derive v4.6.7
[INFO] [stderr]     Checking futures-util v0.3.34
[INFO] [stderr]     Checking tempfile v3.27.0
[INFO] [stderr]     Checking ppv-lite86 v0.2.21
[INFO] [stderr]     Checking thiserror v2.0.21
[INFO] [stderr]     Checking simple_asn1 v0.6.4
[INFO] [stderr]    Compiling zeroize_derive v1.4.3
[INFO] [stderr]    Compiling tokio-macros v2.7.0
[INFO] [stderr]    Compiling tracing-attributes v0.1.31
[INFO] [stderr]     Checking rand_chacha v0.3.1
[INFO] [stderr]     Checking rand_chacha v0.9.0
[INFO] [stderr]    Compiling curve25519-dalek-derive v0.1.1
[INFO] [stderr]     Checking rand v0.8.6
[INFO] [stderr]     Checking rand v0.9.4
[INFO] [stderr]     Checking zeroize v1.8.2
[INFO] [stderr]     Checking tokio v1.53.1
[INFO] [stderr]     Checking generic-array v0.14.9
[INFO] [stderr]     Checking der v0.7.10
[INFO] [stderr]    Compiling axum-macros v0.5.1
[INFO] [stderr]     Checking num-bigint-dig v0.8.6
[INFO] [stderr]     Checking crypto-common v0.1.6
[INFO] [stderr]     Checking block-buffer v0.10.4
[INFO] [stderr]     Checking digest v0.10.7
[INFO] [stderr]     Checking crypto-bigint v0.5.5
[INFO] [stderr]     Checking hmac v0.12.1
[INFO] [stderr]     Checking signature v2.2.0
[INFO] [stderr]     Checking hkdf v0.12.4
[INFO] [stderr]     Checking tracing v0.1.44
[INFO] [stderr]     Checking rfc6979 v0.4.0
[INFO] [stderr]     Checking spki v0.7.3
[INFO] [stderr]     Checking sha2 v0.10.9
[INFO] [stderr]     Checking pkcs8 v0.10.2
[INFO] [stderr]     Checking sha1 v0.10.6
[INFO] [stderr]     Checking sec1 v0.7.3
[INFO] [stderr]     Checking pkcs1 v0.7.5
[INFO] [stderr]     Checking ed25519 v2.2.3
[INFO] [stderr]     Checking tungstenite v0.29.0
[INFO] [stderr]     Checking futures-executor v0.3.34
[INFO] [stderr]     Checking rsa v0.9.10
[INFO] [stderr]     Checking axum-core v0.5.6
[INFO] [stderr]    Compiling askama_parser v0.16.1
[INFO] [stderr]     Checking futures v0.3.34
[INFO] [stderr]     Checking tracing-subscriber v0.3.23
[INFO] [stderr]     Checking clap v4.6.7
[INFO] [stderr]     Checking serde_urlencoded v0.7.1
[INFO] [stderr]     Checking chrono v0.4.45
[INFO] [stderr]     Checking elliptic-curve v0.13.8
[INFO] [stderr]     Checking ecdsa v0.16.9
[INFO] [stderr]     Checking primeorder v0.13.6
[INFO] [stderr]     Checking ed25519-dalek v2.2.0
[INFO] [stderr]     Checking p384 v0.13.1
[INFO] [stderr]     Checking p256 v0.13.2
[INFO] [stderr]     Checking jsonwebtoken v11.1.0
[INFO] [stderr]     Checking hyper v1.10.1
[INFO] [stderr]     Checking tokio-util v0.7.18
[INFO] [stderr]     Checking tower v0.5.3
[INFO] [stderr]     Checking tokio-tungstenite v0.29.0
[INFO] [stderr]     Checking tokio-stream v0.1.18
[INFO] [stderr]     Checking tower-http v0.7.1
[INFO] [stderr]     Checking tokio-test v0.4.5
[INFO] [stderr]     Checking hyper-util v0.1.20
[INFO] [stderr]    Compiling askama_derive v0.16.1
[INFO] [stderr]     Checking axum v0.8.9
[INFO] [stderr]    Compiling askama_macros v0.16.1
[INFO] [stderr]     Checking askama v0.16.1
[INFO] [stderr]     Checking nixnas-daemon v1.0.15 (/opt/rustwide/workdir)
[INFO] [stdout] error[E0432]: unresolved imports `argon2::password_hash::SaltString`, `argon2::password_hash::rand_core`
[INFO] [stdout]   --> src/auth.rs:5:69
[INFO] [stdout]    |
[INFO] [stdout]  5 |     password_hash::{PasswordHash, PasswordHasher, PasswordVerifier, SaltString, rand_core::OsRng},
[INFO] [stdout]    |                                                                     ^^^^^^^^^^  ^^^^^^^^^ could not find `rand_core` in `password_hash`
[INFO] [stdout]    |                                                                     |
[INFO] [stdout]    |                                                                     no `SaltString` in the root
[INFO] [stdout]    |
[INFO] [stdout] note: found an item that was configured out
[INFO] [stdout]   --> /opt/rustwide/cargo-home/registry/src/index.crates.io-1949cf8c6b5b557f/password-hash-0.6.1/src/lib.rs:40:9
[INFO] [stdout]    |
[INFO] [stdout] 39 | #[cfg(feature = "rand_core")]
[INFO] [stdout]    |       --------------------- the item is gated behind the `rand_core` feature
[INFO] [stdout] 40 | pub use rand_core;
[INFO] [stdout]    |         ^^^^^^^^^
[INFO] [stdout] 
[INFO] [stdout] 
[INFO] [stdout] error[E0432]: unresolved imports `argon2::password_hash::SaltString`, `argon2::password_hash::rand_core`
[INFO] [stdout]   --> src/auth.rs:5:69
[INFO] [stdout]    |
[INFO] [stdout]  5 |     password_hash::{PasswordHash, PasswordHasher, PasswordVerifier, SaltString, rand_core::OsRng},
[INFO] [stdout]    |                                                                     ^^^^^^^^^^  ^^^^^^^^^ could not find `rand_core` in `password_hash`
[INFO] [stdout]    |                                                                     |
[INFO] [stdout]    |                                                                     no `SaltString` in the root
[INFO] [stdout]    |
[INFO] [stdout] note: found an item that was configured out
[INFO] [stdout]   --> /opt/rustwide/cargo-home/registry/src/index.crates.io-1949cf8c6b5b557f/password-hash-0.6.1/src/lib.rs:40:9
[INFO] [stdout]    |
[INFO] [stdout] 39 | #[cfg(feature = "rand_core")]
[INFO] [stdout]    |       --------------------- the item is gated behind the `rand_core` feature
[INFO] [stdout] 40 | pub use rand_core;
[INFO] [stdout]    |         ^^^^^^^^^
[INFO] [stdout] 
[INFO] [stdout] 
[INFO] [stdout] warning: use of deprecated type alias `argon2::password_hash::PasswordHash`: import as `password_hash::phc::PasswordHash` instead
[INFO] [stdout]  --> src/auth.rs:5:21
[INFO] [stdout]   |
[INFO] [stdout] 5 |     password_hash::{PasswordHash, PasswordHasher, PasswordVerifier, SaltString, rand_core::OsRng},
[INFO] [stdout]   |                     ^^^^^^^^^^^^
[INFO] [stdout]   |
[INFO] [stdout]   = note: `#[warn(deprecated)]` on by default
[INFO] [stdout] 
[INFO] [stdout] 
[INFO] [stdout] warning: use of deprecated type alias `argon2::password_hash::PasswordHash`: import as `password_hash::phc::PasswordHash` instead
[INFO] [stdout]    --> src/auth.rs:160:33
[INFO] [stdout]     |
[INFO] [stdout] 160 |         let parsed_hash = match PasswordHash::new(hash) {
[INFO] [stdout]     |                                 ^^^^^^^^^^^^
[INFO] [stdout] 
[INFO] [stdout] 
[INFO] [stdout] warning: use of deprecated type alias `argon2::password_hash::PasswordHash`: import as `password_hash::phc::PasswordHash` instead
[INFO] [stdout]  --> src/auth.rs:5:21
[INFO] [stdout]   |
[INFO] [stdout] 5 |     password_hash::{PasswordHash, PasswordHasher, PasswordVerifier, SaltString, rand_core::OsRng},
[INFO] [stdout]   |                     ^^^^^^^^^^^^
[INFO] [stdout]   |
[INFO] [stdout]   = note: `#[warn(deprecated)]` on by default
[INFO] [stdout] 
[INFO] [stdout] 
[INFO] [stdout] warning: use of deprecated type alias `argon2::password_hash::PasswordHash`: import as `password_hash::phc::PasswordHash` instead
[INFO] [stdout]    --> src/auth.rs:160:33
[INFO] [stdout]     |
[INFO] [stdout] 160 |         let parsed_hash = match PasswordHash::new(hash) {
[INFO] [stdout]     |                                 ^^^^^^^^^^^^
[INFO] [stdout] 
[INFO] [stdout] 
[INFO] [stdout] error[E0061]: this method takes 1 argument but 2 arguments were supplied
[INFO] [stdout]    --> src/auth.rs:149:14
[INFO] [stdout]     |
[INFO] [stdout] 149 |             .hash_password(password.as_bytes(), &salt)
[INFO] [stdout]     |              ^^^^^^^^^^^^^                      ----- unexpected argument #2
[INFO] [stdout]     |
[INFO] [stdout] note: method defined here
[INFO] [stdout]    --> /opt/rustwide/cargo-home/registry/src/index.crates.io-1949cf8c6b5b557f/password-hash-0.6.1/src/lib.rs:107:8
[INFO] [stdout]     |
[INFO] [stdout] 107 |     fn hash_password(&self, password: &[u8]) -> Result<H> {
[INFO] [stdout]     |        ^^^^^^^^^^^^^
[INFO] [stdout] help: remove the extra argument
[INFO] [stdout]     |
[INFO] [stdout] 149 -             .hash_password(password.as_bytes(), &salt)
[INFO] [stdout] 149 +             .hash_password(password.as_bytes())
[INFO] [stdout]     |
[INFO] [stdout] 
[INFO] [stdout] 
[INFO] [stdout] error[E0061]: this method takes 1 argument but 2 arguments were supplied
[INFO] [stdout]    --> src/auth.rs:149:14
[INFO] [stdout]     |
[INFO] [stdout] 149 |             .hash_password(password.as_bytes(), &salt)
[INFO] [stdout]     |              ^^^^^^^^^^^^^                      ----- unexpected argument #2
[INFO] [stdout]     |
[INFO] [stdout] note: method defined here
[INFO] [stdout]    --> /opt/rustwide/cargo-home/registry/src/index.crates.io-1949cf8c6b5b557f/password-hash-0.6.1/src/lib.rs:107:8
[INFO] [stdout]     |
[INFO] [stdout] 107 |     fn hash_password(&self, password: &[u8]) -> Result<H> {
[INFO] [stdout]     |        ^^^^^^^^^^^^^
[INFO] [stdout] help: remove the extra argument
[INFO] [stdout]     |
[INFO] [stdout] 149 -             .hash_password(password.as_bytes(), &salt)
[INFO] [stdout] 149 +             .hash_password(password.as_bytes())
[INFO] [stdout]     |
[INFO] [stdout] 
[INFO] [stdout] 
[INFO] [stdout] Some errors have detailed explanations: E0061, E0432.
[INFO] [stdout] 
[INFO] [stdout] For more information about an error, try `rustc --explain E0061`.
[INFO] [stdout] 
[INFO] [stderr] error: could not compile `nixnas-daemon` (bin "nixnas-daemon" test) due to 2 previous errors; 2 warnings emitted
[INFO] [stderr] warning: build failed, waiting for other jobs to finish...
[INFO] [stdout] Some errors have detailed explanations: E0061, E0432.
[INFO] [stdout] 
[INFO] [stdout] For more information about an error, try `rustc --explain E0061`.
[INFO] [stdout] 
[INFO] [stderr] error: could not compile `nixnas-daemon` (bin "nixnas-daemon") due to 2 previous errors; 2 warnings emitted
[INFO] [stderr] warning: unused dependency `rand`
[INFO] [stderr]  --> Cargo.toml:6:1
[INFO] [stderr]   |
[INFO] [stderr] 6 | rand = "0.10"
[INFO] [stderr]   | ^^^^^^^^^^^^^
[INFO] [stderr]   |
[INFO] [stderr]   = note: `cargo::unused_dependencies` is set to `warn` by default
[INFO] [stderr] help: consider removing the dependency on `rand`
[INFO] [stderr] warning: `nixnas-daemon` (manifest) generated 1 warning
[INFO] running `Command { std: "docker" "inspect" "03cd9337318806ebcbaa3ed7a0723b8ae0047dca34c147bcf8253d6b0fcd70cb", kill_on_drop: false }`
[INFO] running `Command { std: "docker" "rm" "-f" "03cd9337318806ebcbaa3ed7a0723b8ae0047dca34c147bcf8253d6b0fcd70cb", kill_on_drop: false }`
[INFO] [stdout] 03cd9337318806ebcbaa3ed7a0723b8ae0047dca34c147bcf8253d6b0fcd70cb
