[INFO] cloning repository https://github.com/liamh2323/chess-engine
[INFO] running `Command { std: "git" "-c" "credential.helper=" "-c" "credential.helper=/workspace/cargo-home/bin/git-credential-null" "clone" "--bare" "https://github.com/liamh2323/chess-engine" "/workspace/cache/git-repos/https%3A%2F%2Fgithub.com%2Fliamh2323%2Fchess-engine", kill_on_drop: false }`
[INFO] [stderr] Cloning into bare repository '/workspace/cache/git-repos/https%3A%2F%2Fgithub.com%2Fliamh2323%2Fchess-engine'...
[INFO] running `Command { std: "git" "rev-parse" "HEAD", kill_on_drop: false }`
[INFO] [stdout] 725cd93714be55ff768ccff372d25c6629c9a4f4
[INFO] checking liamh2323/chess-engine against 3154cc1a3e6424e44f438a95007d043ed5ceaaf6+rustflags=-Znext-solver=coherence for pr-133502-30
[INFO] running `Command { std: "git" "clone" "/workspace/cache/git-repos/https%3A%2F%2Fgithub.com%2Fliamh2323%2Fchess-engine" "/workspace/builds/worker-3-tc1/source", kill_on_drop: false }`
[INFO] [stderr] Cloning into '/workspace/builds/worker-3-tc1/source'...
[INFO] [stderr] done.
[INFO] started tweaking git repo https://github.com/liamh2323/chess-engine
[INFO] finished tweaking git repo https://github.com/liamh2323/chess-engine
[INFO] tweaked toml for git repo https://github.com/liamh2323/chess-engine written to /workspace/builds/worker-3-tc1/source/Cargo.toml
[INFO] validating manifest of git repo https://github.com/liamh2323/chess-engine on toolchain 3154cc1a3e6424e44f438a95007d043ed5ceaaf6
[INFO] running `Command { std: CARGO_HOME="/workspace/cargo-home" RUSTUP_HOME="/workspace/rustup-home" "/workspace/cargo-home/bin/cargo" "+3154cc1a3e6424e44f438a95007d043ed5ceaaf6" "metadata" "--manifest-path" "Cargo.toml" "--no-deps", kill_on_drop: false }`
[INFO] crate git repo https://github.com/liamh2323/chess-engine already has a lockfile, it will not be regenerated
[INFO] running `Command { std: CARGO_HOME="/workspace/cargo-home" RUSTUP_HOME="/workspace/rustup-home" "/workspace/cargo-home/bin/cargo" "+3154cc1a3e6424e44f438a95007d043ed5ceaaf6" "fetch" "--manifest-path" "Cargo.toml", kill_on_drop: false }`
[INFO] running `Command { std: "docker" "create" "-v" "/var/lib/crater-agent-workspace/builds/worker-3-tc1/source:/opt/rustwide/workdir:ro,Z" "-v" "/var/lib/crater-agent-workspace/builds/worker-3-tc1/target:/opt/rustwide/target:rw,Z" "-v" "/var/lib/crater-agent-workspace/cargo-home:/opt/rustwide/cargo-home:ro,Z" "-v" "/var/lib/crater-agent-workspace/rustup-home:/opt/rustwide/rustup-home:ro,Z" "-m" "1610612736" "--network" "none" "ghcr.io/rust-lang/crates-build-env/linux@sha256:77db811e55d90add9212f6832c23229e3de5f1c1f9905e8cb07319ea15df73ac" "sleep" "infinity", kill_on_drop: false }`
[INFO] [stdout] e0f45a90b83e82b2b84a7b61d6fc63c3dbab4226bece480a31c61b402da9b9bd
[INFO] running `Command { std: "docker" "start" "e0f45a90b83e82b2b84a7b61d6fc63c3dbab4226bece480a31c61b402da9b9bd", kill_on_drop: false }`
[INFO] running `Command { std: "docker" "inspect" "e0f45a90b83e82b2b84a7b61d6fc63c3dbab4226bece480a31c61b402da9b9bd", kill_on_drop: false }`
[INFO] running `Command { std: "docker" "exec" "-e" "SOURCE_DIR=/opt/rustwide/workdir" "-e" "CARGO_HOME=/opt/rustwide/cargo-home" "-e" "RUSTUP_HOME=/opt/rustwide/rustup-home" "-e" "CARGO_TARGET_DIR=/opt/rustwide/target" "-w" "/opt/rustwide/workdir" "--user" "0:0" "e0f45a90b83e82b2b84a7b61d6fc63c3dbab4226bece480a31c61b402da9b9bd" "/opt/rustwide/cargo-home/bin/cargo" "+3154cc1a3e6424e44f438a95007d043ed5ceaaf6" "metadata" "--no-deps" "--format-version=1", kill_on_drop: false }`
[INFO] running `Command { std: "docker" "inspect" "e0f45a90b83e82b2b84a7b61d6fc63c3dbab4226bece480a31c61b402da9b9bd", kill_on_drop: false }`
[INFO] running `Command { std: "docker" "exec" "-e" "SOURCE_DIR=/opt/rustwide/workdir" "-e" "CARGO_HOME=/opt/rustwide/cargo-home" "-e" "RUSTUP_HOME=/opt/rustwide/rustup-home" "-e" "CARGO_TARGET_DIR=/opt/rustwide/target" "-e" "CARGO_INCREMENTAL=0" "-e" "RUST_BACKTRACE=full" "-e" "RUSTFLAGS=--cap-lints=forbid -Znext-solver=coherence" "-e" "RUSTDOCFLAGS=--cap-lints=forbid" "-w" "/opt/rustwide/workdir" "--user" "0:0" "e0f45a90b83e82b2b84a7b61d6fc63c3dbab4226bece480a31c61b402da9b9bd" "/opt/rustwide/cargo-home/bin/cargo" "+3154cc1a3e6424e44f438a95007d043ed5ceaaf6" "check" "--frozen" "--all" "--all-targets" "--message-format=json", kill_on_drop: false }`
[INFO] [stderr]     Checking chess-engine v0.1.0 (/opt/rustwide/workdir)
[INFO] [stdout] error: path separator must be a double colon
[INFO] [stdout]    --> src/main.rs:157:98
[INFO] [stdout]     |
[INFO] [stdout] 157 | ...                   active_colour: Colour::White, castling_rights: CastlingRights:ALL,
[INFO] [stdout]     |                                                                                    ^
[INFO] [stdout]     |
[INFO] [stdout] help: use a double colon instead
[INFO] [stdout]     |
[INFO] [stdout] 157 |                                     active_colour: Colour::White, castling_rights: CastlingRights::ALL,
[INFO] [stdout]     |                                                                                                   +
[INFO] [stdout] 
[INFO] [stdout] 
[INFO] [stdout] error: `match` arm body without braces
[INFO] [stdout]    --> src/main.rs:297:23
[INFO] [stdout]     |
[INFO] [stdout] 297 |         Ok(number) => game.halfmove_clock = number;
[INFO] [stdout]     |                    -- ^^^^^^^^^^^^^^^^^^^^^^^^^^^^ this statement is not surrounded by a body
[INFO] [stdout]     |                    |
[INFO] [stdout]     |                    while parsing the `match` arm starting here
[INFO] [stdout]     |
[INFO] [stdout] help: replace `;` with `,` to end a `match` arm expression
[INFO] [stdout]     |
[INFO] [stdout] 297 -         Ok(number) => game.halfmove_clock = number;
[INFO] [stdout] 297 +         Ok(number) => game.halfmove_clock = number,
[INFO] [stdout]     |
[INFO] [stdout] 
[INFO] [stdout] 
[INFO] [stdout] error: `match` arm body without braces
[INFO] [stdout]    --> src/main.rs:302:23
[INFO] [stdout]     |
[INFO] [stdout] 302 |         Ok(number) => game.fullmove_clock = number;
[INFO] [stdout]     |                    -- ^^^^^^^^^^^^^^^^^^^^^^^^^^^^ this statement is not surrounded by a body
[INFO] [stdout]     |                    |
[INFO] [stdout]     |                    while parsing the `match` arm starting here
[INFO] [stdout]     |
[INFO] [stdout] help: replace `;` with `,` to end a `match` arm expression
[INFO] [stdout]     |
[INFO] [stdout] 302 -         Ok(number) => game.fullmove_clock = number;
[INFO] [stdout] 302 +         Ok(number) => game.fullmove_clock = number,
[INFO] [stdout]     |
[INFO] [stdout] 
[INFO] [stdout] 
[INFO] [stdout] error: path separator must be a double colon
[INFO] [stdout]    --> src/main.rs:157:98
[INFO] [stdout]     |
[INFO] [stdout] 157 | ...                   active_colour: Colour::White, castling_rights: CastlingRights:ALL,
[INFO] [stdout]     |                                                                                    ^
[INFO] [stdout]     |
[INFO] [stdout] help: use a double colon instead
[INFO] [stdout]     |
[INFO] [stdout] 157 |                                     active_colour: Colour::White, castling_rights: CastlingRights::ALL,
[INFO] [stdout]     |                                                                                                   +
[INFO] [stdout] 
[INFO] [stdout] 
[INFO] [stdout] error: `match` arm body without braces
[INFO] [stdout]    --> src/main.rs:297:23
[INFO] [stdout]     |
[INFO] [stdout] 297 |         Ok(number) => game.halfmove_clock = number;
[INFO] [stdout]     |                    -- ^^^^^^^^^^^^^^^^^^^^^^^^^^^^ this statement is not surrounded by a body
[INFO] [stdout]     |                    |
[INFO] [stdout]     |                    while parsing the `match` arm starting here
[INFO] [stdout]     |
[INFO] [stdout] help: replace `;` with `,` to end a `match` arm expression
[INFO] [stdout]     |
[INFO] [stdout] 297 -         Ok(number) => game.halfmove_clock = number;
[INFO] [stdout] 297 +         Ok(number) => game.halfmove_clock = number,
[INFO] [stdout]     |
[INFO] [stdout] 
[INFO] [stdout] 
[INFO] [stdout] error: `match` arm body without braces
[INFO] [stdout]    --> src/main.rs:302:23
[INFO] [stdout]     |
[INFO] [stdout] 302 |         Ok(number) => game.fullmove_clock = number;
[INFO] [stdout]     |                    -- ^^^^^^^^^^^^^^^^^^^^^^^^^^^^ this statement is not surrounded by a body
[INFO] [stdout]     |                    |
[INFO] [stdout]     |                    while parsing the `match` arm starting here
[INFO] [stdout]     |
[INFO] [stdout] help: replace `;` with `,` to end a `match` arm expression
[INFO] [stdout]     |
[INFO] [stdout] 302 -         Ok(number) => game.fullmove_clock = number;
[INFO] [stdout] 302 +         Ok(number) => game.fullmove_clock = number,
[INFO] [stdout]     |
[INFO] [stdout] 
[INFO] [stdout] 
[INFO] [stdout] error: 2 positional arguments in format string, but no arguments were given
[INFO] [stdout]   --> src/main.rs:52:21
[INFO] [stdout]    |
[INFO] [stdout] 52 |     return format!("{}{}, COL_MAP[column], row)");
[INFO] [stdout]    |                     ^^^^
[INFO] [stdout] 
[INFO] [stdout] 
[INFO] [stdout] error: 2 positional arguments in format string, but no arguments were given
[INFO] [stdout]   --> src/main.rs:52:21
[INFO] [stdout]    |
[INFO] [stdout] 52 |     return format!("{}{}, COL_MAP[column], row)");
[INFO] [stdout]    |                     ^^^^
[INFO] [stdout] 
[INFO] [stdout] 
[INFO] [stdout] error[E0425]: cannot find value `piece_position` in this scope
[INFO] [stdout]    --> src/main.rs:252:9
[INFO] [stdout]     |
[INFO] [stdout] 252 |         piece_position -= 8;
[INFO] [stdout]     |         ^^^^^^^^^^^^^^ not found in this scope
[INFO] [stdout] 
[INFO] [stdout] 
[INFO] [stdout] error[E0425]: cannot find value `piece_index` in this scope
[INFO] [stdout]    --> src/main.rs:253:49
[INFO] [stdout]     |
[INFO] [stdout] 253 |         let (pieces, squares) = parse_row(&row, piece_index, piece_position);
[INFO] [stdout]     |                                                 ^^^^^^^^^^^ not found in this scope
[INFO] [stdout] 
[INFO] [stdout] 
[INFO] [stdout] error[E0425]: cannot find value `piece_position` in this scope
[INFO] [stdout]    --> src/main.rs:253:62
[INFO] [stdout]     |
[INFO] [stdout] 253 |         let (pieces, squares) = parse_row(&row, piece_index, piece_position);
[INFO] [stdout]     |                                                              ^^^^^^^^^^^^^^ not found in this scope
[INFO] [stdout] 
[INFO] [stdout] 
[INFO] [stdout] error[E0425]: cannot find value `asdfasdfsafasdjfkalsjvosibvoibnroiboasi` in this scope
[INFO] [stdout]    --> src/main.rs:387:1
[INFO] [stdout]     |
[INFO] [stdout] 387 | asdfasdfsafasdjfkalsjvosibvoibnroiboasi
[INFO] [stdout]     | ^^^^^^^^^^^^^^^^^^^^^^^^^^^^^^^^^^^^^^^ not found in this scope
[INFO] [stdout] 
[INFO] [stdout] 
[INFO] [stdout] warning: unused import: `fmt::format`
[INFO] [stdout]  --> src/main.rs:1:11
[INFO] [stdout]   |
[INFO] [stdout] 1 | use std::{fmt::format, vec};
[INFO] [stdout]   |           ^^^^^^^^^^^
[INFO] [stdout]   |
[INFO] [stdout]   = note: `#[warn(unused_imports)]` (part of `#[warn(unused)]`) on by default
[INFO] [stdout] 
[INFO] [stdout] 
[INFO] [stdout] warning: unnecessary parentheses around function argument
[INFO] [stdout]    --> src/main.rs:147:44
[INFO] [stdout]     |
[INFO] [stdout] 147 |         self.squares.push(Square::Occupied((*index)));
[INFO] [stdout]     |                                            ^      ^
[INFO] [stdout]     |
[INFO] [stdout]     = note: `#[warn(unused_parens)]` (part of `#[warn(unused)]`) on by default
[INFO] [stdout] help: remove these parentheses
[INFO] [stdout]     |
[INFO] [stdout] 147 -         self.squares.push(Square::Occupied((*index)));
[INFO] [stdout] 147 +         self.squares.push(Square::Occupied(*index));
[INFO] [stdout]     |
[INFO] [stdout] 
[INFO] [stdout] 
[INFO] [stdout] error[E0425]: cannot find value `piece_position` in this scope
[INFO] [stdout]    --> src/main.rs:252:9
[INFO] [stdout]     |
[INFO] [stdout] 252 |         piece_position -= 8;
[INFO] [stdout]     |         ^^^^^^^^^^^^^^ not found in this scope
[INFO] [stdout] 
[INFO] [stdout] 
[INFO] [stdout] error[E0425]: cannot find value `piece_index` in this scope
[INFO] [stdout]    --> src/main.rs:253:49
[INFO] [stdout]     |
[INFO] [stdout] 253 |         let (pieces, squares) = parse_row(&row, piece_index, piece_position);
[INFO] [stdout]     |                                                 ^^^^^^^^^^^ not found in this scope
[INFO] [stdout] 
[INFO] [stdout] 
[INFO] [stdout] error[E0425]: cannot find value `piece_position` in this scope
[INFO] [stdout]    --> src/main.rs:253:62
[INFO] [stdout]     |
[INFO] [stdout] 253 |         let (pieces, squares) = parse_row(&row, piece_index, piece_position);
[INFO] [stdout]     |                                                              ^^^^^^^^^^^^^^ not found in this scope
[INFO] [stdout] 
[INFO] [stdout] 
[INFO] [stdout] error[E0425]: cannot find value `asdfasdfsafasdjfkalsjvosibvoibnroiboasi` in this scope
[INFO] [stdout]    --> src/main.rs:387:1
[INFO] [stdout]     |
[INFO] [stdout] 387 | asdfasdfsafasdjfkalsjvosibvoibnroiboasi
[INFO] [stdout]     | ^^^^^^^^^^^^^^^^^^^^^^^^^^^^^^^^^^^^^^^ not found in this scope
[INFO] [stdout] 
[INFO] [stdout] 
[INFO] [stdout] error[E0425]: cannot find function `index_to_position` in this scope
[INFO] [stdout]   --> src/main.rs:13:19
[INFO] [stdout]    |
[INFO] [stdout] 13 |         return Ok(index_to_position(onebit_index));
[INFO] [stdout]    |                   ^^^^^^^^^^^^^^^^^ not found in this scope
[INFO] [stdout]    |
[INFO] [stdout] note: similarly named function `index_to_posotion` defined here
[INFO] [stdout]   --> src/main.rs:48:1
[INFO] [stdout]    |
[INFO] [stdout] 48 | fn index_to_posotion(index: usize) -> String {
[INFO] [stdout]    | ^^^^^^^^^^^^^^^^^^^^^^^^^^^^^^^^^^^^^^^^^^^^
[INFO] [stdout] help: a function with a similar name exists
[INFO] [stdout]    |
[INFO] [stdout] 13 -         return Ok(index_to_position(onebit_index));
[INFO] [stdout] 13 +         return Ok(index_to_posotion(onebit_index));
[INFO] [stdout]    |
[INFO] [stdout] 
[INFO] [stdout] 
[INFO] [stdout] warning: unused import: `fmt::format`
[INFO] [stdout]  --> src/main.rs:1:11
[INFO] [stdout]   |
[INFO] [stdout] 1 | use std::{fmt::format, vec};
[INFO] [stdout]   |           ^^^^^^^^^^^
[INFO] [stdout]   |
[INFO] [stdout]   = note: `#[warn(unused_imports)]` (part of `#[warn(unused)]`) on by default
[INFO] [stdout] 
[INFO] [stdout] 
[INFO] [stdout] warning: unnecessary parentheses around function argument
[INFO] [stdout]    --> src/main.rs:147:44
[INFO] [stdout]     |
[INFO] [stdout] 147 |         self.squares.push(Square::Occupied((*index)));
[INFO] [stdout]     |                                            ^      ^
[INFO] [stdout]     |
[INFO] [stdout]     = note: `#[warn(unused_parens)]` (part of `#[warn(unused)]`) on by default
[INFO] [stdout] help: remove these parentheses
[INFO] [stdout]     |
[INFO] [stdout] 147 -         self.squares.push(Square::Occupied((*index)));
[INFO] [stdout] 147 +         self.squares.push(Square::Occupied(*index));
[INFO] [stdout]     |
[INFO] [stdout] 
[INFO] [stdout] 
[INFO] [stdout] error[E0277]: the type `[usize]` cannot be indexed by `u64`
[INFO] [stdout]   --> src/main.rs:78:23
[INFO] [stdout]    |
[INFO] [stdout] 78 |     return MOD67TABLE[remainder];
[INFO] [stdout]    |                       ^^^^^^^^^ slice indices are of type `usize` or ranges of `usize`
[INFO] [stdout]    |
[INFO] [stdout]    = help: the trait `SliceIndex<[usize]>` is not implemented for `u64`
[INFO] [stdout] help: `usize` implements trait `SliceIndex<T>`
[INFO] [stdout]   --> /rustc/3154cc1a3e6424e44f438a95007d043ed5ceaaf6/library/core/src/bstr/traits.rs:201:0
[INFO] [stdout]    |
[INFO] [stdout]    = note: `SliceIndex<ByteStr>`
[INFO] [stdout]   --> /rustc/3154cc1a3e6424e44f438a95007d043ed5ceaaf6/library/core/src/slice/index.rs:179:0
[INFO] [stdout]    |
[INFO] [stdout]    = note: `SliceIndex<[T]>`
[INFO] [stdout]    = note: required for `[usize]` to implement `Index<u64>`
[INFO] [stdout] 
[INFO] [stdout] 
[INFO] [stdout] error[E0425]: cannot find function `index_to_position` in this scope
[INFO] [stdout]   --> src/main.rs:13:19
[INFO] [stdout]    |
[INFO] [stdout] 13 |         return Ok(index_to_position(onebit_index));
[INFO] [stdout]    |                   ^^^^^^^^^^^^^^^^^ not found in this scope
[INFO] [stdout]    |
[INFO] [stdout] note: similarly named function `index_to_posotion` defined here
[INFO] [stdout]   --> src/main.rs:48:1
[INFO] [stdout]    |
[INFO] [stdout] 48 | fn index_to_posotion(index: usize) -> String {
[INFO] [stdout]    | ^^^^^^^^^^^^^^^^^^^^^^^^^^^^^^^^^^^^^^^^^^^^
[INFO] [stdout] help: a function with a similar name exists
[INFO] [stdout]    |
[INFO] [stdout] 13 -         return Ok(index_to_position(onebit_index));
[INFO] [stdout] 13 +         return Ok(index_to_posotion(onebit_index));
[INFO] [stdout]    |
[INFO] [stdout] 
[INFO] [stdout] 
[INFO] [stdout] error[E0277]: the type `[usize]` cannot be indexed by `u64`
[INFO] [stdout]   --> src/main.rs:78:23
[INFO] [stdout]    |
[INFO] [stdout] 78 |     return MOD67TABLE[remainder];
[INFO] [stdout]    |                       ^^^^^^^^^ slice indices are of type `usize` or ranges of `usize`
[INFO] [stdout]    |
[INFO] [stdout]    = help: the trait `SliceIndex<[usize]>` is not implemented for `u64`
[INFO] [stdout] help: `usize` implements trait `SliceIndex<T>`
[INFO] [stdout]   --> /rustc/3154cc1a3e6424e44f438a95007d043ed5ceaaf6/library/core/src/bstr/traits.rs:201:0
[INFO] [stdout]    |
[INFO] [stdout]    = note: `SliceIndex<ByteStr>`
[INFO] [stdout]   --> /rustc/3154cc1a3e6424e44f438a95007d043ed5ceaaf6/library/core/src/slice/index.rs:179:0
[INFO] [stdout]    |
[INFO] [stdout]    = note: `SliceIndex<[T]>`
[INFO] [stdout]    = note: required for `[usize]` to implement `Index<u64>`
[INFO] [stdout] 
[INFO] [stdout] 
[INFO] [stdout] error[E0308]: mismatched types
[INFO] [stdout]    --> src/main.rs:155:24
[INFO] [stdout]     |
[INFO] [stdout] 155 |     fn initialise() -> Game {
[INFO] [stdout]     |        ----------      ^^^^ expected `Game`, found `()`
[INFO] [stdout]     |        |
[INFO] [stdout]     |        implicitly returns `()` as its body has no tail or `return` expression
[INFO] [stdout]     |
[INFO] [stdout] help: consider returning the local binding `game`
[INFO] [stdout]     |
[INFO] [stdout] 209 ~                                     PieceType::Rook, &mut piece_index);
[INFO] [stdout] 210 ~         game   
[INFO] [stdout]     |
[INFO] [stdout] 
[INFO] [stdout] 
[INFO] [stdout] error[E0425]: cannot find function `indext_to_posotion` in this scope
[INFO] [stdout]    --> src/main.rs:218:49
[INFO] [stdout]     |
[INFO] [stdout] 218 |                 Square::Empty => temp.push_str(&indext_to_posotion(i)),
[INFO] [stdout]     |                                                 ^^^^^^^^^^^^^^^^^^ not found in this scope
[INFO] [stdout]     |
[INFO] [stdout] note: similarly named function `index_to_posotion` defined here
[INFO] [stdout]    --> src/main.rs:48:1
[INFO] [stdout]     |
[INFO] [stdout]  48 | fn index_to_posotion(index: usize) -> String {
[INFO] [stdout]     | ^^^^^^^^^^^^^^^^^^^^^^^^^^^^^^^^^^^^^^^^^^^^
[INFO] [stdout] help: a function with a similar name exists
[INFO] [stdout]     |
[INFO] [stdout] 218 -                 Square::Empty => temp.push_str(&indext_to_posotion(i)),
[INFO] [stdout] 218 +                 Square::Empty => temp.push_str(&index_to_posotion(i)),
[INFO] [stdout]     |
[INFO] [stdout] 
[INFO] [stdout] 
[INFO] [stdout] error[E0308]: mismatched types
[INFO] [stdout]    --> src/main.rs:155:24
[INFO] [stdout]     |
[INFO] [stdout] 155 |     fn initialise() -> Game {
[INFO] [stdout]     |        ----------      ^^^^ expected `Game`, found `()`
[INFO] [stdout]     |        |
[INFO] [stdout]     |        implicitly returns `()` as its body has no tail or `return` expression
[INFO] [stdout]     |
[INFO] [stdout] help: consider returning the local binding `game`
[INFO] [stdout]     |
[INFO] [stdout] 209 ~                                     PieceType::Rook, &mut piece_index);
[INFO] [stdout] 210 ~         game   
[INFO] [stdout]     |
[INFO] [stdout] 
[INFO] [stdout] 
[INFO] [stdout] error[E0425]: cannot find function `indext_to_posotion` in this scope
[INFO] [stdout]    --> src/main.rs:218:49
[INFO] [stdout]     |
[INFO] [stdout] 218 |                 Square::Empty => temp.push_str(&indext_to_posotion(i)),
[INFO] [stdout]     |                                                 ^^^^^^^^^^^^^^^^^^ not found in this scope
[INFO] [stdout]     |
[INFO] [stdout] note: similarly named function `index_to_posotion` defined here
[INFO] [stdout]    --> src/main.rs:48:1
[INFO] [stdout]     |
[INFO] [stdout]  48 | fn index_to_posotion(index: usize) -> String {
[INFO] [stdout]     | ^^^^^^^^^^^^^^^^^^^^^^^^^^^^^^^^^^^^^^^^^^^^
[INFO] [stdout] help: a function with a similar name exists
[INFO] [stdout]     |
[INFO] [stdout] 218 -                 Square::Empty => temp.push_str(&indext_to_posotion(i)),
[INFO] [stdout] 218 +                 Square::Empty => temp.push_str(&index_to_posotion(i)),
[INFO] [stdout]     |
[INFO] [stdout] 
[INFO] [stdout] 
[INFO] [stdout] warning: unused variable: `column`
[INFO] [stdout]   --> src/main.rs:49:8
[INFO] [stdout]    |
[INFO] [stdout] 49 |    let column = index % 8;
[INFO] [stdout]    |        ^^^^^^ help: if this is intentional, prefix it with an underscore: `_column`
[INFO] [stdout]    |
[INFO] [stdout]    = note: `#[warn(unused_variables)]` (part of `#[warn(unused)]`) on by default
[INFO] [stdout] 
[INFO] [stdout] 
[INFO] [stdout] warning: unused variable: `row`
[INFO] [stdout]   --> src/main.rs:50:8
[INFO] [stdout]    |
[INFO] [stdout] 50 |    let row = index / 8 + 1;
[INFO] [stdout]    |        ^^^ help: if this is intentional, prefix it with an underscore: `_row`
[INFO] [stdout] 
[INFO] [stdout] 
[INFO] [stdout] warning: unused variable: `column`
[INFO] [stdout]   --> src/main.rs:49:8
[INFO] [stdout]    |
[INFO] [stdout] 49 |    let column = index % 8;
[INFO] [stdout]    |        ^^^^^^ help: if this is intentional, prefix it with an underscore: `_column`
[INFO] [stdout]    |
[INFO] [stdout]    = note: `#[warn(unused_variables)]` (part of `#[warn(unused)]`) on by default
[INFO] [stdout] 
[INFO] [stdout] 
[INFO] [stdout] warning: unused variable: `row`
[INFO] [stdout]   --> src/main.rs:50:8
[INFO] [stdout]    |
[INFO] [stdout] 50 |    let row = index / 8 + 1;
[INFO] [stdout]    |        ^^^ help: if this is intentional, prefix it with an underscore: `_row`
[INFO] [stdout] 
[INFO] [stdout] 
[INFO] [stdout] warning: unused variable: `i`
[INFO] [stdout]    --> src/main.rs:345:41
[INFO] [stdout]     |
[INFO] [stdout] 345 |                     Some(number) => for i in 0..number {
[INFO] [stdout]     |                                         ^ help: if this is intentional, prefix it with an underscore: `_i`
[INFO] [stdout] 
[INFO] [stdout] 
[INFO] [stdout] Some errors have detailed explanations: E0277, E0308, E0425.
[INFO] [stdout] 
[INFO] [stdout] For more information about an error, try `rustc --explain E0277`.
[INFO] [stdout] 
[INFO] [stdout] warning: unused variable: `i`
[INFO] [stdout]    --> src/main.rs:345:41
[INFO] [stdout]     |
[INFO] [stdout] 345 |                     Some(number) => for i in 0..number {
[INFO] [stdout]     |                                         ^ help: if this is intentional, prefix it with an underscore: `_i`
[INFO] [stdout] 
[INFO] [stdout] 
[INFO] [stdout] Some errors have detailed explanations: E0277, E0308, E0425.
[INFO] [stdout] 
[INFO] [stdout] For more information about an error, try `rustc --explain E0277`.
[INFO] [stdout] 
[INFO] [stderr] error: could not compile `chess-engine` (bin "chess-engine") due to 12 previous errors; 5 warnings emitted
[INFO] [stderr] warning: build failed, waiting for other jobs to finish...
[INFO] [stderr] error: could not compile `chess-engine` (bin "chess-engine" test) due to 12 previous errors; 5 warnings emitted
[INFO] running `Command { std: "docker" "inspect" "e0f45a90b83e82b2b84a7b61d6fc63c3dbab4226bece480a31c61b402da9b9bd", kill_on_drop: false }`
[INFO] running `Command { std: "docker" "rm" "-f" "e0f45a90b83e82b2b84a7b61d6fc63c3dbab4226bece480a31c61b402da9b9bd", kill_on_drop: false }`
[INFO] [stdout] e0f45a90b83e82b2b84a7b61d6fc63c3dbab4226bece480a31c61b402da9b9bd
