[INFO] cloning repository https://github.com/liam-mcelhaney122/Orka
[INFO] running `Command { std: "git" "-c" "credential.helper=" "-c" "credential.helper=/workspace/cargo-home/bin/git-credential-null" "clone" "--bare" "https://github.com/liam-mcelhaney122/Orka" "/workspace/cache/git-repos/https%3A%2F%2Fgithub.com%2Fliam-mcelhaney122%2FOrka", kill_on_drop: false }`
[INFO] [stderr] Cloning into bare repository '/workspace/cache/git-repos/https%3A%2F%2Fgithub.com%2Fliam-mcelhaney122%2FOrka'...
[INFO] running `Command { std: "git" "rev-parse" "HEAD", kill_on_drop: false }`
[INFO] [stdout] 97e5e69c8588bcd082fc5c8281fba03555ed1a40
[INFO] checking liam-mcelhaney122/Orka against 3154cc1a3e6424e44f438a95007d043ed5ceaaf6 for pr-133502-30
[INFO] running `Command { std: "git" "clone" "/workspace/cache/git-repos/https%3A%2F%2Fgithub.com%2Fliam-mcelhaney122%2FOrka" "/workspace/builds/worker-4-tc2/source", kill_on_drop: false }`
[INFO] [stderr] Cloning into '/workspace/builds/worker-4-tc2/source'...
[INFO] [stderr] done.
[INFO] started tweaking git repo https://github.com/liam-mcelhaney122/Orka
[INFO] finished tweaking git repo https://github.com/liam-mcelhaney122/Orka
[INFO] tweaked toml for git repo https://github.com/liam-mcelhaney122/Orka written to /workspace/builds/worker-4-tc2/source/Cargo.toml
[INFO] validating manifest of git repo https://github.com/liam-mcelhaney122/Orka on toolchain 3154cc1a3e6424e44f438a95007d043ed5ceaaf6
[INFO] running `Command { std: CARGO_HOME="/workspace/cargo-home" RUSTUP_HOME="/workspace/rustup-home" "/workspace/cargo-home/bin/cargo" "+3154cc1a3e6424e44f438a95007d043ed5ceaaf6" "metadata" "--manifest-path" "Cargo.toml" "--no-deps", kill_on_drop: false }`
[INFO] crate git repo https://github.com/liam-mcelhaney122/Orka already has a lockfile, it will not be regenerated
[INFO] running `Command { std: CARGO_HOME="/workspace/cargo-home" RUSTUP_HOME="/workspace/rustup-home" "/workspace/cargo-home/bin/cargo" "+3154cc1a3e6424e44f438a95007d043ed5ceaaf6" "fetch" "--manifest-path" "Cargo.toml", kill_on_drop: false }`
[INFO] running `Command { std: "docker" "create" "-v" "/var/lib/crater-agent-workspace/builds/worker-4-tc2/source:/opt/rustwide/workdir:ro,Z" "-v" "/var/lib/crater-agent-workspace/builds/worker-4-tc2/target:/opt/rustwide/target:rw,Z" "-v" "/var/lib/crater-agent-workspace/cargo-home:/opt/rustwide/cargo-home:ro,Z" "-v" "/var/lib/crater-agent-workspace/rustup-home:/opt/rustwide/rustup-home:ro,Z" "-m" "1610612736" "--network" "none" "ghcr.io/rust-lang/crates-build-env/linux@sha256:77db811e55d90add9212f6832c23229e3de5f1c1f9905e8cb07319ea15df73ac" "sleep" "infinity", kill_on_drop: false }`
[INFO] [stdout] 0500f545bac619513e1302a415151545bbf792871e6a1d86cfa73098d2e11162
[INFO] running `Command { std: "docker" "start" "0500f545bac619513e1302a415151545bbf792871e6a1d86cfa73098d2e11162", kill_on_drop: false }`
[INFO] running `Command { std: "docker" "inspect" "0500f545bac619513e1302a415151545bbf792871e6a1d86cfa73098d2e11162", kill_on_drop: false }`
[INFO] running `Command { std: "docker" "exec" "-e" "SOURCE_DIR=/opt/rustwide/workdir" "-e" "CARGO_HOME=/opt/rustwide/cargo-home" "-e" "RUSTUP_HOME=/opt/rustwide/rustup-home" "-e" "CARGO_TARGET_DIR=/opt/rustwide/target" "-w" "/opt/rustwide/workdir" "--user" "0:0" "0500f545bac619513e1302a415151545bbf792871e6a1d86cfa73098d2e11162" "/opt/rustwide/cargo-home/bin/cargo" "+3154cc1a3e6424e44f438a95007d043ed5ceaaf6" "metadata" "--no-deps" "--format-version=1", kill_on_drop: false }`
[INFO] running `Command { std: "docker" "inspect" "0500f545bac619513e1302a415151545bbf792871e6a1d86cfa73098d2e11162", kill_on_drop: false }`
[INFO] running `Command { std: "docker" "exec" "-e" "SOURCE_DIR=/opt/rustwide/workdir" "-e" "CARGO_HOME=/opt/rustwide/cargo-home" "-e" "RUSTUP_HOME=/opt/rustwide/rustup-home" "-e" "CARGO_TARGET_DIR=/opt/rustwide/target" "-e" "CARGO_INCREMENTAL=0" "-e" "RUST_BACKTRACE=full" "-e" "RUSTFLAGS=--cap-lints=forbid" "-e" "RUSTDOCFLAGS=--cap-lints=forbid" "-w" "/opt/rustwide/workdir" "--user" "0:0" "0500f545bac619513e1302a415151545bbf792871e6a1d86cfa73098d2e11162" "/opt/rustwide/cargo-home/bin/cargo" "+3154cc1a3e6424e44f438a95007d043ed5ceaaf6" "check" "--frozen" "--all" "--all-targets" "--message-format=json", kill_on_drop: false }`
[INFO] [stderr]     Checking subtle v2.6.1
[INFO] [stderr]    Compiling getrandom v0.4.3
[INFO] [stderr]     Checking cmov v0.5.4
[INFO] [stderr]    Compiling syn v3.0.4
[INFO] [stderr]    Compiling jobserver v0.1.35
[INFO] [stderr]     Checking bitflags v2.13.1
[INFO] [stderr]     Checking cpubits v0.1.1
[INFO] [stderr]     Checking mio v1.2.2
[INFO] [stderr]     Checking getrandom v0.2.17
[INFO] [stderr]    Compiling rustix v1.1.4
[INFO] [stderr]     Checking linux-raw-sys v0.12.1
[INFO] [stderr]     Checking spin v0.9.9
[INFO] [stderr]    Compiling cc v1.4.4
[INFO] [stderr]     Checking lazy_static v1.5.0
[INFO] [stderr]     Checking ctutils v0.4.2
[INFO] [stderr]     Checking digest v0.10.7
[INFO] [stderr]     Checking indexmap v2.14.1
[INFO] [stderr]     Checking der v0.8.1
[INFO] [stderr]    Compiling serde_json v1.0.151
[INFO] [stderr]     Checking time v0.3.55
[INFO] [stderr]     Checking hybrid-array v0.4.14
[INFO] [stderr]     Checking rand_core v0.6.4
[INFO] [stderr]     Checking pem-rfc7468 v0.7.0
[INFO] [stderr]     Checking percent-encoding v2.3.2
[INFO] [stderr]     Checking simd-adler32 v0.3.10
[INFO] [stderr]     Checking form_urlencoded v1.2.2
[INFO] [stderr]     Checking der v0.7.10
[INFO] [stderr]    Compiling ring v0.17.14
[INFO] [stderr]    Compiling libz-sys v1.1.29
[INFO] [stderr]     Checking spki v0.8.0
[INFO] [stderr]     Checking ppv-lite86 v0.2.21
[INFO] [stderr]     Checking crypto-common v0.2.2
[INFO] [stderr]     Checking block-buffer v0.12.1
[INFO] [stderr]     Checking block-padding v0.4.2
[INFO] [stderr]     Checking digest v0.11.3
[INFO] [stderr]     Checking universal-hash v0.6.1
[INFO] [stderr]     Checking inout v0.2.2
[INFO] [stderr]     Checking polyval v0.7.3
[INFO] [stderr]     Checking crypto-bigint v0.7.5
[INFO] [stderr]     Checking cipher v0.5.2
[INFO] [stderr]     Checking ghash v0.6.0
[INFO] [stderr]     Checking hmac v0.13.0
[INFO] [stderr]     Checking sha2 v0.11.0
[INFO] [stderr]     Checking pbkdf2 v0.13.0
[INFO] [stderr]     Checking aes v0.9.3
[INFO] [stderr]     Checking ctr v0.10.1
[INFO] [stderr]     Checking aead v0.6.1
[INFO] [stderr]     Checking salsa20 v0.11.0
[INFO] [stderr]     Checking cbc v0.2.1
[INFO] [stderr]     Checking parking_lot_core v0.9.12
[INFO] [stderr]    Compiling openssl-src v300.6.1+3.6.3
[INFO] [stderr]     Checking aes-gcm v0.11.1
[INFO] [stderr]     Checking ff v0.14.0
[INFO] [stderr]    Compiling crossbeam-epoch v0.9.20
[INFO] [stderr]     Checking miniz_oxide v0.9.1
[INFO] [stderr]    Compiling openssl-sys v0.9.117
[INFO] [stderr]     Checking scrypt v0.12.0
[INFO] [stderr]     Checking rand_chacha v0.3.1
[INFO] [stderr]     Checking tempfile v3.27.0
[INFO] [stderr]     Checking pkcs5 v0.8.1
[INFO] [stderr]     Checking spki v0.7.3
[INFO] [stderr]    Compiling num-bigint-dig v0.8.6
[INFO] [stderr]     Checking tracing v0.1.44
[INFO] [stderr]     Checking pkcs8 v0.10.2
[INFO] [stderr]     Checking flate2 v1.1.10
[INFO] [stderr]     Checking pkcs8 v0.11.0
[INFO] [stderr]     Checking rand v0.8.8
[INFO] [stderr]     Checking group v0.14.0
[INFO] [stderr]     Checking signature v3.0.0
[INFO] [stderr]     Checking num-iter v0.1.46
[INFO] [stderr]     Checking base16ct v1.0.0
[INFO] [stderr]     Checking sha2 v0.10.9
[INFO] [stderr]     Checking pkcs1 v0.7.5
[INFO] [stderr]     Checking sec1 v0.8.1
[INFO] [stderr]    Compiling regex v1.13.1
[INFO] [stderr]     Checking parking_lot v0.12.5
[INFO] [stderr]     Checking hkdf v0.13.0
[INFO] [stderr]    Compiling libssh2-sys v0.3.2
[INFO] [stderr]    Compiling libgit2-sys v0.18.8+1.9.7
[INFO] [stderr]     Checking signature v2.2.0
[INFO] [stderr]    Compiling lazy-regex-proc_macros v3.6.1
[INFO] [stderr]     Checking inotify-sys v0.1.8
[INFO] [stderr]     Checking hmac v0.12.1
[INFO] [stderr]     Checking rusticata-macros v4.1.0
[INFO] [stderr]     Checking rustls-pemfile v2.2.0
[INFO] [stderr]    Compiling asn1-rs-derive v0.6.0
[INFO] [stderr]    Compiling asn1-rs-impl v0.2.0
[INFO] [stderr]     Checking elliptic-curve v0.14.1
[INFO] [stderr]     Checking rsa v0.9.10
[INFO] [stderr]    Compiling rustls v0.23.43
[INFO] [stderr]     Checking filetime v0.2.29
[INFO] [stderr]    Compiling zip v2.4.2
[INFO] [stderr]     Checking zopfli v0.8.3
[INFO] [stderr]    Compiling serde_derive v1.0.229
[INFO] [stderr]    Compiling displaydoc v0.2.7
[INFO] [stderr]    Compiling thiserror-impl v2.0.20
[INFO] [stderr]    Compiling zerovec-derive v0.11.6
[INFO] [stderr]    Compiling tokio-macros v2.7.2
[INFO] [stderr]     Checking zerotrie v0.2.5
[INFO] [stderr]     Checking tokio v1.53.1
[INFO] [stderr]    Compiling futures-macro v0.3.34
[INFO] [stderr]     Checking zerovec v0.11.8
[INFO] [stderr]     Checking thiserror v2.0.20
[INFO] [stderr]     Checking rustls-webpki v0.103.15
[INFO] [stderr]     Checking asn1-rs v0.7.2
[INFO] [stderr]     Checking futures-util v0.3.34
[INFO] [stderr]     Checking tinystr v0.8.4
[INFO] [stderr]     Checking potential_utf v0.1.6
[INFO] [stderr]     Checking icu_collections v2.3.0
[INFO] [stderr]     Checking icu_locale_core v2.3.0
[INFO] [stderr]     Checking icu_provider v2.3.1
[INFO] [stderr]     Checking icu_normalizer v2.3.0
[INFO] [stderr]     Checking icu_properties v2.3.0
[INFO] [stderr]    Compiling async-trait v0.1.92
[INFO] [stderr]     Checking serde v1.0.229
[INFO] [stderr]     Checking globset v0.4.20
[INFO] [stderr]     Checking rfc6979 v0.6.0
[INFO] [stderr]     Checking idna_adapter v1.2.2
[INFO] [stderr]     Checking primefield v0.14.0
[INFO] [stderr]     Checking lazy-regex v3.6.1
[INFO] [stderr]     Checking idna v1.1.0
[INFO] [stderr]     Checking inotify v0.11.5
[INFO] [stderr]     Checking url v2.5.8
[INFO] [stderr]     Checking crossbeam-deque v0.8.7
[INFO] [stderr]     Checking wnaf v0.14.0
[INFO] [stderr]     Checking xattr v1.6.1
[INFO] [stderr]     Checking num-bigint v0.4.8
[INFO] [stderr]     Checking notify-types v2.1.0
[INFO] [stderr]    Compiling oid-registry v0.8.1
[INFO] [stderr]    Compiling io-lifetimes v3.0.1
[INFO] [stderr]    Compiling io-lifetimes v2.0.4
[INFO] [stderr]     Checking nucleo-matcher v0.3.1
[INFO] [stderr]     Checking tokio-util v0.7.19
[INFO] [stderr]     Checking futures-executor v0.3.34
[INFO] [stderr]     Checking notify v8.2.0
[INFO] [stderr]     Checking tar v0.4.46
[INFO] [stderr]     Checking primeorder v0.14.0
[INFO] [stderr]     Checking ignore v0.4.33
[INFO] [stderr]     Checking ecdsa v0.17.0
[INFO] [stderr]     Checking ureq v2.12.1
[INFO] [stderr]     Checking suppaftp v6.3.0
[INFO] [stderr]    Compiling curve25519-dalek v5.0.0
[INFO] [stderr]    Compiling slog v2.8.2
[INFO] [stderr]     Checking chacha20 v0.10.2
[INFO] [stderr]    Compiling io-extras v0.19.0
[INFO] [stderr]    Compiling derive_more-impl v2.1.1
[INFO] [stderr]     Checking h2 v0.4.19
[INFO] [stderr]     Checking der-parser v10.0.0
[INFO] [stderr]     Checking futures v0.3.34
[INFO] [stderr]     Checking erased-serde v0.3.31
[INFO] [stderr]     Checking ssh-encoding v0.3.0
[INFO] [stderr]    Compiling nix v0.31.3
[INFO] [stderr]     Checking sha1 v0.11.0
[INFO] [stderr]    Compiling curve25519-dalek-derive v0.1.1
[INFO] [stderr]     Checking keccak v0.2.2
[INFO] [stderr]    Compiling cap-primitives v4.0.3
[INFO] [stderr]     Checking x509-parser v0.18.1
[INFO] [stderr]     Checking fs-set-times v0.20.3
[INFO] [stderr]     Checking blowfish v0.10.0
[INFO] [stderr]     Checking crypto-primes v0.7.2
[INFO] [stderr]    Compiling nix v0.30.1
[INFO] [stderr]     Checking derive_more v2.1.1
[INFO] [stderr]     Checking ed25519 v3.0.0
[INFO] [stderr]     Checking rustix-linux-procfs v0.1.1
[INFO] [stderr]    Compiling crc32c v0.6.8
[INFO] [stderr]     Checking yasna v0.6.0
[INFO] [stderr]     Checking blake2 v0.11.0
[INFO] [stderr]     Checking poly1305 v0.9.1
[INFO] [stderr]     Checking pkcs1 v0.8.0-rc.4
[INFO] [stderr]     Checking md-5 v0.10.6
[INFO] [stderr]     Checking sharded-slab v0.1.7
[INFO] [stderr]     Checking uuid v1.26.0
[INFO] [stderr]     Checking spin v0.10.1
[INFO] [stderr]     Checking simdutf8 v0.1.5
[INFO] [stderr]    Compiling cap-std v4.0.3
[INFO] [stderr]     Checking maybe-owned v0.3.4
[INFO] [stderr]     Checking ambient-authority v0.0.2
[INFO] [stderr]     Checking serde_urlencoded v0.7.1
[INFO] [stderr]     Checking std-next v0.1.9
[INFO] [stderr]     Checking crc-fast v1.10.0
[INFO] [stderr]     Checking dashmap v6.2.1
[INFO] [stderr]     Checking rsa v0.10.0-rc.18
[INFO] [stderr]     Checking tracing-subscriber v0.3.23
[INFO] [stderr]     Checking tower v0.5.3
[INFO] [stderr]     Checking hyper v1.11.1
[INFO] [stderr]     Checking rcgen v0.14.10
[INFO] [stderr]     Checking unftp-core v0.1.0
[INFO] [stderr]     Checking argon2 v0.6.0
[INFO] [stderr]     Checking ssh-cipher v0.3.0
[INFO] [stderr]     Checking ed25519-dalek v3.0.0
[INFO] [stderr]     Checking bcrypt-pbkdf v0.11.0
[INFO] [stderr]     Checking slog-scope v4.4.1
[INFO] [stderr]     Checking hex-simd v0.8.0
[INFO] [stderr]     Checking sha3 v0.11.0
[INFO] [stderr]     Checking rand v0.10.2
[INFO] [stderr]     Checking p521 v0.14.0
[INFO] [stderr]     Checking p384 v0.14.0
[INFO] [stderr]     Checking p256 v0.14.0
[INFO] [stderr]     Checking quick-xml v0.41.0
[INFO] [stderr]     Checking md-5 v0.11.0
[INFO] [stderr]     Checking kem v0.3.0
[INFO] [stderr]     Checking module-lattice v0.2.3
[INFO] [stderr]     Checking transform-stream v0.3.1
[INFO] [stderr]     Checking atoi v3.1.0
[INFO] [stderr]     Checking tagptr v0.2.0
[INFO] [stderr]     Checking path-dedot v4.0.1
[INFO] [stderr]     Checking hex v0.4.3
[INFO] [stderr]     Checking sponge-cursor v0.1.0
[INFO] [stderr]     Checking xxhash-rust v0.8.18
[INFO] [stderr]     Checking numeric_cast v0.3.0
[INFO] [stderr]     Checking sha3 v0.12.0
[INFO] [stderr]     Checking path-absolutize v4.0.1
[INFO] [stderr]     Checking moka v0.12.16
[INFO] [stderr]     Checking ml-kem v0.3.2
[INFO] [stderr]     Checking russh-cryptovec v0.62.0
[INFO] [stderr]     Checking internal-russh-num-bigint v0.5.0
[INFO] [stderr]     Checking s3s v0.15.0
[INFO] [stderr]     Checking slog-stdlog v4.1.1
[INFO] [stderr]     Checking tracing-error v0.2.1
[INFO] [stderr]     Checking getrandom v0.3.4
[INFO] [stderr]     Checking tokio-rustls v0.26.4
[INFO] [stderr]     Checking tokio-stream v0.1.19
[INFO] [stderr]     Checking russh-util v0.52.0
[INFO] [stderr]    Compiling enum_dispatch v0.3.13
[INFO] [stderr]     Checking generic-array v1.4.5
[INFO] [stderr]     Checking serde_bytes v0.11.19
[INFO] [stderr]    Compiling num-derive v0.4.2
[INFO] [stderr]    Compiling delegate v0.13.5
[INFO] [stderr]     Checking md5 v0.8.1
[INFO] [stderr]     Checking hex-literal v1.1.0
[INFO] [stderr]     Checking russh-sftp v2.4.0
[INFO] [stderr]     Checking libunftp v0.23.0
[INFO] [stderr]     Checking unftp-sbe-fs v0.4.0
[INFO] [stderr]     Checking nfsserve v0.11.0
[INFO] [stderr]     Checking hyper-util v0.1.20
[INFO] [stderr]     Checking orka-bench v0.1.0 (/opt/rustwide/workdir/crates/orka-bench)
[INFO] [stderr]    Compiling uniffi_internal_macros v0.29.5
[INFO] [stderr]     Checking ssh-key v0.7.0-rc.11
[INFO] [stderr]    Compiling fs-err v2.11.0
[INFO] [stderr]     Checking uniffi_pipeline v0.29.5
[INFO] [stderr]     Checking russh v0.63.1
[INFO] [stderr]    Compiling askama_parser v0.13.0
[INFO] [stderr]    Compiling basic-toml v0.1.10
[INFO] [stderr]    Compiling scroll_derive v0.12.1
[INFO] [stderr]     Checking smawk v0.3.3
[INFO] [stderr]    Compiling camino v1.2.5
[INFO] [stderr]     Checking uniffi_meta v0.29.5
[INFO] [stderr]     Checking textwrap v0.16.2
[INFO] [stderr]     Checking scroll v0.12.0
[INFO] [stderr]     Checking cargo-platform v0.1.9
[INFO] [stderr]     Checking weedle2 v5.0.0
[INFO] [stderr]     Checking semver v1.0.28
[INFO] [stderr]     Checking clap_builder v4.6.6
[INFO] [stderr]     Checking cargo_metadata v0.19.2
[INFO] [stderr]     Checking goblin v0.8.2
[INFO] [stderr]    Compiling askama_derive v0.13.1
[INFO] [stderr]     Checking uniffi_udl v0.29.5
[INFO] [stderr]    Compiling toml v0.5.11
[INFO] [stderr]    Compiling clap_derive v4.6.4
[INFO] [stderr]     Checking glob v0.3.4
[INFO] [stderr]     Checking uniffi_core v0.29.5
[INFO] [stderr]     Checking askama v0.13.1
[INFO] [stderr]    Compiling uniffi_macros v0.29.5
[INFO] [stderr]     Checking uniffi_bindgen v0.29.5
[INFO] [stderr]     Checking clap v4.6.6
[INFO] [stderr]     Checking s3s-fs v0.15.0
[INFO] [stderr]     Checking uniffi v0.29.5
[INFO] [stderr]     Checking git2 v0.21.0
[INFO] [stderr]     Checking ssh2 v0.9.6
[INFO] [stderr]     Checking orka-core v0.1.0 (/opt/rustwide/workdir/crates/orka-core)
[INFO] [stdout] warning: unused import: `std::ffi::CString`
[INFO] [stdout]   --> crates/orka-core/src/ops.rs:10:5
[INFO] [stdout]    |
[INFO] [stdout] 10 | use std::ffi::CString;
[INFO] [stdout]    |     ^^^^^^^^^^^^^^^^^
[INFO] [stdout]    |
[INFO] [stdout]    = note: `#[warn(unused_imports)]` (part of `#[warn(unused)]`) on by default
[INFO] [stdout] 
[INFO] [stdout] 
[INFO] [stdout] warning: unused import: `std::os::unix::ffi::OsStrExt`
[INFO] [stdout]   --> crates/orka-core/src/ops.rs:11:5
[INFO] [stdout]    |
[INFO] [stdout] 11 | use std::os::unix::ffi::OsStrExt;
[INFO] [stdout]    |     ^^^^^^^^^^^^^^^^^^^^^^^^^^^^
[INFO] [stdout] 
[INFO] [stdout] 
[INFO] [stdout] warning: unused import: `std::ffi::CString`
[INFO] [stdout]   --> crates/orka-core/src/ops.rs:10:5
[INFO] [stdout]    |
[INFO] [stdout] 10 | use std::ffi::CString;
[INFO] [stdout]    |     ^^^^^^^^^^^^^^^^^
[INFO] [stdout]    |
[INFO] [stdout]    = note: `#[warn(unused_imports)]` (part of `#[warn(unused)]`) on by default
[INFO] [stdout] 
[INFO] [stdout] 
[INFO] [stdout] warning: unused import: `std::os::unix::ffi::OsStrExt`
[INFO] [stdout]   --> crates/orka-core/src/ops.rs:11:5
[INFO] [stdout]    |
[INFO] [stdout] 11 | use std::os::unix::ffi::OsStrExt;
[INFO] [stdout]    |     ^^^^^^^^^^^^^^^^^^^^^^^^^^^^
[INFO] [stdout] 
[INFO] [stdout] 
[INFO] [stdout] error[E0609]: no field `f_mntfromname` on type `statfs`
[INFO] [stdout]    --> crates/orka-core/src/vfs/mount.rs:446:12
[INFO] [stdout]     |
[INFO] [stdout] 446 |     dir_fs.f_mntfromname != parent_fs.f_mntfromname
[INFO] [stdout]     |            ^^^^^^^^^^^^^ unknown field
[INFO] [stdout]     |
[INFO] [stdout]     = note: available fields are: `f_type`, `f_bsize`, `f_blocks`, `f_bfree`, `f_bavail` ... and 5 others
[INFO] [stdout] 
[INFO] [stdout] 
[INFO] [stdout] error[E0609]: no field `f_mntfromname` on type `statfs`
[INFO] [stdout]    --> crates/orka-core/src/vfs/mount.rs:446:39
[INFO] [stdout]     |
[INFO] [stdout] 446 |     dir_fs.f_mntfromname != parent_fs.f_mntfromname
[INFO] [stdout]     |                                       ^^^^^^^^^^^^^ unknown field
[INFO] [stdout]     |
[INFO] [stdout]     = note: available fields are: `f_type`, `f_bsize`, `f_blocks`, `f_bfree`, `f_bavail` ... and 5 others
[INFO] [stdout] 
[INFO] [stdout] 
[INFO] [stdout] error[E0609]: no field `f_mntfromname` on type `statfs`
[INFO] [stdout]    --> crates/orka-core/src/vfs/mount.rs:446:12
[INFO] [stdout]     |
[INFO] [stdout] 446 |     dir_fs.f_mntfromname != parent_fs.f_mntfromname
[INFO] [stdout]     |            ^^^^^^^^^^^^^ unknown field
[INFO] [stdout]     |
[INFO] [stdout]     = note: available fields are: `f_type`, `f_bsize`, `f_blocks`, `f_bfree`, `f_bavail` ... and 5 others
[INFO] [stdout] 
[INFO] [stdout] 
[INFO] [stdout] error[E0609]: no field `f_mntfromname` on type `statfs`
[INFO] [stdout]    --> crates/orka-core/src/vfs/mount.rs:446:39
[INFO] [stdout]     |
[INFO] [stdout] 446 |     dir_fs.f_mntfromname != parent_fs.f_mntfromname
[INFO] [stdout]     |                                       ^^^^^^^^^^^^^ unknown field
[INFO] [stdout]     |
[INFO] [stdout]     = note: available fields are: `f_type`, `f_bsize`, `f_blocks`, `f_bfree`, `f_bavail` ... and 5 others
[INFO] [stdout] 
[INFO] [stdout] 
[INFO] [stdout] For more information about this error, try `rustc --explain E0609`.
[INFO] [stdout] 
[INFO] [stderr] error: could not compile `orka-core` (lib) due to 2 previous errors; 2 warnings emitted
[INFO] [stderr] warning: build failed, waiting for other jobs to finish...
[INFO] [stdout] For more information about this error, try `rustc --explain E0609`.
[INFO] [stdout] 
[INFO] [stderr] error: could not compile `orka-core` (lib test) due to 2 previous errors; 2 warnings emitted
[INFO] running `Command { std: "docker" "inspect" "0500f545bac619513e1302a415151545bbf792871e6a1d86cfa73098d2e11162", kill_on_drop: false }`
[INFO] running `Command { std: "docker" "rm" "-f" "0500f545bac619513e1302a415151545bbf792871e6a1d86cfa73098d2e11162", kill_on_drop: false }`
[INFO] [stdout] 0500f545bac619513e1302a415151545bbf792871e6a1d86cfa73098d2e11162
