[INFO] cloning repository https://github.com/lgse/strata
[INFO] running `Command { std: "git" "-c" "credential.helper=" "-c" "credential.helper=/workspace/cargo-home/bin/git-credential-null" "clone" "--bare" "https://github.com/lgse/strata" "/workspace/cache/git-repos/https%3A%2F%2Fgithub.com%2Flgse%2Fstrata", kill_on_drop: false }`
[INFO] [stderr] Cloning into bare repository '/workspace/cache/git-repos/https%3A%2F%2Fgithub.com%2Flgse%2Fstrata'...
[INFO] running `Command { std: "git" "rev-parse" "HEAD", kill_on_drop: false }`
[INFO] [stdout] 87f76c67fe39420b99f5d3d387c1e0d14b90dca3
[INFO] checking lgse/strata against 3154cc1a3e6424e44f438a95007d043ed5ceaaf6 for pr-133502-30
[INFO] running `Command { std: "git" "clone" "/workspace/cache/git-repos/https%3A%2F%2Fgithub.com%2Flgse%2Fstrata" "/workspace/builds/worker-0-tc2/source", kill_on_drop: false }`
[INFO] [stderr] Cloning into '/workspace/builds/worker-0-tc2/source'...
[INFO] [stderr] done.
[INFO] started tweaking git repo https://github.com/lgse/strata
[INFO] finished tweaking git repo https://github.com/lgse/strata
[INFO] tweaked toml for git repo https://github.com/lgse/strata written to /workspace/builds/worker-0-tc2/source/Cargo.toml
[INFO] validating manifest of git repo https://github.com/lgse/strata on toolchain 3154cc1a3e6424e44f438a95007d043ed5ceaaf6
[INFO] running `Command { std: CARGO_HOME="/workspace/cargo-home" RUSTUP_HOME="/workspace/rustup-home" "/workspace/cargo-home/bin/cargo" "+3154cc1a3e6424e44f438a95007d043ed5ceaaf6" "metadata" "--manifest-path" "Cargo.toml" "--no-deps", kill_on_drop: false }`
[INFO] crate git repo https://github.com/lgse/strata already has a lockfile, it will not be regenerated
[INFO] running `Command { std: CARGO_HOME="/workspace/cargo-home" RUSTUP_HOME="/workspace/rustup-home" "/workspace/cargo-home/bin/cargo" "+3154cc1a3e6424e44f438a95007d043ed5ceaaf6" "fetch" "--manifest-path" "Cargo.toml", kill_on_drop: false }`
[INFO] running `Command { std: "docker" "create" "-v" "/var/lib/crater-agent-workspace/builds/worker-0-tc2/source:/opt/rustwide/workdir:ro,Z" "-v" "/var/lib/crater-agent-workspace/builds/worker-0-tc2/target:/opt/rustwide/target:rw,Z" "-v" "/var/lib/crater-agent-workspace/cargo-home:/opt/rustwide/cargo-home:ro,Z" "-v" "/var/lib/crater-agent-workspace/rustup-home:/opt/rustwide/rustup-home:ro,Z" "-m" "1610612736" "--network" "none" "ghcr.io/rust-lang/crates-build-env/linux@sha256:77db811e55d90add9212f6832c23229e3de5f1c1f9905e8cb07319ea15df73ac" "sleep" "infinity", kill_on_drop: false }`
[INFO] [stdout] 270f7298b237df6d2732d2555ce195705de18eab9b0d9bb0abc71f1300ad14f1
[INFO] running `Command { std: "docker" "start" "270f7298b237df6d2732d2555ce195705de18eab9b0d9bb0abc71f1300ad14f1", kill_on_drop: false }`
[INFO] running `Command { std: "docker" "inspect" "270f7298b237df6d2732d2555ce195705de18eab9b0d9bb0abc71f1300ad14f1", kill_on_drop: false }`
[INFO] running `Command { std: "docker" "exec" "-e" "SOURCE_DIR=/opt/rustwide/workdir" "-e" "CARGO_HOME=/opt/rustwide/cargo-home" "-e" "RUSTUP_HOME=/opt/rustwide/rustup-home" "-e" "CARGO_TARGET_DIR=/opt/rustwide/target" "-w" "/opt/rustwide/workdir" "--user" "0:0" "270f7298b237df6d2732d2555ce195705de18eab9b0d9bb0abc71f1300ad14f1" "/opt/rustwide/cargo-home/bin/cargo" "+3154cc1a3e6424e44f438a95007d043ed5ceaaf6" "metadata" "--no-deps" "--format-version=1", kill_on_drop: false }`
[INFO] running `Command { std: "docker" "inspect" "270f7298b237df6d2732d2555ce195705de18eab9b0d9bb0abc71f1300ad14f1", kill_on_drop: false }`
[INFO] running `Command { std: "docker" "exec" "-e" "SOURCE_DIR=/opt/rustwide/workdir" "-e" "CARGO_HOME=/opt/rustwide/cargo-home" "-e" "RUSTUP_HOME=/opt/rustwide/rustup-home" "-e" "CARGO_TARGET_DIR=/opt/rustwide/target" "-e" "CARGO_INCREMENTAL=0" "-e" "RUST_BACKTRACE=full" "-e" "RUSTFLAGS=--cap-lints=forbid" "-e" "RUSTDOCFLAGS=--cap-lints=forbid" "-w" "/opt/rustwide/workdir" "--user" "0:0" "270f7298b237df6d2732d2555ce195705de18eab9b0d9bb0abc71f1300ad14f1" "/opt/rustwide/cargo-home/bin/cargo" "+3154cc1a3e6424e44f438a95007d043ed5ceaaf6" "check" "--frozen" "--all" "--all-targets" "--message-format=json", kill_on_drop: false }`
[INFO] [stderr]    Compiling proc-macro2 v1.0.107
[INFO] [stderr]    Compiling target-lexicon v0.13.5
[INFO] [stderr]    Compiling serde_spanned v1.1.1
[INFO] [stderr]    Compiling smallvec v1.15.2
[INFO] [stderr]    Compiling version-compare v0.2.1
[INFO] [stderr]    Compiling system-deps v9.0.0
[INFO] [stderr]     Checking bitflags v2.13.1
[INFO] [stderr]    Compiling find-msvc-tools v0.1.11
[INFO] [stderr]    Compiling serde_core v1.0.229
[INFO] [stderr]    Compiling libc v0.2.189
[INFO] [stderr]    Compiling crossbeam-utils v0.8.22
[INFO] [stderr]    Compiling rustversion v1.0.23
[INFO] [stderr]    Compiling toml v1.1.6+spec-1.1.0
[INFO] [stderr]    Compiling indexmap v2.14.1
[INFO] [stderr]     Checking futures-task v0.3.34
[INFO] [stderr]     Checking futures-channel v0.3.34
[INFO] [stderr]     Checking typenum v1.20.1
[INFO] [stderr]    Compiling crossbeam-epoch v0.9.20
[INFO] [stderr]     Checking zeroize v1.9.0
[INFO] [stderr]    Compiling crossbeam-deque v0.8.7
[INFO] [stderr]    Compiling zmij v1.0.23
[INFO] [stderr]    Compiling crc32fast v1.5.1
[INFO] [stderr]     Checking hashbrown v0.17.1
[INFO] [stderr]    Compiling aho-corasick v1.1.5
[INFO] [stderr]    Compiling regex-syntax v0.8.11
[INFO] [stderr]    Compiling rustix v1.1.4
[INFO] [stderr]    Compiling quote v1.0.47
[INFO] [stderr]     Checking cmov v0.5.4
[INFO] [stderr]    Compiling serde_json v1.0.151
[INFO] [stderr]    Compiling syn v3.0.4
[INFO] [stderr]    Compiling syn v2.0.119
[INFO] [stderr]     Checking ctutils v0.4.2
[INFO] [stderr]    Compiling bstr v1.13.1
[INFO] [stderr]    Compiling log v0.4.34
[INFO] [stderr]    Compiling same-file v1.0.6
[INFO] [stderr]     Checking linux-raw-sys v0.12.1
[INFO] [stderr]     Checking itoa v1.0.18
[INFO] [stderr]    Compiling cfg-expr v0.20.9
[INFO] [stderr]     Checking const-oid v0.10.2
[INFO] [stderr]    Compiling walkdir v2.5.0
[INFO] [stderr]     Checking miniz_oxide v0.9.1
[INFO] [stderr]    Compiling num-traits v0.2.19
[INFO] [stderr]     Checking zlib-rs v0.6.7
[INFO] [stderr]    Compiling toml_edit v0.25.13+spec-1.1.0
[INFO] [stderr]     Checking concurrent-queue v2.5.0
[INFO] [stderr]    Compiling jobserver v0.1.35
[INFO] [stderr]    Compiling bitflags v1.3.2
[INFO] [stderr]    Compiling getrandom v0.4.3
[INFO] [stderr]     Checking cpufeatures v0.3.1
[INFO] [stderr]    Compiling winnow v0.7.15
[INFO] [stderr]     Checking either v1.18.0
[INFO] [stderr]     Checking hybrid-array v0.4.14
[INFO] [stderr]    Compiling system-deps v7.0.8
[INFO] [stderr]    Compiling cc v1.4.4
[INFO] [stderr]    Compiling proc-macro-crate v3.5.0
[INFO] [stderr]    Compiling toml_write v0.1.2
[INFO] [stderr]     Checking flate2 v1.1.10
[INFO] [stderr]    Compiling encoding_rs v0.8.41
[INFO] [stderr]    Compiling arc-swap v1.9.2
[INFO] [stderr]    Compiling stable_deref_trait v1.2.1
[INFO] [stderr]    Compiling gdk4-sys v0.11.4
[INFO] [stderr]    Compiling gsk4-sys v0.11.4
[INFO] [stderr]     Checking crypto-common v0.2.2
[INFO] [stderr]     Checking block-buffer v0.12.1
[INFO] [stderr]     Checking block-padding v0.4.2
[INFO] [stderr]     Checking regex-automata v0.4.18
[INFO] [stderr]     Checking inout v0.2.2
[INFO] [stderr]    Compiling gstreamer-sys v0.25.2
[INFO] [stderr]    Compiling glib-sys v0.22.9
[INFO] [stderr]    Compiling gobject-sys v0.22.9
[INFO] [stderr]    Compiling gio-sys v0.22.9
[INFO] [stderr]    Compiling cairo-sys-rs v0.22.9
[INFO] [stderr]    Compiling pango-sys v0.22.9
[INFO] [stderr]    Compiling gdk-pixbuf-sys v0.22.9
[INFO] [stderr]    Compiling graphene-sys v0.22.9
[INFO] [stderr]    Compiling gtk4-sys v0.11.4
[INFO] [stderr]    Compiling ryu v1.0.23
[INFO] [stderr]    Compiling unsafe-libyaml v0.2.11
[INFO] [stderr]    Compiling zstd-safe v7.2.4
[INFO] [stderr]    Compiling semver v1.0.28
[INFO] [stderr]    Compiling itertools v0.11.0
[INFO] [stderr]    Compiling slotmap v1.1.1
[INFO] [stderr]    Compiling rustc_version v0.4.1
[INFO] [stderr]    Compiling gstreamer-base-sys v0.25.3
[INFO] [stderr]     Checking digest v0.11.3
[INFO] [stderr]     Checking cipher v0.5.2
[INFO] [stderr]     Checking sha2 v0.11.0
[INFO] [stderr]    Compiling memoffset v0.9.1
[INFO] [stderr]     Checking simdutf8 v0.1.5
[INFO] [stderr]    Compiling zstd-sys v2.1.0+zstd.1.5.7
[INFO] [stderr]    Compiling ring v0.17.14
[INFO] [stderr]    Compiling lazy_static v1.5.0
[INFO] [stderr]     Checking libbz2-rs-sys v0.2.5
[INFO] [stderr]     Checking core_detect v1.0.0
[INFO] [stderr]    Compiling once_cell v1.21.4
[INFO] [stderr]    Compiling base62 v2.2.6
[INFO] [stderr]     Checking float-cmp v0.9.0
[INFO] [stderr]     Checking cpubits v0.1.1
[INFO] [stderr]    Compiling normpath v1.5.2
[INFO] [stderr]    Compiling multiversion_no_op v1.0.0
[INFO] [stderr]     Checking tinyvec v1.13.2
[INFO] [stderr]     Checking aes v0.9.3
[INFO] [stderr]     Checking strict-num v0.1.1
[INFO] [stderr]    Compiling rquickjs-sys v0.13.0
[INFO] [stderr]     Checking bzip2 v0.6.1
[INFO] [stderr]     Checking hmac v0.13.0
[INFO] [stderr]    Compiling field-offset v0.3.6
[INFO] [stderr]     Checking num-integer v0.1.47
[INFO] [stderr]     Checking async-channel v2.5.0
[INFO] [stderr]     Checking miniz_oxide v0.8.9
[INFO] [stderr]     Checking fdeflate v0.3.7
[INFO] [stderr]     Checking rustls-pki-types v1.15.1
[INFO] [stderr]     Checking getrandom v0.2.17
[INFO] [stderr]    Compiling pastey v0.2.3
[INFO] [stderr]     Checking bumpalo v3.20.3
[INFO] [stderr]     Checking base64 v0.23.1
[INFO] [stderr]    Compiling httparse v1.10.1
[INFO] [stderr]     Checking roxmltree v0.20.0
[INFO] [stderr]     Checking ppmd-rust v1.4.0
[INFO] [stderr]     Checking time v0.3.55
[INFO] [stderr]     Checking option-operations v0.6.1
[INFO] [stderr]     Checking fontconfig-parser v0.5.8
[INFO] [stderr]     Checking kstring v2.0.4
[INFO] [stderr]     Checking zopfli v0.8.3
[INFO] [stderr]     Checking globset v0.4.20
[INFO] [stderr]     Checking regex v1.13.1
[INFO] [stderr]     Checking png v0.18.1
[INFO] [stderr]     Checking num-rational v0.4.2
[INFO] [stderr]     Checking kurbo v0.13.1
[INFO] [stderr]     Checking ignore v0.4.33
[INFO] [stderr]     Checking pbkdf2 v0.13.0
[INFO] [stderr]     Checking lzma-rust2 v0.16.5
[INFO] [stderr]    Compiling unrar_sys v0.5.8
[INFO] [stderr]     Checking sha1 v0.11.0
[INFO] [stderr]    Compiling gio-unix-sys v0.22.9
[INFO] [stderr]    Compiling pangocairo-sys v0.22.9
[INFO] [stderr]    Compiling sourceview5-sys v0.11.2
[INFO] [stderr]    Compiling poppler-sys-rs v0.26.0
[INFO] [stderr]    Compiling gstreamer-app-sys v0.25.0
[INFO] [stderr]    Compiling gdk4-wayland-sys v0.11.0
[INFO] [stderr]    Compiling gdk4-x11-sys v0.11.0
[INFO] [stderr]     Checking itertools v0.15.0
[INFO] [stderr]    Compiling yeslogic-fontconfig-sys v6.0.1
[INFO] [stderr]     Checking muldiv v1.0.1
[INFO] [stderr]    Compiling zstd-safe v8.0.0
[INFO] [stderr]     Checking typed-path v0.12.3
[INFO] [stderr]     Checking constant_time_eq v0.4.2
[INFO] [stderr]    Compiling rustls v0.23.45
[INFO] [stderr]     Checking deflate64 v0.1.12
[INFO] [stderr]     Checking bytes v1.12.1
[INFO] [stderr]     Checking globwalk v0.8.1
[INFO] [stderr]     Checking svgtypes v0.16.1
[INFO] [stderr]     Checking fontdb v0.24.0
[INFO] [stderr] warning: sourceview5-sys@0.11.2: 
[INFO] [stderr] error: failed to run custom build command for `sourceview5-sys v0.11.2`
[INFO] [stderr] note: To improve backtraces for build dependencies, set the CARGO_PROFILE_DEV_BUILD_OVERRIDE_DEBUG=true environment variable to enable debug information generation.
[INFO] [stderr] 
[INFO] [stderr] Caused by:
[INFO] [stderr]   process didn't exit successfully: `/opt/rustwide/target/debug/build/sourceview5-sys/dbe095123452915d/out/build_script_build` (exit status: 1)
[INFO] [stderr]   --- stdout
[INFO] [stderr]   cargo:rerun-if-changed=/opt/rustwide/cargo-home/registry/src/index.crates.io-1949cf8c6b5b557f/sourceview5-sys-0.11.2/Cargo.toml
[INFO] [stderr]   cargo:rerun-if-env-changed=GTKSOURCEVIEW_5_NO_PKG_CONFIG
[INFO] [stderr]   cargo:rerun-if-env-changed=PKG_CONFIG_x86_64-unknown-linux-gnu
[INFO] [stderr]   cargo:rerun-if-env-changed=PKG_CONFIG_x86_64_unknown_linux_gnu
[INFO] [stderr]   cargo:rerun-if-env-changed=HOST_PKG_CONFIG
[INFO] [stderr]   cargo:rerun-if-env-changed=PKG_CONFIG
[INFO] [stderr]   cargo:rerun-if-env-changed=PKG_CONFIG_PATH_x86_64-unknown-linux-gnu
[INFO] [stderr]   cargo:rerun-if-env-changed=PKG_CONFIG_PATH_x86_64_unknown_linux_gnu
[INFO] [stderr]   cargo:rerun-if-env-changed=HOST_PKG_CONFIG_PATH
[INFO] [stderr]   cargo:rerun-if-env-changed=PKG_CONFIG_PATH
[INFO] [stderr]   cargo:rerun-if-env-changed=PKG_CONFIG_LIBDIR_x86_64-unknown-linux-gnu
[INFO] [stderr]   cargo:rerun-if-env-changed=PKG_CONFIG_LIBDIR_x86_64_unknown_linux_gnu
[INFO] [stderr]   cargo:rerun-if-env-changed=HOST_PKG_CONFIG_LIBDIR
[INFO] [stderr]   cargo:rerun-if-env-changed=PKG_CONFIG_LIBDIR
[INFO] [stderr]   cargo:rerun-if-env-changed=PKG_CONFIG_SYSROOT_DIR_x86_64-unknown-linux-gnu
[INFO] [stderr]   cargo:rerun-if-env-changed=PKG_CONFIG_SYSROOT_DIR_x86_64_unknown_linux_gnu
[INFO] [stderr]   cargo:rerun-if-env-changed=HOST_PKG_CONFIG_SYSROOT_DIR
[INFO] [stderr]   cargo:rerun-if-env-changed=PKG_CONFIG_SYSROOT_DIR
[INFO] [stderr]   cargo:warning=
[INFO] [stderr]   pkg-config exited with status code 1
[INFO] [stderr]   > PKG_CONFIG_ALLOW_SYSTEM_CFLAGS=1 pkg-config --libs --cflags gtksourceview-5 'gtksourceview-5 >= 4.90'
[INFO] [stderr] 
[INFO] [stderr]   pkg-config output:
[INFO] [stderr]     Package gtksourceview-5 was not found in the pkg-config search path.
[INFO] [stderr]     Perhaps you should add the directory containing `gtksourceview-5.pc'
[INFO] [stderr]     to the PKG_CONFIG_PATH environment variable
[INFO] [stderr]     Package 'gtksourceview-5' not found
[INFO] [stderr]     Package 'gtksourceview-5' not found
[INFO] [stderr] 
[INFO] [stderr]   The system library `gtksourceview-5` required by crate `sourceview5-sys` was not found.
[INFO] [stderr]   The file `gtksourceview-5.pc` needs to be installed and the PKG_CONFIG_PATH environment variable must contain its parent directory.
[INFO] [stderr]   The PKG_CONFIG_PATH environment variable is not set.
[INFO] [stderr] 
[INFO] [stderr]   HINT: if you have installed the library, try setting PKG_CONFIG_PATH to the directory containing `gtksourceview-5.pc`.
[INFO] [stderr] 
[INFO] [stderr] warning: build failed, waiting for other jobs to finish...
[INFO] [stderr] error: could not compile `itertools` (lib)
[INFO] [stderr] 
[INFO] [stderr] Caused by:
[INFO] [stderr]   process didn't exit successfully: `/opt/rustwide/rustup-home/toolchains/3154cc1a3e6424e44f438a95007d043ed5ceaaf6/bin/rustc --crate-name itertools --edition=2018 /opt/rustwide/cargo-home/registry/src/index.crates.io-1949cf8c6b5b557f/itertools-0.15.0/src/lib.rs --error-format=json --json=diagnostic-rendered-ansi,artifacts,future-incompat,unused-externs-silent --crate-type lib --emit=dep-info,metadata -C embed-bitcode=no -C debuginfo=2 --cfg 'feature="default"' --cfg 'feature="use_alloc"' --cfg 'feature="use_std"' --check-cfg 'cfg(docsrs,test)' --check-cfg 'cfg(feature, values("default", "use_alloc", "use_std"))' -C metadata=c316ebcd5e1bf6db -C extra-filename=-6d84a511693cc1aa --out-dir /opt/rustwide/target/debug/build/itertools/6d84a511693cc1aa/out --extern either=/opt/rustwide/target/debug/build/either/91f0e0364e264e7b/out/libeither-91f0e0364e264e7b.rmeta --cap-lints allow --cap-lints=forbid --force-warn=unused_crate_dependencies` (signal: 9, SIGKILL: kill)
[INFO] [stderr] error: could not compile `rustix` (lib)
[INFO] [stderr] 
[INFO] [stderr] Caused by:
[INFO] [stderr]   process didn't exit successfully: `/opt/rustwide/rustup-home/toolchains/3154cc1a3e6424e44f438a95007d043ed5ceaaf6/bin/rustc --crate-name rustix --edition=2021 /opt/rustwide/cargo-home/registry/src/index.crates.io-1949cf8c6b5b557f/rustix-1.1.4/src/lib.rs --error-format=json --json=diagnostic-rendered-ansi,artifacts,future-incompat,unused-externs-silent --crate-type lib --emit=dep-info,metadata -C embed-bitcode=no -C debuginfo=2 --cfg 'feature="alloc"' --cfg 'feature="default"' --cfg 'feature="event"' --cfg 'feature="fs"' --cfg 'feature="mount"' --cfg 'feature="net"' --cfg 'feature="pipe"' --cfg 'feature="process"' --cfg 'feature="runtime"' --cfg 'feature="std"' --cfg 'feature="stdio"' --cfg 'feature="thread"' --cfg 'feature="time"' --check-cfg 'cfg(docsrs,test)' --check-cfg 'cfg(feature, values("all-apis", "alloc", "core", "default", "event", "fs", "io_uring", "libc", "libc_errno", "linux_4_11", "linux_5_1", "linux_5_11", "linux_latest", "mm", "mount", "net", "param", "pipe", "process", "pty", "rand", "runtime", "rustc-dep-of-std", "rustc-std-workspace-alloc", "shm", "std", "stdio", "system", "termios", "thread", "time", "try_close", "use-explicitly-provided-auxv", "use-libc", "use-libc-auxv"))' -C metadata=df1c162c1ab7167d -C extra-filename=-f468940cd94badbb --out-dir /opt/rustwide/target/debug/build/rustix/f468940cd94badbb/out --extern bitflags=/opt/rustwide/target/debug/build/bitflags/12164dedcc9c97c0/out/libbitflags-12164dedcc9c97c0.rmeta --extern linux_raw_sys=/opt/rustwide/target/debug/build/linux-raw-sys/d4bc5dcbcaabc690/out/liblinux_raw_sys-d4bc5dcbcaabc690.rmeta --cap-lints allow --cap-lints=forbid --force-warn=unused_crate_dependencies --cfg static_assertions --cfg lower_upper_exp_for_non_zero --cfg rustc_diagnostics --cfg linux_raw_dep --cfg linux_raw --cfg linux_like --cfg linux_kernel` (signal: 9, SIGKILL: kill)
[INFO] [stderr] warning: rquickjs-sys@0.13.0: cc: fatal error: Killed signal terminated program cc1
[INFO] [stderr] warning: rquickjs-sys@0.13.0: compilation terminated.
[INFO] [stderr] warning: rquickjs-sys@0.13.0: ToolExecError: command did not execute successfully (status code exit status: 1): LC_ALL="C" "cc" "-O0" "-ffunction-sections" "-fdata-sections" "-fPIC" "-g" "-gdwarf-4" "-fno-omit-frame-pointer" "-mno-omit-leaf-frame-pointer" "-m64" "-Wall" "-Wno-implicit-const-int-float-conversion" "-D_GNU_SOURCE" "-o" "/opt/rustwide/target/debug/build/rquickjs-sys/0fa61f181e6b54d8/out/f4f8484387ca5c48-quickjs.o" "-c" "/opt/rustwide/target/debug/build/rquickjs-sys/0fa61f181e6b54d8/out/quickjs.c"
[INFO] [stderr] error: failed to run custom build command for `rquickjs-sys v0.13.0`
[INFO] [stderr] note: To improve backtraces for build dependencies, set the CARGO_PROFILE_DEV_BUILD_OVERRIDE_DEBUG=true environment variable to enable debug information generation.
[INFO] [stderr] 
[INFO] [stderr] Caused by:
[INFO] [stderr]   process didn't exit successfully: `/opt/rustwide/target/debug/build/rquickjs-sys/2d8636b1834d74d2/out/build_script_build` (exit status: 1)
[INFO] [stderr]   --- stdout
[INFO] [stderr]   cargo:rerun-if-env-changed=CARGO_FEATURE_BINDGEN
[INFO] [stderr]   cargo:rerun-if-env-changed=CARGO_FEATURE_UPDATE_BINDINGS
[INFO] [stderr]   cargo:rerun-if-env-changed=CARGO_FEATURE_DUMP_BYTECODE
[INFO] [stderr]   cargo:rerun-if-env-changed=CARGO_FEATURE_DUMP_GC
[INFO] [stderr]   cargo:rerun-if-env-changed=CARGO_FEATURE_DUMP_GC_FREE
[INFO] [stderr]   cargo:rerun-if-env-changed=CARGO_FEATURE_DUMP_FREE
[INFO] [stderr]   cargo:rerun-if-env-changed=CARGO_FEATURE_DUMP_LEAKS
[INFO] [stderr]   cargo:rerun-if-env-changed=CARGO_FEATURE_DUMP_MEM
[INFO] [stderr]   cargo:rerun-if-env-changed=CARGO_FEATURE_DUMP_OBJECTS
[INFO] [stderr]   cargo:rerun-if-env-changed=CARGO_FEATURE_DUMP_ATOMS
[INFO] [stderr]   cargo:rerun-if-env-changed=CARGO_FEATURE_DUMP_SHAPES
[INFO] [stderr]   cargo:rerun-if-env-changed=CARGO_FEATURE_DUMP_MODULE_RESOLVE
[INFO] [stderr]   cargo:rerun-if-env-changed=CARGO_FEATURE_DUMP_PROMISE
[INFO] [stderr]   cargo:rerun-if-env-changed=CARGO_FEATURE_DUMP_READ_OBJECT
[INFO] [stderr]   cargo:rerun-if-env-changed=CARGO_FEATURE_DISABLE_ASSERTIONS
[INFO] [stderr]   cargo:rerun-if-env-changed=CARGO_CFG_SANITIZE
[INFO] [stderr]   cargo:rerun-if-env-changed=CC_FORCE_DISABLE
[INFO] [stderr]   CC_FORCE_DISABLE = None
[INFO] [stderr]   cargo:rerun-if-env-changed=CC_x86_64-unknown-linux-gnu
[INFO] [stderr]   CC_x86_64-unknown-linux-gnu = None
[INFO] [stderr]   cargo:rerun-if-env-changed=CC_x86_64_unknown_linux_gnu
[INFO] [stderr]   CC_x86_64_unknown_linux_gnu = None
[INFO] [stderr]   cargo:rerun-if-env-changed=HOST_CC
[INFO] [stderr]   HOST_CC = None
[INFO] [stderr]   cargo:rerun-if-env-changed=CC
[INFO] [stderr]   CC = None
[INFO] [stderr]   cargo:rerun-if-env-changed=CC_ENABLE_DEBUG_OUTPUT
[INFO] [stderr]   cargo:rerun-if-env-changed=CRATE_CC_NO_DEFAULTS
[INFO] [stderr]   CRATE_CC_NO_DEFAULTS = None
[INFO] [stderr]   cargo:rerun-if-env-changed=CRATE_CC_NO_DEFAULTS
[INFO] [stderr]   CRATE_CC_NO_DEFAULTS = None
[INFO] [stderr]   cargo:rerun-if-env-changed=CFLAGS
[INFO] [stderr]   CFLAGS = None
[INFO] [stderr]   cargo:rerun-if-env-changed=HOST_CFLAGS
[INFO] [stderr]   HOST_CFLAGS = None
[INFO] [stderr]   cargo:rerun-if-env-changed=CFLAGS_x86_64_unknown_linux_gnu
[INFO] [stderr]   CFLAGS_x86_64_unknown_linux_gnu = None
[INFO] [stderr]   cargo:rerun-if-env-changed=CFLAGS_x86_64-unknown-linux-gnu
[INFO] [stderr]   CFLAGS_x86_64-unknown-linux-gnu = None
[INFO] [stderr]   cargo:rerun-if-env-changed=CFLAGS
[INFO] [stderr]   CFLAGS = None
[INFO] [stderr]   cargo:rerun-if-env-changed=HOST_CFLAGS
[INFO] [stderr]   HOST_CFLAGS = None
[INFO] [stderr]   cargo:rerun-if-env-changed=CFLAGS_x86_64_unknown_linux_gnu
[INFO] [stderr]   CFLAGS_x86_64_unknown_linux_gnu = None
[INFO] [stderr]   cargo:rerun-if-env-changed=CFLAGS_x86_64-unknown-linux-gnu
[INFO] [stderr]   CFLAGS_x86_64-unknown-linux-gnu = None
[INFO] [stderr]   cargo:rerun-if-env-changed=CRATE_CC_NO_DEFAULTS
[INFO] [stderr]   CRATE_CC_NO_DEFAULTS = None
[INFO] [stderr]   cargo:rerun-if-env-changed=CFLAGS
[INFO] [stderr]   CFLAGS = None
[INFO] [stderr]   cargo:rerun-if-env-changed=HOST_CFLAGS
[INFO] [stderr]   HOST_CFLAGS = None
[INFO] [stderr]   cargo:rerun-if-env-changed=CFLAGS_x86_64_unknown_linux_gnu
[INFO] [stderr]   CFLAGS_x86_64_unknown_linux_gnu = None
[INFO] [stderr]   cargo:rerun-if-env-changed=CFLAGS_x86_64-unknown-linux-gnu
[INFO] [stderr]   CFLAGS_x86_64-unknown-linux-gnu = None
[INFO] [stderr]   cargo:rerun-if-env-changed=CC_x86_64-unknown-linux-gnu
[INFO] [stderr]   CC_x86_64-unknown-linux-gnu = None
[INFO] [stderr]   cargo:rerun-if-env-changed=CC_x86_64_unknown_linux_gnu
[INFO] [stderr]   CC_x86_64_unknown_linux_gnu = None
[INFO] [stderr]   cargo:rerun-if-env-changed=HOST_CC
[INFO] [stderr]   HOST_CC = None
[INFO] [stderr]   cargo:rerun-if-env-changed=CC
[INFO] [stderr]   CC = None
[INFO] [stderr]   cargo:rerun-if-env-changed=CRATE_CC_NO_DEFAULTS
[INFO] [stderr]   CRATE_CC_NO_DEFAULTS = None
[INFO] [stderr]   cargo:rerun-if-env-changed=CFLAGS
[INFO] [stderr]   CFLAGS = None
[INFO] [stderr]   cargo:rerun-if-env-changed=HOST_CFLAGS
[INFO] [stderr]   HOST_CFLAGS = None
[INFO] [stderr]   cargo:rerun-if-env-changed=CFLAGS_x86_64_unknown_linux_gnu
[INFO] [stderr]   CFLAGS_x86_64_unknown_linux_gnu = None
[INFO] [stderr]   cargo:rerun-if-env-changed=CFLAGS_x86_64-unknown-linux-gnu
[INFO] [stderr]   CFLAGS_x86_64-unknown-linux-gnu = None
[INFO] [stderr]   cargo:rerun-if-env-changed=CC_x86_64-unknown-linux-gnu
[INFO] [stderr]   CC_x86_64-unknown-linux-gnu = None
[INFO] [stderr]   cargo:rerun-if-env-changed=CC_x86_64_unknown_linux_gnu
[INFO] [stderr]   CC_x86_64_unknown_linux_gnu = None
[INFO] [stderr]   cargo:rerun-if-env-changed=HOST_CC
[INFO] [stderr]   HOST_CC = None
[INFO] [stderr]   cargo:rerun-if-env-changed=CC
[INFO] [stderr]   CC = None
[INFO] [stderr]   cargo:rerun-if-env-changed=CRATE_CC_NO_DEFAULTS
[INFO] [stderr]   CRATE_CC_NO_DEFAULTS = None
[INFO] [stderr]   cargo:rerun-if-env-changed=CFLAGS
[INFO] [stderr]   CFLAGS = None
[INFO] [stderr]   cargo:rerun-if-env-changed=HOST_CFLAGS
[INFO] [stderr]   HOST_CFLAGS = None
[INFO] [stderr]   cargo:rerun-if-env-changed=CFLAGS_x86_64_unknown_linux_gnu
[INFO] [stderr]   CFLAGS_x86_64_unknown_linux_gnu = None
[INFO] [stderr]   cargo:rerun-if-env-changed=CFLAGS_x86_64-unknown-linux-gnu
[INFO] [stderr]   CFLAGS_x86_64-unknown-linux-gnu = None
[INFO] [stderr]   cargo:rerun-if-env-changed=CC_x86_64-unknown-linux-gnu
[INFO] [stderr]   CC_x86_64-unknown-linux-gnu = None
[INFO] [stderr]   cargo:rerun-if-env-changed=CC_x86_64_unknown_linux_gnu
[INFO] [stderr]   CC_x86_64_unknown_linux_gnu = None
[INFO] [stderr]   cargo:rerun-if-env-changed=HOST_CC
[INFO] [stderr]   HOST_CC = None
[INFO] [stderr]   cargo:rerun-if-env-changed=CC
[INFO] [stderr]   CC = None
[INFO] [stderr]   cargo:rerun-if-env-changed=CRATE_CC_NO_DEFAULTS
[INFO] [stderr]   CRATE_CC_NO_DEFAULTS = None
[INFO] [stderr]   cargo:rerun-if-env-changed=CFLAGS
[INFO] [stderr]   CFLAGS = None
[INFO] [stderr]   cargo:rerun-if-env-changed=HOST_CFLAGS
[INFO] [stderr]   HOST_CFLAGS = None
[INFO] [stderr]   cargo:rerun-if-env-changed=CFLAGS_x86_64_unknown_linux_gnu
[INFO] [stderr]   CFLAGS_x86_64_unknown_linux_gnu = None
[INFO] [stderr]   cargo:rerun-if-env-changed=CFLAGS_x86_64-unknown-linux-gnu
[INFO] [stderr]   CFLAGS_x86_64-unknown-linux-gnu = None
[INFO] [stderr]   cargo:warning=cc: fatal error: Killed signal terminated program cc1
[INFO] [stderr]   cargo:warning=compilation terminated.
[INFO] [stderr]   exit status: 0
[INFO] [stderr]   exit status: 0
[INFO] [stderr]   exit status: 0
[INFO] [stderr]   exit status: 1
[INFO] [stderr]   cargo:warning=ToolExecError: command did not execute successfully (status code exit status: 1): LC_ALL="C" "cc" "-O0" "-ffunction-sections" "-fdata-sections" "-fPIC" "-g" "-gdwarf-4" "-fno-omit-frame-pointer" "-mno-omit-leaf-frame-pointer" "-m64" "-Wall" "-Wno-implicit-const-int-float-conversion" "-D_GNU_SOURCE" "-o" "/opt/rustwide/target/debug/build/rquickjs-sys/0fa61f181e6b54d8/out/f4f8484387ca5c48-quickjs.o" "-c" "/opt/rustwide/target/debug/build/rquickjs-sys/0fa61f181e6b54d8/out/quickjs.c"
[INFO] [stderr] 
[INFO] [stderr]   --- stderr
[INFO] [stderr] 
[INFO] [stderr] 
[INFO] [stderr]   error occurred in cc-rs: command did not execute successfully (status code exit status: 1): LC_ALL="C" "cc" "-O0" "-ffunction-sections" "-fdata-sections" "-fPIC" "-g" "-gdwarf-4" "-fno-omit-frame-pointer" "-mno-omit-leaf-frame-pointer" "-m64" "-Wall" "-Wno-implicit-const-int-float-conversion" "-D_GNU_SOURCE" "-o" "/opt/rustwide/target/debug/build/rquickjs-sys/0fa61f181e6b54d8/out/f4f8484387ca5c48-quickjs.o" "-c" "/opt/rustwide/target/debug/build/rquickjs-sys/0fa61f181e6b54d8/out/quickjs.c"
[INFO] [stderr] 
[INFO] [stderr] 
[ERROR] error running command: no output for 300 seconds
[INFO] running `Command { std: "docker" "inspect" "270f7298b237df6d2732d2555ce195705de18eab9b0d9bb0abc71f1300ad14f1", kill_on_drop: false }`
[INFO] running `Command { std: "docker" "rm" "-f" "270f7298b237df6d2732d2555ce195705de18eab9b0d9bb0abc71f1300ad14f1", kill_on_drop: false }`
[INFO] [stdout] 270f7298b237df6d2732d2555ce195705de18eab9b0d9bb0abc71f1300ad14f1
