[INFO] cloning repository https://github.com/lfld287/w-vmm
[INFO] running `Command { std: "git" "-c" "credential.helper=" "-c" "credential.helper=/workspace/cargo-home/bin/git-credential-null" "clone" "--bare" "https://github.com/lfld287/w-vmm" "/workspace/cache/git-repos/https%3A%2F%2Fgithub.com%2Flfld287%2Fw-vmm", kill_on_drop: false }`
[INFO] [stderr] Cloning into bare repository '/workspace/cache/git-repos/https%3A%2F%2Fgithub.com%2Flfld287%2Fw-vmm'...
[INFO] running `Command { std: "git" "rev-parse" "HEAD", kill_on_drop: false }`
[INFO] [stdout] 87ed12fa7475b90d660102db8791c2bada99d408
[INFO] checking lfld287/w-vmm against 3154cc1a3e6424e44f438a95007d043ed5ceaaf6 for pr-133502-30
[INFO] running `Command { std: "git" "clone" "/workspace/cache/git-repos/https%3A%2F%2Fgithub.com%2Flfld287%2Fw-vmm" "/workspace/builds/worker-1-tc2/source", kill_on_drop: false }`
[INFO] [stderr] Cloning into '/workspace/builds/worker-1-tc2/source'...
[INFO] [stderr] done.
[INFO] started tweaking git repo https://github.com/lfld287/w-vmm
[INFO] finished tweaking git repo https://github.com/lfld287/w-vmm
[INFO] tweaked toml for git repo https://github.com/lfld287/w-vmm written to /workspace/builds/worker-1-tc2/source/Cargo.toml
[INFO] validating manifest of git repo https://github.com/lfld287/w-vmm on toolchain 3154cc1a3e6424e44f438a95007d043ed5ceaaf6
[INFO] running `Command { std: CARGO_HOME="/workspace/cargo-home" RUSTUP_HOME="/workspace/rustup-home" "/workspace/cargo-home/bin/cargo" "+3154cc1a3e6424e44f438a95007d043ed5ceaaf6" "metadata" "--manifest-path" "Cargo.toml" "--no-deps", kill_on_drop: false }`
[INFO] crate git repo https://github.com/lfld287/w-vmm already has a lockfile, it will not be regenerated
[INFO] running `Command { std: CARGO_HOME="/workspace/cargo-home" RUSTUP_HOME="/workspace/rustup-home" "/workspace/cargo-home/bin/cargo" "+3154cc1a3e6424e44f438a95007d043ed5ceaaf6" "fetch" "--manifest-path" "Cargo.toml", kill_on_drop: false }`
[INFO] running `Command { std: "docker" "create" "-v" "/var/lib/crater-agent-workspace/builds/worker-1-tc2/source:/opt/rustwide/workdir:ro,Z" "-v" "/var/lib/crater-agent-workspace/builds/worker-1-tc2/target:/opt/rustwide/target:rw,Z" "-v" "/var/lib/crater-agent-workspace/cargo-home:/opt/rustwide/cargo-home:ro,Z" "-v" "/var/lib/crater-agent-workspace/rustup-home:/opt/rustwide/rustup-home:ro,Z" "-m" "1610612736" "--network" "none" "ghcr.io/rust-lang/crates-build-env/linux@sha256:77db811e55d90add9212f6832c23229e3de5f1c1f9905e8cb07319ea15df73ac" "sleep" "infinity", kill_on_drop: false }`
[INFO] [stdout] 06f1e3e25690ebda2d7998db69058132011e73f8de8a6c5cd7590ef88f976573
[INFO] running `Command { std: "docker" "start" "06f1e3e25690ebda2d7998db69058132011e73f8de8a6c5cd7590ef88f976573", kill_on_drop: false }`
[INFO] running `Command { std: "docker" "inspect" "06f1e3e25690ebda2d7998db69058132011e73f8de8a6c5cd7590ef88f976573", kill_on_drop: false }`
[INFO] running `Command { std: "docker" "exec" "-e" "SOURCE_DIR=/opt/rustwide/workdir" "-e" "CARGO_HOME=/opt/rustwide/cargo-home" "-e" "RUSTUP_HOME=/opt/rustwide/rustup-home" "-e" "CARGO_TARGET_DIR=/opt/rustwide/target" "-w" "/opt/rustwide/workdir" "--user" "0:0" "06f1e3e25690ebda2d7998db69058132011e73f8de8a6c5cd7590ef88f976573" "/opt/rustwide/cargo-home/bin/cargo" "+3154cc1a3e6424e44f438a95007d043ed5ceaaf6" "metadata" "--no-deps" "--format-version=1", kill_on_drop: false }`
[INFO] running `Command { std: "docker" "inspect" "06f1e3e25690ebda2d7998db69058132011e73f8de8a6c5cd7590ef88f976573", kill_on_drop: false }`
[INFO] running `Command { std: "docker" "exec" "-e" "SOURCE_DIR=/opt/rustwide/workdir" "-e" "CARGO_HOME=/opt/rustwide/cargo-home" "-e" "RUSTUP_HOME=/opt/rustwide/rustup-home" "-e" "CARGO_TARGET_DIR=/opt/rustwide/target" "-e" "CARGO_INCREMENTAL=0" "-e" "RUST_BACKTRACE=full" "-e" "RUSTFLAGS=--cap-lints=forbid" "-e" "RUSTDOCFLAGS=--cap-lints=forbid" "-w" "/opt/rustwide/workdir" "--user" "0:0" "06f1e3e25690ebda2d7998db69058132011e73f8de8a6c5cd7590ef88f976573" "/opt/rustwide/cargo-home/bin/cargo" "+3154cc1a3e6424e44f438a95007d043ed5ceaaf6" "check" "--frozen" "--all" "--all-targets" "--message-format=json", kill_on_drop: false }`
[INFO] [stderr]    Compiling unicode-ident v1.0.25
[INFO] [stderr]    Compiling libc v0.2.189
[INFO] [stderr]    Compiling thiserror v2.0.20
[INFO] [stderr]    Compiling cfg_aliases v0.2.2
[INFO] [stderr]     Checking cfg-if v1.0.5
[INFO] [stderr]     Checking bitflags v2.13.2
[INFO] [stderr]     Checking virtio-bindings v0.2.7
[INFO] [stderr]     Checking log v0.4.34
[INFO] [stderr]     Checking vm-superio v0.8.2
[INFO] [stderr]    Compiling serde_core v1.0.229
[INFO] [stderr]     Checking miniz_oxide v0.8.9
[INFO] [stderr]    Compiling imago v0.2.5
[INFO] [stderr]    Compiling signal-hook v0.3.18
[INFO] [stderr]     Checking clap_lex v1.1.1
[INFO] [stderr]    Compiling serde v1.0.229
[INFO] [stderr]     Checking memchr v2.8.3
[INFO] [stderr]    Compiling proc-macro2 v1.0.107
[INFO] [stderr]    Compiling nix v0.30.1
[INFO] [stderr]     Checking clap_builder v4.6.7
[INFO] [stderr]    Compiling quote v1.0.47
[INFO] [stderr]    Compiling syn v3.0.6
[INFO] [stderr]    Compiling syn v2.0.119
[INFO] [stderr]     Checking page_size v0.6.0
[INFO] [stderr]     Checking vmm-sys-util v0.15.0
[INFO] [stderr]     Checking errno v0.3.14
[INFO] [stderr]     Checking signal-hook-registry v1.4.8
[INFO] [stderr]     Checking serde_json v1.0.151
[INFO] [stderr]    Compiling thiserror-impl v2.0.20
[INFO] [stderr]    Compiling clap_derive v4.6.7
[INFO] [stderr]    Compiling serde_derive v1.0.229
[INFO] [stderr]    Compiling tracing-attributes v0.1.31
[INFO] [stderr]    Compiling maybe-async v0.2.11
[INFO] [stderr]     Checking clap v4.6.7
[INFO] [stderr]     Checking vm-memory v0.18.0
[INFO] [stderr]     Checking virtio-queue v0.18.0
[INFO] [stderr]     Checking tracing v0.1.44
[INFO] [stderr]     Checking w-vmm v0.1.0 (/opt/rustwide/workdir)
[INFO] [stderr]     Checking w-vmm-demo v0.1.0 (/opt/rustwide/workdir/demo)
[INFO] [stdout] error[E0433]: cannot find `macos` in `net`
[INFO] [stdout]    --> demo/src/control.rs:248:55
[INFO] [stdout]     |
[INFO] [stdout] 248 |     ) -> w_vmm::Vmm<w_vmm::storage::Disk, w_vmm::net::macos::Vmnet, TestSerial> {
[INFO] [stdout]     |                                                       ^^^^^ could not find `macos` in `net`
[INFO] [stdout]     |
[INFO] [stdout] note: found an item that was configured out
[INFO] [stdout]    --> src/net.rs:8:9
[INFO] [stdout]     |
[INFO] [stdout]   7 | #[cfg(target_os = "macos")]
[INFO] [stdout]     |       ------------------- the item is gated behind the `macos` feature
[INFO] [stdout]   8 | pub mod macos;
[INFO] [stdout]     |         ^^^^^
[INFO] [stdout] 
[INFO] [stdout] 
[INFO] [stdout] For more information about this error, try `rustc --explain E0433`.
[INFO] [stdout] 
[INFO] [stderr] error: could not compile `w-vmm-demo` (lib test) due to 1 previous error
[INFO] [stderr] warning: build failed, waiting for other jobs to finish...
[INFO] [stdout] error[E0432]: unresolved import `w_vmm::net::macos`
[INFO] [stdout]  --> demo/src/main.rs:5:22
[INFO] [stdout]   |
[INFO] [stdout] 5 |     net::{NetDevice, macos::Vmnet},
[INFO] [stdout]   |                      ^^^^^ could not find `macos` in `net`
[INFO] [stdout]   |
[INFO] [stdout] note: found an item that was configured out
[INFO] [stdout]  --> src/net.rs:8:9
[INFO] [stdout]   |
[INFO] [stdout] 7 | #[cfg(target_os = "macos")]
[INFO] [stdout]   |       ------------------- the item is gated behind the `macos` feature
[INFO] [stdout] 8 | pub mod macos;
[INFO] [stdout]   |         ^^^^^
[INFO] [stdout] 
[INFO] [stdout] 
[INFO] [stdout] error[E0432]: unresolved import `w_vmm::net::macos`
[INFO] [stdout]  --> demo/src/main.rs:5:22
[INFO] [stdout]   |
[INFO] [stdout] 5 |     net::{NetDevice, macos::Vmnet},
[INFO] [stdout]   |                      ^^^^^ could not find `macos` in `net`
[INFO] [stdout]   |
[INFO] [stdout] note: found an item that was configured out
[INFO] [stdout]  --> src/net.rs:8:9
[INFO] [stdout]   |
[INFO] [stdout] 7 | #[cfg(target_os = "macos")]
[INFO] [stdout]   |       ------------------- the item is gated behind the `macos` feature
[INFO] [stdout] 8 | pub mod macos;
[INFO] [stdout]   |         ^^^^^
[INFO] [stdout] 
[INFO] [stdout] 
[INFO] [stdout] For more information about this error, try `rustc --explain E0432`.
[INFO] [stdout] 
[INFO] [stdout] For more information about this error, try `rustc --explain E0432`.
[INFO] [stdout] 
[INFO] [stderr] error: could not compile `w-vmm-demo` (bin "w-vmm" test) due to 1 previous error
[INFO] [stderr] error: could not compile `w-vmm-demo` (bin "w-vmm") due to 1 previous error
[INFO] running `Command { std: "docker" "inspect" "06f1e3e25690ebda2d7998db69058132011e73f8de8a6c5cd7590ef88f976573", kill_on_drop: false }`
[INFO] running `Command { std: "docker" "rm" "-f" "06f1e3e25690ebda2d7998db69058132011e73f8de8a6c5cd7590ef88f976573", kill_on_drop: false }`
[INFO] [stdout] 06f1e3e25690ebda2d7998db69058132011e73f8de8a6c5cd7590ef88f976573
