[INFO] cloning repository https://github.com/leset0ng/AstroBox-XiaomiAiPlugin
[INFO] running `Command { std: "git" "-c" "credential.helper=" "-c" "credential.helper=/workspace/cargo-home/bin/git-credential-null" "clone" "--bare" "https://github.com/leset0ng/AstroBox-XiaomiAiPlugin" "/workspace/cache/git-repos/https%3A%2F%2Fgithub.com%2Fleset0ng%2FAstroBox-XiaomiAiPlugin", kill_on_drop: false }`
[INFO] [stderr] Cloning into bare repository '/workspace/cache/git-repos/https%3A%2F%2Fgithub.com%2Fleset0ng%2FAstroBox-XiaomiAiPlugin'...
[INFO] running `Command { std: "git" "rev-parse" "HEAD", kill_on_drop: false }`
[INFO] [stdout] 595d89d47c156843aa987f9ef5a878b2f8fb6999
[INFO] checking leset0ng/AstroBox-XiaomiAiPlugin against 3154cc1a3e6424e44f438a95007d043ed5ceaaf6 for pr-133502-30
[INFO] running `Command { std: "git" "clone" "/workspace/cache/git-repos/https%3A%2F%2Fgithub.com%2Fleset0ng%2FAstroBox-XiaomiAiPlugin" "/workspace/builds/worker-1-tc2/source", kill_on_drop: false }`
[INFO] [stderr] Cloning into '/workspace/builds/worker-1-tc2/source'...
[INFO] [stderr] done.
[INFO] removed /workspace/builds/worker-1-tc2/source/.cargo/config.toml
[INFO] started tweaking git repo https://github.com/leset0ng/AstroBox-XiaomiAiPlugin
[INFO] finished tweaking git repo https://github.com/leset0ng/AstroBox-XiaomiAiPlugin
[INFO] tweaked toml for git repo https://github.com/leset0ng/AstroBox-XiaomiAiPlugin written to /workspace/builds/worker-1-tc2/source/Cargo.toml
[INFO] validating manifest of git repo https://github.com/leset0ng/AstroBox-XiaomiAiPlugin on toolchain 3154cc1a3e6424e44f438a95007d043ed5ceaaf6
[INFO] running `Command { std: CARGO_HOME="/workspace/cargo-home" RUSTUP_HOME="/workspace/rustup-home" "/workspace/cargo-home/bin/cargo" "+3154cc1a3e6424e44f438a95007d043ed5ceaaf6" "metadata" "--manifest-path" "Cargo.toml" "--no-deps", kill_on_drop: false }`
[INFO] crate git repo https://github.com/leset0ng/AstroBox-XiaomiAiPlugin already has a lockfile, it will not be regenerated
[INFO] running `Command { std: CARGO_HOME="/workspace/cargo-home" RUSTUP_HOME="/workspace/rustup-home" "/workspace/cargo-home/bin/cargo" "+3154cc1a3e6424e44f438a95007d043ed5ceaaf6" "fetch" "--manifest-path" "Cargo.toml", kill_on_drop: false }`
[INFO] [stderr]     Blocking waiting for file lock on package cache
[INFO] [stderr]     Updating crates.io index
[INFO] [stderr]     Blocking waiting for file lock on package cache
[INFO] [stderr]      Locking 1 package to highest Rust 1.101.0-nightly compatible version
[INFO] [stderr]     Updating astrobox-ng-wit v0.2.1 -> v0.3.1 (available: v0.4.0)
[INFO] running `Command { std: "docker" "create" "-v" "/var/lib/crater-agent-workspace/builds/worker-1-tc2/source:/opt/rustwide/workdir:ro,Z" "-v" "/var/lib/crater-agent-workspace/builds/worker-1-tc2/target:/opt/rustwide/target:rw,Z" "-v" "/var/lib/crater-agent-workspace/cargo-home:/opt/rustwide/cargo-home:ro,Z" "-v" "/var/lib/crater-agent-workspace/rustup-home:/opt/rustwide/rustup-home:ro,Z" "-m" "1610612736" "--network" "none" "ghcr.io/rust-lang/crates-build-env/linux@sha256:77db811e55d90add9212f6832c23229e3de5f1c1f9905e8cb07319ea15df73ac" "sleep" "infinity", kill_on_drop: false }`
[INFO] [stdout] 300f642b3e9f275d840d37004c9e5cea947989a9b531fcb5bc95d162b1759a19
[INFO] running `Command { std: "docker" "start" "300f642b3e9f275d840d37004c9e5cea947989a9b531fcb5bc95d162b1759a19", kill_on_drop: false }`
[INFO] running `Command { std: "docker" "inspect" "300f642b3e9f275d840d37004c9e5cea947989a9b531fcb5bc95d162b1759a19", kill_on_drop: false }`
[INFO] running `Command { std: "docker" "exec" "-e" "SOURCE_DIR=/opt/rustwide/workdir" "-e" "CARGO_HOME=/opt/rustwide/cargo-home" "-e" "RUSTUP_HOME=/opt/rustwide/rustup-home" "-e" "CARGO_TARGET_DIR=/opt/rustwide/target" "-w" "/opt/rustwide/workdir" "--user" "0:0" "300f642b3e9f275d840d37004c9e5cea947989a9b531fcb5bc95d162b1759a19" "/opt/rustwide/cargo-home/bin/cargo" "+3154cc1a3e6424e44f438a95007d043ed5ceaaf6" "metadata" "--no-deps" "--format-version=1", kill_on_drop: false }`
[INFO] running `Command { std: "docker" "inspect" "300f642b3e9f275d840d37004c9e5cea947989a9b531fcb5bc95d162b1759a19", kill_on_drop: false }`
[INFO] running `Command { std: "docker" "exec" "-e" "SOURCE_DIR=/opt/rustwide/workdir" "-e" "CARGO_HOME=/opt/rustwide/cargo-home" "-e" "RUSTUP_HOME=/opt/rustwide/rustup-home" "-e" "CARGO_TARGET_DIR=/opt/rustwide/target" "-e" "CARGO_INCREMENTAL=0" "-e" "RUST_BACKTRACE=full" "-e" "RUSTFLAGS=--cap-lints=forbid" "-e" "RUSTDOCFLAGS=--cap-lints=forbid" "-w" "/opt/rustwide/workdir" "--user" "0:0" "300f642b3e9f275d840d37004c9e5cea947989a9b531fcb5bc95d162b1759a19" "/opt/rustwide/cargo-home/bin/cargo" "+3154cc1a3e6424e44f438a95007d043ed5ceaaf6" "check" "--frozen" "--all" "--all-targets" "--message-format=json", kill_on_drop: false }`
[INFO] [stderr]    Compiling serde_core v1.0.228
[INFO] [stderr]    Compiling bitflags v2.11.1
[INFO] [stderr]    Compiling semver v1.0.28
[INFO] [stderr]    Compiling serde_json v1.0.149
[INFO] [stderr]    Compiling serde v1.0.228
[INFO] [stderr]    Compiling memchr v2.8.0
[INFO] [stderr]    Compiling prettyplease v0.2.37
[INFO] [stderr]    Compiling hashbrown v0.17.0
[INFO] [stderr]    Compiling anyhow v1.0.102
[INFO] [stderr]    Compiling id-arena v2.3.0
[INFO] [stderr]    Compiling log v0.4.29
[INFO] [stderr]    Compiling ahash v0.8.12
[INFO] [stderr]    Compiling zerocopy v0.8.48
[INFO] [stderr]    Compiling zmij v1.0.21
[INFO] [stderr]    Compiling once_cell v1.21.4
[INFO] [stderr]    Compiling syn v2.0.117
[INFO] [stderr]    Compiling leb128 v0.2.6
[INFO] [stderr]    Compiling smallvec v1.15.1
[INFO] [stderr]    Compiling leb128fmt v0.1.0
[INFO] [stderr]     Checking futures-core v0.3.32
[INFO] [stderr]     Checking futures-sink v0.3.32
[INFO] [stderr]    Compiling wit-bindgen-rust v0.34.0
[INFO] [stderr]     Checking futures-task v0.3.32
[INFO] [stderr]     Checking futures-io v0.3.32
[INFO] [stderr]     Checking slab v0.4.12
[INFO] [stderr]     Checking futures-channel v0.3.32
[INFO] [stderr]    Compiling wit-bindgen-rust v0.57.1
[INFO] [stderr]    Compiling wit-bindgen-rust-macro v0.34.0
[INFO] [stderr]    Compiling wit-bindgen-rust-macro v0.57.1
[INFO] [stderr]    Compiling crossbeam-utils v0.8.21
[INFO] [stderr]    Compiling wit-bindgen-rt v0.34.0
[INFO] [stderr]    Compiling wit-bindgen v0.57.1
[INFO] [stderr]    Compiling spdx v0.10.9
[INFO] [stderr]     Checking deranged v0.5.8
[INFO] [stderr]     Checking tracing-log v0.2.0
[INFO] [stderr]     Checking thread_local v1.1.9
[INFO] [stderr]     Checking time-core v0.1.8
[INFO] [stderr]     Checking num-conv v0.2.1
[INFO] [stderr]     Checking form_urlencoded v1.2.2
[INFO] [stderr]     Checking http v1.4.0
[INFO] [stderr]     Checking tracing-subscriber v0.3.23
[INFO] [stderr]     Checking crossbeam-channel v0.5.15
[INFO] [stderr]     Checking time v0.3.47
[INFO] [stderr]    Compiling indexmap v2.14.0
[INFO] [stderr]    Compiling macro-string v0.2.0
[INFO] [stderr]    Compiling wasmparser v0.247.0
[INFO] [stderr]    Compiling serde_derive v1.0.228
[INFO] [stderr]    Compiling futures-macro v0.3.32
[INFO] [stderr]    Compiling thiserror-impl v1.0.69
[INFO] [stderr]    Compiling tracing-attributes v0.1.31
[INFO] [stderr]    Compiling waki-macros v0.5.1
[INFO] [stderr]     Checking futures-util v0.3.32
[INFO] [stderr]     Checking tracing v0.1.44
[INFO] [stderr]     Checking thiserror v1.0.69
[INFO] [stderr]     Checking tracing-appender v0.2.3
[INFO] [stderr]    Compiling hashbrown v0.14.5
[INFO] [stderr]    Compiling wasmparser v0.219.2
[INFO] [stderr]     Checking futures-executor v0.3.32
[INFO] [stderr]     Checking futures v0.3.32
[INFO] [stderr]    Compiling wasm-encoder v0.247.0
[INFO] [stderr]    Compiling wit-parser v0.247.0
[INFO] [stderr]    Compiling wasm-metadata v0.247.0
[INFO] [stderr]    Compiling wasm-encoder v0.219.2
[INFO] [stderr]    Compiling wit-parser v0.219.2
[INFO] [stderr]    Compiling wit-bindgen-core v0.57.1
[INFO] [stderr]    Compiling wit-component v0.247.0
[INFO] [stderr]    Compiling wasm-metadata v0.219.2
[INFO] [stderr]    Compiling wit-bindgen-core v0.34.0
[INFO] [stderr]    Compiling wit-component v0.219.2
[INFO] [stderr]     Checking astrobox-ng-wit v0.3.1
[INFO] [stderr]     Checking wit-bindgen v0.34.0
[INFO] [stderr]     Checking waki v0.5.1
[INFO] [stderr]     Checking astrobox-ng-plugin-template-rust v0.1.0 (/opt/rustwide/workdir)
[INFO] [stdout] error[E0432]: unresolved import `astrobox_ng_wit::exports::astrobox::psys_plugin::event`
[INFO] [stdout]  --> src/lib.rs:4:5
[INFO] [stdout]   |
[INFO] [stdout] 4 |     event::{self, EventType},
[INFO] [stdout]   |     ^^^^^ could not find `event` in `psys_plugin`
[INFO] [stdout] 
[INFO] [stdout] 
[INFO] [stdout] error[E0432]: unresolved import `astrobox_ng_wit::exports::astrobox::psys_plugin::event`
[INFO] [stdout]  --> src/lib.rs:4:5
[INFO] [stdout]   |
[INFO] [stdout] 4 |     event::{self, EventType},
[INFO] [stdout]   |     ^^^^^ could not find `event` in `psys_plugin`
[INFO] [stdout] 
[INFO] [stdout] 
[INFO] [stdout] error[E0432]: unresolved import `astrobox_ng_wit::astrobox::psys_host::ui`
[INFO] [stdout]  --> src/ui.rs:1:50
[INFO] [stdout]   |
[INFO] [stdout] 1 | use astrobox_ng_wit::astrobox::psys_host::{self, ui};
[INFO] [stdout]   |                                                  ^^ no `ui` in `astrobox::psys_host`
[INFO] [stdout]   |
[INFO] [stdout]   = help: consider importing this module instead:
[INFO] [stdout]           crate::ui
[INFO] [stdout] 
[INFO] [stdout] 
[INFO] [stdout] error[E0432]: unresolved import `astrobox_ng_wit::astrobox::psys_host::ui`
[INFO] [stdout]  --> src/ui.rs:1:50
[INFO] [stdout]   |
[INFO] [stdout] 1 | use astrobox_ng_wit::astrobox::psys_host::{self, ui};
[INFO] [stdout]   |                                                  ^^ no `ui` in `astrobox::psys_host`
[INFO] [stdout]   |
[INFO] [stdout]   = help: consider importing this module instead:
[INFO] [stdout]           crate::ui
[INFO] [stdout] 
[INFO] [stdout] 
[INFO] [stdout] error[E0433]: cannot find `ui` in `psys_host`
[INFO] [stdout]   --> src/ui.rs:35:32
[INFO] [stdout]    |
[INFO] [stdout] 35 |                     psys_host::ui::render(&root_element_id, build_main_ui(click_count));
[INFO] [stdout]    |                                ^^ could not find `ui` in `psys_host`
[INFO] [stdout] 
[INFO] [stdout] 
[INFO] [stdout] error[E0433]: cannot find `ui` in `psys_host`
[INFO] [stdout]   --> src/ui.rs:35:32
[INFO] [stdout]    |
[INFO] [stdout] 35 |                     psys_host::ui::render(&root_element_id, build_main_ui(click_count));
[INFO] [stdout]    |                                ^^ could not find `ui` in `psys_host`
[INFO] [stdout] 
[INFO] [stdout] 
[INFO] [stdout] error[E0433]: cannot find `ui` in `psys_host`
[INFO] [stdout]   --> src/ui.rs:92:16
[INFO] [stdout]    |
[INFO] [stdout] 92 |     psys_host::ui::render(element_id, build_main_ui(click_count));
[INFO] [stdout]    |                ^^ could not find `ui` in `psys_host`
[INFO] [stdout] 
[INFO] [stdout] 
[INFO] [stdout] error[E0433]: cannot find `ui` in `psys_host`
[INFO] [stdout]   --> src/ui.rs:92:16
[INFO] [stdout]    |
[INFO] [stdout] 92 |     psys_host::ui::render(element_id, build_main_ui(click_count));
[INFO] [stdout]    |                ^^ could not find `ui` in `psys_host`
[INFO] [stdout] 
[INFO] [stdout] 
[INFO] [stdout] Some errors have detailed explanations: E0432, E0433.
[INFO] [stdout] 
[INFO] [stdout] For more information about an error, try `rustc --explain E0432`.
[INFO] [stdout] 
[INFO] [stdout] Some errors have detailed explanations: E0432, E0433.
[INFO] [stdout] 
[INFO] [stdout] For more information about an error, try `rustc --explain E0432`.
[INFO] [stdout] 
[INFO] [stderr] error: could not compile `astrobox-ng-plugin-template-rust` (lib test) due to 4 previous errors
[INFO] [stderr] warning: build failed, waiting for other jobs to finish...
[INFO] [stderr] error: could not compile `astrobox-ng-plugin-template-rust` (lib) due to 4 previous errors
[INFO] [stderr] warning: unused dependency `serde_json`
[INFO] [stderr]  --> Cargo.toml:4:1
[INFO] [stderr]   |
[INFO] [stderr] 4 | serde_json = "1.0"
[INFO] [stderr]   | ^^^^^^^^^^^^^^^^^^
[INFO] [stderr]   |
[INFO] [stderr]   = note: `cargo::unused_dependencies` is set to `warn` by default
[INFO] [stderr] help: consider removing the dependency on `serde_json`
[INFO] [stderr] warning: unused dependency `waki`
[INFO] [stderr]  --> Cargo.toml:8:1
[INFO] [stderr]   |
[INFO] [stderr] 8 | waki = "0.5.1"
[INFO] [stderr]   | ^^^^^^^^^^^^^^
[INFO] [stderr]   |
[INFO] [stderr] help: consider removing the dependency on `waki`
[INFO] [stderr] warning: `astrobox-ng-plugin-template-rust` (manifest) generated 2 warnings
[INFO] running `Command { std: "docker" "inspect" "300f642b3e9f275d840d37004c9e5cea947989a9b531fcb5bc95d162b1759a19", kill_on_drop: false }`
[INFO] running `Command { std: "docker" "rm" "-f" "300f642b3e9f275d840d37004c9e5cea947989a9b531fcb5bc95d162b1759a19", kill_on_drop: false }`
[INFO] [stdout] 300f642b3e9f275d840d37004c9e5cea947989a9b531fcb5bc95d162b1759a19
