[INFO] cloning repository https://github.com/leoxcho/ProjectDestiny-Research
[INFO] running `Command { std: "git" "-c" "credential.helper=" "-c" "credential.helper=/workspace/cargo-home/bin/git-credential-null" "clone" "--bare" "https://github.com/leoxcho/ProjectDestiny-Research" "/workspace/cache/git-repos/https%3A%2F%2Fgithub.com%2Fleoxcho%2FProjectDestiny-Research", kill_on_drop: false }`
[INFO] [stderr] Cloning into bare repository '/workspace/cache/git-repos/https%3A%2F%2Fgithub.com%2Fleoxcho%2FProjectDestiny-Research'...
[INFO] running `Command { std: "git" "rev-parse" "HEAD", kill_on_drop: false }`
[INFO] [stdout] b89009bb5f28697bdb5f3a721792f3cd6c8e30ad
[INFO] checking leoxcho/ProjectDestiny-Research against 3154cc1a3e6424e44f438a95007d043ed5ceaaf6+rustflags=-Znext-solver=coherence for pr-133502-30
[INFO] running `Command { std: "git" "clone" "/workspace/cache/git-repos/https%3A%2F%2Fgithub.com%2Fleoxcho%2FProjectDestiny-Research" "/workspace/builds/worker-4-tc1/source", kill_on_drop: false }`
[INFO] [stderr] Cloning into '/workspace/builds/worker-4-tc1/source'...
[INFO] [stderr] done.
[INFO] started tweaking git repo https://github.com/leoxcho/ProjectDestiny-Research
[INFO] finished tweaking git repo https://github.com/leoxcho/ProjectDestiny-Research
[INFO] tweaked toml for git repo https://github.com/leoxcho/ProjectDestiny-Research written to /workspace/builds/worker-4-tc1/source/Cargo.toml
[INFO] validating manifest of git repo https://github.com/leoxcho/ProjectDestiny-Research on toolchain 3154cc1a3e6424e44f438a95007d043ed5ceaaf6
[INFO] running `Command { std: CARGO_HOME="/workspace/cargo-home" RUSTUP_HOME="/workspace/rustup-home" "/workspace/cargo-home/bin/cargo" "+3154cc1a3e6424e44f438a95007d043ed5ceaaf6" "metadata" "--manifest-path" "Cargo.toml" "--no-deps", kill_on_drop: false }`
[INFO] crate git repo https://github.com/leoxcho/ProjectDestiny-Research already has a lockfile, it will not be regenerated
[INFO] running `Command { std: CARGO_HOME="/workspace/cargo-home" RUSTUP_HOME="/workspace/rustup-home" "/workspace/cargo-home/bin/cargo" "+3154cc1a3e6424e44f438a95007d043ed5ceaaf6" "fetch" "--manifest-path" "Cargo.toml", kill_on_drop: false }`
[INFO] [stderr] warning: unused field `license` in `workspace.package`
[INFO] [stderr]   --> Cargo.toml:38:1
[INFO] [stderr]    |
[INFO] [stderr] 38 | license = "MIT"
[INFO] [stderr]    | ^^^^^^^
[INFO] [stderr]    |
[INFO] [stderr]    = note: `cargo::unused_workspace_package_fields` is set to `warn` by default
[INFO] [stderr] help: consider removing the field `workspace.package.license`
[INFO] [stderr] warning: workspace (manifest) generated 1 warning
[INFO] running `Command { std: "docker" "create" "-v" "/var/lib/crater-agent-workspace/builds/worker-4-tc1/source:/opt/rustwide/workdir:ro,Z" "-v" "/var/lib/crater-agent-workspace/builds/worker-4-tc1/target:/opt/rustwide/target:rw,Z" "-v" "/var/lib/crater-agent-workspace/cargo-home:/opt/rustwide/cargo-home:ro,Z" "-v" "/var/lib/crater-agent-workspace/rustup-home:/opt/rustwide/rustup-home:ro,Z" "-m" "1610612736" "--network" "none" "ghcr.io/rust-lang/crates-build-env/linux@sha256:77db811e55d90add9212f6832c23229e3de5f1c1f9905e8cb07319ea15df73ac" "sleep" "infinity", kill_on_drop: false }`
[INFO] [stdout] e0fd3b816f4784bab2a07bc1bde11617780518e2d430c272a5a70257066c0dd2
[INFO] running `Command { std: "docker" "start" "e0fd3b816f4784bab2a07bc1bde11617780518e2d430c272a5a70257066c0dd2", kill_on_drop: false }`
[INFO] running `Command { std: "docker" "inspect" "e0fd3b816f4784bab2a07bc1bde11617780518e2d430c272a5a70257066c0dd2", kill_on_drop: false }`
[INFO] running `Command { std: "docker" "exec" "-e" "SOURCE_DIR=/opt/rustwide/workdir" "-e" "CARGO_HOME=/opt/rustwide/cargo-home" "-e" "RUSTUP_HOME=/opt/rustwide/rustup-home" "-e" "CARGO_TARGET_DIR=/opt/rustwide/target" "-w" "/opt/rustwide/workdir" "--user" "0:0" "e0fd3b816f4784bab2a07bc1bde11617780518e2d430c272a5a70257066c0dd2" "/opt/rustwide/cargo-home/bin/cargo" "+3154cc1a3e6424e44f438a95007d043ed5ceaaf6" "metadata" "--no-deps" "--format-version=1", kill_on_drop: false }`
[INFO] running `Command { std: "docker" "inspect" "e0fd3b816f4784bab2a07bc1bde11617780518e2d430c272a5a70257066c0dd2", kill_on_drop: false }`
[INFO] running `Command { std: "docker" "exec" "-e" "SOURCE_DIR=/opt/rustwide/workdir" "-e" "CARGO_HOME=/opt/rustwide/cargo-home" "-e" "RUSTUP_HOME=/opt/rustwide/rustup-home" "-e" "CARGO_TARGET_DIR=/opt/rustwide/target" "-e" "CARGO_INCREMENTAL=0" "-e" "RUST_BACKTRACE=full" "-e" "RUSTFLAGS=--cap-lints=forbid -Znext-solver=coherence" "-e" "RUSTDOCFLAGS=--cap-lints=forbid" "-w" "/opt/rustwide/workdir" "--user" "0:0" "e0fd3b816f4784bab2a07bc1bde11617780518e2d430c272a5a70257066c0dd2" "/opt/rustwide/cargo-home/bin/cargo" "+3154cc1a3e6424e44f438a95007d043ed5ceaaf6" "check" "--frozen" "--all" "--all-targets" "--message-format=json", kill_on_drop: false }`
[INFO] [stderr] warning: unused field `license` in `workspace.package`
[INFO] [stderr]   --> Cargo.toml:38:1
[INFO] [stderr]    |
[INFO] [stderr] 38 | license = "MIT"
[INFO] [stderr]    | ^^^^^^^
[INFO] [stderr]    |
[INFO] [stderr]    = note: `cargo::unused_workspace_package_fields` is set to `warn` by default
[INFO] [stderr] help: consider removing the field `workspace.package.license`
[INFO] [stderr] warning: workspace (manifest) generated 1 warning
[INFO] [stderr]    Compiling zerocopy v0.8.55
[INFO] [stderr]    Compiling libsqlite3-sys v0.30.1
[INFO] [stderr]    Compiling syn v2.0.119
[INFO] [stderr]     Checking serde_json v1.0.151
[INFO] [stderr]     Checking futures-task v0.3.33
[INFO] [stderr]     Checking slab v0.4.12
[INFO] [stderr]     Checking serde v1.0.229
[INFO] [stderr]     Checking clap_builder v4.6.5
[INFO] [stderr]     Checking futures-channel v0.3.33
[INFO] [stderr]     Checking tokio v1.53.1
[INFO] [stderr]    Compiling async-trait v0.1.91
[INFO] [stderr]    Compiling thiserror-impl v2.0.19
[INFO] [stderr]     Checking serde_path_to_error v0.1.20
[INFO] [stderr]    Compiling portable-atomic v1.14.0
[INFO] [stderr]     Checking sha2 v0.10.9
[INFO] [stderr]     Checking regex-automata v0.4.18
[INFO] [stderr]     Checking console v0.15.11
[INFO] [stderr]     Checking futures-util v0.3.33
[INFO] [stderr]     Checking destiny-auth-service v0.1.0 (/opt/rustwide/workdir/crates/destiny-auth-service)
[INFO] [stderr]     Checking destiny-world-service v0.1.0 (/opt/rustwide/workdir/crates/destiny-world-service)
[INFO] [stderr]     Checking serde_urlencoded v0.7.1
[INFO] [stderr]     Checking indicatif v0.17.11
[INFO] [stderr]     Checking thiserror v2.0.19
[INFO] [stderr]     Checking destiny-storage v0.1.0 (/opt/rustwide/workdir/crates/destiny-storage)
[INFO] [stderr]     Checking destiny-parser v0.1.0 (/opt/rustwide/workdir/crates/destiny-parser)
[INFO] [stderr]     Checking matchers v0.2.0
[INFO] [stderr]     Checking clap v4.6.5
[INFO] [stderr]    Compiling tracing-attributes v0.1.31
[INFO] [stderr]     Checking ahash v0.8.12
[INFO] [stderr]     Checking hyper v1.11.0
[INFO] [stderr]     Checking hashbrown v0.14.5
[INFO] [stderr]     Checking tracing v0.1.44
[INFO] [stderr]     Checking hyper-util v0.1.20
[INFO] [stderr]     Checking hashlink v0.9.1
[INFO] [stderr]     Checking destiny-network v0.1.0 (/opt/rustwide/workdir/crates/destiny-network)
[INFO] [stderr]     Checking tower v0.5.3
[INFO] [stderr]     Checking axum-core v0.4.5
[INFO] [stderr]     Checking tracing-subscriber v0.3.23
[INFO] [stderr]     Checking destiny-server-framework v0.1.0 (/opt/rustwide/workdir/crates/destiny-server-framework)
[INFO] [stderr]     Checking axum v0.7.9
[INFO] [stderr]     Checking rusqlite v0.32.1
[INFO] [stderr]     Checking destiny-runtime-core v0.1.0 (/opt/rustwide/workdir/crates/destiny-runtime-core)
[INFO] [stderr]     Checking destiny-protocol-analyzer v0.1.0 (/opt/rustwide/workdir/crates/destiny-protocol-analyzer)
[INFO] [stderr]     Checking destiny-index v0.1.0 (/opt/rustwide/workdir/crates/destiny-index)
[INFO] [stderr]     Checking destiny-client-capture v0.1.0 (/opt/rustwide/workdir/crates/destiny-client-capture)
[INFO] [stderr]     Checking destiny-explore v0.1.0 (/opt/rustwide/workdir/crates/destiny-explore)
[INFO] [stderr]     Checking destiny-rpcs3-harness v0.1.0 (/opt/rustwide/workdir/crates/destiny-rpcs3-harness)
[INFO] [stderr]     Checking destiny-inventory-service v0.1.0 (/opt/rustwide/workdir/crates/destiny-inventory-service)
[INFO] [stderr]     Checking destiny-activity-service v0.1.0 (/opt/rustwide/workdir/crates/destiny-activity-service)
[INFO] [stderr]     Checking destiny-definition-api v0.1.0 (/opt/rustwide/workdir/crates/destiny-definition-api)
[INFO] [stdout] warning: variants `Connected`, `HandshakeComplete`, `Failed`, and `Closed` are never constructed
[INFO] [stdout]   --> crates/destiny-rpcs3-harness/src/main.rs:30:5
[INFO] [stdout]    |
[INFO] [stdout] 29 | enum HandshakeState {
[INFO] [stdout]    |      -------------- variants in this enum
[INFO] [stdout] 30 |     Connected,
[INFO] [stdout]    |     ^^^^^^^^^
[INFO] [stdout] ...
[INFO] [stdout] 33 |     HandshakeComplete,
[INFO] [stdout]    |     ^^^^^^^^^^^^^^^^^
[INFO] [stdout] 34 |     Failed,
[INFO] [stdout]    |     ^^^^^^
[INFO] [stdout] 35 |     Closed,
[INFO] [stdout]    |     ^^^^^^
[INFO] [stdout]    |
[INFO] [stdout]    = note: `HandshakeState` has derived impls for the traits `Debug` and `Clone`, but these are intentionally ignored during dead code analysis
[INFO] [stdout]    = note: `#[warn(dead_code)]` (part of `#[warn(unused)]`) on by default
[INFO] [stdout] 
[INFO] [stdout] 
[INFO] [stdout] warning: variants `Connected`, `HandshakeComplete`, `Failed`, and `Closed` are never constructed
[INFO] [stdout]   --> crates/destiny-rpcs3-harness/src/main.rs:30:5
[INFO] [stdout]    |
[INFO] [stdout] 29 | enum HandshakeState {
[INFO] [stdout]    |      -------------- variants in this enum
[INFO] [stdout] 30 |     Connected,
[INFO] [stdout]    |     ^^^^^^^^^
[INFO] [stdout] ...
[INFO] [stdout] 33 |     HandshakeComplete,
[INFO] [stdout]    |     ^^^^^^^^^^^^^^^^^
[INFO] [stdout] 34 |     Failed,
[INFO] [stdout]    |     ^^^^^^
[INFO] [stdout] 35 |     Closed,
[INFO] [stdout]    |     ^^^^^^
[INFO] [stdout]    |
[INFO] [stdout]    = note: `HandshakeState` has derived impls for the traits `Debug` and `Clone`, but these are intentionally ignored during dead code analysis
[INFO] [stdout]    = note: `#[warn(dead_code)]` (part of `#[warn(unused)]`) on by default
[INFO] [stdout] 
[INFO] [stdout] 
[INFO] [stderr]     Checking destiny-server-runtime v0.1.0 (/opt/rustwide/workdir/crates/destiny-server-runtime)
[INFO] [stdout] warning: unused import: `PacketLogger`
[INFO] [stdout]  --> crates/destiny-server-runtime/src/lib.rs:4:31
[INFO] [stdout]   |
[INFO] [stdout] 4 | use destiny_network::{Packet, PacketLogger};
[INFO] [stdout]   |                               ^^^^^^^^^^^^
[INFO] [stdout]   |
[INFO] [stdout]   = note: `#[warn(unused_imports)]` (part of `#[warn(unused)]`) on by default
[INFO] [stdout] 
[INFO] [stdout] 
[INFO] [stdout] warning: unused import: `PacketLogger`
[INFO] [stdout]  --> crates/destiny-server-runtime/src/lib.rs:4:31
[INFO] [stdout]   |
[INFO] [stdout] 4 | use destiny_network::{Packet, PacketLogger};
[INFO] [stdout]   |                               ^^^^^^^^^^^^
[INFO] [stdout]   |
[INFO] [stdout]   = note: `#[warn(unused_imports)]` (part of `#[warn(unused)]`) on by default
[INFO] [stdout] 
[INFO] [stdout] 
[INFO] [stderr]     Checking destiny-test-client v0.1.0 (/opt/rustwide/workdir/crates/destiny-test-client)
[INFO] [stdout] error[E0432]: unresolved import `destiny_server_runtime::DispatchResult`
[INFO] [stdout]  --> crates/destiny-test-client/src/lib.rs:5:30
[INFO] [stdout]   |
[INFO] [stdout] 5 | use destiny_server_runtime::{DispatchResult, ServerRuntime};
[INFO] [stdout]   |                              ^^^^^^^^^^^^^^ no `DispatchResult` in the root
[INFO] [stdout] 
[INFO] [stdout] 
[INFO] [stdout] error[E0432]: unresolved import `destiny_server_runtime::DispatchResult`
[INFO] [stdout]  --> crates/destiny-test-client/src/lib.rs:5:30
[INFO] [stdout]   |
[INFO] [stdout] 5 | use destiny_server_runtime::{DispatchResult, ServerRuntime};
[INFO] [stdout]   |                              ^^^^^^^^^^^^^^ no `DispatchResult` in the root
[INFO] [stdout] 
[INFO] [stdout] 
[INFO] [stdout] error[E0599]: no method named `record_session` found for struct `std::sync::MutexGuard<'_, ServerRuntime>` in the current scope
[INFO] [stdout]   --> crates/destiny-test-client/src/lib.rs:53:11
[INFO] [stdout]    |
[INFO] [stdout] 53 |         r.record_session(&s, "authenticated");
[INFO] [stdout]    |           ^^^^^^^^^^^^^^ method not found in `std::sync::MutexGuard<'_, ServerRuntime>`
[INFO] [stdout] 
[INFO] [stdout] 
[INFO] [stdout] error[E0599]: no method named `record_session` found for struct `std::sync::MutexGuard<'_, ServerRuntime>` in the current scope
[INFO] [stdout]   --> crates/destiny-test-client/src/lib.rs:53:11
[INFO] [stdout]    |
[INFO] [stdout] 53 |         r.record_session(&s, "authenticated");
[INFO] [stdout]    |           ^^^^^^^^^^^^^^ method not found in `std::sync::MutexGuard<'_, ServerRuntime>`
[INFO] [stdout] 
[INFO] [stdout] 
[INFO] [stdout] Some errors have detailed explanations: E0432, E0599.
[INFO] [stdout] 
[INFO] [stdout] For more information about an error, try `rustc --explain E0432`.
[INFO] [stdout] 
[INFO] [stdout] Some errors have detailed explanations: E0432, E0599.
[INFO] [stdout] 
[INFO] [stdout] For more information about an error, try `rustc --explain E0432`.
[INFO] [stdout] 
[INFO] [stderr] error: could not compile `destiny-test-client` (lib) due to 2 previous errors
[INFO] [stderr] warning: build failed, waiting for other jobs to finish...
[INFO] [stderr] error: could not compile `destiny-test-client` (lib test) due to 2 previous errors
[INFO] [stderr] warning: unused dependency `tracing`
[INFO] [stderr]  --> crates/destiny-network/Cargo.toml:7:1
[INFO] [stderr]   |
[INFO] [stderr] 7 | tracing.workspace=true
[INFO] [stderr]   | ^^^^^^^
[INFO] [stderr]   |
[INFO] [stderr]   = note: `cargo::unused_dependencies` is set to `warn` by default
[INFO] [stderr] help: consider removing the dependency on `tracing`
[INFO] [stderr] warning: `destiny-network` (manifest) generated 1 warning
[INFO] [stderr] warning: unused dependency `tokio`
[INFO] [stderr]   --> crates/destiny-protocol-analyzer/Cargo.toml:12:1
[INFO] [stderr]    |
[INFO] [stderr] 12 | tokio.workspace=true
[INFO] [stderr]    | ^^^^^
[INFO] [stderr]    |
[INFO] [stderr]    = note: `cargo::unused_dependencies` is set to `warn` by default
[INFO] [stderr] help: consider removing the dependency on `tokio`
[INFO] [stderr] warning: `destiny-protocol-analyzer` (manifest) generated 1 warning
[INFO] [stderr] warning: unused dependency `hex`
[INFO] [stderr]   --> crates/destiny-runtime-core/Cargo.toml:10:1
[INFO] [stderr]    |
[INFO] [stderr] 10 | hex.workspace = true
[INFO] [stderr]    | ^^^
[INFO] [stderr]    |
[INFO] [stderr]    = note: `cargo::unused_dependencies` is set to `warn` by default
[INFO] [stderr] help: consider removing the dependency on `hex`
[INFO] [stderr] warning: unused dependency `serde_json`
[INFO] [stderr]  --> crates/destiny-runtime-core/Cargo.toml:9:1
[INFO] [stderr]   |
[INFO] [stderr] 9 | serde_json.workspace = true
[INFO] [stderr]   | ^^^^^^^^^^
[INFO] [stderr]   |
[INFO] [stderr] help: consider removing the dependency on `serde_json`
[INFO] [stderr] warning: `destiny-runtime-core` (manifest) generated 2 warnings
[INFO] [stderr] warning: unused dependency `destiny-network`
[INFO] [stderr]  --> crates/destiny-server-framework/Cargo.toml:7:1
[INFO] [stderr]   |
[INFO] [stderr] 7 | destiny-network={path="../destiny-network"}
[INFO] [stderr]   | ^^^^^^^^^^^^^^^^^^^^^^^^^^^^^^^^^^^^^^^^^^^
[INFO] [stderr]   |
[INFO] [stderr]   = note: `cargo::unused_dependencies` is set to `warn` by default
[INFO] [stderr] help: consider removing the dependency on `destiny-network`
[INFO] [stderr] warning: `destiny-server-framework` (manifest) generated 1 warning
[INFO] running `Command { std: "docker" "inspect" "e0fd3b816f4784bab2a07bc1bde11617780518e2d430c272a5a70257066c0dd2", kill_on_drop: false }`
[INFO] running `Command { std: "docker" "rm" "-f" "e0fd3b816f4784bab2a07bc1bde11617780518e2d430c272a5a70257066c0dd2", kill_on_drop: false }`
[INFO] [stdout] e0fd3b816f4784bab2a07bc1bde11617780518e2d430c272a5a70257066c0dd2
