[INFO] cloning repository https://github.com/leofmarciano/outcomeop
[INFO] running `Command { std: "git" "-c" "credential.helper=" "-c" "credential.helper=/workspace/cargo-home/bin/git-credential-null" "clone" "--bare" "https://github.com/leofmarciano/outcomeop" "/workspace/cache/git-repos/https%3A%2F%2Fgithub.com%2Fleofmarciano%2Foutcomeop", kill_on_drop: false }`
[INFO] [stderr] Cloning into bare repository '/workspace/cache/git-repos/https%3A%2F%2Fgithub.com%2Fleofmarciano%2Foutcomeop'...
[INFO] running `Command { std: "git" "rev-parse" "HEAD", kill_on_drop: false }`
[INFO] [stdout] 497cefcbbe7cd119e40b227716c6b5c545857823
[INFO] checking leofmarciano/outcomeop against 3154cc1a3e6424e44f438a95007d043ed5ceaaf6 for pr-133502-30
[INFO] running `Command { std: "git" "clone" "/workspace/cache/git-repos/https%3A%2F%2Fgithub.com%2Fleofmarciano%2Foutcomeop" "/workspace/builds/worker-6-tc2/source", kill_on_drop: false }`
[INFO] [stderr] Cloning into '/workspace/builds/worker-6-tc2/source'...
[INFO] [stderr] done.
[INFO] started tweaking git repo https://github.com/leofmarciano/outcomeop
[INFO] finished tweaking git repo https://github.com/leofmarciano/outcomeop
[INFO] tweaked toml for git repo https://github.com/leofmarciano/outcomeop written to /workspace/builds/worker-6-tc2/source/Cargo.toml
[INFO] validating manifest of git repo https://github.com/leofmarciano/outcomeop on toolchain 3154cc1a3e6424e44f438a95007d043ed5ceaaf6
[INFO] running `Command { std: CARGO_HOME="/workspace/cargo-home" RUSTUP_HOME="/workspace/rustup-home" "/workspace/cargo-home/bin/cargo" "+3154cc1a3e6424e44f438a95007d043ed5ceaaf6" "metadata" "--manifest-path" "Cargo.toml" "--no-deps", kill_on_drop: false }`
[INFO] crate git repo https://github.com/leofmarciano/outcomeop already has a lockfile, it will not be regenerated
[INFO] running `Command { std: CARGO_HOME="/workspace/cargo-home" RUSTUP_HOME="/workspace/rustup-home" "/workspace/cargo-home/bin/cargo" "+3154cc1a3e6424e44f438a95007d043ed5ceaaf6" "fetch" "--manifest-path" "Cargo.toml", kill_on_drop: false }`
[INFO] [stderr] warning: unused workspace dependency `base64`
[INFO] [stderr]  --> Cargo.toml:8:1
[INFO] [stderr]   |
[INFO] [stderr] 8 | base64 = "0.23.1"
[INFO] [stderr]   | ^^^^^^
[INFO] [stderr]   |
[INFO] [stderr]   = note: `cargo::unused_workspace_dependencies` is set to `warn` by default
[INFO] [stderr] help: consider removing the workspace dependency `base64`
[INFO] [stderr] warning: workspace (manifest) generated 1 warning
[INFO] [stderr]     Blocking waiting for file lock on package cache
[INFO] running `Command { std: "docker" "create" "-v" "/var/lib/crater-agent-workspace/builds/worker-6-tc2/source:/opt/rustwide/workdir:ro,Z" "-v" "/var/lib/crater-agent-workspace/builds/worker-6-tc2/target:/opt/rustwide/target:rw,Z" "-v" "/var/lib/crater-agent-workspace/cargo-home:/opt/rustwide/cargo-home:ro,Z" "-v" "/var/lib/crater-agent-workspace/rustup-home:/opt/rustwide/rustup-home:ro,Z" "-m" "1610612736" "--network" "none" "ghcr.io/rust-lang/crates-build-env/linux@sha256:77db811e55d90add9212f6832c23229e3de5f1c1f9905e8cb07319ea15df73ac" "sleep" "infinity", kill_on_drop: false }`
[INFO] [stdout] 36a6191b7c62282fc1c60c5685a19e1fbf0b0f31fa1f7a327da09a1fc89ed162
[INFO] running `Command { std: "docker" "start" "36a6191b7c62282fc1c60c5685a19e1fbf0b0f31fa1f7a327da09a1fc89ed162", kill_on_drop: false }`
[INFO] running `Command { std: "docker" "inspect" "36a6191b7c62282fc1c60c5685a19e1fbf0b0f31fa1f7a327da09a1fc89ed162", kill_on_drop: false }`
[INFO] running `Command { std: "docker" "exec" "-e" "SOURCE_DIR=/opt/rustwide/workdir" "-e" "CARGO_HOME=/opt/rustwide/cargo-home" "-e" "RUSTUP_HOME=/opt/rustwide/rustup-home" "-e" "CARGO_TARGET_DIR=/opt/rustwide/target" "-w" "/opt/rustwide/workdir" "--user" "0:0" "36a6191b7c62282fc1c60c5685a19e1fbf0b0f31fa1f7a327da09a1fc89ed162" "/opt/rustwide/cargo-home/bin/cargo" "+3154cc1a3e6424e44f438a95007d043ed5ceaaf6" "metadata" "--no-deps" "--format-version=1", kill_on_drop: false }`
[INFO] running `Command { std: "docker" "inspect" "36a6191b7c62282fc1c60c5685a19e1fbf0b0f31fa1f7a327da09a1fc89ed162", kill_on_drop: false }`
[INFO] running `Command { std: "docker" "exec" "-e" "SOURCE_DIR=/opt/rustwide/workdir" "-e" "CARGO_HOME=/opt/rustwide/cargo-home" "-e" "RUSTUP_HOME=/opt/rustwide/rustup-home" "-e" "CARGO_TARGET_DIR=/opt/rustwide/target" "-e" "CARGO_INCREMENTAL=0" "-e" "RUST_BACKTRACE=full" "-e" "RUSTFLAGS=--cap-lints=forbid" "-e" "RUSTDOCFLAGS=--cap-lints=forbid" "-w" "/opt/rustwide/workdir" "--user" "0:0" "36a6191b7c62282fc1c60c5685a19e1fbf0b0f31fa1f7a327da09a1fc89ed162" "/opt/rustwide/cargo-home/bin/cargo" "+3154cc1a3e6424e44f438a95007d043ed5ceaaf6" "check" "--frozen" "--all" "--all-targets" "--message-format=json", kill_on_drop: false }`
[INFO] [stderr] warning: unused workspace dependency `base64`
[INFO] [stderr]  --> Cargo.toml:8:1
[INFO] [stderr]   |
[INFO] [stderr] 8 | base64 = "0.23.1"
[INFO] [stderr]   | ^^^^^^
[INFO] [stderr]   |
[INFO] [stderr]   = note: `cargo::unused_workspace_dependencies` is set to `warn` by default
[INFO] [stderr] help: consider removing the workspace dependency `base64`
[INFO] [stderr] warning: workspace (manifest) generated 1 warning
[INFO] [stderr]     Checking arraydeque v0.5.1
[INFO] [stderr]     Checking unsafe-libyaml v0.2.11
[INFO] [stderr]     Checking aho-corasick v1.1.5
[INFO] [stderr]    Compiling serde_json v1.0.151
[INFO] [stderr]    Compiling itertools v0.14.0
[INFO] [stderr]    Compiling regex-syntax v0.8.11
[INFO] [stderr]    Compiling syn v3.0.4
[INFO] [stderr]    Compiling syn v2.0.119
[INFO] [stderr]     Checking hashbrown v0.17.1
[INFO] [stderr]    Compiling bytes v1.12.1
[INFO] [stderr]    Compiling indexmap v2.14.1
[INFO] [stderr]    Compiling hashbrown v0.15.5
[INFO] [stderr]    Compiling rustix v1.1.4
[INFO] [stderr]    Compiling fixedbitset v0.5.7
[INFO] [stderr]    Compiling protoc-bin-vendored-linux-s390_64 v3.2.0
[INFO] [stderr]    Compiling protoc-bin-vendored-linux-aarch_64 v3.2.0
[INFO] [stderr]    Compiling multimap v0.10.1
[INFO] [stderr]    Compiling protoc-bin-vendored-win32 v3.2.0
[INFO] [stderr]    Compiling protoc-bin-vendored-macos-aarch_64 v3.2.0
[INFO] [stderr]    Compiling protoc-bin-vendored-linux-x86_32 v3.2.0
[INFO] [stderr]    Compiling protoc-bin-vendored-linux-ppcle_64 v3.2.0
[INFO] [stderr]    Compiling protoc-bin-vendored-macos-x86_64 v3.2.0
[INFO] [stderr]    Compiling protoc-bin-vendored-linux-x86_64 v3.2.0
[INFO] [stderr]     Checking const-oid v0.10.2
[INFO] [stderr]    Compiling protoc-bin-vendored v3.2.0
[INFO] [stderr]     Checking ryu-js v1.0.3
[INFO] [stderr]     Checking digest v0.11.3
[INFO] [stderr]     Checking linux-raw-sys v0.12.1
[INFO] [stderr]    Compiling curve25519-dalek v5.0.0
[INFO] [stderr]     Checking sha2 v0.11.0
[INFO] [stderr]    Compiling cc v1.4.4
[INFO] [stderr]    Compiling wasmtime-internal-core v47.0.4
[INFO] [stderr]     Checking subtle v2.6.1
[INFO] [stderr]     Checking signature v3.0.0
[INFO] [stderr]     Checking zeroize v1.9.0
[INFO] [stderr]     Checking ed25519 v3.0.0
[INFO] [stderr]    Compiling cranelift-srcgen v0.134.4
[INFO] [stderr]     Checking crypto-common v0.1.7
[INFO] [stderr]    Compiling cranelift-isle v0.134.4
[INFO] [stderr]     Checking hashlink v0.12.1
[INFO] [stderr]    Compiling petgraph v0.8.3
[INFO] [stderr]     Checking digest v0.10.7
[INFO] [stderr]    Compiling cranelift-codegen-shared v0.134.4
[INFO] [stderr]     Checking anstyle-parse v1.0.0
[INFO] [stderr]    Compiling cranelift-assembler-x64-meta v0.134.4
[INFO] [stderr]    Compiling regex-automata v0.4.18
[INFO] [stderr]     Checking sha2 v0.10.9
[INFO] [stderr]     Checking yaml-rust2 v0.12.0
[INFO] [stderr]    Compiling cranelift-bitset v0.134.4
[INFO] [stderr]     Checking anstyle v1.0.14
[INFO] [stderr]     Checking colorchoice v1.0.5
[INFO] [stderr]    Compiling crc32fast v1.5.1
[INFO] [stderr]     Checking anstream v1.0.0
[INFO] [stderr]     Checking semver v1.0.28
[INFO] [stderr]     Checking rustc-hash v2.1.3
[INFO] [stderr]    Compiling tempfile v3.27.0
[INFO] [stderr]     Checking gimli v0.33.0
[INFO] [stderr]     Checking clap_lex v1.1.0
[INFO] [stderr]     Checking strsim v0.11.1
[INFO] [stderr]     Checking cranelift-control v0.134.4
[INFO] [stderr]     Checking wasm-encoder v0.252.0
[INFO] [stderr]     Checking clap_builder v4.6.6
[INFO] [stderr]    Compiling cmake v0.1.58
[INFO] [stderr]     Checking object v0.39.1
[INFO] [stderr]     Checking wasmtime-internal-component-util v47.0.4
[INFO] [stderr]    Compiling wasmtime-internal-unwinder v47.0.4
[INFO] [stderr]    Compiling wasmtime-internal-cranelift v47.0.4
[INFO] [stderr]    Compiling z3-src v501.0.0
[INFO] [stderr]    Compiling z3 v0.21.0
[INFO] [stderr]     Checking ppv-lite86 v0.2.21
[INFO] [stderr]     Checking wait-timeout v0.2.1
[INFO] [stderr]    Compiling z3-sys v0.13.0
[INFO] [stderr]     Checking rand_xorshift v0.4.0
[INFO] [stderr]     Checking rand v0.9.5
[INFO] [stderr]     Checking memfd v0.6.6
[INFO] [stderr]    Compiling cranelift-assembler-x64 v0.134.4
[INFO] [stderr]     Checking rusty-fork v0.3.1
[INFO] [stderr]     Checking rand_chacha v0.9.0
[INFO] [stderr]    Compiling regex v1.13.1
[INFO] [stderr]    Compiling prettyplease v0.2.37
[INFO] [stderr]     Checking proptest v1.11.0
[INFO] [stderr]    Compiling prost-derive v0.14.4
[INFO] [stderr]    Compiling curve25519-dalek-derive v0.1.1
[INFO] [stderr]    Compiling pulley-macros v47.0.4
[INFO] [stderr]    Compiling wasmtime-internal-versioned-export-macros v47.0.4
[INFO] [stderr]    Compiling tracing-attributes v0.1.31
[INFO] [stderr]    Compiling pulley-interpreter v47.0.4
[INFO] [stderr]    Compiling wasmtime-internal-fiber v47.0.4
[INFO] [stderr]    Compiling wasmtime v47.0.4
[INFO] [stderr]    Compiling serde_derive v1.0.229
[INFO] [stderr]    Compiling thiserror-impl v2.0.20
[INFO] [stderr]    Compiling clap_derive v4.6.4
[INFO] [stderr]    Compiling async-trait v0.1.92
[INFO] [stderr]    Compiling tokio-macros v2.7.2
[INFO] [stderr]     Checking tokio v1.53.1
[INFO] [stderr]     Checking ed25519-dalek v3.0.0
[INFO] [stderr]     Checking tracing v0.1.44
[INFO] [stderr]     Checking thiserror v2.0.20
[INFO] [stderr]     Checking cobs v0.3.0
[INFO] [stderr] error: could not compile `gimli` (lib)
[INFO] [stderr] 
[INFO] [stderr] Caused by:
[INFO] [stderr]   process didn't exit successfully: `/opt/rustwide/rustup-home/toolchains/3154cc1a3e6424e44f438a95007d043ed5ceaaf6/bin/rustc --crate-name gimli --edition=2024 /opt/rustwide/cargo-home/registry/src/index.crates.io-1949cf8c6b5b557f/gimli-0.33.0/src/lib.rs --error-format=json --json=diagnostic-rendered-ansi,artifacts,future-incompat,unused-externs-silent --crate-type lib --emit=dep-info,metadata -C embed-bitcode=no -C debuginfo=2 --cfg 'feature="read"' --cfg 'feature="read-core"' --cfg 'feature="std"' --cfg 'feature="write"' --check-cfg 'cfg(docsrs,test)' --check-cfg 'cfg(feature, values("default", "endian-reader", "fallible-iterator", "read", "read-all", "read-core", "rustc-dep-of-std", "std", "write"))' -C metadata=fb116b7904e40645 -C extra-filename=-0571511ec084a635 --out-dir /opt/rustwide/target/debug/build/gimli/0571511ec084a635/out -L dependency=/opt/rustwide/target/debug/build/equivalent/d23b026399a51038/out -L dependency=/opt/rustwide/target/debug/build/foldhash/7cc0e6b6b64910e8/out -L dependency=/opt/rustwide/target/debug/build/hashbrown/e7df82115b6f968f/out -L dependency=/opt/rustwide/target/debug/build/serde_core/31ebf1ee06936497/out --extern fnv=/opt/rustwide/target/debug/build/fnv/bf9ae889bab8acee/out/libfnv-bf9ae889bab8acee.rmeta --extern hashbrown=/opt/rustwide/target/debug/build/hashbrown/d6527847c19413e5/out/libhashbrown-d6527847c19413e5.rmeta --extern indexmap=/opt/rustwide/target/debug/build/indexmap/64b8fab82433e8e8/out/libindexmap-64b8fab82433e8e8.rmeta --cap-lints allow --cap-lints=forbid --force-warn=unused_crate_dependencies` (signal: 9, SIGKILL: kill)
[INFO] [stderr] warning: build failed, waiting for other jobs to finish...
[INFO] [stderr] error: could not compile `object` (lib)
[INFO] [stderr] 
[INFO] [stderr] Caused by:
[INFO] [stderr]   process didn't exit successfully: `/opt/rustwide/rustup-home/toolchains/3154cc1a3e6424e44f438a95007d043ed5ceaaf6/bin/rustc --crate-name object --edition=2018 /opt/rustwide/cargo-home/registry/src/index.crates.io-1949cf8c6b5b557f/object-0.39.1/src/lib.rs --error-format=json --json=diagnostic-rendered-ansi,artifacts,future-incompat,unused-externs-silent --crate-type lib --emit=dep-info,metadata -C embed-bitcode=no -C debuginfo=2 --cfg 'feature="coff"' --cfg 'feature="elf"' --cfg 'feature="macho"' --cfg 'feature="pe"' --cfg 'feature="read_core"' --cfg 'feature="std"' --cfg 'feature="unaligned"' --cfg 'feature="write"' --cfg 'feature="write_core"' --cfg 'feature="write_std"' --cfg 'feature="xcoff"' --check-cfg 'cfg(docsrs,test)' --check-cfg 'cfg(feature, values("all", "alloc", "archive", "build", "build_core", "cargo-all", "coff", "compression", "core", "default", "doc", "elf", "macho", "pe", "read", "read_core", "rustc-dep-of-std", "std", "unaligned", "unstable", "unstable-all", "wasm", "write", "write_core", "write_std", "xcoff"))' -C metadata=97c9870465a1c5e8 -C extra-filename=-87b9aff58eb8a425 --out-dir /opt/rustwide/target/debug/build/object/87b9aff58eb8a425/out -L dependency=/opt/rustwide/target/debug/build/cfg-if/190c9021fd162845/out -L dependency=/opt/rustwide/target/debug/build/equivalent/d23b026399a51038/out -L dependency=/opt/rustwide/target/debug/build/foldhash/7cc0e6b6b64910e8/out -L dependency=/opt/rustwide/target/debug/build/hashbrown/e7df82115b6f968f/out -L dependency=/opt/rustwide/target/debug/build/serde_core/31ebf1ee06936497/out --extern crc32fast=/opt/rustwide/target/debug/build/crc32fast/ff74afcaf41ffeb0/out/libcrc32fast-ff74afcaf41ffeb0.rmeta --extern hashbrown=/opt/rustwide/target/debug/build/hashbrown/e7df82115b6f968f/out/libhashbrown-e7df82115b6f968f.rmeta --extern indexmap=/opt/rustwide/target/debug/build/indexmap/64b8fab82433e8e8/out/libindexmap-64b8fab82433e8e8.rmeta --extern memchr=/opt/rustwide/target/debug/build/memchr/1479ae024ac081f3/out/libmemchr-1479ae024ac081f3.rmeta --cap-lints allow --cap-lints=forbid --force-warn=unused_crate_dependencies --cfg core_error --check-cfg 'cfg(core_error)'` (signal: 9, SIGKILL: kill)
[INFO] [stderr] error: could not compile `proptest` (lib)
[INFO] [stderr] 
[INFO] [stderr] Caused by:
[INFO] [stderr]   process didn't exit successfully: `/opt/rustwide/rustup-home/toolchains/3154cc1a3e6424e44f438a95007d043ed5ceaaf6/bin/rustc --crate-name proptest --edition=2021 /opt/rustwide/cargo-home/registry/src/index.crates.io-1949cf8c6b5b557f/proptest-1.11.0/src/lib.rs --error-format=json --json=diagnostic-rendered-ansi,artifacts,future-incompat,unused-externs-silent --crate-type lib --emit=dep-info,metadata -C embed-bitcode=no -C debuginfo=2 --cfg 'feature="bit-set"' --cfg 'feature="default"' --cfg 'feature="fork"' --cfg 'feature="regex-syntax"' --cfg 'feature="rusty-fork"' --cfg 'feature="std"' --cfg 'feature="tempfile"' --cfg 'feature="timeout"' --check-cfg 'cfg(docsrs,test)' --check-cfg 'cfg(feature, values("alloc", "atomic64bit", "attr-macro", "bit-set", "default", "default-code-coverage", "f16", "fork", "handle-panics", "hardware-rng", "no_std", "proptest-macro", "regex-syntax", "rusty-fork", "std", "tempfile", "timeout", "unstable", "x86"))' -C metadata=a58fe5ab9f264608 -C extra-filename=-c882701baea03228 --out-dir /opt/rustwide/target/debug/build/proptest/c882701baea03228/out -L dependency=/opt/rustwide/target/debug/build/bit-vec/7c54c415c8441a74/out -L dependency=/opt/rustwide/target/debug/build/bitflags/12164dedcc9c97c0/out -L dependency=/opt/rustwide/target/debug/build/cfg-if/190c9021fd162845/out -L dependency=/opt/rustwide/target/debug/build/fastrand/f97ae5f035b5782d/out -L dependency=/opt/rustwide/target/debug/build/fnv/bf9ae889bab8acee/out -L dependency=/opt/rustwide/target/debug/build/getrandom/a717291fd2ff3614/out -L dependency=/opt/rustwide/target/debug/build/getrandom/d2aa5e8c4aab2c0f/out -L dependency=/opt/rustwide/target/debug/build/libc/5b122225efee376b/out -L dependency=/opt/rustwide/target/debug/build/linux-raw-sys/069649a5354d504b/out -L dependency=/opt/rustwide/target/debug/build/once_cell/6f8123b0c2eed634/out -L dependency=/opt/rustwide/target/debug/build/ppv-lite86/d97b1eace28ebdcf/out -L dependency=/opt/rustwide/target/debug/build/quick-error/0a500856079b147c/out -L dependency=/opt/rustwide/target/debug/build/rand_core/9b17468d33d04c68/out -L dependency=/opt/rustwide/target/debug/build/rustix/f88bd12eea13099b/out -L dependency=/opt/rustwide/target/debug/build/tempfile/79fbacc908de4367/out -L dependency=/opt/rustwide/target/debug/build/wait-timeout/3421efff737fe74d/out -L dependency=/opt/rustwide/target/debug/build/zerocopy/6a56c99072cf491d/out --extern bit_set=/opt/rustwide/target/debug/build/bit-set/0d1d8cd877be6a55/out/libbit_set-0d1d8cd877be6a55.rmeta --extern bit_vec=/opt/rustwide/target/debug/build/bit-vec/7c54c415c8441a74/out/libbit_vec-7c54c415c8441a74.rmeta --extern bitflags=/opt/rustwide/target/debug/build/bitflags/12164dedcc9c97c0/out/libbitflags-12164dedcc9c97c0.rmeta --extern num_traits=/opt/rustwide/target/debug/build/num-traits/7dc4f110cf6ec045/out/libnum_traits-7dc4f110cf6ec045.rmeta --extern rand=/opt/rustwide/target/debug/build/rand/26365911ddabe8ff/out/librand-26365911ddabe8ff.rmeta --extern rand_chacha=/opt/rustwide/target/debug/build/rand_chacha/256d79fab9be3899/out/librand_chacha-256d79fab9be3899.rmeta --extern rand_xorshift=/opt/rustwide/target/debug/build/rand_xorshift/59321810b1d1e977/out/librand_xorshift-59321810b1d1e977.rmeta --extern regex_syntax=/opt/rustwide/target/debug/build/regex-syntax/aa2c0ef21912879c/out/libregex_syntax-aa2c0ef21912879c.rmeta --extern rusty_fork=/opt/rustwide/target/debug/build/rusty-fork/999e2529829ced9c/out/librusty_fork-999e2529829ced9c.rmeta --extern tempfile=/opt/rustwide/target/debug/build/tempfile/79fbacc908de4367/out/libtempfile-79fbacc908de4367.rmeta --extern unarray=/opt/rustwide/target/debug/build/unarray/7cd11d7c1cdfd805/out/libunarray-7cd11d7c1cdfd805.rmeta --cap-lints allow --cap-lints=forbid --force-warn=unused_crate_dependencies` (signal: 9, SIGKILL: kill)
[INFO] [stderr] error: could not compile `cranelift-assembler-x64` (lib)
[INFO] [stderr] 
[INFO] [stderr] Caused by:
[INFO] [stderr]   process didn't exit successfully: `/opt/rustwide/rustup-home/toolchains/3154cc1a3e6424e44f438a95007d043ed5ceaaf6/bin/rustc --crate-name cranelift_assembler_x64 --edition=2024 /opt/rustwide/cargo-home/registry/src/index.crates.io-1949cf8c6b5b557f/cranelift-assembler-x64-0.134.4/src/lib.rs --error-format=json --json=diagnostic-rendered-ansi,artifacts,future-incompat,unused-externs-silent --crate-type lib --emit=dep-info,metadata -C embed-bitcode=no -C debuginfo=2 --check-cfg 'cfg(docsrs,test)' --check-cfg 'cfg(feature, values("fuzz"))' -C metadata=d29128b085e728c5 -C extra-filename=-60203dc5a424497e --out-dir /opt/rustwide/target/debug/build/cranelift-assembler-x64/60203dc5a424497e/out --cap-lints allow --cap-lints=forbid --force-warn=unused_crate_dependencies` (signal: 9, SIGKILL: kill)
[INFO] [stderr] error: could not compile `serde_derive` (lib)
[INFO] [stderr] 
[INFO] [stderr] Caused by:
[INFO] [stderr]   process didn't exit successfully: `/opt/rustwide/rustup-home/toolchains/3154cc1a3e6424e44f438a95007d043ed5ceaaf6/bin/rustc --crate-name serde_derive --edition=2021 /opt/rustwide/cargo-home/registry/src/index.crates.io-1949cf8c6b5b557f/serde_derive-1.0.229/src/lib.rs --error-format=json --json=diagnostic-rendered-ansi,artifacts,future-incompat,unused-externs-silent --crate-type proc-macro --emit=dep-info,link -C prefer-dynamic -C embed-bitcode=no --cfg 'feature="default"' --check-cfg 'cfg(docsrs,test)' --check-cfg 'cfg(feature, values("default", "deserialize_in_place"))' -C metadata=3c886bb784c75cc8 -C extra-filename=-801cd2a481498a61 --out-dir /opt/rustwide/target/debug/build/serde_derive/801cd2a481498a61/out -L dependency=/opt/rustwide/target/debug/build/proc-macro2/ee684499ef27f3b8/out -L dependency=/opt/rustwide/target/debug/build/quote/97307b84563a2c10/out -L dependency=/opt/rustwide/target/debug/build/unicode-ident/8c98a1a0e58216a9/out --extern proc_macro2=/opt/rustwide/target/debug/build/proc-macro2/ee684499ef27f3b8/out/libproc_macro2-ee684499ef27f3b8.rlib --extern proc_macro2=/opt/rustwide/target/debug/build/proc-macro2/ee684499ef27f3b8/out/libproc_macro2-ee684499ef27f3b8.rmeta --extern quote=/opt/rustwide/target/debug/build/quote/97307b84563a2c10/out/libquote-97307b84563a2c10.rlib --extern quote=/opt/rustwide/target/debug/build/quote/97307b84563a2c10/out/libquote-97307b84563a2c10.rmeta --extern syn=/opt/rustwide/target/debug/build/syn/2404011133dc91be/out/libsyn-2404011133dc91be.rlib --extern syn=/opt/rustwide/target/debug/build/syn/2404011133dc91be/out/libsyn-2404011133dc91be.rmeta --extern proc_macro --cap-lints allow --cap-lints=forbid --force-warn=unused_crate_dependencies` (signal: 9, SIGKILL: kill)
[INFO] [stderr] error: could not compile `tokio` (lib)
[INFO] [stderr] 
[INFO] [stderr] Caused by:
[INFO] [stderr]   process didn't exit successfully: `/opt/rustwide/rustup-home/toolchains/3154cc1a3e6424e44f438a95007d043ed5ceaaf6/bin/rustc --crate-name tokio --edition=2021 /opt/rustwide/cargo-home/registry/src/index.crates.io-1949cf8c6b5b557f/tokio-1.53.1/src/lib.rs --error-format=json --json=diagnostic-rendered-ansi,artifacts,future-incompat,unused-externs-silent --crate-type lib --emit=dep-info,metadata -C embed-bitcode=no -C debuginfo=2 --cfg 'feature="default"' --cfg 'feature="macros"' --cfg 'feature="rt"' --cfg 'feature="rt-multi-thread"' --cfg 'feature="sync"' --cfg 'feature="tokio-macros"' --check-cfg 'cfg(docsrs,test)' --check-cfg 'cfg(feature, values("bytes", "default", "fs", "full", "io-std", "io-uring", "io-util", "libc", "macros", "mio", "net", "parking_lot", "process", "rt", "rt-multi-thread", "schedule-latency", "signal", "signal-hook-registry", "socket2", "sync", "taskdump", "test-util", "time", "tokio-macros", "tracing", "windows-sys"))' -C metadata=617c1e26a7bba209 -C extra-filename=-3eb07f7b828d959e --out-dir /opt/rustwide/target/debug/build/tokio/3eb07f7b828d959e/out --extern pin_project_lite=/opt/rustwide/target/debug/build/pin-project-lite/7176d3be2b7ee2e1/out/libpin_project_lite-7176d3be2b7ee2e1.rmeta --extern tokio_macros=/opt/rustwide/target/debug/build/tokio-macros/a834eb0ac41778ba/out/libtokio_macros-a834eb0ac41778ba.so --cap-lints allow --cap-lints=forbid --force-warn=unused_crate_dependencies` (signal: 9, SIGKILL: kill)
[INFO] [stderr] error: failed to run custom build command for `z3-sys v0.13.0`
[INFO] [stderr] note: To improve backtraces for build dependencies, set the CARGO_PROFILE_DEV_BUILD_OVERRIDE_DEBUG=true environment variable to enable debug information generation.
[INFO] [stderr] 
[INFO] [stderr] Caused by:
[INFO] [stderr]   process didn't exit successfully: `/opt/rustwide/target/debug/build/z3-sys/31b67334e62136b5/out/build_script_build` (exit status: 101)
[INFO] [stderr]   --- stdout
[INFO] [stderr]   cargo:rerun-if-changed=build.rs
[INFO] [stderr]   cargo:rerun-if-env-changed=Z3_SYS_Z3_VERSION
[INFO] [stderr]   cargo:rerun-if-env-changed=Z3_SRC_SOURCE_DIR
[INFO] [stderr]   CMAKE_TOOLCHAIN_FILE_x86_64-unknown-linux-gnu = None
[INFO] [stderr]   CMAKE_TOOLCHAIN_FILE_x86_64_unknown_linux_gnu = None
[INFO] [stderr]   HOST_CMAKE_TOOLCHAIN_FILE = None
[INFO] [stderr]   CMAKE_TOOLCHAIN_FILE = None
[INFO] [stderr]   CMAKE_GENERATOR_x86_64-unknown-linux-gnu = None
[INFO] [stderr]   CMAKE_GENERATOR_x86_64_unknown_linux_gnu = None
[INFO] [stderr]   HOST_CMAKE_GENERATOR = None
[INFO] [stderr]   CMAKE_GENERATOR = None
[INFO] [stderr]   CMAKE_PREFIX_PATH_x86_64-unknown-linux-gnu = None
[INFO] [stderr]   CMAKE_PREFIX_PATH_x86_64_unknown_linux_gnu = None
[INFO] [stderr]   HOST_CMAKE_PREFIX_PATH = None
[INFO] [stderr]   CMAKE_PREFIX_PATH = None
[INFO] [stderr]   CMAKE_x86_64-unknown-linux-gnu = None
[INFO] [stderr]   CMAKE_x86_64_unknown_linux_gnu = None
[INFO] [stderr]   HOST_CMAKE = None
[INFO] [stderr]   CMAKE = None
[INFO] [stderr]   -- The CXX compiler identification is GNU 15.2.0
[INFO] [stderr]   -- Detecting CXX compiler ABI info
[INFO] [stderr]   -- Detecting CXX compiler ABI info - done
[INFO] [stderr]   -- Check for working CXX compiler: /usr/bin/c++ - skipped
[INFO] [stderr]   -- Detecting CXX compile features
[INFO] [stderr]   -- Detecting CXX compile features - done
[INFO] [stderr]   -- Z3 version 5.1.0.0
[INFO] [stderr]   -- Failed to find git directory.
[INFO] [stderr]   -- CMake generator: Unix Makefiles
[INFO] [stderr]   -- Build type: Debug
[INFO] [stderr]   -- Found Python3: /usr/bin/python3 (found version "3.14.4") found components: Interpreter
[INFO] [stderr]   -- Python3_EXECUTABLE: /usr/bin/python3
[INFO] [stderr]   -- Detected target architecture: x86_64
[INFO] [stderr]   -- Not using libgmp
[INFO] [stderr]   -- Not using Z3_API_LOG_SYNC
[INFO] [stderr]   -- Thread-safe build
[INFO] [stderr]   -- Performing Test HAS_SSE2
[INFO] [stderr]   -- Performing Test HAS_SSE2 - Success
[INFO] [stderr]   -- Performing Test CMAKE_HAVE_LIBC_PTHREAD
[INFO] [stderr]   -- Performing Test CMAKE_HAVE_LIBC_PTHREAD - Success
[INFO] [stderr]   -- Found Threads: TRUE
[INFO] [stderr]   -- Performing Test HAS__Wall
[INFO] [stderr]   -- Performing Test HAS__Wall - Success
[INFO] [stderr]   -- C++ compiler supports -Wall
[INFO] [stderr]   -- Treating only serious compiler warnings as errors
[INFO] [stderr]   -- Performing Test HAS__Werror_odr
[INFO] [stderr]   -- Performing Test HAS__Werror_odr - Success
[INFO] [stderr]   -- C++ compiler supports -Werror=odr
[INFO] [stderr]   -- Performing Test HAS__Werror_return_type
[INFO] [stderr]   -- Performing Test HAS__Werror_return_type - Success
[INFO] [stderr]   -- C++ compiler supports -Werror=return-type
[INFO] [stderr]   -- LTO disabled
[INFO] [stderr]   -- Performing Test BUILTIN_ATOMIC
[INFO] [stderr]   -- Performing Test BUILTIN_ATOMIC - Success
[INFO] [stderr]   -- CMAKE_CXX_FLAGS: " -ffunction-sections -fdata-sections -fPIC -m64 -w -Werror=odr  -Werror=return-type "
[INFO] [stderr]   -- CMAKE_EXE_LINKER_FLAGS: ""
[INFO] [stderr]   -- CMAKE_STATIC_LINKER_FLAGS: ""
[INFO] [stderr]   -- CMAKE_SHARED_LINKER_FLAGS: ""
[INFO] [stderr]   -- CMAKE_CXX_FLAGS_DEBUG: "-g -O0"
[INFO] [stderr]   -- CMAKE_EXE_LINKER_FLAGS_DEBUG: ""
[INFO] [stderr]   -- CMAKE_SHARED_LINKER_FLAGS_DEBUG: ""
[INFO] [stderr]   -- CMAKE_STATIC_LINKER_FLAGS_DEBUG: ""
[INFO] [stderr]   -- Z3_COMPONENT_CXX_DEFINES: $<$<CONFIG:Debug>:Z3DEBUG>;$<$<CONFIG:Release>:_EXTERNAL_RELEASE>;$<$<CONFIG:RelWithDebInfo>:_EXTERNAL_RELEASE>;-D_MP_INTERNAL;$<$<CONFIG:Debug>:_TRACE>
[INFO] [stderr]   -- Z3_COMPONENT_CXX_FLAGS: -mfpmath=sse;-msse;-msse2;-Wall
[INFO] [stderr]   -- Z3_DEPENDENT_LIBS: Threads::Threads
[INFO] [stderr]   -- Z3_COMPONENT_EXTRA_INCLUDE_DIRS: /opt/rustwide/target/debug/build/z3-sys/49aec0dd2e3ac720/out/build/src;/opt/rustwide/cargo-home/registry/src/index.crates.io-1949cf8c6b5b557f/z3-src-501.0.0/z3/src
[INFO] [stderr]   -- Z3_DEPENDENT_EXTRA_CXX_LINK_FLAGS: 
[INFO] [stderr]   -- CMAKE_INSTALL_LIBDIR: "lib"
[INFO] [stderr]   -- CMAKE_INSTALL_BINDIR: "bin"
[INFO] [stderr]   -- CMAKE_INSTALL_INCLUDEDIR: "include"
[INFO] [stderr]   -- CMAKE_INSTALL_PKGCONFIGDIR: "lib/pkgconfig"
[INFO] [stderr]   -- CMAKE_INSTALL_Z3_CMAKE_PACKAGE_DIR: "lib/cmake/z3"
[INFO] [stderr]   -- Adding component util
[INFO] [stderr]   -- Adding component polynomial
[INFO] [stderr]   -- Adding rule to generate "algebraic_params.hpp"
[INFO] [stderr]   -- Adding component dd
[INFO] [stderr]   -- Adding component hilbert
[INFO] [stderr]   -- Adding component simplex
[INFO] [stderr]   -- Adding component interval
[INFO] [stderr]   -- Adding component realclosure
[INFO] [stderr]   -- Adding rule to generate "rcf_params.hpp"
[INFO] [stderr]   -- Adding component subpaving
[INFO] [stderr]   -- Adding component ast
[INFO] [stderr]   -- Adding rule to generate "pp_params.hpp"
[INFO] [stderr]   -- Adding component params
[INFO] [stderr]   -- Adding rule to generate "arith_rewriter_params.hpp"
[INFO] [stderr]   -- Adding rule to generate "array_rewriter_params.hpp"
[INFO] [stderr]   -- Adding rule to generate "bool_rewriter_params.hpp"
[INFO] [stderr]   -- Adding rule to generate "bv_rewriter_params.hpp"
[INFO] [stderr]   -- Adding rule to generate "fpa_rewriter_params.hpp"
[INFO] [stderr]   -- Adding rule to generate "fpa2bv_rewriter_params.hpp"
[INFO] [stderr]   -- Adding rule to generate "pattern_inference_params_helper.hpp"
[INFO] [stderr]   -- Adding rule to generate "poly_rewriter_params.hpp"
[INFO] [stderr]   -- Adding rule to generate "rewriter_params.hpp"
[INFO] [stderr]   -- Adding rule to generate "sat_params.hpp"
[INFO] [stderr]   -- Adding rule to generate "seq_rewriter_params.hpp"
[INFO] [stderr]   -- Adding rule to generate "sls_params.hpp"
[INFO] [stderr]   -- Adding rule to generate "smt_params_helper.hpp"
[INFO] [stderr]   -- Adding rule to generate "solver_params.hpp"
[INFO] [stderr]   -- Adding rule to generate "tactic_params.hpp"
[INFO] [stderr]   -- Adding rule to generate "tptp.hpp"
[INFO] [stderr]   -- Adding component rewriter
[INFO] [stderr]   -- Adding component bit_blaster
[INFO] [stderr]   -- Adding component normal_forms
[INFO] [stderr]   -- Adding rule to generate "nnf_params.hpp"
[INFO] [stderr]   -- Adding component macros
[INFO] [stderr]   -- Adding component model
[INFO] [stderr]   -- Adding rule to generate "model_evaluator_params.hpp"
[INFO] [stderr]   -- Adding rule to generate "model_params.hpp"
[INFO] [stderr]   -- Adding component euf
[INFO] [stderr]   -- Adding component converters
[INFO] [stderr]   -- Adding component substitution
[INFO] [stderr]   -- Adding component simplifiers
[INFO] [stderr]   -- Adding component tactic
[INFO] [stderr]   -- Adding component mbp
[INFO] [stderr]   -- Adding component qe_lite
[INFO] [stderr]   -- Adding component parser_util
[INFO] [stderr]   -- Adding rule to generate "parser_params.hpp"
[INFO] [stderr]   -- Adding component grobner
[INFO] [stderr]   -- Adding component sat
[INFO] [stderr]   -- Adding rule to generate "sat_asymm_branch_params.hpp"
[INFO] [stderr]   -- Adding rule to generate "sat_scc_params.hpp"
[INFO] [stderr]   -- Adding rule to generate "sat_simplifier_params.hpp"
[INFO] [stderr]   -- Adding component nlsat
[INFO] [stderr]   -- Adding rule to generate "nlsat_params.hpp"
[INFO] [stderr]   -- Adding component core_tactics
[INFO] [stderr]   -- Adding component subpaving_tactic
[INFO] [stderr]   -- Adding component aig_tactic
[INFO] [stderr]   -- Adding component arith_tactics
[INFO] [stderr]   -- Adding component solver
[INFO] [stderr]   -- Adding rule to generate "combined_solver_params.hpp"
[INFO] [stderr]   -- Adding rule to generate "parallel_params.hpp"
[INFO] [stderr]   -- Adding component cmd_context
[INFO] [stderr]   -- Adding component extra_cmds
[INFO] [stderr]   -- Adding component smt2parser
[INFO] [stderr]   -- Adding component solver_assertions
[INFO] [stderr]   -- Adding component pattern
[INFO] [stderr]   -- Adding component lp
[INFO] [stderr]   -- Adding rule to generate "lp_params_helper.hpp"
[INFO] [stderr]   -- Adding component ast_sls
[INFO] [stderr]   -- Adding component sat_smt
[INFO] [stderr]   -- Adding component sat_tactic
[INFO] [stderr]   -- Adding component nlsat_tactic
[INFO] [stderr]   -- Adding component ackermannization
[INFO] [stderr]   -- Adding rule to generate "ackermannization_params.hpp"
[INFO] [stderr]   -- Adding rule to generate "ackermannize_bv_tactic_params.hpp"
[INFO] [stderr]   -- Adding component proofs
[INFO] [stderr]   -- Adding component fpa
[INFO] [stderr]   -- Adding component proto_model
[INFO] [stderr]   -- Adding component smt
[INFO] [stderr]   -- Adding component bv_tactics
[INFO] [stderr]   -- Adding component smt_tactic
[INFO] [stderr]   -- Adding component sls_tactic
[INFO] [stderr]   -- Adding component qe
[INFO] [stderr]   -- Adding component muz
[INFO] [stderr]   -- Adding rule to generate "fp_params.hpp"
[INFO] [stderr]   -- Adding component dataflow
[INFO] [stderr]   -- Adding component transforms
[INFO] [stderr]   -- Adding component rel
[INFO] [stderr]   -- Adding component clp
[INFO] [stderr]   -- Adding component tab
[INFO] [stderr]   -- Adding component bmc
[INFO] [stderr]   -- Adding component ddnf
[INFO] [stderr]   -- Adding component spacer
[INFO] [stderr]   -- Adding component fp
[INFO] [stderr]   -- Adding component ufbv_tactic
[INFO] [stderr]   -- Adding component sat_solver
[INFO] [stderr]   -- Adding component smtlogic_tactics
[INFO] [stderr]   -- Adding rule to generate "qfufbv_tactic_params.hpp"
[INFO] [stderr]   -- Adding component fpa_tactics
[INFO] [stderr]   -- Adding component fd_solver
[INFO] [stderr]   -- Adding component portfolio
[INFO] [stderr]   -- Adding component z3_opt
[INFO] [stderr]   -- Adding rule to generate "opt_params.hpp"
[INFO] [stderr]   -- Adding component api
[INFO] [stderr]   -- Adding component api_dll
[INFO] [stderr]   -- Building documentation disabled
[INFO] [stderr]   -- Configuring done (10.3s)
[INFO] [stderr]   -- Generating done (4.7s)
[INFO] [stderr]   -- Build files have been written to: /opt/rustwide/target/debug/build/z3-sys/49aec0dd2e3ac720/out/build
[INFO] [stderr]   [  0%] Building CXX object src/util/CMakeFiles/util.dir/approx_nat.cpp.o
[INFO] [stderr]   [  0%] Building CXX object src/util/CMakeFiles/util.dir/approx_set.cpp.o
[INFO] [stderr]   [  0%] Building CXX object src/util/CMakeFiles/util.dir/bit_util.cpp.o
[INFO] [stderr]   [  0%] Building CXX object src/util/CMakeFiles/util.dir/bit_vector.cpp.o
[INFO] [stderr]   [  0%] Building CXX object src/util/CMakeFiles/util.dir/cmd_context_types.cpp.o
[INFO] [stderr]   [  0%] Building CXX object src/util/CMakeFiles/util.dir/common_msgs.cpp.o
[INFO] [stderr]   [  0%] Building CXX object src/util/CMakeFiles/util.dir/debug.cpp.o
[INFO] [stderr]   [  0%] Building CXX object src/util/CMakeFiles/util.dir/fixed_bit_vector.cpp.o
[INFO] [stderr]   [  1%] Building CXX object src/util/CMakeFiles/util.dir/env_params.cpp.o
[INFO] [stderr]   [  1%] Building CXX object src/util/CMakeFiles/util.dir/gparams.cpp.o
[INFO] [stderr]   [  1%] Building CXX object src/util/CMakeFiles/util.dir/hash.cpp.o
[INFO] [stderr]   [  1%] Building CXX object src/util/CMakeFiles/util.dir/hwf.cpp.o
[INFO] [stderr]   [  1%] Building CXX object src/util/CMakeFiles/util.dir/inf_int_rational.cpp.o
[INFO] [stderr]   [  1%] Building CXX object src/util/CMakeFiles/util.dir/inf_rational.cpp.o
[INFO] [stderr]   [  1%] Building CXX object src/util/CMakeFiles/util.dir/inf_s_integer.cpp.o
[INFO] [stderr]   [  2%] Building CXX object src/util/CMakeFiles/util.dir/len_abs.cpp.o
[INFO] [stderr]   [  2%] Building CXX object src/util/CMakeFiles/util.dir/lbool.cpp.o
[INFO] [stderr]   [  2%] Building CXX object src/util/CMakeFiles/util.dir/luby.cpp.o
[INFO] [stderr]   [  2%] Building CXX object src/util/CMakeFiles/util.dir/memory_manager.cpp.o
[INFO] [stderr]   [  2%] Building CXX object src/util/CMakeFiles/util.dir/min_cut.cpp.o
[INFO] [stderr]   [  2%] Building CXX object src/util/CMakeFiles/util.dir/mpbq.cpp.o
[INFO] [stderr]   [  2%] Building CXX object src/util/CMakeFiles/util.dir/mpf.cpp.o
[INFO] [stderr]   [  2%] Building CXX object src/util/CMakeFiles/util.dir/mpff.cpp.o
[INFO] [stderr]   [  2%] Building CXX object src/util/CMakeFiles/util.dir/mpfx.cpp.o
[INFO] [stderr]   [  3%] Building CXX object src/util/CMakeFiles/util.dir/mpn.cpp.o
[INFO] [stderr]   [  3%] Building CXX object src/util/CMakeFiles/util.dir/mpq_inf.cpp.o
[INFO] [stderr]   [  3%] Building CXX object src/util/CMakeFiles/util.dir/mpq.cpp.o
[INFO] [stderr] 
[INFO] [stderr]   --- stderr
[INFO] [stderr]   running: cd "/opt/rustwide/target/debug/build/z3-sys/49aec0dd2e3ac720/out/build" && CMAKE_PREFIX_PATH="" LC_ALL="C" "cmake" "/opt/rustwide/cargo-home/registry/src/index.crates.io-1949cf8c6b5b557f/z3-src-501.0.0/z3" "-B" "/opt/rustwide/target/debug/build/z3-sys/49aec0dd2e3ac720/out/build" "-DZ3_BUILD_LIBZ3_SHARED=false" "-DZ3_BUILD_EXECUTABLE=false" "-DZ3_BUILD_TEST_EXECUTABLES=false" "-DZ3_ENABLE_EXAMPLE_TARGETS=false" "-DCMAKE_INSTALL_PREFIX=/opt/rustwide/target/debug/build/z3-sys/49aec0dd2e3ac720/out" "-DCMAKE_C_FLAGS= -ffunction-sections -fdata-sections -fPIC -m64 -w" "-DCMAKE_C_COMPILER=/usr/bin/cc" "-DCMAKE_CXX_FLAGS= -ffunction-sections -fdata-sections -fPIC -m64 -w" "-DCMAKE_CXX_COMPILER=/usr/bin/c++" "-DCMAKE_ASM_FLAGS= -ffunction-sections -fdata-sections -fPIC -m64 -w" "-DCMAKE_ASM_COMPILER=/usr/bin/cc" "-DCMAKE_BUILD_TYPE=Debug"
[INFO] [stderr]   CMake Warning at CMakeLists.txt:50 (message):
[INFO] [stderr]     Disabling Z3_INCLUDE_GIT_DESCRIBE
[INFO] [stderr]   Call Stack (most recent call first):
[INFO] [stderr]     CMakeLists.txt:101 (disable_git_describe)
[INFO] [stderr] 
[INFO] [stderr] 
[INFO] [stderr]   CMake Warning at CMakeLists.txt:56 (message):
[INFO] [stderr]     Disabling Z3_INCLUDE_GIT_HASH
[INFO] [stderr]   Call Stack (most recent call first):
[INFO] [stderr]     CMakeLists.txt:102 (disable_git_hash)
[INFO] [stderr] 
[INFO] [stderr] 
[INFO] [stderr]   CMake Warning:
[INFO] [stderr]     Manually-specified variables were not used by the project:
[INFO] [stderr] 
[INFO] [stderr]       CMAKE_ASM_COMPILER
[INFO] [stderr]       CMAKE_ASM_FLAGS
[INFO] [stderr]       CMAKE_C_COMPILER
[INFO] [stderr]       CMAKE_C_FLAGS
[INFO] [stderr] 
[INFO] [stderr] 
[INFO] [stderr]   running: cd "/opt/rustwide/target/debug/build/z3-sys/49aec0dd2e3ac720/out/build" && LC_ALL="C" MAKEFLAGS="-j --jobserver-fds=4,5 --jobserver-auth=4,5" "cmake" "--build" "/opt/rustwide/target/debug/build/z3-sys/49aec0dd2e3ac720/out/build" "--target" "install" "--config" "Debug"
[INFO] [stderr]   c++: fatal error: Killed signal terminated program cc1plus
[INFO] [stderr]   compilation terminated.
[INFO] [stderr]   gmake[2]: *** [src/util/CMakeFiles/util.dir/build.make:205: src/util/CMakeFiles/util.dir/gparams.cpp.o] Error 1
[INFO] [stderr]   gmake[2]: *** Waiting for unfinished jobs....
[INFO] [stderr]   c++: fatal error: Killed signal terminated program cc1plus
[INFO] [stderr]   compilation terminated.
[INFO] [stderr]   gmake[2]: *** [src/util/CMakeFiles/util.dir/build.make:233: src/util/CMakeFiles/util.dir/hwf.cpp.o] Error 1
[INFO] [stderr]   c++: fatal error: Killed signal terminated program cc1plus
[INFO] [stderr]   compilation terminated.
[INFO] [stderr]   gmake[2]: *** [src/util/CMakeFiles/util.dir/build.make:247: src/util/CMakeFiles/util.dir/inf_int_rational.cpp.o] Error 1
[INFO] [stderr]   gmake[1]: *** [CMakeFiles/Makefile2:1825: src/util/CMakeFiles/util.dir/all] Error 2
[INFO] [stderr]   gmake: *** [Makefile:136: all] Error 2
[INFO] [stderr] 
[INFO] [stderr]   thread 'main' (798) panicked at /opt/rustwide/cargo-home/registry/src/index.crates.io-1949cf8c6b5b557f/cmake-0.1.58/src/lib.rs:1132:5:
[INFO] [stderr] 
[INFO] [stderr]   command did not execute successfully, got: exit status: 2
[INFO] [stderr] 
[INFO] [stderr]   build script failed, must exit now
[INFO] [stderr]   stack backtrace:
[INFO] [stderr]      0:     0x5eb273ae2d11 - std[3164a59e47d3bde]::backtrace_rs::backtrace::libunwind::trace
[INFO] [stderr]                                  at /rustc/3154cc1a3e6424e44f438a95007d043ed5ceaaf6/library/std/src/../../backtrace/src/backtrace/libunwind.rs:117:9
[INFO] [stderr]      1:     0x5eb273ae2d11 - std[3164a59e47d3bde]::backtrace_rs::backtrace::trace_unsynchronized::<std[3164a59e47d3bde]::sys::backtrace::_print_fmt::{closure#1}>
[INFO] [stderr]                                  at /rustc/3154cc1a3e6424e44f438a95007d043ed5ceaaf6/library/std/src/../../backtrace/src/backtrace/mod.rs:66:14
[INFO] [stderr]      2:     0x5eb273ae2d11 - std[3164a59e47d3bde]::sys::backtrace::_print_fmt
[INFO] [stderr]                                  at /rustc/3154cc1a3e6424e44f438a95007d043ed5ceaaf6/library/std/src/sys/backtrace.rs:74:9
[INFO] [stderr]      3:     0x5eb273ae2d11 - <<std[3164a59e47d3bde]::sys::backtrace::BacktraceLock>::print::DisplayBacktrace as core[934024a1e6126fb4]::fmt::Display>::fmt
[INFO] [stderr]                                  at /rustc/3154cc1a3e6424e44f438a95007d043ed5ceaaf6/library/std/src/sys/backtrace.rs:44:26
[INFO] [stderr]      4:     0x5eb273af6eda - <core[934024a1e6126fb4]::fmt::rt::Argument>::fmt
[INFO] [stderr]                                  at /rustc/3154cc1a3e6424e44f438a95007d043ed5ceaaf6/library/core/src/fmt/rt.rs:152:76
[INFO] [stderr]      5:     0x5eb273af6eda - core[934024a1e6126fb4]::fmt::write
[INFO] [stderr]      6:     0x5eb273ae86bc - core[934024a1e6126fb4]::io::write::default_write_fmt::<std[3164a59e47d3bde]::sys::stdio::unix::Stderr>
[INFO] [stderr]                                  at /rustc/3154cc1a3e6424e44f438a95007d043ed5ceaaf6/library/core/src/io/write.rs:402:11
[INFO] [stderr]      7:     0x5eb273ae86bc - <std[3164a59e47d3bde]::sys::stdio::unix::Stderr as core[934024a1e6126fb4]::io::write::Write>::write_fmt
[INFO] [stderr]                                  at /rustc/3154cc1a3e6424e44f438a95007d043ed5ceaaf6/library/core/src/io/write.rs:335:13
[INFO] [stderr]      8:     0x5eb273ac1686 - <std[3164a59e47d3bde]::sys::backtrace::BacktraceLock>::print
[INFO] [stderr]                                  at /rustc/3154cc1a3e6424e44f438a95007d043ed5ceaaf6/library/std/src/sys/backtrace.rs:47:9
[INFO] [stderr]      9:     0x5eb273ac1686 - std[3164a59e47d3bde]::panicking::default_hook::{closure#0}
[INFO] [stderr]                                  at /rustc/3154cc1a3e6424e44f438a95007d043ed5ceaaf6/library/std/src/panicking.rs:289:27
[INFO] [stderr]     10:     0x5eb273add6d1 - std[3164a59e47d3bde]::panicking::default_hook
[INFO] [stderr]                                  at /rustc/3154cc1a3e6424e44f438a95007d043ed5ceaaf6/library/std/src/panicking.rs:316:9
[INFO] [stderr]     11:     0x5eb273add88b - std[3164a59e47d3bde]::panicking::panic_with_hook
[INFO] [stderr]                                  at /rustc/3154cc1a3e6424e44f438a95007d043ed5ceaaf6/library/std/src/panicking.rs:811:13
[INFO] [stderr]     12:     0x5eb273ac1732 - std[3164a59e47d3bde]::panicking::panic_handler::{closure#0}
[INFO] [stderr]                                  at /rustc/3154cc1a3e6424e44f438a95007d043ed5ceaaf6/library/std/src/panicking.rs:685:13
[INFO] [stderr]     13:     0x5eb273aba279 - std[3164a59e47d3bde]::sys::backtrace::__rust_end_short_backtrace::<std[3164a59e47d3bde]::panicking::panic_handler::{closure#0}, !>
[INFO] [stderr]                                  at /rustc/3154cc1a3e6424e44f438a95007d043ed5ceaaf6/library/std/src/sys/backtrace.rs:182:18
[INFO] [stderr]     14:     0x5eb273ac1f1d - __rustc[2e7b49d4226056d3]::rust_begin_unwind
[INFO] [stderr]                                  at /rustc/3154cc1a3e6424e44f438a95007d043ed5ceaaf6/library/std/src/panicking.rs:676:5
[INFO] [stderr]     15:     0x5eb273af76cc - core[934024a1e6126fb4]::panicking::panic_fmt
[INFO] [stderr]                                  at /rustc/3154cc1a3e6424e44f438a95007d043ed5ceaaf6/library/core/src/panicking.rs:80:14
[INFO] [stderr]     16:     0x5eb273a28537 - cmake[88d69019b5068629]::fail
[INFO] [stderr]     17:     0x5eb273a281c3 - cmake[88d69019b5068629]::run
[INFO] [stderr]     18:     0x5eb273a2e1a5 - <cmake[88d69019b5068629]::Config>::build
[INFO] [stderr]     19:     0x5eb273a19b51 - z3_src[a6630edcb506be27]::build_cmake
[INFO] [stderr]     20:     0x5eb273a1a519 - z3_src[a6630edcb506be27]::build
[INFO] [stderr]     21:     0x5eb273a15654 - build_script_build[ea7a21df45a89ee6]::build_from_source
[INFO] [stderr]     22:     0x5eb273a1677f - build_script_build[ea7a21df45a89ee6]::main
[INFO] [stderr]     23:     0x5eb273a183fb - <fn() as core[934024a1e6126fb4]::ops::function::FnOnce<()>>::call_once
[INFO] [stderr]     24:     0x5eb273a1522e - std[3164a59e47d3bde]::sys::backtrace::__rust_begin_short_backtrace::<fn(), ()>
[INFO] [stderr]     25:     0x5eb273a153e9 - std[3164a59e47d3bde]::rt::lang_start::<()>::{closure#0}
[INFO] [stderr]     26:     0x5eb273adc9d8 - <&dyn core[934024a1e6126fb4]::ops::function::Fn<(), Output = i32> + core[934024a1e6126fb4]::marker::Sync + core[934024a1e6126fb4]::panic::unwind_safe::RefUnwindSafe as core[934024a1e6126fb4]::ops::function::FnOnce<()>>::call_once
[INFO] [stderr]                                  at /rustc/3154cc1a3e6424e44f438a95007d043ed5ceaaf6/library/core/src/ops/function.rs:287:21
[INFO] [stderr]     27:     0x5eb273adc9d8 - std[3164a59e47d3bde]::panicking::catch_unwind::do_call::<&dyn core[934024a1e6126fb4]::ops::function::Fn<(), Output = i32> + core[934024a1e6126fb4]::marker::Sync + core[934024a1e6126fb4]::panic::unwind_safe::RefUnwindSafe, i32>
[INFO] [stderr]                                  at /rustc/3154cc1a3e6424e44f438a95007d043ed5ceaaf6/library/std/src/panicking.rs:573:43
[INFO] [stderr]     28:     0x5eb273adc9d8 - std[3164a59e47d3bde]::panicking::catch_unwind::<i32, &dyn core[934024a1e6126fb4]::ops::function::Fn<(), Output = i32> + core[934024a1e6126fb4]::marker::Sync + core[934024a1e6126fb4]::panic::unwind_safe::RefUnwindSafe>
[INFO] [stderr]                                  at /rustc/3154cc1a3e6424e44f438a95007d043ed5ceaaf6/library/std/src/panicking.rs:541:19
[INFO] [stderr]     29:     0x5eb273adc9d8 - std[3164a59e47d3bde]::panic::catch_unwind::<&dyn core[934024a1e6126fb4]::ops::function::Fn<(), Output = i32> + core[934024a1e6126fb4]::marker::Sync + core[934024a1e6126fb4]::panic::unwind_safe::RefUnwindSafe, i32>
[INFO] [stderr]                                  at /rustc/3154cc1a3e6424e44f438a95007d043ed5ceaaf6/library/std/src/panic.rs:359:14
[INFO] [stderr]     30:     0x5eb273adc9d8 - std[3164a59e47d3bde]::rt::lang_start_internal::{closure#0}
[INFO] [stderr]                                  at /rustc/3154cc1a3e6424e44f438a95007d043ed5ceaaf6/library/std/src/rt.rs:175:24
[INFO] [stderr]     31:     0x5eb273adc9d8 - std[3164a59e47d3bde]::panicking::catch_unwind::do_call::<std[3164a59e47d3bde]::rt::lang_start_internal::{closure#0}, isize>
[INFO] [stderr]                                  at /rustc/3154cc1a3e6424e44f438a95007d043ed5ceaaf6/library/std/src/panicking.rs:573:43
[INFO] [stderr]     32:     0x5eb273adc9d8 - std[3164a59e47d3bde]::panicking::catch_unwind::<isize, std[3164a59e47d3bde]::rt::lang_start_internal::{closure#0}>
[INFO] [stderr]                                  at /rustc/3154cc1a3e6424e44f438a95007d043ed5ceaaf6/library/std/src/panicking.rs:541:19
[INFO] [stderr]     33:     0x5eb273adc9d8 - std[3164a59e47d3bde]::panic::catch_unwind::<std[3164a59e47d3bde]::rt::lang_start_internal::{closure#0}, isize>
[INFO] [stderr]                                  at /rustc/3154cc1a3e6424e44f438a95007d043ed5ceaaf6/library/std/src/panic.rs:359:14
[INFO] [stderr]     34:     0x5eb273adc9d8 - std[3164a59e47d3bde]::rt::lang_start_internal
[INFO] [stderr]                                  at /rustc/3154cc1a3e6424e44f438a95007d043ed5ceaaf6/library/std/src/rt.rs:171:5
[INFO] [stderr]     35:     0x5eb273a15221 - std[3164a59e47d3bde]::rt::lang_start::<()>
[INFO] [stderr]     36:     0x5eb273a18555 - main
[INFO] [stderr]     37:     0x71e9aede8601 - <unknown>
[INFO] [stderr]     38:     0x71e9aede8718 - __libc_start_main
[INFO] [stderr]     39:     0x5eb273a14de5 - _start
[INFO] [stderr]     40:                0x0 - <unknown>
[INFO] running `Command { std: "docker" "inspect" "36a6191b7c62282fc1c60c5685a19e1fbf0b0f31fa1f7a327da09a1fc89ed162", kill_on_drop: false }`
[INFO] running `Command { std: "docker" "rm" "-f" "36a6191b7c62282fc1c60c5685a19e1fbf0b0f31fa1f7a327da09a1fc89ed162", kill_on_drop: false }`
[INFO] [stdout] 36a6191b7c62282fc1c60c5685a19e1fbf0b0f31fa1f7a327da09a1fc89ed162
