[INFO] cloning repository https://github.com/lenguyenquangduy2203/engineering-documents-manager
[INFO] running `Command { std: "git" "-c" "credential.helper=" "-c" "credential.helper=/workspace/cargo-home/bin/git-credential-null" "clone" "--bare" "https://github.com/lenguyenquangduy2203/engineering-documents-manager" "/workspace/cache/git-repos/https%3A%2F%2Fgithub.com%2Flenguyenquangduy2203%2Fengineering-documents-manager", kill_on_drop: false }`
[INFO] [stderr] Cloning into bare repository '/workspace/cache/git-repos/https%3A%2F%2Fgithub.com%2Flenguyenquangduy2203%2Fengineering-documents-manager'...
[INFO] running `Command { std: "git" "rev-parse" "HEAD", kill_on_drop: false }`
[INFO] [stdout] 4c534fe5a14f8365dc6d1dc5fa9f88c470cc09ff
[INFO] checking lenguyenquangduy2203/engineering-documents-manager against 3154cc1a3e6424e44f438a95007d043ed5ceaaf6 for pr-133502-30
[INFO] running `Command { std: "git" "clone" "/workspace/cache/git-repos/https%3A%2F%2Fgithub.com%2Flenguyenquangduy2203%2Fengineering-documents-manager" "/workspace/builds/worker-2-tc2/source", kill_on_drop: false }`
[INFO] [stderr] Cloning into '/workspace/builds/worker-2-tc2/source'...
[INFO] [stderr] done.
[INFO] started tweaking git repo https://github.com/lenguyenquangduy2203/engineering-documents-manager
[INFO] removed 0 missing tests
[INFO] finished tweaking git repo https://github.com/lenguyenquangduy2203/engineering-documents-manager
[INFO] tweaked toml for git repo https://github.com/lenguyenquangduy2203/engineering-documents-manager written to /workspace/builds/worker-2-tc2/source/Cargo.toml
[INFO] validating manifest of git repo https://github.com/lenguyenquangduy2203/engineering-documents-manager on toolchain 3154cc1a3e6424e44f438a95007d043ed5ceaaf6
[INFO] running `Command { std: CARGO_HOME="/workspace/cargo-home" RUSTUP_HOME="/workspace/rustup-home" "/workspace/cargo-home/bin/cargo" "+3154cc1a3e6424e44f438a95007d043ed5ceaaf6" "metadata" "--manifest-path" "Cargo.toml" "--no-deps", kill_on_drop: false }`
[INFO] crate git repo https://github.com/lenguyenquangduy2203/engineering-documents-manager already has a lockfile, it will not be regenerated
[INFO] running `Command { std: CARGO_HOME="/workspace/cargo-home" RUSTUP_HOME="/workspace/rustup-home" "/workspace/cargo-home/bin/cargo" "+3154cc1a3e6424e44f438a95007d043ed5ceaaf6" "fetch" "--manifest-path" "Cargo.toml", kill_on_drop: false }`
[INFO] running `Command { std: "docker" "create" "-v" "/var/lib/crater-agent-workspace/builds/worker-2-tc2/source:/opt/rustwide/workdir:ro,Z" "-v" "/var/lib/crater-agent-workspace/builds/worker-2-tc2/target:/opt/rustwide/target:rw,Z" "-v" "/var/lib/crater-agent-workspace/cargo-home:/opt/rustwide/cargo-home:ro,Z" "-v" "/var/lib/crater-agent-workspace/rustup-home:/opt/rustwide/rustup-home:ro,Z" "-m" "1610612736" "--network" "none" "ghcr.io/rust-lang/crates-build-env/linux@sha256:77db811e55d90add9212f6832c23229e3de5f1c1f9905e8cb07319ea15df73ac" "sleep" "infinity", kill_on_drop: false }`
[INFO] [stdout] 3a6bf3c2a64f3014f1c96bcf21732c7930903ab1213202c0643bf3b62bfda599
[INFO] running `Command { std: "docker" "start" "3a6bf3c2a64f3014f1c96bcf21732c7930903ab1213202c0643bf3b62bfda599", kill_on_drop: false }`
[INFO] running `Command { std: "docker" "inspect" "3a6bf3c2a64f3014f1c96bcf21732c7930903ab1213202c0643bf3b62bfda599", kill_on_drop: false }`
[INFO] running `Command { std: "docker" "exec" "-e" "SOURCE_DIR=/opt/rustwide/workdir" "-e" "CARGO_HOME=/opt/rustwide/cargo-home" "-e" "RUSTUP_HOME=/opt/rustwide/rustup-home" "-e" "CARGO_TARGET_DIR=/opt/rustwide/target" "-w" "/opt/rustwide/workdir" "--user" "0:0" "3a6bf3c2a64f3014f1c96bcf21732c7930903ab1213202c0643bf3b62bfda599" "/opt/rustwide/cargo-home/bin/cargo" "+3154cc1a3e6424e44f438a95007d043ed5ceaaf6" "metadata" "--no-deps" "--format-version=1", kill_on_drop: false }`
[INFO] running `Command { std: "docker" "inspect" "3a6bf3c2a64f3014f1c96bcf21732c7930903ab1213202c0643bf3b62bfda599", kill_on_drop: false }`
[INFO] running `Command { std: "docker" "exec" "-e" "SOURCE_DIR=/opt/rustwide/workdir" "-e" "CARGO_HOME=/opt/rustwide/cargo-home" "-e" "RUSTUP_HOME=/opt/rustwide/rustup-home" "-e" "CARGO_TARGET_DIR=/opt/rustwide/target" "-e" "CARGO_INCREMENTAL=0" "-e" "RUST_BACKTRACE=full" "-e" "RUSTFLAGS=--cap-lints=forbid" "-e" "RUSTDOCFLAGS=--cap-lints=forbid" "-w" "/opt/rustwide/workdir" "--user" "0:0" "3a6bf3c2a64f3014f1c96bcf21732c7930903ab1213202c0643bf3b62bfda599" "/opt/rustwide/cargo-home/bin/cargo" "+3154cc1a3e6424e44f438a95007d043ed5ceaaf6" "check" "--frozen" "--all" "--all-targets" "--message-format=json", kill_on_drop: false }`
[INFO] [stderr]    Compiling stable_deref_trait v1.2.1
[INFO] [stderr]    Compiling icu_normalizer_data v2.2.0
[INFO] [stderr]    Compiling icu_properties_data v2.2.0
[INFO] [stderr]     Checking smallvec v1.15.2
[INFO] [stderr]    Compiling crossbeam-utils v0.8.22
[INFO] [stderr]     Checking futures-core v0.3.32
[INFO] [stderr]    Compiling serde v1.0.229
[INFO] [stderr]    Compiling libc v0.2.186
[INFO] [stderr]     Checking bytes v1.12.0
[INFO] [stderr]    Compiling litemap v0.8.2
[INFO] [stderr]    Compiling shlex v1.3.0
[INFO] [stderr]    Compiling syn v3.0.0
[INFO] [stderr]    Compiling writeable v0.6.3
[INFO] [stderr]    Compiling find-msvc-tools v0.1.8
[INFO] [stderr]    Compiling zerofrom v0.1.8
[INFO] [stderr]    Compiling num-traits v0.2.19
[INFO] [stderr]    Compiling serde_json v1.0.151
[INFO] [stderr]    Compiling yoke v0.8.3
[INFO] [stderr]    Compiling cc v1.2.53
[INFO] [stderr]    Compiling vcpkg v0.2.15
[INFO] [stderr]    Compiling utf8_iter v1.0.4
[INFO] [stderr]    Compiling pin-project-lite v0.2.17
[INFO] [stderr]    Compiling serde_core v1.0.229
[INFO] [stderr]    Compiling scopeguard v1.2.0
[INFO] [stderr]    Compiling typenum v1.20.1
[INFO] [stderr]     Checking tracing-core v0.1.36
[INFO] [stderr]    Compiling zerovec v0.11.6
[INFO] [stderr]    Compiling zerotrie v0.2.4
[INFO] [stderr]    Compiling lock_api v0.4.14
[INFO] [stderr]     Checking icu_locale_core v2.2.0
[INFO] [stderr]    Compiling tokio-macros v2.7.0
[INFO] [stderr]    Compiling cfg-if v1.0.4
[INFO] [stderr]    Compiling futures-sink v0.3.32
[INFO] [stderr]     Checking icu_collections v2.2.0
[INFO] [stderr]    Compiling memchr v2.8.2
[INFO] [stderr]     Checking tracing v0.1.44
[INFO] [stderr]    Compiling slab v0.4.12
[INFO] [stderr]    Compiling thiserror v2.0.19
[INFO] [stderr]     Checking futures-io v0.3.32
[INFO] [stderr]    Compiling futures-task v0.3.32
[INFO] [stderr]    Compiling parking_lot_core v0.9.12
[INFO] [stderr]    Compiling mio v1.2.1
[INFO] [stderr]    Compiling socket2 v0.6.4
[INFO] [stderr]    Compiling allocator-api2 v0.2.21
[INFO] [stderr]    Compiling percent-encoding v2.3.2
[INFO] [stderr]    Compiling foldhash v0.2.0
[INFO] [stderr]    Compiling tinystr v0.8.3
[INFO] [stderr]    Compiling potential_utf v0.1.5
[INFO] [stderr]    Compiling once_cell v1.21.4
[INFO] [stderr]     Checking futures-util v0.3.32
[INFO] [stderr]     Checking errno v0.3.14
[INFO] [stderr]     Checking signal-hook-registry v1.4.8
[INFO] [stderr]     Checking parking_lot v0.12.5
[INFO] [stderr]     Checking icu_provider v2.2.0
[INFO] [stderr]    Compiling hashbrown v0.16.1
[INFO] [stderr]    Compiling tokio v1.53.1
[INFO] [stderr]    Compiling form_urlencoded v1.2.2
[INFO] [stderr]    Compiling generic-array v0.14.7
[INFO] [stderr]     Checking icu_properties v2.2.0
[INFO] [stderr]     Checking icu_normalizer v2.2.0
[INFO] [stderr]    Compiling concurrent-queue v2.5.0
[INFO] [stderr]    Compiling libsqlite3-sys v0.30.1
[INFO] [stderr]     Checking http v1.4.2
[INFO] [stderr]    Compiling zmij v1.0.21
[INFO] [stderr]    Compiling crypto-common v0.1.7
[INFO] [stderr]    Compiling block-buffer v0.10.4
[INFO] [stderr]    Compiling crc-catalog v2.5.0
[INFO] [stderr]    Compiling cpufeatures v0.2.17
[INFO] [stderr]    Compiling parking v2.2.1
[INFO] [stderr]    Compiling itoa v1.0.18
[INFO] [stderr]    Compiling digest v0.10.7
[INFO] [stderr]    Compiling log v0.4.33
[INFO] [stderr]    Compiling sha2 v0.10.9
[INFO] [stderr]    Compiling hashlink v0.11.1
[INFO] [stderr]    Compiling event-listener v5.4.1
[INFO] [stderr]    Compiling crc v3.4.0
[INFO] [stderr]    Compiling futures-intrusive v0.5.0
[INFO] [stderr]    Compiling crossbeam-queue v0.3.13
[INFO] [stderr]    Compiling spin v0.9.8
[INFO] [stderr]     Checking futures-channel v0.3.32
[INFO] [stderr]    Compiling base64 v0.22.1
[INFO] [stderr]    Compiling httparse v1.10.1
[INFO] [stderr]     Checking idna_adapter v1.2.2
[INFO] [stderr]     Checking http-body v1.0.1
[INFO] [stderr]     Checking idna v1.1.0
[INFO] [stderr]    Compiling flume v0.12.0
[INFO] [stderr]    Compiling heck v0.5.0
[INFO] [stderr]     Checking tower-service v0.3.3
[INFO] [stderr]     Checking indexmap v2.14.0
[INFO] [stderr]     Checking url v2.5.8
[INFO] [stderr]    Compiling atoi v2.0.0
[INFO] [stderr]     Checking regex-syntax v0.8.8
[INFO] [stderr]    Compiling dotenvy v0.15.7
[INFO] [stderr]     Checking httpdate v1.0.3
[INFO] [stderr]     Checking tower-layer v0.3.3
[INFO] [stderr]    Compiling hex v0.4.3
[INFO] [stderr]     Checking sync_wrapper v1.0.2
[INFO] [stderr]     Checking http-body-util v0.1.3
[INFO] [stderr]    Compiling anyhow v1.0.104
[INFO] [stderr]     Checking mime v0.3.17
[INFO] [stderr]     Checking sharded-slab v0.1.7
[INFO] [stderr]     Checking serde_path_to_error v0.1.20
[INFO] [stderr]     Checking tracing-log v0.2.0
[INFO] [stderr]     Checking thread_local v1.1.9
[INFO] [stderr]     Checking axum-core v0.5.6
[INFO] [stderr]     Checking nu-ansi-term v0.50.3
[INFO] [stderr]     Checking matchit v0.8.4
[INFO] [stderr]     Checking futures-executor v0.3.32
[INFO] [stderr]     Checking chrono v0.4.45
[INFO] [stderr]    Compiling strum_macros v0.28.0
[INFO] [stderr]    Compiling axum-macros v0.5.1
[INFO] [stderr]     Checking strum v0.28.0
[INFO] [stderr]     Checking regex-automata v0.4.13
[INFO] [stderr]    Compiling serde_derive v1.0.229
[INFO] [stderr]    Compiling thiserror-impl v2.0.19
[INFO] [stderr]    Compiling async-trait v0.1.91
[INFO] [stderr]     Checking matchers v0.2.0
[INFO] [stderr]     Checking tracing-subscriber v0.3.23
[INFO] [stderr]    Compiling tokio-stream v0.1.18
[INFO] [stderr]    Compiling either v1.16.0
[INFO] [stderr]     Checking hyper v1.10.1
[INFO] [stderr]     Checking tower v0.5.3
[INFO] [stderr]    Compiling sqlx-core v0.9.0
[INFO] [stderr]     Checking serde_urlencoded v0.7.1
[INFO] [stderr]     Checking hyper-util v0.1.20
[INFO] [stderr]     Checking axum v0.8.9
[INFO] [stderr]    Compiling sqlx-sqlite v0.9.0
[INFO] [stderr]    Compiling sqlx-macros-core v0.9.0
[INFO] [stderr]    Compiling sqlx-macros v0.9.0
[INFO] [stderr]     Checking sqlx v0.9.0
[INFO] [stderr]     Checking engineering-documents-manager v0.1.0 (/opt/rustwide/workdir)
[INFO] [stdout] error: set `DATABASE_URL` to use query macros online, or run `cargo sqlx prepare` to update the query cache
[INFO] [stdout]   --> src/infra/repositories/sqlx/components/crud.rs:21:22
[INFO] [stdout]    |
[INFO] [stdout] 21 |           let result = sqlx::query!(
[INFO] [stdout]    |  ______________________^
[INFO] [stdout] 22 | |             r#"
[INFO] [stdout] 23 | |             INSERT INTO components (type, current_title, latest_version_number) 
[INFO] [stdout] 24 | |             VALUES (?, ?, ?)
[INFO] [stdout] ...  |
[INFO] [stdout] 28 | |             component.version.0,
[INFO] [stdout] 29 | |         )
[INFO] [stdout]    | |_________^
[INFO] [stdout]    |
[INFO] [stdout]    = note: this error originates in the macro `$crate::sqlx_macros::expand_query` which comes from the expansion of the macro `sqlx::query` (in Nightly builds, run with -Z macro-backtrace for more info)
[INFO] [stdout] 
[INFO] [stdout] 
[INFO] [stdout] error: set `DATABASE_URL` to use query macros online, or run `cargo sqlx prepare` to update the query cache
[INFO] [stdout]    --> src/infra/repositories/sqlx/components/crud.rs:94:9
[INFO] [stdout]     |
[INFO] [stdout]  94 | /         sqlx::query!(
[INFO] [stdout]  95 | |             r#"
[INFO] [stdout]  96 | |             UPDATE components
[INFO] [stdout]  97 | |             SET latest_version_number = ?, current_title = ?
[INFO] [stdout] ...   |
[INFO] [stdout] 102 | |             updated_component.id,
[INFO] [stdout] 103 | |         )
[INFO] [stdout]     | |_________^
[INFO] [stdout]     |
[INFO] [stdout]     = note: this error originates in the macro `$crate::sqlx_macros::expand_query` which comes from the expansion of the macro `sqlx::query` (in Nightly builds, run with -Z macro-backtrace for more info)
[INFO] [stdout] 
[INFO] [stdout] 
[INFO] [stdout] error: set `DATABASE_URL` to use query macros online, or run `cargo sqlx prepare` to update the query cache
[INFO] [stdout]    --> src/infra/repositories/sqlx/components/crud.rs:125:9
[INFO] [stdout]     |
[INFO] [stdout] 125 | /         sqlx::query!(
[INFO] [stdout] 126 | |             r#"
[INFO] [stdout] 127 | |             DELETE FROM component_versions
[INFO] [stdout] 128 | |             WHERE component_id = ?
[INFO] [stdout] 129 | |             "#,
[INFO] [stdout] 130 | |             component_id
[INFO] [stdout] 131 | |         )
[INFO] [stdout]     | |_________^
[INFO] [stdout]     |
[INFO] [stdout]     = note: this error originates in the macro `$crate::sqlx_macros::expand_query` which comes from the expansion of the macro `sqlx::query` (in Nightly builds, run with -Z macro-backtrace for more info)
[INFO] [stdout] 
[INFO] [stdout] 
[INFO] [stdout] error: set `DATABASE_URL` to use query macros online, or run `cargo sqlx prepare` to update the query cache
[INFO] [stdout]    --> src/infra/repositories/sqlx/components/crud.rs:135:19
[INFO] [stdout]     |
[INFO] [stdout] 135 |           let res = sqlx::query!(
[INFO] [stdout]     |  ___________________^
[INFO] [stdout] 136 | |             r#"
[INFO] [stdout] 137 | |             DELETE FROM components
[INFO] [stdout] 138 | |             WHERE id = ?
[INFO] [stdout] 139 | |             "#,
[INFO] [stdout] 140 | |             component_id
[INFO] [stdout] 141 | |         )
[INFO] [stdout]     | |_________^
[INFO] [stdout]     |
[INFO] [stdout]     = note: this error originates in the macro `$crate::sqlx_macros::expand_query` which comes from the expansion of the macro `sqlx::query` (in Nightly builds, run with -Z macro-backtrace for more info)
[INFO] [stdout] 
[INFO] [stdout] 
[INFO] [stdout] error: set `DATABASE_URL` to use query macros online, or run `cargo sqlx prepare` to update the query cache
[INFO] [stdout]   --> src/infra/repositories/sqlx/components/type_resolver.rs:21:9
[INFO] [stdout]    |
[INFO] [stdout] 21 | /         sqlx::query_as!(
[INFO] [stdout] 22 | |             ComponentRef,
[INFO] [stdout] 23 | |             r#"
[INFO] [stdout] 24 | |             SELECT 
[INFO] [stdout] ...  |
[INFO] [stdout] 32 | |             json_ids,
[INFO] [stdout] 33 | |         )
[INFO] [stdout]    | |_________^
[INFO] [stdout]    |
[INFO] [stdout]    = note: this error originates in the macro `$crate::sqlx_macros::expand_query` which comes from the expansion of the macro `sqlx::query_as` (in Nightly builds, run with -Z macro-backtrace for more info)
[INFO] [stdout] 
[INFO] [stdout] 
[INFO] [stdout] error: set `DATABASE_URL` to use query macros online, or run `cargo sqlx prepare` to update the query cache
[INFO] [stdout]   --> src/infra/repositories/sqlx/components/payload_resolver.rs:24:9
[INFO] [stdout]    |
[INFO] [stdout] 24 | /         sqlx::query_as!(
[INFO] [stdout] 25 | |             ComponentPayloadRefRow,
[INFO] [stdout] 26 | |             r#"
[INFO] [stdout] 27 | |             SELECT 
[INFO] [stdout] ...  |
[INFO] [stdout] 38 | |             json_ids,
[INFO] [stdout] 39 | |         ).fetch_all(&self.dbc).await
[INFO] [stdout]    | |_________^
[INFO] [stdout]    |
[INFO] [stdout]    = note: this error originates in the macro `$crate::sqlx_macros::expand_query` which comes from the expansion of the macro `sqlx::query_as` (in Nightly builds, run with -Z macro-backtrace for more info)
[INFO] [stdout] 
[INFO] [stdout] 
[INFO] [stdout] error: set `DATABASE_URL` to use query macros online, or run `cargo sqlx prepare` to update the query cache
[INFO] [stdout]   --> src/infra/repositories/sqlx/components/mod.rs:30:9
[INFO] [stdout]    |
[INFO] [stdout] 30 | /         sqlx::query!(
[INFO] [stdout] 31 | |             r#"
[INFO] [stdout] 32 | |             INSERT INTO component_versions (component_id, version_number, data)
[INFO] [stdout] 33 | |             VALUES (?, ?, ?)
[INFO] [stdout] ...  |
[INFO] [stdout] 37 | |             payload
[INFO] [stdout] 38 | |         )
[INFO] [stdout]    | |_________^
[INFO] [stdout]    |
[INFO] [stdout]    = note: this error originates in the macro `$crate::sqlx_macros::expand_query` which comes from the expansion of the macro `sqlx::query` (in Nightly builds, run with -Z macro-backtrace for more info)
[INFO] [stdout] 
[INFO] [stdout] 
[INFO] [stdout] error: set `DATABASE_URL` to use query macros online, or run `cargo sqlx prepare` to update the query cache
[INFO] [stdout]   --> src/infra/repositories/sqlx/components/mod.rs:49:12
[INFO] [stdout]    |
[INFO] [stdout] 49 |           Ok(sqlx::query_as!(
[INFO] [stdout]    |  ____________^
[INFO] [stdout] 50 | |             Component::<Json<ComponentPayload>>,
[INFO] [stdout] 51 | |             r#"
[INFO] [stdout] 52 | |             SELECT 
[INFO] [stdout] ...  |
[INFO] [stdout] 63 | |             component_id,
[INFO] [stdout] 64 | |         )
[INFO] [stdout]    | |_________^
[INFO] [stdout]    |
[INFO] [stdout]    = note: this error originates in the macro `$crate::sqlx_macros::expand_query` which comes from the expansion of the macro `sqlx::query_as` (in Nightly builds, run with -Z macro-backtrace for more info)
[INFO] [stdout] 
[INFO] [stdout] 
[INFO] [stdout] error: set `DATABASE_URL` to use query macros online, or run `cargo sqlx prepare` to update the query cache
[INFO] [stdout]   --> src/infra/repositories/sqlx/documents/crud.rs:12:19
[INFO] [stdout]    |
[INFO] [stdout] 12 |           let res = sqlx::query!(
[INFO] [stdout]    |  ___________________^
[INFO] [stdout] 13 | |             r#"
[INFO] [stdout] 14 | |             INSERT INTO documents (type, title, status)
[INFO] [stdout] 15 | |             VALUES (?, ?, ?)
[INFO] [stdout] ...  |
[INFO] [stdout] 19 | |             &document.status.to_string(),
[INFO] [stdout] 20 | |         )
[INFO] [stdout]    | |_________^
[INFO] [stdout]    |
[INFO] [stdout]    = note: this error originates in the macro `$crate::sqlx_macros::expand_query` which comes from the expansion of the macro `sqlx::query` (in Nightly builds, run with -Z macro-backtrace for more info)
[INFO] [stdout] 
[INFO] [stdout] 
[INFO] [stdout] error: set `DATABASE_URL` to use query macros online, or run `cargo sqlx prepare` to update the query cache
[INFO] [stdout]   --> src/infra/repositories/sqlx/documents/crud.rs:62:9
[INFO] [stdout]    |
[INFO] [stdout] 62 | /         sqlx::query!(
[INFO] [stdout] 63 | |             r#"
[INFO] [stdout] 64 | |             UPDATE documents
[INFO] [stdout] 65 | |             SET
[INFO] [stdout] ...  |
[INFO] [stdout] 70 | |             doc_id,
[INFO] [stdout] 71 | |         )
[INFO] [stdout]    | |_________^
[INFO] [stdout]    |
[INFO] [stdout]    = note: this error originates in the macro `$crate::sqlx_macros::expand_query` which comes from the expansion of the macro `sqlx::query` (in Nightly builds, run with -Z macro-backtrace for more info)
[INFO] [stdout] 
[INFO] [stdout] 
[INFO] [stdout] error: set `DATABASE_URL` to use query macros online, or run `cargo sqlx prepare` to update the query cache
[INFO] [stdout]   --> src/infra/repositories/sqlx/documents/crud.rs:81:19
[INFO] [stdout]    |
[INFO] [stdout] 81 |           let res = sqlx::query!(
[INFO] [stdout]    |  ___________________^
[INFO] [stdout] 82 | |             r#"
[INFO] [stdout] 83 | |             DELETE FROM documents
[INFO] [stdout] 84 | |             WHERE id = ?
[INFO] [stdout] 85 | |             "#,
[INFO] [stdout] 86 | |             doc_id
[INFO] [stdout] 87 | |         )
[INFO] [stdout]    | |_________^
[INFO] [stdout]    |
[INFO] [stdout]    = note: this error originates in the macro `$crate::sqlx_macros::expand_query` which comes from the expansion of the macro `sqlx::query` (in Nightly builds, run with -Z macro-backtrace for more info)
[INFO] [stdout] 
[INFO] [stdout] 
[INFO] [stdout] error: set `DATABASE_URL` to use query macros online, or run `cargo sqlx prepare` to update the query cache
[INFO] [stdout]   --> src/infra/repositories/sqlx/documents/layouts.rs:13:9
[INFO] [stdout]    |
[INFO] [stdout] 13 | /         sqlx::query!(
[INFO] [stdout] 14 | |             r#"
[INFO] [stdout] 15 | |             DELETE FROM document_layouts
[INFO] [stdout] 16 | |             WHERE document_id = ?
[INFO] [stdout] ...  |
[INFO] [stdout] 22 | |             json_ids,
[INFO] [stdout] 23 | |         )
[INFO] [stdout]    | |_________^
[INFO] [stdout]    |
[INFO] [stdout]    = note: this error originates in the macro `$crate::sqlx_macros::expand_query` which comes from the expansion of the macro `sqlx::query` (in Nightly builds, run with -Z macro-backtrace for more info)
[INFO] [stdout] 
[INFO] [stdout] 
[INFO] [stdout] error: set `DATABASE_URL` to use query macros online, or run `cargo sqlx prepare` to update the query cache
[INFO] [stdout]   --> src/infra/repositories/sqlx/documents/layouts.rs:39:9
[INFO] [stdout]    |
[INFO] [stdout] 39 | /         sqlx::query!(
[INFO] [stdout] 40 | |             r#"
[INFO] [stdout] 41 | |             INSERT INTO document_layouts (document_id, component_version_id, position)
[INFO] [stdout] 42 | |             SELECT
[INFO] [stdout] ...  |
[INFO] [stdout] 48 | |             json_values
[INFO] [stdout] 49 | |         )
[INFO] [stdout]    | |_________^
[INFO] [stdout]    |
[INFO] [stdout]    = note: this error originates in the macro `$crate::sqlx_macros::expand_query` which comes from the expansion of the macro `sqlx::query` (in Nightly builds, run with -Z macro-backtrace for more info)
[INFO] [stdout] 
[INFO] [stdout] 
[INFO] [stdout] error: set `DATABASE_URL` to use query macros online, or run `cargo sqlx prepare` to update the query cache
[INFO] [stdout]   --> src/infra/repositories/sqlx/documents/publication.rs:21:9
[INFO] [stdout]    |
[INFO] [stdout] 21 | /         sqlx::query!(
[INFO] [stdout] 22 | |             r#"
[INFO] [stdout] 23 | |             UPDATE documents
[INFO] [stdout] 24 | |             SET
[INFO] [stdout] ...  |
[INFO] [stdout] 33 | |             doc_id,
[INFO] [stdout] 34 | |         )
[INFO] [stdout]    | |_________^
[INFO] [stdout]    |
[INFO] [stdout]    = note: this error originates in the macro `$crate::sqlx_macros::expand_query` which comes from the expansion of the macro `sqlx::query` (in Nightly builds, run with -Z macro-backtrace for more info)
[INFO] [stdout] 
[INFO] [stdout] 
[INFO] [stdout] error: set `DATABASE_URL` to use query macros online, or run `cargo sqlx prepare` to update the query cache
[INFO] [stdout]   --> src/infra/repositories/sqlx/documents/mod.rs:29:12
[INFO] [stdout]    |
[INFO] [stdout] 29 |           Ok(sqlx::query_as!(
[INFO] [stdout]    |  ____________^
[INFO] [stdout] 30 | |             Document,
[INFO] [stdout] 31 | |             r#"
[INFO] [stdout] 32 | |             SELECT 
[INFO] [stdout] ...  |
[INFO] [stdout] 43 | |             doc_id,
[INFO] [stdout] 44 | |         )
[INFO] [stdout]    | |_________^
[INFO] [stdout]    |
[INFO] [stdout]    = note: this error originates in the macro `$crate::sqlx_macros::expand_query` which comes from the expansion of the macro `sqlx::query_as` (in Nightly builds, run with -Z macro-backtrace for more info)
[INFO] [stdout] 
[INFO] [stdout] 
[INFO] [stdout] error: set `DATABASE_URL` to use query macros online, or run `cargo sqlx prepare` to update the query cache
[INFO] [stdout]   --> src/infra/repositories/sqlx/components/crud.rs:21:22
[INFO] [stdout]    |
[INFO] [stdout] 21 |           let result = sqlx::query!(
[INFO] [stdout]    |  ______________________^
[INFO] [stdout] 22 | |             r#"
[INFO] [stdout] 23 | |             INSERT INTO components (type, current_title, latest_version_number) 
[INFO] [stdout] 24 | |             VALUES (?, ?, ?)
[INFO] [stdout] ...  |
[INFO] [stdout] 28 | |             component.version.0,
[INFO] [stdout] 29 | |         )
[INFO] [stdout]    | |_________^
[INFO] [stdout]    |
[INFO] [stdout]    = note: this error originates in the macro `$crate::sqlx_macros::expand_query` which comes from the expansion of the macro `sqlx::query` (in Nightly builds, run with -Z macro-backtrace for more info)
[INFO] [stdout] 
[INFO] [stdout] 
[INFO] [stdout] error: set `DATABASE_URL` to use query macros online, or run `cargo sqlx prepare` to update the query cache
[INFO] [stdout]    --> src/infra/repositories/sqlx/components/crud.rs:94:9
[INFO] [stdout]     |
[INFO] [stdout]  94 | /         sqlx::query!(
[INFO] [stdout]  95 | |             r#"
[INFO] [stdout]  96 | |             UPDATE components
[INFO] [stdout]  97 | |             SET latest_version_number = ?, current_title = ?
[INFO] [stdout] ...   |
[INFO] [stdout] 102 | |             updated_component.id,
[INFO] [stdout] 103 | |         )
[INFO] [stdout]     | |_________^
[INFO] [stdout]     |
[INFO] [stdout]     = note: this error originates in the macro `$crate::sqlx_macros::expand_query` which comes from the expansion of the macro `sqlx::query` (in Nightly builds, run with -Z macro-backtrace for more info)
[INFO] [stdout] 
[INFO] [stdout] 
[INFO] [stdout] error: set `DATABASE_URL` to use query macros online, or run `cargo sqlx prepare` to update the query cache
[INFO] [stdout]    --> src/infra/repositories/sqlx/components/crud.rs:125:9
[INFO] [stdout]     |
[INFO] [stdout] 125 | /         sqlx::query!(
[INFO] [stdout] 126 | |             r#"
[INFO] [stdout] 127 | |             DELETE FROM component_versions
[INFO] [stdout] 128 | |             WHERE component_id = ?
[INFO] [stdout] 129 | |             "#,
[INFO] [stdout] 130 | |             component_id
[INFO] [stdout] 131 | |         )
[INFO] [stdout]     | |_________^
[INFO] [stdout]     |
[INFO] [stdout]     = note: this error originates in the macro `$crate::sqlx_macros::expand_query` which comes from the expansion of the macro `sqlx::query` (in Nightly builds, run with -Z macro-backtrace for more info)
[INFO] [stdout] 
[INFO] [stdout] 
[INFO] [stdout] error: set `DATABASE_URL` to use query macros online, or run `cargo sqlx prepare` to update the query cache
[INFO] [stdout]    --> src/infra/repositories/sqlx/components/crud.rs:135:19
[INFO] [stdout]     |
[INFO] [stdout] 135 |           let res = sqlx::query!(
[INFO] [stdout]     |  ___________________^
[INFO] [stdout] 136 | |             r#"
[INFO] [stdout] 137 | |             DELETE FROM components
[INFO] [stdout] 138 | |             WHERE id = ?
[INFO] [stdout] 139 | |             "#,
[INFO] [stdout] 140 | |             component_id
[INFO] [stdout] 141 | |         )
[INFO] [stdout]     | |_________^
[INFO] [stdout]     |
[INFO] [stdout]     = note: this error originates in the macro `$crate::sqlx_macros::expand_query` which comes from the expansion of the macro `sqlx::query` (in Nightly builds, run with -Z macro-backtrace for more info)
[INFO] [stdout] 
[INFO] [stdout] 
[INFO] [stdout] error: set `DATABASE_URL` to use query macros online, or run `cargo sqlx prepare` to update the query cache
[INFO] [stdout]   --> src/infra/repositories/sqlx/components/type_resolver.rs:21:9
[INFO] [stdout]    |
[INFO] [stdout] 21 | /         sqlx::query_as!(
[INFO] [stdout] 22 | |             ComponentRef,
[INFO] [stdout] 23 | |             r#"
[INFO] [stdout] 24 | |             SELECT 
[INFO] [stdout] ...  |
[INFO] [stdout] 32 | |             json_ids,
[INFO] [stdout] 33 | |         )
[INFO] [stdout]    | |_________^
[INFO] [stdout]    |
[INFO] [stdout]    = note: this error originates in the macro `$crate::sqlx_macros::expand_query` which comes from the expansion of the macro `sqlx::query_as` (in Nightly builds, run with -Z macro-backtrace for more info)
[INFO] [stdout] 
[INFO] [stdout] 
[INFO] [stdout] error: set `DATABASE_URL` to use query macros online, or run `cargo sqlx prepare` to update the query cache
[INFO] [stdout]   --> src/infra/repositories/sqlx/components/payload_resolver.rs:24:9
[INFO] [stdout]    |
[INFO] [stdout] 24 | /         sqlx::query_as!(
[INFO] [stdout] 25 | |             ComponentPayloadRefRow,
[INFO] [stdout] 26 | |             r#"
[INFO] [stdout] 27 | |             SELECT 
[INFO] [stdout] ...  |
[INFO] [stdout] 38 | |             json_ids,
[INFO] [stdout] 39 | |         ).fetch_all(&self.dbc).await
[INFO] [stdout]    | |_________^
[INFO] [stdout]    |
[INFO] [stdout]    = note: this error originates in the macro `$crate::sqlx_macros::expand_query` which comes from the expansion of the macro `sqlx::query_as` (in Nightly builds, run with -Z macro-backtrace for more info)
[INFO] [stdout] 
[INFO] [stdout] 
[INFO] [stdout] error: set `DATABASE_URL` to use query macros online, or run `cargo sqlx prepare` to update the query cache
[INFO] [stdout]   --> src/infra/repositories/sqlx/components/mod.rs:30:9
[INFO] [stdout]    |
[INFO] [stdout] 30 | /         sqlx::query!(
[INFO] [stdout] 31 | |             r#"
[INFO] [stdout] 32 | |             INSERT INTO component_versions (component_id, version_number, data)
[INFO] [stdout] 33 | |             VALUES (?, ?, ?)
[INFO] [stdout] ...  |
[INFO] [stdout] 37 | |             payload
[INFO] [stdout] 38 | |         )
[INFO] [stdout]    | |_________^
[INFO] [stdout]    |
[INFO] [stdout]    = note: this error originates in the macro `$crate::sqlx_macros::expand_query` which comes from the expansion of the macro `sqlx::query` (in Nightly builds, run with -Z macro-backtrace for more info)
[INFO] [stdout] 
[INFO] [stdout] 
[INFO] [stdout] error: set `DATABASE_URL` to use query macros online, or run `cargo sqlx prepare` to update the query cache
[INFO] [stdout]   --> src/infra/repositories/sqlx/components/mod.rs:49:12
[INFO] [stdout]    |
[INFO] [stdout] 49 |           Ok(sqlx::query_as!(
[INFO] [stdout]    |  ____________^
[INFO] [stdout] 50 | |             Component::<Json<ComponentPayload>>,
[INFO] [stdout] 51 | |             r#"
[INFO] [stdout] 52 | |             SELECT 
[INFO] [stdout] ...  |
[INFO] [stdout] 63 | |             component_id,
[INFO] [stdout] 64 | |         )
[INFO] [stdout]    | |_________^
[INFO] [stdout]    |
[INFO] [stdout]    = note: this error originates in the macro `$crate::sqlx_macros::expand_query` which comes from the expansion of the macro `sqlx::query_as` (in Nightly builds, run with -Z macro-backtrace for more info)
[INFO] [stdout] 
[INFO] [stdout] 
[INFO] [stdout] error: set `DATABASE_URL` to use query macros online, or run `cargo sqlx prepare` to update the query cache
[INFO] [stdout]   --> src/infra/repositories/sqlx/documents/crud.rs:12:19
[INFO] [stdout]    |
[INFO] [stdout] 12 |           let res = sqlx::query!(
[INFO] [stdout]    |  ___________________^
[INFO] [stdout] 13 | |             r#"
[INFO] [stdout] 14 | |             INSERT INTO documents (type, title, status)
[INFO] [stdout] 15 | |             VALUES (?, ?, ?)
[INFO] [stdout] ...  |
[INFO] [stdout] 19 | |             &document.status.to_string(),
[INFO] [stdout] 20 | |         )
[INFO] [stdout]    | |_________^
[INFO] [stdout]    |
[INFO] [stdout]    = note: this error originates in the macro `$crate::sqlx_macros::expand_query` which comes from the expansion of the macro `sqlx::query` (in Nightly builds, run with -Z macro-backtrace for more info)
[INFO] [stdout] 
[INFO] [stdout] 
[INFO] [stdout] error: set `DATABASE_URL` to use query macros online, or run `cargo sqlx prepare` to update the query cache
[INFO] [stdout]   --> src/infra/repositories/sqlx/documents/crud.rs:62:9
[INFO] [stdout]    |
[INFO] [stdout] 62 | /         sqlx::query!(
[INFO] [stdout] 63 | |             r#"
[INFO] [stdout] 64 | |             UPDATE documents
[INFO] [stdout] 65 | |             SET
[INFO] [stdout] ...  |
[INFO] [stdout] 70 | |             doc_id,
[INFO] [stdout] 71 | |         )
[INFO] [stdout]    | |_________^
[INFO] [stdout]    |
[INFO] [stdout]    = note: this error originates in the macro `$crate::sqlx_macros::expand_query` which comes from the expansion of the macro `sqlx::query` (in Nightly builds, run with -Z macro-backtrace for more info)
[INFO] [stdout] 
[INFO] [stdout] 
[INFO] [stdout] error: set `DATABASE_URL` to use query macros online, or run `cargo sqlx prepare` to update the query cache
[INFO] [stdout]   --> src/infra/repositories/sqlx/documents/crud.rs:81:19
[INFO] [stdout]    |
[INFO] [stdout] 81 |           let res = sqlx::query!(
[INFO] [stdout]    |  ___________________^
[INFO] [stdout] 82 | |             r#"
[INFO] [stdout] 83 | |             DELETE FROM documents
[INFO] [stdout] 84 | |             WHERE id = ?
[INFO] [stdout] 85 | |             "#,
[INFO] [stdout] 86 | |             doc_id
[INFO] [stdout] 87 | |         )
[INFO] [stdout]    | |_________^
[INFO] [stdout]    |
[INFO] [stdout]    = note: this error originates in the macro `$crate::sqlx_macros::expand_query` which comes from the expansion of the macro `sqlx::query` (in Nightly builds, run with -Z macro-backtrace for more info)
[INFO] [stdout] 
[INFO] [stdout] 
[INFO] [stdout] error: set `DATABASE_URL` to use query macros online, or run `cargo sqlx prepare` to update the query cache
[INFO] [stdout]   --> src/infra/repositories/sqlx/documents/layouts.rs:13:9
[INFO] [stdout]    |
[INFO] [stdout] 13 | /         sqlx::query!(
[INFO] [stdout] 14 | |             r#"
[INFO] [stdout] 15 | |             DELETE FROM document_layouts
[INFO] [stdout] 16 | |             WHERE document_id = ?
[INFO] [stdout] ...  |
[INFO] [stdout] 22 | |             json_ids,
[INFO] [stdout] 23 | |         )
[INFO] [stdout]    | |_________^
[INFO] [stdout]    |
[INFO] [stdout]    = note: this error originates in the macro `$crate::sqlx_macros::expand_query` which comes from the expansion of the macro `sqlx::query` (in Nightly builds, run with -Z macro-backtrace for more info)
[INFO] [stdout] 
[INFO] [stdout] 
[INFO] [stdout] error: set `DATABASE_URL` to use query macros online, or run `cargo sqlx prepare` to update the query cache
[INFO] [stdout]   --> src/infra/repositories/sqlx/documents/layouts.rs:39:9
[INFO] [stdout]    |
[INFO] [stdout] 39 | /         sqlx::query!(
[INFO] [stdout] 40 | |             r#"
[INFO] [stdout] 41 | |             INSERT INTO document_layouts (document_id, component_version_id, position)
[INFO] [stdout] 42 | |             SELECT
[INFO] [stdout] ...  |
[INFO] [stdout] 48 | |             json_values
[INFO] [stdout] 49 | |         )
[INFO] [stdout]    | |_________^
[INFO] [stdout]    |
[INFO] [stdout]    = note: this error originates in the macro `$crate::sqlx_macros::expand_query` which comes from the expansion of the macro `sqlx::query` (in Nightly builds, run with -Z macro-backtrace for more info)
[INFO] [stdout] 
[INFO] [stdout] 
[INFO] [stdout] error: set `DATABASE_URL` to use query macros online, or run `cargo sqlx prepare` to update the query cache
[INFO] [stdout]   --> src/infra/repositories/sqlx/documents/publication.rs:21:9
[INFO] [stdout]    |
[INFO] [stdout] 21 | /         sqlx::query!(
[INFO] [stdout] 22 | |             r#"
[INFO] [stdout] 23 | |             UPDATE documents
[INFO] [stdout] 24 | |             SET
[INFO] [stdout] ...  |
[INFO] [stdout] 33 | |             doc_id,
[INFO] [stdout] 34 | |         )
[INFO] [stdout]    | |_________^
[INFO] [stdout]    |
[INFO] [stdout]    = note: this error originates in the macro `$crate::sqlx_macros::expand_query` which comes from the expansion of the macro `sqlx::query` (in Nightly builds, run with -Z macro-backtrace for more info)
[INFO] [stdout] 
[INFO] [stdout] 
[INFO] [stdout] error: set `DATABASE_URL` to use query macros online, or run `cargo sqlx prepare` to update the query cache
[INFO] [stdout]   --> src/infra/repositories/sqlx/documents/mod.rs:29:12
[INFO] [stdout]    |
[INFO] [stdout] 29 |           Ok(sqlx::query_as!(
[INFO] [stdout]    |  ____________^
[INFO] [stdout] 30 | |             Document,
[INFO] [stdout] 31 | |             r#"
[INFO] [stdout] 32 | |             SELECT 
[INFO] [stdout] ...  |
[INFO] [stdout] 43 | |             doc_id,
[INFO] [stdout] 44 | |         )
[INFO] [stdout]    | |_________^
[INFO] [stdout]    |
[INFO] [stdout]    = note: this error originates in the macro `$crate::sqlx_macros::expand_query` which comes from the expansion of the macro `sqlx::query_as` (in Nightly builds, run with -Z macro-backtrace for more info)
[INFO] [stdout] 
[INFO] [stdout] 
[INFO] [stdout] warning: unused import: `infra::repositories::sqlx::components::rows::payload_ref::ComponentPayloadRefRow`
[INFO] [stdout]  --> src/infra/repositories/sqlx/components/payload_resolver.rs:6:5
[INFO] [stdout]   |
[INFO] [stdout] 6 |     infra::repositories::sqlx::components::rows::payload_ref::ComponentPayloadRefRow
[INFO] [stdout]   |     ^^^^^^^^^^^^^^^^^^^^^^^^^^^^^^^^^^^^^^^^^^^^^^^^^^^^^^^^^^^^^^^^^^^^^^^^^^^^^^^^
[INFO] [stdout]   |
[INFO] [stdout]   = note: `#[warn(unused_imports)]` (part of `#[warn(unused)]`) on by default
[INFO] [stdout] 
[INFO] [stdout] 
[INFO] [stdout] warning: unused import: `types::Json`
[INFO] [stdout]  --> src/infra/repositories/sqlx/components/mod.rs:8:55
[INFO] [stdout]   |
[INFO] [stdout] 8 | use sqlx::{Executor, Sqlite, SqlitePool, Transaction, types::Json};
[INFO] [stdout]   |                                                       ^^^^^^^^^^^
[INFO] [stdout] 
[INFO] [stdout] 
[INFO] [stdout] warning: unused imports: `doc_status::DocStatus` and `doc_types::DocTypes`
[INFO] [stdout]   --> src/infra/repositories/sqlx/documents/mod.rs:11:53
[INFO] [stdout]    |
[INFO] [stdout] 11 | use crate::core::documents::models::{doc::Document, doc_types::DocTypes, doc_status::DocStatus};
[INFO] [stdout]    |                                                     ^^^^^^^^^^^^^^^^^^^  ^^^^^^^^^^^^^^^^^^^^^
[INFO] [stdout] 
[INFO] [stdout] 
[INFO] [stdout] warning: unused import: `infra::repositories::sqlx::components::rows::payload_ref::ComponentPayloadRefRow`
[INFO] [stdout]  --> src/infra/repositories/sqlx/components/payload_resolver.rs:6:5
[INFO] [stdout]   |
[INFO] [stdout] 6 |     infra::repositories::sqlx::components::rows::payload_ref::ComponentPayloadRefRow
[INFO] [stdout]   |     ^^^^^^^^^^^^^^^^^^^^^^^^^^^^^^^^^^^^^^^^^^^^^^^^^^^^^^^^^^^^^^^^^^^^^^^^^^^^^^^^
[INFO] [stdout]   |
[INFO] [stdout]   = note: `#[warn(unused_imports)]` (part of `#[warn(unused)]`) on by default
[INFO] [stdout] 
[INFO] [stdout] 
[INFO] [stdout] warning: unused import: `types::Json`
[INFO] [stdout]  --> src/infra/repositories/sqlx/components/mod.rs:8:55
[INFO] [stdout]   |
[INFO] [stdout] 8 | use sqlx::{Executor, Sqlite, SqlitePool, Transaction, types::Json};
[INFO] [stdout]   |                                                       ^^^^^^^^^^^
[INFO] [stdout] 
[INFO] [stdout] 
[INFO] [stdout] warning: unused imports: `doc_status::DocStatus` and `doc_types::DocTypes`
[INFO] [stdout]   --> src/infra/repositories/sqlx/documents/mod.rs:11:53
[INFO] [stdout]    |
[INFO] [stdout] 11 | use crate::core::documents::models::{doc::Document, doc_types::DocTypes, doc_status::DocStatus};
[INFO] [stdout]    |                                                     ^^^^^^^^^^^^^^^^^^^  ^^^^^^^^^^^^^^^^^^^^^
[INFO] [stdout] 
[INFO] [stdout] 
[INFO] [stdout] warning: method call on a diverging inference variable
[INFO] [stdout]   --> src/infra/repositories/sqlx/components/mod.rs:66:10
[INFO] [stdout]    |
[INFO] [stdout] 66 |         .map(Component::into))
[INFO] [stdout]    |          ^^^
[INFO] [stdout]    |
[INFO] [stdout]    = help: consider providing a type annotation
[INFO] [stdout]    = warning: this was previously accepted by the compiler but is being phased out; it will become a hard error in a future release!
[INFO] [stdout]    = note: for more information, see issue #156047 <https://github.com/rust-lang/rust/issues/156047>
[INFO] [stdout]    = note: `#[warn(method_call_on_diverging_infer_var)]` (part of `#[warn(future_incompatible)]`) on by default
[INFO] [stdout] 
[INFO] [stdout] 
[INFO] [stdout] error[E0599]: `!` is not an iterator
[INFO] [stdout]   --> src/infra/repositories/sqlx/components/mod.rs:66:10
[INFO] [stdout]    |
[INFO] [stdout] 49 |         Ok(sqlx::query_as!(
[INFO] [stdout] 50 |             Component::<Json<ComponentPayload>>,
[INFO] [stdout] 51 |             r#"
[INFO] [stdout] 52 |             SELECT 
[INFO] [stdout] 53 |                 c.id AS "id!: u32", 
[INFO] [stdout] 54 |                 c.latest_version_number AS "version: u32", 
[INFO] [stdout] 55 |                 c.current_title AS "title", 
[INFO] [stdout] 56 |                 v.data as "payload!: Json<ComponentPayload>"
[INFO] [stdout] 57 |             FROM components c
[INFO] [stdout] 58 |             JOIN component_versions v 
[INFO] [stdout] 59 |                 ON c.id = v.component_id 
[INFO] [stdout] 60 |                 AND c.latest_version_number = v.version_number
[INFO] [stdout] 61 |             WHERE c.id = ?
[INFO] [stdout] 62 |             "#,
[INFO] [stdout] 63 |             component_id,
[INFO] [stdout] 64 |         )
[INFO] [stdout] 65 |         .fetch_optional(executor).await?
[INFO] [stdout] 66 |         .map(Component::into))
[INFO] [stdout]    |          ^^^ `!` is not an iterator
[INFO] [stdout]    |
[INFO] [stdout]    = note: the following trait bounds were not satisfied:
[INFO] [stdout]            `!: Iterator`
[INFO] [stdout]            which is required by `&mut !: Iterator`
[INFO] [stdout] 
[INFO] [stdout] 
[INFO] [stdout] warning: method call on a diverging inference variable
[INFO] [stdout]   --> src/infra/repositories/sqlx/components/mod.rs:66:10
[INFO] [stdout]    |
[INFO] [stdout] 66 |         .map(Component::into))
[INFO] [stdout]    |          ^^^
[INFO] [stdout]    |
[INFO] [stdout]    = help: consider providing a type annotation
[INFO] [stdout]    = warning: this was previously accepted by the compiler but is being phased out; it will become a hard error in a future release!
[INFO] [stdout]    = note: for more information, see issue #156047 <https://github.com/rust-lang/rust/issues/156047>
[INFO] [stdout]    = note: `#[warn(method_call_on_diverging_infer_var)]` (part of `#[warn(future_incompatible)]`) on by default
[INFO] [stdout] 
[INFO] [stdout] 
[INFO] [stdout] error[E0599]: `!` is not an iterator
[INFO] [stdout]   --> src/infra/repositories/sqlx/components/mod.rs:66:10
[INFO] [stdout]    |
[INFO] [stdout] 49 |         Ok(sqlx::query_as!(
[INFO] [stdout] 50 |             Component::<Json<ComponentPayload>>,
[INFO] [stdout] 51 |             r#"
[INFO] [stdout] 52 |             SELECT 
[INFO] [stdout] 53 |                 c.id AS "id!: u32", 
[INFO] [stdout] 54 |                 c.latest_version_number AS "version: u32", 
[INFO] [stdout] 55 |                 c.current_title AS "title", 
[INFO] [stdout] 56 |                 v.data as "payload!: Json<ComponentPayload>"
[INFO] [stdout] 57 |             FROM components c
[INFO] [stdout] 58 |             JOIN component_versions v 
[INFO] [stdout] 59 |                 ON c.id = v.component_id 
[INFO] [stdout] 60 |                 AND c.latest_version_number = v.version_number
[INFO] [stdout] 61 |             WHERE c.id = ?
[INFO] [stdout] 62 |             "#,
[INFO] [stdout] 63 |             component_id,
[INFO] [stdout] 64 |         )
[INFO] [stdout] 65 |         .fetch_optional(executor).await?
[INFO] [stdout] 66 |         .map(Component::into))
[INFO] [stdout]    |          ^^^ `!` is not an iterator
[INFO] [stdout]    |
[INFO] [stdout]    = note: the following trait bounds were not satisfied:
[INFO] [stdout]            `!: Iterator`
[INFO] [stdout]            which is required by `&mut !: Iterator`
[INFO] [stdout] 
[INFO] [stdout] 
[INFO] [stdout] warning: method call on a diverging inference variable
[INFO] [stdout]   --> src/infra/repositories/sqlx/components/crud.rs:33:35
[INFO] [stdout]    |
[INFO] [stdout] 33 |         let generated_id = result.last_insert_rowid() as u32;
[INFO] [stdout]    |                                   ^^^^^^^^^^^^^^^^^
[INFO] [stdout]    |
[INFO] [stdout]    = help: consider providing a type annotation
[INFO] [stdout]    = warning: this was previously accepted by the compiler but is being phased out; it will become a hard error in a future release!
[INFO] [stdout]    = note: for more information, see issue #156047 <https://github.com/rust-lang/rust/issues/156047>
[INFO] [stdout] 
[INFO] [stdout] 
[INFO] [stdout] error[E0599]: no method named `last_insert_rowid` found for type `!` in the current scope
[INFO] [stdout]   --> src/infra/repositories/sqlx/components/crud.rs:33:35
[INFO] [stdout]    |
[INFO] [stdout] 33 |         let generated_id = result.last_insert_rowid() as u32;
[INFO] [stdout]    |                                   ^^^^^^^^^^^^^^^^^ method not found in `!`
[INFO] [stdout] 
[INFO] [stdout] 
[INFO] [stdout] warning: method call on a diverging inference variable
[INFO] [stdout]    --> src/infra/repositories/sqlx/components/crud.rs:145:16
[INFO] [stdout]     |
[INFO] [stdout] 145 |         if res.rows_affected() == 0 {
[INFO] [stdout]     |                ^^^^^^^^^^^^^
[INFO] [stdout]     |
[INFO] [stdout]     = help: consider providing a type annotation
[INFO] [stdout]     = warning: this was previously accepted by the compiler but is being phased out; it will become a hard error in a future release!
[INFO] [stdout]     = note: for more information, see issue #156047 <https://github.com/rust-lang/rust/issues/156047>
[INFO] [stdout] 
[INFO] [stdout] 
[INFO] [stdout] error[E0599]: no method named `rows_affected` found for type `!` in the current scope
[INFO] [stdout]    --> src/infra/repositories/sqlx/components/crud.rs:145:16
[INFO] [stdout]     |
[INFO] [stdout] 145 |         if res.rows_affected() == 0 {
[INFO] [stdout]     |                ^^^^^^^^^^^^^ method not found in `!`
[INFO] [stdout] 
[INFO] [stdout] 
[INFO] [stdout] warning: method call on a diverging inference variable
[INFO] [stdout]   --> src/infra/repositories/sqlx/components/crud.rs:33:35
[INFO] [stdout]    |
[INFO] [stdout] 33 |         let generated_id = result.last_insert_rowid() as u32;
[INFO] [stdout]    |                                   ^^^^^^^^^^^^^^^^^
[INFO] [stdout]    |
[INFO] [stdout]    = help: consider providing a type annotation
[INFO] [stdout]    = warning: this was previously accepted by the compiler but is being phased out; it will become a hard error in a future release!
[INFO] [stdout]    = note: for more information, see issue #156047 <https://github.com/rust-lang/rust/issues/156047>
[INFO] [stdout] 
[INFO] [stdout] 
[INFO] [stdout] warning: method call on a diverging inference variable
[INFO] [stdout]   --> src/infra/repositories/sqlx/documents/crud.rs:24:16
[INFO] [stdout]    |
[INFO] [stdout] 24 |         Ok(res.last_insert_rowid() as u32)
[INFO] [stdout]    |                ^^^^^^^^^^^^^^^^^
[INFO] [stdout]    |
[INFO] [stdout]    = help: consider providing a type annotation
[INFO] [stdout]    = warning: this was previously accepted by the compiler but is being phased out; it will become a hard error in a future release!
[INFO] [stdout]    = note: for more information, see issue #156047 <https://github.com/rust-lang/rust/issues/156047>
[INFO] [stdout] 
[INFO] [stdout] 
[INFO] [stdout] error[E0599]: no method named `last_insert_rowid` found for type `!` in the current scope
[INFO] [stdout]   --> src/infra/repositories/sqlx/components/crud.rs:33:35
[INFO] [stdout]    |
[INFO] [stdout] 33 |         let generated_id = result.last_insert_rowid() as u32;
[INFO] [stdout]    |                                   ^^^^^^^^^^^^^^^^^ method not found in `!`
[INFO] [stdout] 
[INFO] [stdout] 
[INFO] [stdout] error[E0599]: no method named `last_insert_rowid` found for type `!` in the current scope
[INFO] [stdout]   --> src/infra/repositories/sqlx/documents/crud.rs:24:16
[INFO] [stdout]    |
[INFO] [stdout] 24 |         Ok(res.last_insert_rowid() as u32)
[INFO] [stdout]    |                ^^^^^^^^^^^^^^^^^ method not found in `!`
[INFO] [stdout] 
[INFO] [stdout] 
[INFO] [stdout] warning: method call on a diverging inference variable
[INFO] [stdout]    --> src/infra/repositories/sqlx/components/crud.rs:145:16
[INFO] [stdout]     |
[INFO] [stdout] 145 |         if res.rows_affected() == 0 {
[INFO] [stdout]     |                ^^^^^^^^^^^^^
[INFO] [stdout]     |
[INFO] [stdout]     = help: consider providing a type annotation
[INFO] [stdout]     = warning: this was previously accepted by the compiler but is being phased out; it will become a hard error in a future release!
[INFO] [stdout]     = note: for more information, see issue #156047 <https://github.com/rust-lang/rust/issues/156047>
[INFO] [stdout] 
[INFO] [stdout] 
[INFO] [stdout] warning: method call on a diverging inference variable
[INFO] [stdout]   --> src/infra/repositories/sqlx/documents/crud.rs:91:16
[INFO] [stdout]    |
[INFO] [stdout] 91 |         if res.rows_affected() == 0 {
[INFO] [stdout]    |                ^^^^^^^^^^^^^
[INFO] [stdout]    |
[INFO] [stdout]    = help: consider providing a type annotation
[INFO] [stdout]    = warning: this was previously accepted by the compiler but is being phased out; it will become a hard error in a future release!
[INFO] [stdout]    = note: for more information, see issue #156047 <https://github.com/rust-lang/rust/issues/156047>
[INFO] [stdout] 
[INFO] [stdout] 
[INFO] [stdout] error[E0599]: no method named `rows_affected` found for type `!` in the current scope
[INFO] [stdout]   --> src/infra/repositories/sqlx/documents/crud.rs:91:16
[INFO] [stdout]    |
[INFO] [stdout] 91 |         if res.rows_affected() == 0 {
[INFO] [stdout]    |                ^^^^^^^^^^^^^ method not found in `!`
[INFO] [stdout] 
[INFO] [stdout] 
[INFO] [stdout] error[E0599]: no method named `rows_affected` found for type `!` in the current scope
[INFO] [stdout]    --> src/infra/repositories/sqlx/components/crud.rs:145:16
[INFO] [stdout]     |
[INFO] [stdout] 145 |         if res.rows_affected() == 0 {
[INFO] [stdout]     |                ^^^^^^^^^^^^^ method not found in `!`
[INFO] [stdout] 
[INFO] [stdout] 
[INFO] [stdout] warning: method call on a diverging inference variable
[INFO] [stdout]   --> src/infra/repositories/sqlx/documents/crud.rs:24:16
[INFO] [stdout]    |
[INFO] [stdout] 24 |         Ok(res.last_insert_rowid() as u32)
[INFO] [stdout]    |                ^^^^^^^^^^^^^^^^^
[INFO] [stdout]    |
[INFO] [stdout]    = help: consider providing a type annotation
[INFO] [stdout]    = warning: this was previously accepted by the compiler but is being phased out; it will become a hard error in a future release!
[INFO] [stdout]    = note: for more information, see issue #156047 <https://github.com/rust-lang/rust/issues/156047>
[INFO] [stdout] 
[INFO] [stdout] 
[INFO] [stdout] error[E0599]: no method named `last_insert_rowid` found for type `!` in the current scope
[INFO] [stdout]   --> src/infra/repositories/sqlx/documents/crud.rs:24:16
[INFO] [stdout]    |
[INFO] [stdout] 24 |         Ok(res.last_insert_rowid() as u32)
[INFO] [stdout]    |                ^^^^^^^^^^^^^^^^^ method not found in `!`
[INFO] [stdout] 
[INFO] [stdout] 
[INFO] [stdout] warning: method call on a diverging inference variable
[INFO] [stdout]   --> src/infra/repositories/sqlx/documents/crud.rs:91:16
[INFO] [stdout]    |
[INFO] [stdout] 91 |         if res.rows_affected() == 0 {
[INFO] [stdout]    |                ^^^^^^^^^^^^^
[INFO] [stdout]    |
[INFO] [stdout]    = help: consider providing a type annotation
[INFO] [stdout]    = warning: this was previously accepted by the compiler but is being phased out; it will become a hard error in a future release!
[INFO] [stdout]    = note: for more information, see issue #156047 <https://github.com/rust-lang/rust/issues/156047>
[INFO] [stdout] 
[INFO] [stdout] 
[INFO] [stdout] error[E0599]: no method named `rows_affected` found for type `!` in the current scope
[INFO] [stdout]   --> src/infra/repositories/sqlx/documents/crud.rs:91:16
[INFO] [stdout]    |
[INFO] [stdout] 91 |         if res.rows_affected() == 0 {
[INFO] [stdout]    |                ^^^^^^^^^^^^^ method not found in `!`
[INFO] [stdout] 
[INFO] [stdout] 
[INFO] [stdout] For more information about this error, try `rustc --explain E0599`.
[INFO] [stdout] 
[INFO] [stderr] error: could not compile `engineering-documents-manager` (lib test) due to 20 previous errors; 13 warnings emitted
[INFO] [stderr] warning: build failed, waiting for other jobs to finish...
[INFO] [stdout] For more information about this error, try `rustc --explain E0599`.
[INFO] [stdout] 
[INFO] [stderr] error: could not compile `engineering-documents-manager` (lib) due to 20 previous errors; 13 warnings emitted
[INFO] running `Command { std: "docker" "inspect" "3a6bf3c2a64f3014f1c96bcf21732c7930903ab1213202c0643bf3b62bfda599", kill_on_drop: false }`
[INFO] running `Command { std: "docker" "rm" "-f" "3a6bf3c2a64f3014f1c96bcf21732c7930903ab1213202c0643bf3b62bfda599", kill_on_drop: false }`
[INFO] [stdout] 3a6bf3c2a64f3014f1c96bcf21732c7930903ab1213202c0643bf3b62bfda599
