[INFO] cloning repository https://github.com/led788/warpview
[INFO] running `Command { std: "git" "-c" "credential.helper=" "-c" "credential.helper=/workspace/cargo-home/bin/git-credential-null" "clone" "--bare" "https://github.com/led788/warpview" "/workspace/cache/git-repos/https%3A%2F%2Fgithub.com%2Fled788%2Fwarpview", kill_on_drop: false }`
[INFO] [stderr] Cloning into bare repository '/workspace/cache/git-repos/https%3A%2F%2Fgithub.com%2Fled788%2Fwarpview'...
[INFO] running `Command { std: "git" "rev-parse" "HEAD", kill_on_drop: false }`
[INFO] [stdout] cc90fffeecb2ac056b74e40b04b1dbc6289437b7
[INFO] checking led788/warpview against 3154cc1a3e6424e44f438a95007d043ed5ceaaf6+rustflags=-Znext-solver=coherence for pr-133502-30
[INFO] running `Command { std: "git" "clone" "/workspace/cache/git-repos/https%3A%2F%2Fgithub.com%2Fled788%2Fwarpview" "/workspace/builds/worker-5-tc1/source", kill_on_drop: false }`
[INFO] [stderr] Cloning into '/workspace/builds/worker-5-tc1/source'...
[INFO] [stderr] done.
[INFO] started tweaking git repo https://github.com/led788/warpview
[INFO] finished tweaking git repo https://github.com/led788/warpview
[INFO] tweaked toml for git repo https://github.com/led788/warpview written to /workspace/builds/worker-5-tc1/source/Cargo.toml
[INFO] validating manifest of git repo https://github.com/led788/warpview on toolchain 3154cc1a3e6424e44f438a95007d043ed5ceaaf6
[INFO] running `Command { std: CARGO_HOME="/workspace/cargo-home" RUSTUP_HOME="/workspace/rustup-home" "/workspace/cargo-home/bin/cargo" "+3154cc1a3e6424e44f438a95007d043ed5ceaaf6" "metadata" "--manifest-path" "Cargo.toml" "--no-deps", kill_on_drop: false }`
[INFO] crate git repo https://github.com/led788/warpview already has a lockfile, it will not be regenerated
[INFO] running `Command { std: CARGO_HOME="/workspace/cargo-home" RUSTUP_HOME="/workspace/rustup-home" "/workspace/cargo-home/bin/cargo" "+3154cc1a3e6424e44f438a95007d043ed5ceaaf6" "fetch" "--manifest-path" "Cargo.toml", kill_on_drop: false }`
[INFO] [stderr]     Updating crates.io index
[INFO] [stderr]  Downloading crates ...
[INFO] [stderr]   Downloaded mutate_once v0.1.2
[INFO] [stderr]   Downloaded four-cc v0.4.0
[INFO] [stderr]   Downloaded kamadak-exif v0.6.1
[INFO] [stderr]   Downloaded libheif-sys v5.3.0+1.23.0
[INFO] [stderr]   Downloaded libheif-rs v2.7.0
[INFO] running `Command { std: "docker" "create" "-v" "/var/lib/crater-agent-workspace/builds/worker-5-tc1/source:/opt/rustwide/workdir:ro,Z" "-v" "/var/lib/crater-agent-workspace/builds/worker-5-tc1/target:/opt/rustwide/target:rw,Z" "-v" "/var/lib/crater-agent-workspace/cargo-home:/opt/rustwide/cargo-home:ro,Z" "-v" "/var/lib/crater-agent-workspace/rustup-home:/opt/rustwide/rustup-home:ro,Z" "-m" "1610612736" "--network" "none" "ghcr.io/rust-lang/crates-build-env/linux@sha256:77db811e55d90add9212f6832c23229e3de5f1c1f9905e8cb07319ea15df73ac" "sleep" "infinity", kill_on_drop: false }`
[INFO] [stdout] f4a491335fff6797036a563352ea69774efd46fce947993c1d8a88118b5a2e39
[INFO] running `Command { std: "docker" "start" "f4a491335fff6797036a563352ea69774efd46fce947993c1d8a88118b5a2e39", kill_on_drop: false }`
[INFO] running `Command { std: "docker" "inspect" "f4a491335fff6797036a563352ea69774efd46fce947993c1d8a88118b5a2e39", kill_on_drop: false }`
[INFO] running `Command { std: "docker" "exec" "-e" "SOURCE_DIR=/opt/rustwide/workdir" "-e" "CARGO_HOME=/opt/rustwide/cargo-home" "-e" "RUSTUP_HOME=/opt/rustwide/rustup-home" "-e" "CARGO_TARGET_DIR=/opt/rustwide/target" "-w" "/opt/rustwide/workdir" "--user" "0:0" "f4a491335fff6797036a563352ea69774efd46fce947993c1d8a88118b5a2e39" "/opt/rustwide/cargo-home/bin/cargo" "+3154cc1a3e6424e44f438a95007d043ed5ceaaf6" "metadata" "--no-deps" "--format-version=1", kill_on_drop: false }`
[INFO] running `Command { std: "docker" "inspect" "f4a491335fff6797036a563352ea69774efd46fce947993c1d8a88118b5a2e39", kill_on_drop: false }`
[INFO] running `Command { std: "docker" "exec" "-e" "SOURCE_DIR=/opt/rustwide/workdir" "-e" "CARGO_HOME=/opt/rustwide/cargo-home" "-e" "RUSTUP_HOME=/opt/rustwide/rustup-home" "-e" "CARGO_TARGET_DIR=/opt/rustwide/target" "-e" "CARGO_INCREMENTAL=0" "-e" "RUST_BACKTRACE=full" "-e" "RUSTFLAGS=--cap-lints=forbid -Znext-solver=coherence" "-e" "RUSTDOCFLAGS=--cap-lints=forbid" "-w" "/opt/rustwide/workdir" "--user" "0:0" "f4a491335fff6797036a563352ea69774efd46fce947993c1d8a88118b5a2e39" "/opt/rustwide/cargo-home/bin/cargo" "+3154cc1a3e6424e44f438a95007d043ed5ceaaf6" "check" "--frozen" "--all" "--all-targets" "--message-format=json", kill_on_drop: false }`
[INFO] [stderr]    Compiling wayland-sys v0.31.11
[INFO] [stderr]    Compiling rustix v1.1.4
[INFO] [stderr]    Compiling syn v3.0.3
[INFO] [stderr]    Compiling syn v2.0.119
[INFO] [stderr]    Compiling serde_core v1.0.229
[INFO] [stderr]    Compiling wayland-backend v0.3.16
[INFO] [stderr]    Compiling num-traits v0.2.19
[INFO] [stderr]    Compiling thiserror v2.0.20
[INFO] [stderr]    Compiling zerocopy v0.8.56
[INFO] [stderr]    Compiling wayland-scanner v0.31.11
[INFO] [stderr]     Checking hashbrown v0.17.1
[INFO] [stderr]    Compiling naga v30.0.0
[INFO] [stderr]    Compiling crossbeam-utils v0.8.22
[INFO] [stderr]    Compiling rustix v0.38.44
[INFO] [stderr]     Checking bit-set v0.10.0
[INFO] [stderr]     Checking indexmap v2.14.0
[INFO] [stderr]     Checking spirv v0.4.0+sdk-1.4.341.0
[INFO] [stderr]     Checking linux-raw-sys v0.4.15
[INFO] [stderr]     Checking ash v0.38.0+1.3.281
[INFO] [stderr]    Compiling wgpu-hal v30.0.0
[INFO] [stderr]     Checking crossbeam-epoch v0.9.20
[INFO] [stderr]     Checking khronos-egl v6.0.0
[INFO] [stderr]     Checking ordered-float v5.3.0
[INFO] [stderr]    Compiling bytemuck_derive v1.12.0
[INFO] [stderr]    Compiling thiserror-impl v2.0.20
[INFO] [stderr]    Compiling serde_spanned v1.1.1
[INFO] [stderr]    Compiling toml_datetime v1.1.1+spec-1.1.0
[INFO] [stderr]    Compiling cmake v0.1.58
[INFO] [stderr]    Compiling toml v1.1.4+spec-1.1.0
[INFO] [stderr]     Checking ttf-parser v0.25.1
[INFO] [stderr]     Checking bytemuck v1.25.2
[INFO] [stderr]     Checking naga-types v30.0.0
[INFO] [stderr]    Compiling system-deps v7.0.8
[INFO] [stderr]     Checking wgpu-types v30.0.0
[INFO] [stderr]     Checking polling v3.11.0
[INFO] [stderr]     Checking cursor-icon v1.2.0
[INFO] [stderr]    Compiling smithay-client-toolkit v0.19.2
[INFO] [stderr]     Checking glow v0.17.0
[INFO] [stderr]    Compiling zerocopy-derive v0.8.56
[INFO] [stderr]     Checking wayland-client v0.31.15
[INFO] [stderr]    Compiling thiserror-impl v1.0.69
[INFO] [stderr]     Checking xkeysym v0.2.1
[INFO] [stderr]     Checking strict-num v0.1.1
[INFO] [stderr]     Checking xcursor v0.3.11
[INFO] [stderr]     Checking renderdoc-sys v1.1.0
[INFO] [stderr]     Checking profiling v1.0.18
[INFO] [stderr]     Checking tiny-skia-path v0.11.4
[INFO] [stderr]     Checking owned_ttf_parser v0.25.1
[INFO] [stderr]    Compiling libheif-sys v5.3.0+1.23.0
[INFO] [stderr]     Checking wayland-csd-frame v0.3.0
[INFO] [stderr]     Checking thiserror v1.0.69
[INFO] [stderr]     Checking calloop v0.13.0
[INFO] [stderr]     Checking crossbeam-deque v0.8.7
[INFO] [stderr]    Compiling ahash v0.8.12
[INFO] [stderr]    Compiling wgpu-core v30.0.0
[INFO] [stderr]     Checking ab_glyph_rasterizer v0.1.10
[INFO] [stderr]     Checking wayland-protocols v0.32.13
[INFO] [stderr]     Checking wayland-cursor v0.31.14
[INFO] [stderr]     Checking rayon-core v1.13.0
[INFO] [stderr]     Checking ab_glyph v0.2.32
[INFO] [stderr]     Checking flate2 v1.1.9
[INFO] [stderr]     Checking calloop-wayland-source v0.3.0
[INFO] [stderr]     Checking tiny-skia v0.11.4
[INFO] [stderr]     Checking gethostname v1.1.0
[INFO] [stderr]    Compiling winresource v0.1.31
[INFO] [stderr]    Compiling wgpu v30.0.0
[INFO] [stderr]    Compiling winit v0.30.13
[INFO] [stderr]     Checking winnow v1.0.4
[INFO] [stderr]     Checking x11rb-protocol v0.13.2
[INFO] [stderr]     Checking either v1.17.0
[INFO] [stderr]     Checking tracing-core v0.1.36
[INFO] [stderr]     Checking as-raw-xcb-connection v1.0.1
[INFO] [stderr]     Checking moxcms v0.8.1
[INFO] [stderr]     Checking rayon v1.12.0
[INFO] [stderr]     Checking tracing v0.1.44
[INFO] [stderr]     Checking toml_parser v1.1.3+spec-1.1.0
[INFO] [stderr]    Compiling warpview v0.1.0 (/opt/rustwide/workdir)
[INFO] [stderr]     Checking png v0.18.1
[INFO] [stderr]     Checking xkbcommon-dl v0.4.2
[INFO] [stderr]    Compiling enumn v0.1.14
[INFO] [stderr]    Compiling serde_derive v1.0.229
[INFO] [stderr]     Checking four-cc v0.4.0
[INFO] [stderr]     Checking dpi v0.1.2
[INFO] [stderr]     Checking smol_str v0.2.2
[INFO] [stderr]     Checking half v2.7.1
[INFO] [stderr]     Checking mutate_once v0.1.2
[INFO] [stderr]     Checking kamadak-exif v0.6.1
[INFO] [stderr]     Checking image v0.25.10
[INFO] [stderr]     Checking wayland-protocols-wlr v0.3.12
[INFO] [stderr]     Checking wayland-protocols-plasma v0.3.12
[INFO] [stderr] error: could not compile `naga` (lib)
[INFO] [stderr] 
[INFO] [stderr] Caused by:
[INFO] [stderr]   process didn't exit successfully: `/opt/rustwide/rustup-home/toolchains/3154cc1a3e6424e44f438a95007d043ed5ceaaf6/bin/rustc --crate-name naga --edition=2021 /opt/rustwide/cargo-home/registry/src/index.crates.io-1949cf8c6b5b557f/naga-30.0.0/src/lib.rs --error-format=json --json=diagnostic-rendered-ansi,artifacts,future-incompat,unused-externs-silent --crate-type lib --emit=dep-info,metadata -C embed-bitcode=no -C debuginfo=2 --cfg 'feature="default"' --cfg 'feature="glsl-out"' --cfg 'feature="hlsl-out"' --cfg 'feature="spv-out"' --cfg 'feature="wgsl-in"' --check-cfg 'cfg(docsrs,test)' --check-cfg 'cfg(feature, values("arbitrary", "default", "deserialize", "dot-out", "fs", "glsl-in", "glsl-out", "hlsl-out", "hlsl-out-if-target-windows", "msl-out", "msl-out-if-target-apple", "serialize", "spv-in", "spv-out", "stderr", "termcolor", "wgsl-in", "wgsl-out"))' -C metadata=8ae8407a6e43be7b -C extra-filename=-a45a787a5a9e5fe1 --out-dir /opt/rustwide/target/debug/build/naga/a45a787a5a9e5fe1/out -L dependency=/opt/rustwide/target/debug/build/bit-vec/b3f90dae598c27e5/out -L dependency=/opt/rustwide/target/debug/build/bitflags/cac3c35dac4bb677/out -L dependency=/opt/rustwide/target/debug/build/cfg-if/455a21b2886a1534/out -L dependency=/opt/rustwide/target/debug/build/equivalent/53277b141c879f87/out -L dependency=/opt/rustwide/target/debug/build/foldhash/d794f8647a7c5183/out -L dependency=/opt/rustwide/target/debug/build/hashbrown/740ffd4a331420ab/out -L dependency=/opt/rustwide/target/debug/build/indexmap/71c98fd7d20806eb/out -L dependency=/opt/rustwide/target/debug/build/libm/2e0fe817bf4c866c/out -L dependency=/opt/rustwide/target/debug/build/num-traits/8a9e134614639c95/out -L dependency=/opt/rustwide/target/debug/build/rustc-hash/149cdf46f71ea748/out -L dependency=/opt/rustwide/target/debug/build/thiserror-impl/6f108df69e641766/out -L dependency=/opt/rustwide/target/debug/build/thiserror/30f700c05f4fa288/out -L dependency=/opt/rustwide/target/debug/build/unicode-width/d240299c8c3a1bab/out -L dependency=/opt/rustwide/target/debug/build/zerocopy-derive/c8f2b054e52e44b4/out -L dependency=/opt/rustwide/target/debug/build/zerocopy/5dee79c10ec66759/out --extern arrayvec=/opt/rustwide/target/debug/build/arrayvec/6819d232e55cb400/out/libarrayvec-6819d232e55cb400.rmeta --extern bit_set=/opt/rustwide/target/debug/build/bit-set/3023eac98a6fe625/out/libbit_set-3023eac98a6fe625.rmeta --extern bitflags=/opt/rustwide/target/debug/build/bitflags/cac3c35dac4bb677/out/libbitflags-cac3c35dac4bb677.rmeta --extern cfg_if=/opt/rustwide/target/debug/build/cfg-if/455a21b2886a1534/out/libcfg_if-455a21b2886a1534.rmeta --extern codespan_reporting=/opt/rustwide/target/debug/build/codespan-reporting/2a828ac756204911/out/libcodespan_reporting-2a828ac756204911.rmeta --extern half=/opt/rustwide/target/debug/build/half/18a0392748eb546f/out/libhalf-18a0392748eb546f.rmeta --extern hashbrown=/opt/rustwide/target/debug/build/hashbrown/740ffd4a331420ab/out/libhashbrown-740ffd4a331420ab.rmeta --extern indexmap=/opt/rustwide/target/debug/build/indexmap/71c98fd7d20806eb/out/libindexmap-71c98fd7d20806eb.rmeta --extern libm=/opt/rustwide/target/debug/build/libm/2e0fe817bf4c866c/out/liblibm-2e0fe817bf4c866c.rmeta --extern log=/opt/rustwide/target/debug/build/log/a82153776ac6715c/out/liblog-a82153776ac6715c.rmeta --extern naga_types=/opt/rustwide/target/debug/build/naga-types/fa89fa1c37f544de/out/libnaga_types-fa89fa1c37f544de.rmeta --extern num_traits=/opt/rustwide/target/debug/build/num-traits/8a9e134614639c95/out/libnum_traits-8a9e134614639c95.rmeta --extern once_cell=/opt/rustwide/target/debug/build/once_cell/c3517054d55a7dff/out/libonce_cell-c3517054d55a7dff.rmeta --extern rustc_hash=/opt/rustwide/target/debug/build/rustc-hash/149cdf46f71ea748/out/librustc_hash-149cdf46f71ea748.rmeta --extern spirv=/opt/rustwide/target/debug/build/spirv/d89b8e411eac8e55/out/libspirv-d89b8e411eac8e55.rmeta --extern thiserror=/opt/rustwide/target/debug/build/thiserror/30f700c05f4fa288/out/libthiserror-30f700c05f4fa288.rmeta --extern unicode_ident=/opt/rustwide/target/debug/build/unicode-ident/34a5014e0dd756af/out/libunicode_ident-34a5014e0dd756af.rmeta --cap-lints allow --cap-lints=forbid -Znext-solver=coherence --force-warn=unused_crate_dependencies --cfg glsl_out --cfg hlsl_out --cfg spv_out --cfg no_std --check-cfg 'cfg(dot_out)' --check-cfg 'cfg(glsl_out)' --check-cfg 'cfg(hlsl_out)' --check-cfg 'cfg(msl_out)' --check-cfg 'cfg(spv_out)' --check-cfg 'cfg(wgsl_out)' --check-cfg 'cfg(std)' --check-cfg 'cfg(no_std)'` (signal: 9, SIGKILL: kill)
[INFO] [stderr] warning: build failed, waiting for other jobs to finish...
[INFO] [stderr] error: could not compile `x11rb-protocol` (lib)
[INFO] [stderr] 
[INFO] [stderr] Caused by:
[INFO] [stderr]   process didn't exit successfully: `/opt/rustwide/rustup-home/toolchains/3154cc1a3e6424e44f438a95007d043ed5ceaaf6/bin/rustc --crate-name x11rb_protocol --edition=2021 /opt/rustwide/cargo-home/registry/src/index.crates.io-1949cf8c6b5b557f/x11rb-protocol-0.13.2/src/lib.rs --error-format=json --json=diagnostic-rendered-ansi,artifacts,future-incompat,unused-externs-silent --crate-type lib --emit=dep-info,metadata -C embed-bitcode=no -C debuginfo=2 --cfg 'feature="randr"' --cfg 'feature="render"' --cfg 'feature="resource_manager"' --cfg 'feature="shape"' --cfg 'feature="std"' --cfg 'feature="xfixes"' --cfg 'feature="xinput"' --cfg 'feature="xkb"' --check-cfg 'cfg(docsrs,test)' --check-cfg 'cfg(feature, values("all-extensions", "composite", "damage", "dbe", "default", "dpms", "dri2", "dri3", "extra-traits", "glx", "present", "randr", "record", "render", "request-parsing", "res", "resource_manager", "screensaver", "serde", "shape", "shm", "std", "sync", "xevie", "xf86dri", "xf86vidmode", "xfixes", "xinerama", "xinput", "xkb", "xprint", "xselinux", "xtest", "xv", "xvmc"))' -C metadata=6fdb4f7aeca99722 -C extra-filename=-70ed19996e27d84e --out-dir /opt/rustwide/target/debug/build/x11rb-protocol/70ed19996e27d84e/out --cap-lints allow --cap-lints=forbid -Znext-solver=coherence --force-warn=unused_crate_dependencies` (signal: 9, SIGKILL: kill)
[INFO] [stderr] error: could not compile `ash` (lib)
[INFO] [stderr] 
[INFO] [stderr] Caused by:
[INFO] [stderr]   process didn't exit successfully: `/opt/rustwide/rustup-home/toolchains/3154cc1a3e6424e44f438a95007d043ed5ceaaf6/bin/rustc --crate-name ash --edition=2021 /opt/rustwide/cargo-home/registry/src/index.crates.io-1949cf8c6b5b557f/ash-0.38.0+1.3.281/src/lib.rs --error-format=json --json=diagnostic-rendered-ansi,artifacts,future-incompat,unused-externs-silent --crate-type lib --emit=dep-info,metadata -C embed-bitcode=no -C debuginfo=2 --cfg 'feature="debug"' --cfg 'feature="default"' --cfg 'feature="libloading"' --cfg 'feature="loaded"' --cfg 'feature="std"' --check-cfg 'cfg(docsrs,test)' --check-cfg 'cfg(feature, values("debug", "default", "libloading", "linked", "loaded", "std"))' -C metadata=be734a1d7acca22c -C extra-filename=-ed931d387f0be27d --out-dir /opt/rustwide/target/debug/build/ash/ed931d387f0be27d/out -L dependency=/opt/rustwide/target/debug/build/cfg-if/455a21b2886a1534/out --extern libloading=/opt/rustwide/target/debug/build/libloading/d1a134efd1f96232/out/liblibloading-d1a134efd1f96232.rmeta --cap-lints allow --cap-lints=forbid -Znext-solver=coherence --force-warn=unused_crate_dependencies` (signal: 9, SIGKILL: kill)
[INFO] [stderr] error: failed to run custom build command for `libheif-sys v5.3.0+1.23.0`
[INFO] [stderr] note: To improve backtraces for build dependencies, set the CARGO_PROFILE_DEV_BUILD_OVERRIDE_DEBUG=true environment variable to enable debug information generation.
[INFO] [stderr] 
[INFO] [stderr] Caused by:
[INFO] [stderr]   process didn't exit successfully: `/opt/rustwide/target/debug/build/libheif-sys/0945a89c2cc6912f/out/build_script_build` (exit status: 101)
[INFO] [stderr]   --- stdout
[INFO] [stderr]   cargo:rerun-if-changed=build.rs
[INFO] [stderr]   cargo:rerun-if-changed=wrapper.h
[INFO] [stderr]   cargo:rerun-if-changed=/opt/rustwide/cargo-home/registry/src/index.crates.io-1949cf8c6b5b557f/libheif-sys-5.3.0+1.23.0/Cargo.toml
[INFO] [stderr]   CMAKE_TOOLCHAIN_FILE_x86_64-unknown-linux-gnu = None
[INFO] [stderr]   CMAKE_TOOLCHAIN_FILE_x86_64_unknown_linux_gnu = None
[INFO] [stderr]   HOST_CMAKE_TOOLCHAIN_FILE = None
[INFO] [stderr]   CMAKE_TOOLCHAIN_FILE = None
[INFO] [stderr]   CMAKE_GENERATOR_x86_64-unknown-linux-gnu = None
[INFO] [stderr]   CMAKE_GENERATOR_x86_64_unknown_linux_gnu = None
[INFO] [stderr]   HOST_CMAKE_GENERATOR = None
[INFO] [stderr]   CMAKE_GENERATOR = None
[INFO] [stderr]   CMAKE_PREFIX_PATH_x86_64-unknown-linux-gnu = None
[INFO] [stderr]   CMAKE_PREFIX_PATH_x86_64_unknown_linux_gnu = None
[INFO] [stderr]   HOST_CMAKE_PREFIX_PATH = None
[INFO] [stderr]   CMAKE_PREFIX_PATH = None
[INFO] [stderr]   CMAKE_x86_64-unknown-linux-gnu = None
[INFO] [stderr]   CMAKE_x86_64_unknown_linux_gnu = None
[INFO] [stderr]   HOST_CMAKE = None
[INFO] [stderr]   CMAKE = None
[INFO] [stderr]   -- The C compiler identification is GNU 15.2.0
[INFO] [stderr]   -- The CXX compiler identification is GNU 15.2.0
[INFO] [stderr]   -- Detecting C compiler ABI info
[INFO] [stderr]   -- Detecting C compiler ABI info - done
[INFO] [stderr]   -- Check for working C compiler: /usr/bin/cc - skipped
[INFO] [stderr]   -- Detecting C compile features
[INFO] [stderr]   -- Detecting C compile features - done
[INFO] [stderr]   -- Detecting CXX compiler ABI info
[INFO] [stderr]   -- Detecting CXX compiler ABI info - done
[INFO] [stderr]   -- Check for working CXX compiler: /usr/bin/c++ - skipped
[INFO] [stderr]   -- Detecting CXX compile features
[INFO] [stderr]   -- Detecting CXX compile features - done
[INFO] [stderr]   -- Looking for C++ include bit
[INFO] [stderr]   -- Looking for C++ include bit - found
[INFO] [stderr]   -- Looking for C++ include unistd.h
[INFO] [stderr]   -- Looking for C++ include unistd.h - found
[INFO] [stderr]   -- Performing Test has_potentially_evaluated_expression
[INFO] [stderr]   -- Performing Test has_potentially_evaluated_expression - Failed
[INFO] [stderr]   -- Could NOT find LIBDE265 (missing: LIBDE265_INCLUDE_DIRS LIBDE265_LIBRARIES) 
[INFO] [stderr]   -- Found X265 
[INFO] [stderr]   -- Found X265: /usr/include (found version "215")
[INFO] [stderr]   -- Performing Test HAVE_KVAZAAR_ENABLE_LOGGING
[INFO] [stderr]   -- Performing Test HAVE_KVAZAAR_ENABLE_LOGGING - Failed
[INFO] [stderr]   -- Looking for kvz_get_version_string
[INFO] [stderr]   -- Looking for kvz_get_version_string - not found
[INFO] [stderr]   -- Could NOT find kvazaar (missing: KVAZAAR_INCLUDE_DIR KVAZAAR_LIBRARIES) 
[INFO] [stderr]   -- Could NOT find UVG266 (missing: UVG266_INCLUDE_DIR UVG266_LIBRARIES) 
[INFO] [stderr]   -- Performing Test CMAKE_HAVE_LIBC_PTHREAD
[INFO] [stderr]   -- Performing Test CMAKE_HAVE_LIBC_PTHREAD - Success
[INFO] [stderr]   -- Found Threads: TRUE
[INFO] [stderr]   -- Found X264 
[INFO] [stderr]   -- Found X264: /usr/include (found version "")
[INFO] [stderr]   -- Could NOT find OpenH264 (missing: OpenH264_INCLUDE_DIR OpenH264_LIBRARIES) 
[INFO] [stderr]   -- Could NOT find DAV1D (missing: DAV1D_INCLUDE_DIR DAV1D_LIBRARIES) 
[INFO] [stderr]   -- Could NOT find AOM (missing: AOM_INCLUDE_DIR AOM_LIBRARY) 
[INFO] [stderr]   -- Could NOT find SvtEnc (missing: SvtEnc_INCLUDE_DIR SvtEnc_LIBRARIES) 
[INFO] [stderr]   -- Could NOT find RAV1E (missing: RAV1E_INCLUDE_DIR RAV1E_LIBRARIES) 
[INFO] [stderr]   -- Found JPEG: /usr/lib/x86_64-linux-gnu/libjpeg.so (found version "80")
[INFO] [stderr]   -- The imported target "openjpip" references the file
[INFO] [stderr]      "/usr/lib/x86_64-linux-gnu/libopenjpip.so.2.5.4"
[INFO] [stderr]   but this file does not exist.  Possible reasons include:
[INFO] [stderr]   * The file was deleted, renamed, or moved to another location.
[INFO] [stderr]   * An install or uninstall procedure did not complete successfully.
[INFO] [stderr]   * The installation package was faulty and contained
[INFO] [stderr]      "/usr/lib/x86_64-linux-gnu/cmake/openjpeg-2.5/OpenJPEGTargets.cmake"
[INFO] [stderr]   but not all the files it references.
[INFO] [stderr] 
[INFO] [stderr]   -- The imported target "opj_decompress" references the file
[INFO] [stderr]      "/usr/bin/opj_decompress"
[INFO] [stderr]   but this file does not exist.  Possible reasons include:
[INFO] [stderr]   * The file was deleted, renamed, or moved to another location.
[INFO] [stderr]   * An install or uninstall procedure did not complete successfully.
[INFO] [stderr]   * The installation package was faulty and contained
[INFO] [stderr]      "/usr/lib/x86_64-linux-gnu/cmake/openjpeg-2.5/OpenJPEGTargets.cmake"
[INFO] [stderr]   but not all the files it references.
[INFO] [stderr] 
[INFO] [stderr]   -- The imported target "opj_compress" references the file
[INFO] [stderr]      "/usr/bin/opj_compress"
[INFO] [stderr]   but this file does not exist.  Possible reasons include:
[INFO] [stderr]   * The file was deleted, renamed, or moved to another location.
[INFO] [stderr]   * An install or uninstall procedure did not complete successfully.
[INFO] [stderr]   * The installation package was faulty and contained
[INFO] [stderr]      "/usr/lib/x86_64-linux-gnu/cmake/openjpeg-2.5/OpenJPEGTargets.cmake"
[INFO] [stderr]   but not all the files it references.
[INFO] [stderr] 
[INFO] [stderr]   -- The imported target "opj_dump" references the file
[INFO] [stderr]      "/usr/bin/opj_dump"
[INFO] [stderr]   but this file does not exist.  Possible reasons include:
[INFO] [stderr]   * The file was deleted, renamed, or moved to another location.
[INFO] [stderr]   * An install or uninstall procedure did not complete successfully.
[INFO] [stderr]   * The installation package was faulty and contained
[INFO] [stderr]      "/usr/lib/x86_64-linux-gnu/cmake/openjpeg-2.5/OpenJPEGTargets.cmake"
[INFO] [stderr]   but not all the files it references.
[INFO] [stderr] 
[INFO] [stderr]   -- The imported target "opj_jpip_addxml" references the file
[INFO] [stderr]      "/usr/bin/opj_jpip_addxml"
[INFO] [stderr]   but this file does not exist.  Possible reasons include:
[INFO] [stderr]   * The file was deleted, renamed, or moved to another location.
[INFO] [stderr]   * An install or uninstall procedure did not complete successfully.
[INFO] [stderr]   * The installation package was faulty and contained
[INFO] [stderr]      "/usr/lib/x86_64-linux-gnu/cmake/openjpeg-2.5/OpenJPEGTargets.cmake"
[INFO] [stderr]   but not all the files it references.
[INFO] [stderr] 
[INFO] [stderr]   -- The imported target "opj_dec_server" references the file
[INFO] [stderr]      "/usr/bin/opj_dec_server"
[INFO] [stderr]   but this file does not exist.  Possible reasons include:
[INFO] [stderr]   * The file was deleted, renamed, or moved to another location.
[INFO] [stderr]   * An install or uninstall procedure did not complete successfully.
[INFO] [stderr]   * The installation package was faulty and contained
[INFO] [stderr]      "/usr/lib/x86_64-linux-gnu/cmake/openjpeg-2.5/OpenJPEGTargets.cmake"
[INFO] [stderr]   but not all the files it references.
[INFO] [stderr] 
[INFO] [stderr]   -- The imported target "opj_jpip_transcode" references the file
[INFO] [stderr]      "/usr/bin/opj_jpip_transcode"
[INFO] [stderr]   but this file does not exist.  Possible reasons include:
[INFO] [stderr]   * The file was deleted, renamed, or moved to another location.
[INFO] [stderr]   * An install or uninstall procedure did not complete successfully.
[INFO] [stderr]   * The installation package was faulty and contained
[INFO] [stderr]      "/usr/lib/x86_64-linux-gnu/cmake/openjpeg-2.5/OpenJPEGTargets.cmake"
[INFO] [stderr]   but not all the files it references.
[INFO] [stderr] 
[INFO] [stderr]   -- The imported target "opj_jpip_test" references the file
[INFO] [stderr]      "/usr/bin/opj_jpip_test"
[INFO] [stderr]   but this file does not exist.  Possible reasons include:
[INFO] [stderr]   * The file was deleted, renamed, or moved to another location.
[INFO] [stderr]   * An install or uninstall procedure did not complete successfully.
[INFO] [stderr]   * The installation package was faulty and contained
[INFO] [stderr]      "/usr/lib/x86_64-linux-gnu/cmake/openjpeg-2.5/OpenJPEGTargets.cmake"
[INFO] [stderr]   but not all the files it references.
[INFO] [stderr] 
[INFO] [stderr]   -- Could NOT find OPENJPH (missing: OPENJPH_INCLUDE_DIR OPENJPH_LIBRARY) 
[INFO] [stderr]   -- Found LIBSHARPYUV 
[INFO] [stderr]   -- Found libsharpyuv: /usr/include/webp
[INFO] [stderr]   -- Looking for _LIBCPP_VERSION
[INFO] [stderr]   -- Looking for _LIBCPP_VERSION - not found
[INFO] [stderr]   -- Configuring done (21.6s)
[INFO] [stderr]   -- Generating done (0.3s)
[INFO] [stderr]   -- Build files have been written to: /opt/rustwide/target/debug/build/libheif-sys/b1898814cba07bcb/out/libheif_build/build
[INFO] [stderr]   [  0%] Building CXX object libheif/CMakeFiles/heif.dir/bitstream.cc.o
[INFO] [stderr]   [  1%] Building CXX object libheif/CMakeFiles/heif.dir/box.cc.o
[INFO] [stderr]   [  3%] Building CXX object libheif/CMakeFiles/heif.dir/context.cc.o
[INFO] [stderr]   [  2%] Building CXX object libheif/CMakeFiles/heif.dir/error.cc.o
[INFO] [stderr]   [  4%] Building CXX object libheif/CMakeFiles/heif.dir/file.cc.o
[INFO] [stderr]   [  5%] Building CXX object libheif/CMakeFiles/heif.dir/file_layout.cc.o
[INFO] [stderr]   [  6%] Building CXX object libheif/CMakeFiles/heif.dir/image/pixelimage.cc.o
[INFO] [stderr]   [  7%] Building CXX object libheif/CMakeFiles/heif.dir/image/image_description.cc.o
[INFO] [stderr]   [  8%] Building CXX object libheif/CMakeFiles/heif.dir/plugin_registry.cc.o
[INFO] [stderr]   [  9%] Building CXX object libheif/CMakeFiles/heif.dir/nclx.cc.o
[INFO] [stderr]   [ 10%] Building CXX object libheif/CMakeFiles/heif.dir/security_limits.cc.o
[INFO] [stderr]   [ 11%] Building CXX object libheif/CMakeFiles/heif.dir/init.cc.o
[INFO] [stderr] 
[INFO] [stderr]   --- stderr
[INFO] [stderr]   running: cd "/opt/rustwide/target/debug/build/libheif-sys/b1898814cba07bcb/out/libheif_build/build" && CMAKE_PREFIX_PATH="" LC_ALL="C" "cmake" "/opt/rustwide/target/debug/build/libheif-sys/b1898814cba07bcb/out/libheif" "-B" "/opt/rustwide/target/debug/build/libheif-sys/b1898814cba07bcb/out/libheif_build/build" "-DCMAKE_INSTALL_LIBDIR=lib" "-DBUILD_SHARED_LIBS=OFF" "-DBUILD_TESTING=OFF" "-DWITH_GDK_PIXBUF=OFF" "-DWITH_EXAMPLES=OFF" "-DWITH_EXAMPLE_HEIF_THUMB=OFF" "-DWITH_EXAMPLE_HEIF_VIEW=OFF" "-DENABLE_EXPERIMENTAL_FEATURES=OFF" "-DENABLE_PLUGIN_LOADING=OFF" "-DBUILD_DOCUMENTATION=OFF" "-DWITH_REDUCED_VISIBILITY=ON" "-DWITH_LIBSHARPYUV=ON" "-DWITH_AOM_DECODER=ON" "-DWITH_AOM_DECODER_PLUGIN=OFF" "-DWITH_AOM_ENCODER=ON" "-DWITH_AOM_ENCODER_PLUGIN=OFF" "-DWITH_DAV1D=ON" "-DWITH_DAV1D_PLUGIN=OFF" "-DWITH_LIBDE265=ON" "-DWITH_LIBDE265_PLUGIN=OFF" "-DWITH_RAV1E=ON" "-DWITH_RAV1E_PLUGIN=OFF" "-DWITH_SvtEnc=ON" "-DWITH_SvtEnc_PLUGIN=OFF" "-DWITH_X264=ON" "-DWITH_X264_PLUGIN=OFF" "-DWITH_X265=ON" "-DWITH_X265_PLUGIN=OFF" "-DWITH_JPEG_DECODER=ON" "-DWITH_JPEG_DECODER_PLUGIN=OFF" "-DWITH_JPEG_ENCODER=ON" "-DWITH_JPEG_ENCODER_PLUGIN=OFF" "-DWITH_KVAZAAR=ON" "-DWITH_KVAZAAR_PLUGIN=OFF" "-DWITH_OPENJPH_ENCODER=ON" "-DWITH_OPENJPH_ENCODER_PLUGIN=OFF" "-DWITH_OpenJPEG_DECODER=ON" "-DWITH_OpenJPEG_DECODER_PLUGIN=OFF" "-DWITH_OpenJPEG_ENCODER=ON" "-DWITH_OpenJPEG_ENCODER_PLUGIN=OFF" "-DWITH_OPEN_JPH_ENCODER=ON" "-DWITH_OPEN_JPH_ENCODER_PLUGIN=OFF" "-DWITH_FFMPEG_DECODER=OFF" "-DWITH_FFMPEG_DECODER_PLUGIN=OFF" "-DWITH_OpenH264_DECODER=ON" "-DWITH_OpenH264_DECODER_PLUGIN=OFF" "-DWITH_UVG266=ON" "-DWITH_UVG266_PLUGIN=OFF" "-DWITH_VVDEC=ON" "-DWITH_VVDEC_PLUGIN=OFF" "-DWITH_VVENC=ON" "-DWITH_VVENC_PLUGIN=OFF" "-DCMAKE_INSTALL_PREFIX=/opt/rustwide/target/debug/build/libheif-sys/b1898814cba07bcb/out/libheif_build" "-DCMAKE_C_FLAGS= -ffunction-sections -fdata-sections -fPIC -m64 -w" "-DCMAKE_C_COMPILER=/usr/bin/cc" "-DCMAKE_CXX_FLAGS= -ffunction-sections -fdata-sections -fPIC -m64 -w" "-DCMAKE_CXX_COMPILER=/usr/bin/c++" "-DCMAKE_ASM_FLAGS= -ffunction-sections -fdata-sections -fPIC -m64 -w" "-DCMAKE_ASM_COMPILER=/usr/bin/cc" "-DCMAKE_BUILD_TYPE=Debug"
[INFO] [stderr]   CMake Warning at cmake/modules/LibFindMacros.cmake:267 (message):
[INFO] [stderr]     WARNING: MISSING PACKAGE
[INFO] [stderr] 
[INFO] [stderr]     We could not find development headers for LIBDE265.  Do you have the
[INFO] [stderr]     necessary dev package installed? This package is NOT REQUIRED and you may
[INFO] [stderr]     ignore this warning but by doing so you may miss some functionality of
[INFO] [stderr]     libheif.
[INFO] [stderr] 
[INFO] [stderr]     Relevant CMake configuration variables:
[INFO] [stderr] 
[INFO] [stderr]       LIBDE265_INCLUDE_DIR-NOTFOUND=
[INFO] [stderr]       LIBDE265_INCLUDE_DIR=<not found>
[INFO] [stderr]       LIBDE265_LIBRARY-NOTFOUND=
[INFO] [stderr]       LIBDE265_LIBRARY=<not found>
[INFO] [stderr] 
[INFO] [stderr]     You may use CMake GUI, cmake -D or ccmake to modify the values.  Delete
[INFO] [stderr]     CMakeCache.txt to discard all values and force full re-detection if
[INFO] [stderr]     necessary.
[INFO] [stderr] 
[INFO] [stderr]   Call Stack (most recent call first):
[INFO] [stderr]     cmake/modules/FindLIBDE265.cmake:17 (libfind_process)
[INFO] [stderr]     CMakeLists.txt:128 (find_package)
[INFO] [stderr] 
[INFO] [stderr] 
[INFO] [stderr]   CMake Warning at cmake/modules/LibFindMacros.cmake:267 (message):
[INFO] [stderr]     WARNING: MISSING PACKAGE
[INFO] [stderr] 
[INFO] [stderr]     We could not find development headers for KVAZAAR.  Do you have the
[INFO] [stderr]     necessary dev package installed? This package is NOT REQUIRED and you may
[INFO] [stderr]     ignore this warning but by doing so you may miss some functionality of
[INFO] [stderr]     libheif.
[INFO] [stderr] 
[INFO] [stderr]     Relevant CMake configuration variables:
[INFO] [stderr] 
[INFO] [stderr]       KVAZAAR_INCLUDE_DIR=<not found>
[INFO] [stderr]       KVAZAAR_LIBRARY=<not found>
[INFO] [stderr] 
[INFO] [stderr]     You may use CMake GUI, cmake -D or ccmake to modify the values.  Delete
[INFO] [stderr]     CMakeCache.txt to discard all values and force full re-detection if
[INFO] [stderr]     necessary.
[INFO] [stderr] 
[INFO] [stderr]   Call Stack (most recent call first):
[INFO] [stderr]     cmake/modules/Findkvazaar.cmake:20 (libfind_process)
[INFO] [stderr]     CMakeLists.txt:142 (find_package)
[INFO] [stderr] 
[INFO] [stderr] 
[INFO] [stderr]   CMake Warning at cmake/modules/LibFindMacros.cmake:267 (message):
[INFO] [stderr]     WARNING: MISSING PACKAGE
[INFO] [stderr] 
[INFO] [stderr]     We could not find development headers for UVG266.  Do you have the
[INFO] [stderr]     necessary dev package installed? This package is NOT REQUIRED and you may
[INFO] [stderr]     ignore this warning but by doing so you may miss some functionality of
[INFO] [stderr]     libheif.
[INFO] [stderr] 
[INFO] [stderr]     Relevant CMake configuration variables:
[INFO] [stderr] 
[INFO] [stderr]       UVG266_INCLUDE_DIR=<not found>
[INFO] [stderr]       UVG266_LIBRARY=<not found>
[INFO] [stderr] 
[INFO] [stderr]     You may use CMake GUI, cmake -D or ccmake to modify the values.  Delete
[INFO] [stderr]     CMakeCache.txt to discard all values and force full re-detection if
[INFO] [stderr]     necessary.
[INFO] [stderr] 
[INFO] [stderr]   Call Stack (most recent call first):
[INFO] [stderr]     cmake/modules/FindUVG266.cmake:17 (libfind_process)
[INFO] [stderr]     CMakeLists.txt:159 (find_package)
[INFO] [stderr] 
[INFO] [stderr] 
[INFO] [stderr]   CMake Warning at CMakeLists.txt:173 (find_package):
[INFO] [stderr]     By not providing "Findvvdec.cmake" in CMAKE_MODULE_PATH this project has
[INFO] [stderr]     asked CMake to find a package configuration file provided by "vvdec", but
[INFO] [stderr]     CMake did not find one.
[INFO] [stderr] 
[INFO] [stderr]     Could not find a package configuration file provided by "vvdec" (requested
[INFO] [stderr]     version 3.0.0) with any of the following names:
[INFO] [stderr] 
[INFO] [stderr]       vvdecConfig.cmake
[INFO] [stderr]       vvdec-config.cmake
[INFO] [stderr] 
[INFO] [stderr]     Add the installation prefix of "vvdec" to CMAKE_PREFIX_PATH or set
[INFO] [stderr]     "vvdec_DIR" to a directory containing one of the above files.  If "vvdec"
[INFO] [stderr]     provides a separate development package or SDK, be sure it has been
[INFO] [stderr]     installed.
[INFO] [stderr] 
[INFO] [stderr] 
[INFO] [stderr]   CMake Warning at CMakeLists.txt:185 (find_package):
[INFO] [stderr]     By not providing "Findvvenc.cmake" in CMAKE_MODULE_PATH this project has
[INFO] [stderr]     asked CMake to find a package configuration file provided by "vvenc", but
[INFO] [stderr]     CMake did not find one.
[INFO] [stderr] 
[INFO] [stderr]     Could not find a package configuration file provided by "vvenc" (requested
[INFO] [stderr]     version 1.12.0) with any of the following names:
[INFO] [stderr] 
[INFO] [stderr]       vvencConfig.cmake
[INFO] [stderr]       vvenc-config.cmake
[INFO] [stderr] 
[INFO] [stderr]     Add the installation prefix of "vvenc" to CMAKE_PREFIX_PATH or set
[INFO] [stderr]     "vvenc_DIR" to a directory containing one of the above files.  If "vvenc"
[INFO] [stderr]     provides a separate development package or SDK, be sure it has been
[INFO] [stderr]     installed.
[INFO] [stderr] 
[INFO] [stderr] 
[INFO] [stderr]   CMake Warning at cmake/modules/LibFindMacros.cmake:267 (message):
[INFO] [stderr]     WARNING: MISSING PACKAGE
[INFO] [stderr] 
[INFO] [stderr]     We could not find development headers for OpenH264.  Do you have the
[INFO] [stderr]     necessary dev package installed? This package is NOT REQUIRED and you may
[INFO] [stderr]     ignore this warning but by doing so you may miss some functionality of
[INFO] [stderr]     libheif.
[INFO] [stderr] 
[INFO] [stderr]     Relevant CMake configuration variables:
[INFO] [stderr] 
[INFO] [stderr]       OpenH264_INCLUDE_DIR=<not found>
[INFO] [stderr]       OpenH264_LIBRARY=<not found>
[INFO] [stderr] 
[INFO] [stderr]     You may use CMake GUI, cmake -D or ccmake to modify the values.  Delete
[INFO] [stderr]     CMakeCache.txt to discard all values and force full re-detection if
[INFO] [stderr]     necessary.
[INFO] [stderr] 
[INFO] [stderr]   Call Stack (most recent call first):
[INFO] [stderr]     cmake/modules/FindOpenH264.cmake:19 (libfind_process)
[INFO] [stderr]     CMakeLists.txt:203 (find_package)
[INFO] [stderr] 
[INFO] [stderr] 
[INFO] [stderr]   CMake Warning at cmake/modules/LibFindMacros.cmake:267 (message):
[INFO] [stderr]     WARNING: MISSING PACKAGE
[INFO] [stderr] 
[INFO] [stderr]     We could not find development headers for DAV1D.  Do you have the necessary
[INFO] [stderr]     dev package installed? This package is NOT REQUIRED and you may ignore this
[INFO] [stderr]     warning but by doing so you may miss some functionality of libheif.
[INFO] [stderr] 
[INFO] [stderr]     Relevant CMake configuration variables:
[INFO] [stderr] 
[INFO] [stderr]       DAV1D_INCLUDE_DIR=<not found>
[INFO] [stderr]       DAV1D_LIBRARY=<not found>
[INFO] [stderr] 
[INFO] [stderr]     You may use CMake GUI, cmake -D or ccmake to modify the values.  Delete
[INFO] [stderr]     CMakeCache.txt to discard all values and force full re-detection if
[INFO] [stderr]     necessary.
[INFO] [stderr] 
[INFO] [stderr]   Call Stack (most recent call first):
[INFO] [stderr]     cmake/modules/FindDAV1D.cmake:17 (libfind_process)
[INFO] [stderr]     CMakeLists.txt:221 (find_package)
[INFO] [stderr] 
[INFO] [stderr] 
[INFO] [stderr]   CMake Warning at cmake/modules/LibFindMacros.cmake:267 (message):
[INFO] [stderr]     WARNING: MISSING PACKAGE
[INFO] [stderr] 
[INFO] [stderr]     We could not find development headers for AOM.  Do you have the necessary
[INFO] [stderr]     dev package installed? This package is NOT REQUIRED and you may ignore this
[INFO] [stderr]     warning but by doing so you may miss some functionality of libheif.
[INFO] [stderr] 
[INFO] [stderr]     Relevant CMake configuration variables:
[INFO] [stderr] 
[INFO] [stderr]       AOM_INCLUDE_DIR=<not found>
[INFO] [stderr]       AOM_LIBRARY=<not found>
[INFO] [stderr] 
[INFO] [stderr]     You may use CMake GUI, cmake -D or ccmake to modify the values.  Delete
[INFO] [stderr]     CMakeCache.txt to discard all values and force full re-detection if
[INFO] [stderr]     necessary.
[INFO] [stderr] 
[INFO] [stderr]   Call Stack (most recent call first):
[INFO] [stderr]     cmake/modules/FindAOM.cmake:25 (libfind_process)
[INFO] [stderr]     CMakeLists.txt:229 (find_package)
[INFO] [stderr] 
[INFO] [stderr] 
[INFO] [stderr]   CMake Warning at cmake/modules/LibFindMacros.cmake:267 (message):
[INFO] [stderr]     WARNING: MISSING PACKAGE
[INFO] [stderr] 
[INFO] [stderr]     We could not find development headers for SvtEnc.  Do you have the
[INFO] [stderr]     necessary dev package installed? This package is NOT REQUIRED and you may
[INFO] [stderr]     ignore this warning but by doing so you may miss some functionality of
[INFO] [stderr]     libheif.
[INFO] [stderr] 
[INFO] [stderr]     Relevant CMake configuration variables:
[INFO] [stderr] 
[INFO] [stderr]       SvtEnc_INCLUDE_DIR=<not found>
[INFO] [stderr]       SvtEnc_LIBRARY=<not found>
[INFO] [stderr] 
[INFO] [stderr]     You may use CMake GUI, cmake -D or ccmake to modify the values.  Delete
[INFO] [stderr]     CMakeCache.txt to discard all values and force full re-detection if
[INFO] [stderr]     necessary.
[INFO] [stderr] 
[INFO] [stderr]   Call Stack (most recent call first):
[INFO] [stderr]     cmake/modules/FindSvtEnc.cmake:17 (libfind_process)
[INFO] [stderr]     CMakeLists.txt:244 (find_package)
[INFO] [stderr] 
[INFO] [stderr] 
[INFO] [stderr]   CMake Warning at cmake/modules/LibFindMacros.cmake:267 (message):
[INFO] [stderr]     WARNING: MISSING PACKAGE
[INFO] [stderr] 
[INFO] [stderr]     We could not find development headers for RAV1E.  Do you have the necessary
[INFO] [stderr]     dev package installed? This package is NOT REQUIRED and you may ignore this
[INFO] [stderr]     warning but by doing so you may miss some functionality of libheif.
[INFO] [stderr] 
[INFO] [stderr]     Relevant CMake configuration variables:
[INFO] [stderr] 
[INFO] [stderr]       RAV1E_INCLUDE_DIR=<not found>
[INFO] [stderr]       RAV1E_LIBRARY=<not found>
[INFO] [stderr] 
[INFO] [stderr]     You may use CMake GUI, cmake -D or ccmake to modify the values.  Delete
[INFO] [stderr]     CMakeCache.txt to discard all values and force full re-detection if
[INFO] [stderr]     necessary.
[INFO] [stderr] 
[INFO] [stderr]   Call Stack (most recent call first):
[INFO] [stderr]     cmake/modules/FindRAV1E.cmake:17 (libfind_process)
[INFO] [stderr]     CMakeLists.txt:251 (find_package)
[INFO] [stderr] 
[INFO] [stderr] 
[INFO] [stderr]   CMake Warning at cmake/modules/LibFindMacros.cmake:267 (message):
[INFO] [stderr]     WARNING: MISSING PACKAGE
[INFO] [stderr] 
[INFO] [stderr]     We could not find development headers for OPENJPH.  Do you have the
[INFO] [stderr]     necessary dev package installed? This package is NOT REQUIRED and you may
[INFO] [stderr]     ignore this warning but by doing so you may miss some functionality of
[INFO] [stderr]     libheif.
[INFO] [stderr] 
[INFO] [stderr]     Relevant CMake configuration variables:
[INFO] [stderr] 
[INFO] [stderr]       OPENJPH_INCLUDE_DIR=<not found>
[INFO] [stderr]       OPENJPH_LIBRARY=<not found>
[INFO] [stderr] 
[INFO] [stderr]     You may use CMake GUI, cmake -D or ccmake to modify the values.  Delete
[INFO] [stderr]     CMakeCache.txt to discard all values and force full re-detection if
[INFO] [stderr]     necessary.
[INFO] [stderr] 
[INFO] [stderr]   Call Stack (most recent call first):
[INFO] [stderr]     cmake/modules/FindOPENJPH.cmake:42 (libfind_process)
[INFO] [stderr]     CMakeLists.txt:292 (find_package)
[INFO] [stderr] 
[INFO] [stderr] 
[INFO] [stderr] 
[INFO] [stderr]   === Summary of compiled codecs ===
[INFO] [stderr]   libde265 HEVC decoder                 : - not found
[INFO] [stderr]   FFMPEG HEVC decoder (HW acc)          : - disabled
[INFO] [stderr]   WebCodecs HEVC decoder (experimental) : - disabled
[INFO] [stderr]   x265 HEVC encoder                     : + built-in
[INFO] [stderr]   Kvazaar HEVC encoder                  : - not found
[INFO] [stderr]   AOM AV1 decoder                       : - not found
[INFO] [stderr]   AOM AV1 encoder                       : - not found
[INFO] [stderr]   Dav1d AV1 decoder                     : - not found
[INFO] [stderr]   SVT AV1 encoder                       : - not found
[INFO] [stderr]   Rav1e AV1 encoder                     : - not found
[INFO] [stderr]   JPEG decoder                          : + built-in
[INFO] [stderr]   JPEG encoder                          : + built-in
[INFO] [stderr]   x264 AVC encoder                      : + built-in
[INFO] [stderr]   OpenH264 decoder                      : - not found
[INFO] [stderr]   OpenJPEG J2K decoder                  : + built-in
[INFO] [stderr]   OpenJPEG J2K encoder                  : + built-in
[INFO] [stderr]   OpenJPH HT-J2K encoder                : - not found
[INFO] [stderr]   uvg266 VVC encoder                    : - disabled
[INFO] [stderr]   vvenc VVC encoder                     : - not found
[INFO] [stderr]   vvdec VVC decoder                     : - not found
[INFO] [stderr] 
[INFO] [stderr]   === Supported formats ===
[INFO] [stderr]   format        decoding   encoding
[INFO] [stderr]   AVC             NO         YES
[INFO] [stderr]   AVIF            NO         NO 
[INFO] [stderr]   HEIC            NO         YES
[INFO] [stderr]   JPEG            YES        YES
[INFO] [stderr]   JPEG2000        YES        YES
[INFO] [stderr]   JPEG2000-HT     YES        NO 
[INFO] [stderr]   Uncompressed    NO         NO 
[INFO] [stderr]   VVC             NO         NO 
[INFO] [stderr] 
[INFO] [stderr]   libsharpyuv: found
[INFO] [stderr]   Compiling 'x265' as built-in backend
[INFO] [stderr]   Not compiling 'libde265' backend
[INFO] [stderr]   Not compiling 'dav1d' backend
[INFO] [stderr]   Not compiling 'aomdec' backend
[INFO] [stderr]   Not compiling 'aomenc' backend
[INFO] [stderr]   Not compiling 'svtenc' backend
[INFO] [stderr]   Not compiling 'rav1e' backend
[INFO] [stderr]   Compiling 'jpegdec' as built-in backend
[INFO] [stderr]   Compiling 'jpegenc' as built-in backend
[INFO] [stderr]   Compiling 'j2kdec' as built-in backend
[INFO] [stderr]   Compiling 'j2kenc' as built-in backend
[INFO] [stderr]   Not compiling 'kvazaar' backend
[INFO] [stderr]   Not compiling 'ffmpegdec' backend
[INFO] [stderr]   Not compiling 'jphenc' backend
[INFO] [stderr]   Not compiling 'uvg266' backend
[INFO] [stderr]   Not compiling 'vvdec' backend
[INFO] [stderr]   Not compiling 'vvenc' backend
[INFO] [stderr]   Compiling 'x264' as built-in backend
[INFO] [stderr]   Not compiling 'openh264dec' backend
[INFO] [stderr]   Compiling in 'libsharpyuv'
[INFO] [stderr]   CMake Warning:
[INFO] [stderr]     Manually-specified variables were not used by the project:
[INFO] [stderr] 
[INFO] [stderr]       CMAKE_ASM_COMPILER
[INFO] [stderr]       CMAKE_ASM_FLAGS
[INFO] [stderr]       WITH_OPEN_JPH_ENCODER
[INFO] [stderr]       WITH_OPEN_JPH_ENCODER_PLUGIN
[INFO] [stderr] 
[INFO] [stderr] 
[INFO] [stderr]   running: cd "/opt/rustwide/target/debug/build/libheif-sys/b1898814cba07bcb/out/libheif_build/build" && LC_ALL="C" MAKEFLAGS="-j --jobserver-fds=4,5 --jobserver-auth=4,5" "cmake" "--build" "/opt/rustwide/target/debug/build/libheif-sys/b1898814cba07bcb/out/libheif_build/build" "--target" "install" "--config" "Debug"
[INFO] [stderr]   c++: fatal error: Killed signal terminated program cc1plus
[INFO] [stderr]   compilation terminated.
[INFO] [stderr]   gmake[2]: *** [libheif/CMakeFiles/heif.dir/build.make:135: libheif/CMakeFiles/heif.dir/file.cc.o] Error 1
[INFO] [stderr]   gmake[2]: *** Waiting for unfinished jobs....
[INFO] [stderr]   c++: fatal error: Killed signal terminated program cc1plus
[INFO] [stderr]   compilation terminated.
[INFO] [stderr]   gmake[2]: *** [libheif/CMakeFiles/heif.dir/build.make:121: libheif/CMakeFiles/heif.dir/context.cc.o] Error 1
[INFO] [stderr]   c++: fatal error: Killed signal terminated program cc1plus
[INFO] [stderr]   compilation terminated.
[INFO] [stderr]   gmake[2]: *** [libheif/CMakeFiles/heif.dir/build.make:93: libheif/CMakeFiles/heif.dir/box.cc.o] Error 1
[INFO] [stderr]   gmake[1]: *** [CMakeFiles/Makefile2:151: libheif/CMakeFiles/heif.dir/all] Error 2
[INFO] [stderr]   gmake: *** [Makefile:156: all] Error 2
[INFO] [stderr] 
[INFO] [stderr]   thread 'main' (813) panicked at /opt/rustwide/cargo-home/registry/src/index.crates.io-1949cf8c6b5b557f/cmake-0.1.58/src/lib.rs:1132:5:
[INFO] [stderr] 
[INFO] [stderr]   command did not execute successfully, got: exit status: 2
[INFO] [stderr] 
[INFO] [stderr]   build script failed, must exit now
[INFO] [stderr]   stack backtrace:
[INFO] [stderr]      0:     0x62beedf88081 - std[3164a59e47d3bde]::backtrace_rs::backtrace::libunwind::trace
[INFO] [stderr]                                  at /rustc/3154cc1a3e6424e44f438a95007d043ed5ceaaf6/library/std/src/../../backtrace/src/backtrace/libunwind.rs:117:9
[INFO] [stderr]      1:     0x62beedf88081 - std[3164a59e47d3bde]::backtrace_rs::backtrace::trace_unsynchronized::<std[3164a59e47d3bde]::sys::backtrace::_print_fmt::{closure#1}>
[INFO] [stderr]                                  at /rustc/3154cc1a3e6424e44f438a95007d043ed5ceaaf6/library/std/src/../../backtrace/src/backtrace/mod.rs:66:14
[INFO] [stderr]      2:     0x62beedf88081 - std[3164a59e47d3bde]::sys::backtrace::_print_fmt
[INFO] [stderr]                                  at /rustc/3154cc1a3e6424e44f438a95007d043ed5ceaaf6/library/std/src/sys/backtrace.rs:74:9
[INFO] [stderr]      3:     0x62beedf88081 - <<std[3164a59e47d3bde]::sys::backtrace::BacktraceLock>::print::DisplayBacktrace as core[934024a1e6126fb4]::fmt::Display>::fmt
[INFO] [stderr]                                  at /rustc/3154cc1a3e6424e44f438a95007d043ed5ceaaf6/library/std/src/sys/backtrace.rs:44:26
[INFO] [stderr]      4:     0x62beedf9d09a - <core[934024a1e6126fb4]::fmt::rt::Argument>::fmt
[INFO] [stderr]                                  at /rustc/3154cc1a3e6424e44f438a95007d043ed5ceaaf6/library/core/src/fmt/rt.rs:152:76
[INFO] [stderr]      5:     0x62beedf9d09a - core[934024a1e6126fb4]::fmt::write
[INFO] [stderr]      6:     0x62beedf8db6c - core[934024a1e6126fb4]::io::write::default_write_fmt::<std[3164a59e47d3bde]::sys::stdio::unix::Stderr>
[INFO] [stderr]                                  at /rustc/3154cc1a3e6424e44f438a95007d043ed5ceaaf6/library/core/src/io/write.rs:402:11
[INFO] [stderr]      7:     0x62beedf8db6c - <std[3164a59e47d3bde]::sys::stdio::unix::Stderr as core[934024a1e6126fb4]::io::write::Write>::write_fmt
[INFO] [stderr]                                  at /rustc/3154cc1a3e6424e44f438a95007d043ed5ceaaf6/library/core/src/io/write.rs:335:13
[INFO] [stderr]      8:     0x62beedf65676 - <std[3164a59e47d3bde]::sys::backtrace::BacktraceLock>::print
[INFO] [stderr]                                  at /rustc/3154cc1a3e6424e44f438a95007d043ed5ceaaf6/library/std/src/sys/backtrace.rs:47:9
[INFO] [stderr]      9:     0x62beedf65676 - std[3164a59e47d3bde]::panicking::default_hook::{closure#0}
[INFO] [stderr]                                  at /rustc/3154cc1a3e6424e44f438a95007d043ed5ceaaf6/library/std/src/panicking.rs:289:27
[INFO] [stderr]     10:     0x62beedf81871 - std[3164a59e47d3bde]::panicking::default_hook
[INFO] [stderr]                                  at /rustc/3154cc1a3e6424e44f438a95007d043ed5ceaaf6/library/std/src/panicking.rs:316:9
[INFO] [stderr]     11:     0x62beedf81a2b - std[3164a59e47d3bde]::panicking::panic_with_hook
[INFO] [stderr]                                  at /rustc/3154cc1a3e6424e44f438a95007d043ed5ceaaf6/library/std/src/panicking.rs:811:13
[INFO] [stderr]     12:     0x62beedf65722 - std[3164a59e47d3bde]::panicking::panic_handler::{closure#0}
[INFO] [stderr]                                  at /rustc/3154cc1a3e6424e44f438a95007d043ed5ceaaf6/library/std/src/panicking.rs:685:13
[INFO] [stderr]     13:     0x62beedf5e009 - std[3164a59e47d3bde]::sys::backtrace::__rust_end_short_backtrace::<std[3164a59e47d3bde]::panicking::panic_handler::{closure#0}, !>
[INFO] [stderr]                                  at /rustc/3154cc1a3e6424e44f438a95007d043ed5ceaaf6/library/std/src/sys/backtrace.rs:182:18
[INFO] [stderr]     14:     0x62beedf65fad - __rustc[2e7b49d4226056d3]::rust_begin_unwind
[INFO] [stderr]                                  at /rustc/3154cc1a3e6424e44f438a95007d043ed5ceaaf6/library/std/src/panicking.rs:676:5
[INFO] [stderr]     15:     0x62beedf9d88c - core[934024a1e6126fb4]::panicking::panic_fmt
[INFO] [stderr]                                  at /rustc/3154cc1a3e6424e44f438a95007d043ed5ceaaf6/library/core/src/panicking.rs:80:14
[INFO] [stderr]     16:     0x62beede2af47 - cmake[71df874224664742]::fail
[INFO] [stderr]     17:     0x62beede2abd3 - cmake[71df874224664742]::run
[INFO] [stderr]     18:     0x62beede30ba5 - <cmake[71df874224664742]::Config>::build
[INFO] [stderr]     19:     0x62beede19e82 - build_script_build[dc0cb641bc1fbc23]::compile_libheif
[INFO] [stderr]     20:     0x62beede18f6c - build_script_build[dc0cb641bc1fbc23]::find_libheif::{closure#0}
[INFO] [stderr]     21:     0x62beede190a8 - <build_script_build[dc0cb641bc1fbc23]::find_libheif::{closure#0} as core[934024a1e6126fb4]::ops::function::FnOnce<(&str, &str)>>::call_once::{shim:vtable#0}
[INFO] [stderr]     22:     0x62beede9ecb2 - <alloc[b96ed41a801e996d]::boxed::Box<dyn for<'a, 'b> core[934024a1e6126fb4]::ops::function::FnOnce<(&'a str, &'b str), Output = core[934024a1e6126fb4]::result::Result<system_deps[3e6515ff268371a7]::Library, system_deps[3e6515ff268371a7]::BuildInternalClosureError>>> as core[934024a1e6126fb4]::ops::function::FnOnce<(&str, &str)>>::call_once
[INFO] [stderr]     23:     0x62beedebac78 - <system_deps[3e6515ff268371a7]::Config>::call_build_internal
[INFO] [stderr]     24:     0x62beedeba0ef - <system_deps[3e6515ff268371a7]::Config>::probe_pkg_config
[INFO] [stderr]     25:     0x62beedeb8693 - <system_deps[3e6515ff268371a7]::Config>::probe_full
[INFO] [stderr]     26:     0x62beedebc030 - <system_deps[3e6515ff268371a7]::Config>::probe
[INFO] [stderr]     27:     0x62beede19224 - build_script_build[dc0cb641bc1fbc23]::find_libheif
[INFO] [stderr]     28:     0x62beede1ab0d - build_script_build[dc0cb641bc1fbc23]::main
[INFO] [stderr]     29:     0x62beede1d6b3 - <fn() as core[934024a1e6126fb4]::ops::function::FnOnce<()>>::call_once
[INFO] [stderr]     30:     0x62beede18846 - std[3164a59e47d3bde]::sys::backtrace::__rust_begin_short_backtrace::<fn(), ()>
[INFO] [stderr]     31:     0x62beede18b49 - std[3164a59e47d3bde]::rt::lang_start::<()>::{closure#0}
[INFO] [stderr]     32:     0x62beedf807e8 - <&dyn core[934024a1e6126fb4]::ops::function::Fn<(), Output = i32> + core[934024a1e6126fb4]::marker::Sync + core[934024a1e6126fb4]::panic::unwind_safe::RefUnwindSafe as core[934024a1e6126fb4]::ops::function::FnOnce<()>>::call_once
[INFO] [stderr]                                  at /rustc/3154cc1a3e6424e44f438a95007d043ed5ceaaf6/library/core/src/ops/function.rs:287:21
[INFO] [stderr]     33:     0x62beedf807e8 - std[3164a59e47d3bde]::panicking::catch_unwind::do_call::<&dyn core[934024a1e6126fb4]::ops::function::Fn<(), Output = i32> + core[934024a1e6126fb4]::marker::Sync + core[934024a1e6126fb4]::panic::unwind_safe::RefUnwindSafe, i32>
[INFO] [stderr]                                  at /rustc/3154cc1a3e6424e44f438a95007d043ed5ceaaf6/library/std/src/panicking.rs:573:43
[INFO] [stderr]     34:     0x62beedf807e8 - std[3164a59e47d3bde]::panicking::catch_unwind::<i32, &dyn core[934024a1e6126fb4]::ops::function::Fn<(), Output = i32> + core[934024a1e6126fb4]::marker::Sync + core[934024a1e6126fb4]::panic::unwind_safe::RefUnwindSafe>
[INFO] [stderr]                                  at /rustc/3154cc1a3e6424e44f438a95007d043ed5ceaaf6/library/std/src/panicking.rs:541:19
[INFO] [stderr]     35:     0x62beedf807e8 - std[3164a59e47d3bde]::panic::catch_unwind::<&dyn core[934024a1e6126fb4]::ops::function::Fn<(), Output = i32> + core[934024a1e6126fb4]::marker::Sync + core[934024a1e6126fb4]::panic::unwind_safe::RefUnwindSafe, i32>
[INFO] [stderr]                                  at /rustc/3154cc1a3e6424e44f438a95007d043ed5ceaaf6/library/std/src/panic.rs:359:14
[INFO] [stderr]     36:     0x62beedf807e8 - std[3164a59e47d3bde]::rt::lang_start_internal::{closure#0}
[INFO] [stderr]                                  at /rustc/3154cc1a3e6424e44f438a95007d043ed5ceaaf6/library/std/src/rt.rs:175:24
[INFO] [stderr]     37:     0x62beedf807e8 - std[3164a59e47d3bde]::panicking::catch_unwind::do_call::<std[3164a59e47d3bde]::rt::lang_start_internal::{closure#0}, isize>
[INFO] [stderr]                                  at /rustc/3154cc1a3e6424e44f438a95007d043ed5ceaaf6/library/std/src/panicking.rs:573:43
[INFO] [stderr]     38:     0x62beedf807e8 - std[3164a59e47d3bde]::panicking::catch_unwind::<isize, std[3164a59e47d3bde]::rt::lang_start_internal::{closure#0}>
[INFO] [stderr]                                  at /rustc/3154cc1a3e6424e44f438a95007d043ed5ceaaf6/library/std/src/panicking.rs:541:19
[INFO] [stderr]     39:     0x62beedf807e8 - std[3164a59e47d3bde]::panic::catch_unwind::<std[3164a59e47d3bde]::rt::lang_start_internal::{closure#0}, isize>
[INFO] [stderr]                                  at /rustc/3154cc1a3e6424e44f438a95007d043ed5ceaaf6/library/std/src/panic.rs:359:14
[INFO] [stderr]     40:     0x62beedf807e8 - std[3164a59e47d3bde]::rt::lang_start_internal
[INFO] [stderr]                                  at /rustc/3154cc1a3e6424e44f438a95007d043ed5ceaaf6/library/std/src/rt.rs:171:5
[INFO] [stderr]     41:     0x62beede18411 - std[3164a59e47d3bde]::rt::lang_start::<()>
[INFO] [stderr]     42:     0x62beede1d7c5 - main
[INFO] [stderr]     43:     0x782d36afb601 - <unknown>
[INFO] [stderr]     44:     0x782d36afb718 - __libc_start_main
[INFO] [stderr]     45:     0x62beede144f5 - _start
[INFO] [stderr]     46:                0x0 - <unknown>
[INFO] running `Command { std: "docker" "inspect" "f4a491335fff6797036a563352ea69774efd46fce947993c1d8a88118b5a2e39", kill_on_drop: false }`
[INFO] running `Command { std: "docker" "rm" "-f" "f4a491335fff6797036a563352ea69774efd46fce947993c1d8a88118b5a2e39", kill_on_drop: false }`
[INFO] [stdout] f4a491335fff6797036a563352ea69774efd46fce947993c1d8a88118b5a2e39
