[INFO] cloning repository https://github.com/lebarionellison/daemon-os
[INFO] running `Command { std: "git" "-c" "credential.helper=" "-c" "credential.helper=/workspace/cargo-home/bin/git-credential-null" "clone" "--bare" "https://github.com/lebarionellison/daemon-os" "/workspace/cache/git-repos/https%3A%2F%2Fgithub.com%2Flebarionellison%2Fdaemon-os", kill_on_drop: false }`
[INFO] [stderr] Cloning into bare repository '/workspace/cache/git-repos/https%3A%2F%2Fgithub.com%2Flebarionellison%2Fdaemon-os'...
[INFO] running `Command { std: "git" "rev-parse" "HEAD", kill_on_drop: false }`
[INFO] [stdout] 5d0f453b0e91690f8d1f01f6c3038fc9871e7e9b
[INFO] checking lebarionellison/daemon-os against 3154cc1a3e6424e44f438a95007d043ed5ceaaf6+rustflags=-Znext-solver=coherence for pr-133502-30
[INFO] running `Command { std: "git" "clone" "/workspace/cache/git-repos/https%3A%2F%2Fgithub.com%2Flebarionellison%2Fdaemon-os" "/workspace/builds/worker-0-tc1/source", kill_on_drop: false }`
[INFO] [stderr] Cloning into '/workspace/builds/worker-0-tc1/source'...
[INFO] [stderr] done.
[INFO] removed /workspace/builds/worker-0-tc1/source/.cargo/config.toml
[INFO] started tweaking git repo https://github.com/lebarionellison/daemon-os
[INFO] finished tweaking git repo https://github.com/lebarionellison/daemon-os
[INFO] tweaked toml for git repo https://github.com/lebarionellison/daemon-os written to /workspace/builds/worker-0-tc1/source/Cargo.toml
[INFO] validating manifest of git repo https://github.com/lebarionellison/daemon-os on toolchain 3154cc1a3e6424e44f438a95007d043ed5ceaaf6
[INFO] running `Command { std: CARGO_HOME="/workspace/cargo-home" RUSTUP_HOME="/workspace/rustup-home" "/workspace/cargo-home/bin/cargo" "+3154cc1a3e6424e44f438a95007d043ed5ceaaf6" "metadata" "--manifest-path" "Cargo.toml" "--no-deps", kill_on_drop: false }`
[INFO] crate git repo https://github.com/lebarionellison/daemon-os already has a lockfile, it will not be regenerated
[INFO] running `Command { std: CARGO_HOME="/workspace/cargo-home" RUSTUP_HOME="/workspace/rustup-home" "/workspace/cargo-home/bin/cargo" "+3154cc1a3e6424e44f438a95007d043ed5ceaaf6" "fetch" "--manifest-path" "Cargo.toml", kill_on_drop: false }`
[INFO] [stderr]     Updating crates.io index
[INFO] [stderr]     Blocking waiting for file lock on package cache
[INFO] [stderr]  Downloading crates ...
[INFO] [stderr]   Downloaded libxdo v0.6.0
[INFO] [stderr]   Downloaded libxdo-sys v0.11.0
[INFO] [stderr]   Downloaded crc32fast v1.5.1
[INFO] [stderr]   Downloaded futures-macro v0.3.34
[INFO] [stderr]   Downloaded indexmap v2.14.1
[INFO] [stderr]   Downloaded syn v3.0.4
[INFO] [stderr]   Downloaded zlib-rs v0.6.7
[INFO] [stderr]   Downloaded libappindicator v0.9.0
[INFO] [stderr]   Downloaded libloading v0.7.4
[INFO] [stderr]   Downloaded libappindicator-sys v0.9.0
[INFO] [stderr]   Downloaded libredox v0.1.21
[INFO] [stderr]   Downloaded wasm-streams v0.4.2
[INFO] [stderr]   Downloaded reqwest v0.12.28
[INFO] [stderr]   Downloaded wasm-bindgen-futures v0.4.77
[INFO] [stderr]   Downloaded web-sys v0.3.104
[INFO] [stderr]   Downloaded tokio-native-tls v0.3.1
[INFO] [stderr]   Downloaded cc v1.4.4
[INFO] [stderr]   Downloaded find-msvc-tools v0.1.11
[INFO] [stderr]   Downloaded windows-registry v0.6.1
[INFO] [stderr]   Downloaded hyper-rustls v0.27.9
[INFO] [stderr]   Downloaded system-configuration v0.7.0
[INFO] [stderr]   Downloaded system-configuration-sys v0.6.0
[INFO] [stderr]   Downloaded hyper v1.11.1
[INFO] [stderr]   Downloaded h2 v0.4.19
[INFO] [stderr]   Downloaded hyper-tls v0.6.0
[INFO] [stderr]   Downloaded http-body-util v0.1.5
[INFO] [stderr]   Downloaded tokio-rustls v0.26.4
[INFO] [stderr]   Downloaded rustls-webpki v0.103.15
[INFO] [stderr]   Downloaded blocking v1.7.0
[INFO] [stderr]   Downloaded async-channel v2.5.0
[INFO] [stderr]   Downloaded dioxus-html-internal-macro v0.5.6
[INFO] [stderr]   Downloaded async-trait v0.1.92
[INFO] [stderr]   Downloaded dioxus-html v0.5.6
[INFO] [stderr]   Downloaded intmap v0.7.1
[INFO] [stderr]   Downloaded generational-box v0.5.6
[INFO] [stderr]   Downloaded serde-value v0.7.0
[INFO] [stderr]   Downloaded dioxus-hot-reload v0.5.6
[INFO] [stderr]   Downloaded spinning v0.1.0
[INFO] [stderr]   Downloaded dioxus v0.5.6
[INFO] [stderr]   Downloaded serde_repr v0.1.21
[INFO] [stderr]   Downloaded ordered-float v2.10.1
[INFO] [stderr]   Downloaded convert_case v0.6.0
[INFO] [stderr]   Downloaded to_method v1.1.0
[INFO] [stderr]   Downloaded piper v0.2.5
[INFO] [stderr]   Downloaded futures-lite v2.6.1
[INFO] [stderr]   Downloaded krates v0.16.10
[INFO] [stderr]   Downloaded aws-lc-rs v1.18.1
[INFO] [stderr]   Downloaded fs_extra v1.3.0
[INFO] [stderr]   Downloaded dioxus-signals v0.5.7
[INFO] [stderr]   Downloaded dioxus-core v0.5.6
[INFO] [stderr]   Downloaded slotmap v1.1.1
[INFO] [stderr]   Downloaded longest-increasing-subsequence v0.1.0
[INFO] [stderr]   Downloaded interprocess-docfix v1.2.2
[INFO] [stderr]   Downloaded async-task v4.7.1
[INFO] [stderr]   Downloaded dioxus-rsx v0.5.6
[INFO] [stderr]   Downloaded internment v0.7.5
[INFO] [stderr]   Downloaded dioxus-hooks v0.5.6
[INFO] [stderr]   Downloaded dioxus-debug-cell v0.1.1
[INFO] [stderr]   Downloaded dioxus-fullstack v0.5.6
[INFO] [stderr]   Downloaded server_fn v0.6.15
[INFO] [stderr]   Downloaded server_fn_macro_default v0.6.15
[INFO] [stderr]   Downloaded server_fn_macro v0.6.15
[INFO] [stderr]   Downloaded serde_qs v0.12.0
[INFO] [stderr]   Downloaded send_wrapper v0.6.0
[INFO] [stderr]   Downloaded gloo-net v0.6.0
[INFO] [stderr]   Downloaded pin-project-internal v1.1.13
[INFO] [stderr]   Downloaded gloo-utils v0.2.0
[INFO] [stderr]   Downloaded futures v0.3.34
[INFO] [stderr]   Downloaded dioxus_server_macro v0.5.6
[INFO] [stderr]   Downloaded dioxus-lib v0.5.6
[INFO] [stderr]   Downloaded dioxus-core-macro v0.5.6
[INFO] [stderr]   Downloaded constcat v0.3.1
[INFO] [stderr]   Downloaded windows-implement v0.52.0
[INFO] [stderr]   Downloaded windows-interface v0.52.0
[INFO] [stderr]   Downloaded webview2-com v0.28.0
[INFO] [stderr]   Downloaded webview2-com-macros v0.7.0
[INFO] [stderr]   Downloaded objc_exception v0.1.2
[INFO] [stderr]   Downloaded petgraph v0.6.5
[INFO] [stderr]   Downloaded pin-project v1.1.13
[INFO] [stderr]   Downloaded wry v0.37.0
[INFO] [stderr]   Downloaded tao-macros v0.1.4
[INFO] [stderr]   Downloaded ndk v0.7.0
[INFO] [stderr]   Downloaded num_enum_derive v0.5.11
[INFO] [stderr]   Downloaded thin-slice v0.1.1
[INFO] [stderr]   Downloaded nodrop v0.1.14
[INFO] [stderr]   Downloaded phf_codegen v0.8.0
[INFO] [stderr]   Downloaded phf_shared v0.8.0
[INFO] [stderr]   Downloaded phf_generator v0.8.0
[INFO] [stderr]   Downloaded phf v0.8.0
[INFO] [stderr]   Downloaded proc-macro-hack v0.5.20+deprecated
[INFO] [stderr]   Downloaded phf_macros v0.8.0
[INFO] [stderr]   Downloaded matches v0.1.10
[INFO] [stderr]   Downloaded fxhash v0.2.1
[INFO] [stderr]   Downloaded convert_case v0.4.0
[INFO] [stderr]   Downloaded itoa v0.4.8
[INFO] [stderr]   Downloaded ndk-context v0.1.1
[INFO] [stderr]   Downloaded servo_arc v0.1.1
[INFO] [stderr]   Downloaded rand_pcg v0.2.1
[INFO] [stderr]   Downloaded raw-window-handle v0.5.2
[INFO] [stderr]   Downloaded num_enum v0.5.11
[INFO] [stderr]   Downloaded kuchikiki v0.8.2
[INFO] [stderr]   Downloaded selectors v0.22.0
[INFO] [stderr]   Downloaded cssparser v0.27.2
[INFO] [stderr]   Downloaded derive_more v0.99.20
[INFO] [stderr]   Downloaded string_cache_codegen v0.5.4
[INFO] [stderr]   Downloaded mac v0.1.1
[INFO] [stderr]   Downloaded futf v0.1.5
[INFO] [stderr]   Downloaded phf_codegen v0.10.0
[INFO] [stderr]   Downloaded phf_shared v0.10.0
[INFO] [stderr]   Downloaded phf_generator v0.10.0
[INFO] [stderr]   Downloaded dlopen2 v0.7.0
[INFO] [stderr]   Downloaded zvariant_utils v2.1.0
[INFO] [stderr]   Downloaded dioxus-desktop v0.5.6
[INFO] [stderr]   Downloaded html5ever v0.26.0
[INFO] [stderr]   Downloaded markup5ever v0.11.0
[INFO] [stderr]   Downloaded tendril v0.4.3
[INFO] [stderr]   Downloaded phf v0.10.1
[INFO] [stderr]   Downloaded cocoa-foundation v0.1.2
[INFO] [stderr]   Downloaded pollster v0.3.0
[INFO] [stderr]   Downloaded zvariant_derive v4.2.0
[INFO] [stderr]   Downloaded zbus_macros v4.4.0
[INFO] [stderr]   Downloaded ndk-sys v0.4.1+23.1.7779620
[INFO] [stderr]   Downloaded core-graphics v0.23.2
[INFO] [stderr]   Downloaded foreign-types-macros v0.2.4
[INFO] [stderr]   Downloaded core-graphics-types v0.1.3
[INFO] [stderr]   Downloaded cfg_aliases v0.1.1
[INFO] [stderr]   Downloaded webbrowser v0.8.15
[INFO] [stderr]   Downloaded urlencoding v2.1.3
[INFO] [stderr]   Downloaded windows-interface v0.53.0
[INFO] [stderr]   Downloaded rfd v0.14.1
[INFO] [stderr]   Downloaded ashpd v0.8.2
[INFO] [stderr]   Downloaded zbus v4.4.0
[INFO] [stderr]   Downloaded zvariant v4.2.0
[INFO] [stderr]   Downloaded enumflags2 v0.7.12
[INFO] [stderr]   Downloaded enumflags2_derive v0.7.12
[INFO] [stderr]   Downloaded zbus_names v3.0.0
[INFO] [stderr]   Downloaded xdg-home v1.3.0
[INFO] [stderr]   Downloaded combine v4.6.8
[INFO] [stderr]   Downloaded cocoa v0.25.0
[INFO] [stderr]   Downloaded windows-implement v0.53.0
[INFO] [stderr]   Downloaded windows-core v0.54.0
[INFO] [stderr]   Downloaded dispatch v0.2.0
[INFO] [stderr]   Downloaded endi v1.1.1
[INFO] [stderr]   Downloaded async-process v2.5.0
[INFO] [stderr]   Downloaded async-lock v3.4.2
[INFO] [stderr]   Downloaded async-fs v2.2.0
[INFO] [stderr]   Downloaded infer v0.11.0
[INFO] [stderr]   Downloaded cfb v0.7.3
[INFO] [stderr]   Downloaded uuid v1.26.0
[INFO] [stderr]   Downloaded windows-result v0.1.2
[INFO] [stderr]   Downloaded uds_windows v1.2.1
[INFO] [stderr]   Downloaded ordered-stream v0.2.0
[INFO] [stderr]   Downloaded async-signal v0.2.14
[INFO] [stderr]   Downloaded hermit-abi v0.5.2
[INFO] [stderr]   Downloaded lru v0.12.5
[INFO] [stderr]   Downloaded jni-macros v0.22.4
[INFO] [stderr]   Downloaded async-io v2.6.0
[INFO] [stderr]   Downloaded polling v3.11.0
[INFO] [stderr]   Downloaded async-net v2.0.0
[INFO] [stderr]   Downloaded muda v0.11.5
[INFO] [stderr]   Downloaded png v0.17.16
[INFO] [stderr]   Downloaded dioxus-cli-config v0.5.6
[INFO] [stderr]   Downloaded ciborium v0.2.2
[INFO] [stderr]   Downloaded rustls-native-certs v0.8.4
[INFO] [stderr]   Downloaded async-executor v1.14.0
[INFO] [stderr]   Downloaded async-broadcast v0.7.2
[INFO] [stderr]   Downloaded sledgehammer_bindgen v0.5.0
[INFO] [stderr]   Downloaded md5 v0.7.0
[INFO] [stderr]   Downloaded ciborium-ll v0.2.2
[INFO] [stderr]   Downloaded windows-service v0.8.1
[INFO] [stderr]   Downloaded async-recursion v1.1.1
[INFO] [stderr]   Downloaded sledgehammer_utils v0.2.1
[INFO] [stderr]   Downloaded sledgehammer_bindgen_macro v0.5.1
[INFO] [stderr]   Downloaded quinn-udp v0.5.15
[INFO] [stderr]   Downloaded dioxus-interpreter-js v0.5.6
[INFO] [stderr]   Downloaded ciborium-io v0.2.2
[INFO] [stderr]   Downloaded dioxus-config-macro v0.5.6
[INFO] [stderr]   Downloaded widestring v1.2.1
[INFO] [stderr]   Downloaded bit-vec v0.7.0
[INFO] [stderr]   Downloaded rand_pcg v0.10.2
[INFO] [stderr]   Downloaded global-hotkey v0.5.5
[INFO] [stderr]   Downloaded bloomfilter v1.0.16
[INFO] [stderr]   Downloaded rustls-platform-verifier v0.7.0
[INFO] [stderr]   Downloaded quinn v0.11.11
[INFO] [stderr]   Downloaded ntapi v0.4.3
[INFO] [stderr]   Downloaded rand v0.10.2
[INFO] [stderr]   Downloaded reqwest v0.13.4
[INFO] [stderr]   Downloaded webpki-root-certs v1.0.9
[INFO] [stderr]   Downloaded jni v0.22.4
[INFO] [stderr]   Downloaded sysinfo v0.36.1
[INFO] [stderr]   Downloaded objc2-io-kit v0.3.2
[INFO] [stderr]   Downloaded quinn-proto v0.11.17
[INFO] [stderr]   Downloaded simd_cesu8 v1.2.0
[INFO] [stderr]   Downloaded tao v0.26.2
[INFO] [stderr]   Downloaded webview2-com-sys v0.28.0
[INFO] [stderr]   Downloaded aws-lc-sys v0.45.0
[INFO] [stderr]   Downloaded windows v0.52.0
[INFO] [stderr]   Downloaded windows v0.54.0
[INFO] running `Command { std: "docker" "create" "-v" "/var/lib/crater-agent-workspace/builds/worker-0-tc1/source:/opt/rustwide/workdir:ro,Z" "-v" "/var/lib/crater-agent-workspace/builds/worker-0-tc1/target:/opt/rustwide/target:rw,Z" "-v" "/var/lib/crater-agent-workspace/cargo-home:/opt/rustwide/cargo-home:ro,Z" "-v" "/var/lib/crater-agent-workspace/rustup-home:/opt/rustwide/rustup-home:ro,Z" "-m" "1610612736" "--network" "none" "ghcr.io/rust-lang/crates-build-env/linux@sha256:77db811e55d90add9212f6832c23229e3de5f1c1f9905e8cb07319ea15df73ac" "sleep" "infinity", kill_on_drop: false }`
[INFO] [stdout] 63b23c7fb4f8e13e1fe85cedfd752ad05f5ee2da9fbe7c1cd063b49135a4624e
[INFO] running `Command { std: "docker" "start" "63b23c7fb4f8e13e1fe85cedfd752ad05f5ee2da9fbe7c1cd063b49135a4624e", kill_on_drop: false }`
[INFO] running `Command { std: "docker" "inspect" "63b23c7fb4f8e13e1fe85cedfd752ad05f5ee2da9fbe7c1cd063b49135a4624e", kill_on_drop: false }`
[INFO] running `Command { std: "docker" "exec" "-e" "SOURCE_DIR=/opt/rustwide/workdir" "-e" "CARGO_HOME=/opt/rustwide/cargo-home" "-e" "RUSTUP_HOME=/opt/rustwide/rustup-home" "-e" "CARGO_TARGET_DIR=/opt/rustwide/target" "-w" "/opt/rustwide/workdir" "--user" "0:0" "63b23c7fb4f8e13e1fe85cedfd752ad05f5ee2da9fbe7c1cd063b49135a4624e" "/opt/rustwide/cargo-home/bin/cargo" "+3154cc1a3e6424e44f438a95007d043ed5ceaaf6" "metadata" "--no-deps" "--format-version=1", kill_on_drop: false }`
[INFO] running `Command { std: "docker" "inspect" "63b23c7fb4f8e13e1fe85cedfd752ad05f5ee2da9fbe7c1cd063b49135a4624e", kill_on_drop: false }`
[INFO] running `Command { std: "docker" "exec" "-e" "SOURCE_DIR=/opt/rustwide/workdir" "-e" "CARGO_HOME=/opt/rustwide/cargo-home" "-e" "RUSTUP_HOME=/opt/rustwide/rustup-home" "-e" "CARGO_TARGET_DIR=/opt/rustwide/target" "-e" "CARGO_INCREMENTAL=0" "-e" "RUST_BACKTRACE=full" "-e" "RUSTFLAGS=--cap-lints=forbid -Znext-solver=coherence" "-e" "RUSTDOCFLAGS=--cap-lints=forbid" "-w" "/opt/rustwide/workdir" "--user" "0:0" "63b23c7fb4f8e13e1fe85cedfd752ad05f5ee2da9fbe7c1cd063b49135a4624e" "/opt/rustwide/cargo-home/bin/cargo" "+3154cc1a3e6424e44f438a95007d043ed5ceaaf6" "check" "--frozen" "--all" "--all-targets" "--message-format=json", kill_on_drop: false }`
[INFO] [stderr]    Compiling proc-macro2 v1.0.107
[INFO] [stderr]    Compiling serde_core v1.0.229
[INFO] [stderr]    Compiling serde v1.0.229
[INFO] [stderr]    Compiling pkg-config v0.3.34
[INFO] [stderr]    Compiling libc v0.2.189
[INFO] [stderr]    Compiling hashbrown v0.17.1
[INFO] [stderr]    Compiling quote v1.0.47
[INFO] [stderr]    Compiling equivalent v1.0.2
[INFO] [stderr]    Compiling smallvec v1.15.2
[INFO] [stderr]    Compiling winnow v0.5.40
[INFO] [stderr]    Compiling target-lexicon v0.12.16
[INFO] [stderr]    Compiling version-compare v0.2.1
[INFO] [stderr]    Compiling indexmap v2.14.1
[INFO] [stderr]     Checking once_cell v1.21.4
[INFO] [stderr]    Compiling cfg-expr v0.15.8
[INFO] [stderr]    Compiling syn v3.0.4
[INFO] [stderr]    Compiling syn v2.0.119
[INFO] [stderr]     Checking futures-core v0.3.34
[INFO] [stderr]     Checking futures-io v0.3.34
[INFO] [stderr]     Checking slab v0.4.12
[INFO] [stderr]     Checking futures-sink v0.3.34
[INFO] [stderr]     Checking futures-task v0.3.34
[INFO] [stderr]     Checking futures-channel v0.3.34
[INFO] [stderr]     Checking log v0.4.34
[INFO] [stderr]    Compiling thiserror v1.0.69
[INFO] [stderr]    Compiling autocfg v1.5.1
[INFO] [stderr]     Checking parking_lot_core v0.9.12
[INFO] [stderr]     Checking tracing-core v0.1.36
[INFO] [stderr]     Checking parking_lot v0.12.5
[INFO] [stderr]    Compiling find-msvc-tools v0.1.11
[INFO] [stderr]    Compiling proc-macro-error-attr v1.0.4
[INFO] [stderr]    Compiling syn v1.0.109
[INFO] [stderr]    Compiling proc-macro-error v1.0.4
[INFO] [stderr]     Checking errno v0.3.14
[INFO] [stderr]     Checking bitflags v2.13.1
[INFO] [stderr]     Checking signal-hook-registry v1.4.8
[INFO] [stderr]    Compiling semver v1.0.28
[INFO] [stderr]     Checking mio v1.2.2
[INFO] [stderr]     Checking socket2 v0.6.5
[INFO] [stderr]     Checking atomic-waker v1.1.2
[INFO] [stderr]    Compiling serde_json v1.0.151
[INFO] [stderr]    Compiling heck v0.4.1
[INFO] [stderr]    Compiling zerocopy v0.8.56
[INFO] [stderr]     Checking parking v2.2.1
[INFO] [stderr]    Compiling jobserver v0.1.35
[INFO] [stderr]    Compiling rustc_version v0.4.1
[INFO] [stderr]     Checking form_urlencoded v1.2.2
[INFO] [stderr]    Compiling memoffset v0.9.1
[INFO] [stderr]    Compiling gio v0.18.4
[INFO] [stderr]     Checking fnv v1.0.7
[INFO] [stderr]    Compiling cc v1.4.4
[INFO] [stderr]     Checking getrandom v0.2.17
[INFO] [stderr]    Compiling slotmap v1.1.1
[INFO] [stderr]     Checking event-listener v5.4.2
[INFO] [stderr]     Checking http v1.5.0
[INFO] [stderr]     Checking fastrand v2.5.0
[INFO] [stderr]     Checking event-listener-strategy v0.5.4
[INFO] [stderr]     Checking concurrent-queue v2.5.0
[INFO] [stderr]    Compiling ahash v0.8.12
[INFO] [stderr]    Compiling x11 v2.21.0
[INFO] [stderr]    Compiling camino v1.2.5
[INFO] [stderr]     Checking futures-lite v2.6.1
[INFO] [stderr]    Compiling field-offset v0.3.6
[INFO] [stderr]     Checking lazy_static v1.5.0
[INFO] [stderr]    Compiling winnow v1.0.4
[INFO] [stderr]    Compiling cfg-if v1.0.4
[INFO] [stderr]     Checking http-body v1.1.0
[INFO] [stderr]    Compiling gtk v0.18.2
[INFO] [stderr]    Compiling toml_datetime v1.1.1+spec-1.1.0
[INFO] [stderr]    Compiling httparse v1.10.1
[INFO] [stderr]     Checking tower-service v0.3.3
[INFO] [stderr]     Checking async-task v4.7.1
[INFO] [stderr]    Compiling cmake v0.1.58
[INFO] [stderr]     Checking sharded-slab v0.1.7
[INFO] [stderr]     Checking async-channel v2.5.0
[INFO] [stderr]     Checking piper v0.2.5
[INFO] [stderr]     Checking tracing-log v0.2.0
[INFO] [stderr]    Compiling num-traits v0.2.19
[INFO] [stderr]     Checking thread_local v1.1.10
[INFO] [stderr]    Compiling ident_case v1.0.1
[INFO] [stderr]     Checking allocator-api2 v0.2.21
[INFO] [stderr]    Compiling dunce v1.0.5
[INFO] [stderr]    Compiling rustix v1.1.4
[INFO] [stderr]    Compiling toml_parser v1.1.3+spec-1.1.0
[INFO] [stderr]     Checking rustc-hash v1.1.0
[INFO] [stderr]     Checking unicode-segmentation v1.13.3
[INFO] [stderr]     Checking nu-ansi-term v0.50.3
[INFO] [stderr]     Checking try-lock v0.2.5
[INFO] [stderr]    Compiling vcpkg v0.2.15
[INFO] [stderr]    Compiling synstructure v0.13.2
[INFO] [stderr]    Compiling fs_extra v1.3.0
[INFO] [stderr]    Compiling toml_edit v0.25.13+spec-1.1.0
[INFO] [stderr]    Compiling aws-lc-sys v0.45.0
[INFO] [stderr]     Checking tracing-subscriber v0.3.23
[INFO] [stderr]     Checking want v0.3.1
[INFO] [stderr]    Compiling openssl-sys v0.9.117
[INFO] [stderr]    Compiling zvariant_utils v2.1.0
[INFO] [stderr]    Compiling darling_core v0.21.3
[INFO] [stderr]    Compiling serde_derive v1.0.229
[INFO] [stderr]    Compiling futures-macro v0.3.34
[INFO] [stderr]    Compiling zerovec-derive v0.11.6
[INFO] [stderr]    Compiling displaydoc v0.2.7
[INFO] [stderr]    Compiling tokio-macros v2.7.2
[INFO] [stderr]     Checking futures-util v0.3.34
[INFO] [stderr]    Compiling thiserror-impl v1.0.69
[INFO] [stderr]    Compiling tracing-attributes v0.1.31
[INFO] [stderr]    Compiling zerofrom-derive v0.1.7
[INFO] [stderr]    Compiling yoke-derive v0.8.2
[INFO] [stderr]     Checking tokio v1.53.1
[INFO] [stderr]    Compiling proc-macro-crate v3.5.0
[INFO] [stderr]     Checking tracing v0.1.44
[INFO] [stderr]     Checking zerofrom v0.1.8
[INFO] [stderr]     Checking yoke v0.8.3
[INFO] [stderr]     Checking blocking v1.7.0
[INFO] [stderr]     Checking generational-box v0.5.6
[INFO] [stderr]     Checking zerovec v0.11.8
[INFO] [stderr]     Checking zerotrie v0.2.5
[INFO] [stderr]     Checking openssl-probe v0.2.1
[INFO] [stderr]     Checking longest-increasing-subsequence v0.1.0
[INFO] [stderr]     Checking unicode-ident v1.0.24
[INFO] [stderr]     Checking httpdate v1.0.3
[INFO] [stderr]     Checking linux-raw-sys v0.12.1
[INFO] [stderr]    Compiling enumflags2_derive v0.7.12
[INFO] [stderr]    Compiling darling_macro v0.21.3
[INFO] [stderr]     Checking tinystr v0.8.4
[INFO] [stderr]     Checking icu_locale_core v2.3.0
[INFO] [stderr]     Checking potential_utf v0.1.6
[INFO] [stderr]     Checking icu_collections v2.3.0
[INFO] [stderr]     Checking futures-executor v0.3.34
[INFO] [stderr]    Compiling async-trait v0.1.92
[INFO] [stderr]    Compiling serde_repr v0.1.21
[INFO] [stderr]    Compiling toml_datetime v0.6.3
[INFO] [stderr]    Compiling serde_spanned v0.6.9
[INFO] [stderr]    Compiling toml_edit v0.20.2
[INFO] [stderr]     Checking icu_provider v2.3.1
[INFO] [stderr]    Compiling toml_edit v0.19.15
[INFO] [stderr]     Checking icu_normalizer v2.3.0
[INFO] [stderr]     Checking icu_properties v2.3.0
[INFO] [stderr]     Checking keyboard-types v0.7.0
[INFO] [stderr]     Checking dioxus-core v0.5.6
[INFO] [stderr]    Compiling async-io v2.6.0
[INFO] [stderr]     Checking sync_wrapper v1.0.2
[INFO] [stderr]    Compiling cfg_aliases v0.2.2
[INFO] [stderr]     Checking ipnet v2.12.1
[INFO] [stderr]    Compiling scopeguard v1.2.0
[INFO] [stderr]     Checking idna_adapter v1.2.2
[INFO] [stderr]     Checking idna v1.1.0
[INFO] [stderr]    Compiling libxdo-sys v0.11.0
[INFO] [stderr]     Checking tower-layer v0.3.3
[INFO] [stderr]    Compiling convert_case v0.6.0
[INFO] [stderr]     Checking url v2.5.8
[INFO] [stderr]    Compiling lock_api v0.4.14
[INFO] [stderr]    Compiling proc-macro-crate v1.3.1
[INFO] [stderr]    Compiling nix v0.29.0
[INFO] [stderr]    Compiling toml v0.8.2
[INFO] [stderr]    Compiling proc-macro-crate v2.0.2
[INFO] [stderr]     Checking tokio-util v0.7.19
[INFO] [stderr]     Checking enumflags2 v0.7.12
[INFO] [stderr]    Compiling darling v0.21.3
[INFO] [stderr]    Compiling system-deps v6.2.2
[INFO] [stderr]    Compiling zvariant_derive v4.2.0
[INFO] [stderr]     Checking ppv-lite86 v0.2.21
[INFO] [stderr]     Checking h2 v0.4.19
[INFO] [stderr]    Compiling gtk3-macros v0.18.2
[INFO] [stderr]     Checking http-body-util v0.1.5
[INFO] [stderr]     Checking rand_core v0.6.4
[INFO] [stderr]    Compiling x11-dl v2.21.0
[INFO] [stderr]     Checking bit-vec v0.7.0
[INFO] [stderr]     Checking static_assertions v1.1.0
[INFO] [stderr]    Compiling glib-sys v0.18.1
[INFO] [stderr]    Compiling gobject-sys v0.18.0
[INFO] [stderr]    Compiling gio-sys v0.18.1
[INFO] [stderr]    Compiling gdk-sys v0.18.2
[INFO] [stderr]    Compiling gdk-pixbuf-sys v0.18.0
[INFO] [stderr]    Compiling pango-sys v0.18.0
[INFO] [stderr]    Compiling cairo-sys-rs v0.18.2
[INFO] [stderr]    Compiling atk-sys v0.18.2
[INFO] [stderr]    Compiling glib-macros v0.18.5
[INFO] [stderr]    Compiling gtk-sys v0.18.2
[INFO] [stderr]    Compiling soup3-sys v0.5.0
[INFO] [stderr]    Compiling javascriptcore-rs-sys v1.1.1
[INFO] [stderr]    Compiling webkit2gtk-sys v2.0.2
[INFO] [stderr]    Compiling gdkx11-sys v0.18.2
[INFO] [stderr]     Checking endi v1.1.1
[INFO] [stderr]    Compiling aws-lc-rs v1.18.1
[INFO] [stderr]    Compiling wasm-bindgen-shared v0.2.127
[INFO] [stderr]     Checking siphasher v1.0.3
[INFO] [stderr]     Checking zvariant v4.2.0
[INFO] [stderr]     Checking bloomfilter v1.0.16
[INFO] [stderr]     Checking rand_chacha v0.3.1
[INFO] [stderr]    Compiling enumset_derive v0.15.0
[INFO] [stderr]     Checking polling v3.11.0
[INFO] [stderr]     Checking tower v0.5.3
[INFO] [stderr]     Checking cargo-platform v0.1.9
[INFO] [stderr]     Checking ordered-float v2.10.1
[INFO] [stderr]     Checking async-lock v3.4.2
[INFO] [stderr]    Compiling zmij v1.0.23
[INFO] [stderr]     Checking sysinfo v0.36.1
[INFO] [stderr]     Checking hyper v1.11.1
[INFO] [stderr]     Checking simd-adler32 v0.3.10
[INFO] [stderr]    Compiling pin-project-lite v0.2.17
[INFO] [stderr]    Compiling openssl v0.10.81
[INFO] [stderr]     Checking foldhash v0.1.5
[INFO] [stderr]     Checking foreign-types-shared v0.1.1
[INFO] [stderr]     Checking glib v0.18.5
[INFO] [stderr]    Compiling memchr v2.8.3
[INFO] [stderr]     Checking fixedbitset v0.4.2
[INFO] [stderr]     Checking windows-service v0.8.1
[INFO] [stderr]    Compiling itoa v1.0.18
[INFO] [stderr]     Checking mime v0.3.17
[INFO] [stderr]     Checking petgraph v0.6.5
[INFO] [stderr]     Checking hashbrown v0.15.5
[INFO] [stderr]     Checking foreign-types v0.3.2
[INFO] [stderr]     Checking hyper-util v0.1.20
[INFO] [stderr]     Checking sha1 v0.10.7
[INFO] [stderr]     Checking zbus_names v3.0.0
[INFO] [stderr]     Checking async-fs v2.2.0
[INFO] [stderr]     Checking cargo_metadata v0.18.1
[INFO] [stderr]     Checking enumset v1.1.14
[INFO] [stderr]     Checking hashbrown v0.14.5
[INFO] [stderr]     Checking serde-value v0.7.0
[INFO] [stderr]     Checking libxdo v0.6.0
[INFO] [stderr]     Checking rand v0.8.8
[INFO] [stderr]    Compiling dioxus-html-internal-macro v0.5.6
[INFO] [stderr]     Checking euclid v0.22.14
[INFO] [stderr]    Compiling zbus_macros v4.4.0
[INFO] [stderr]    Compiling openssl-macros v0.1.1
[INFO] [stderr]     Checking async-executor v1.14.0
[INFO] [stderr]     Checking async-broadcast v0.7.2
[INFO] [stderr]    Compiling interprocess-docfix v1.2.2
[INFO] [stderr]     Checking xdg-home v1.3.0
[INFO] [stderr]     Checking ordered-stream v0.2.0
[INFO] [stderr]    Compiling rustversion v1.0.23
[INFO] [stderr]     Checking hex v0.4.3
[INFO] [stderr]    Compiling cfg_aliases v0.1.1
[INFO] [stderr]    Compiling crc32fast v1.5.1
[INFO] [stderr]    Compiling md5 v0.7.0
[INFO] [stderr]    Compiling native-tls v0.2.18
[INFO] [stderr]     Checking raw-window-handle v0.6.2
[INFO] [stderr]     Checking serde_urlencoded v0.7.1
[INFO] [stderr]    Compiling dioxus-interpreter-js v0.5.6
[INFO] [stderr]    Compiling wry v0.37.0
[INFO] [stderr]     Checking krates v0.16.10
[INFO] [stderr]     Checking dioxus-html v0.5.6
[INFO] [stderr]     Checking zbus v4.4.0
[INFO] [stderr]     Checking cairo-rs v0.18.5
[INFO] [stderr]     Checking atk v0.18.2
[INFO] [stderr]     Checking javascriptcore-rs v1.1.2
[INFO] [stderr]     Checking internment v0.7.5
[INFO] [stderr]     Checking lru v0.12.5
[INFO] [stderr]     Checking daemon-core v0.1.0 (/opt/rustwide/workdir/daemon-core)
[INFO] [stdout] error[E0432]: unresolved import `crate::heartbeat`
[INFO] [stdout]  --> daemon-core/src/service.rs:1:5
[INFO] [stdout]   |
[INFO] [stdout] 1 | use crate::heartbeat;
[INFO] [stdout]   |     ^^^^^^^---------
[INFO] [stdout]   |            |
[INFO] [stdout]   |            no `heartbeat` in the root
[INFO] [stdout] 
[INFO] [stdout] 
[INFO] [stdout] error[E0432]: unresolved imports `windows_service::define_windows_service`, `windows_service::service`, `windows_service::service_control_handler`, `windows_service::service_dispatcher`
[INFO] [stdout]   --> daemon-core/src/service.rs:11:5
[INFO] [stdout]    |
[INFO] [stdout] 11 |     define_windows_service,
[INFO] [stdout]    |     ^^^^^^^^^^^^^^^^^^^^^^ no `define_windows_service` in the root
[INFO] [stdout] 12 |     service::{
[INFO] [stdout]    |     ^^^^^^^ could not find `service` in `windows_service`
[INFO] [stdout] ...
[INFO] [stdout] 16 |     service_control_handler::{self, ServiceControlHandlerResult},
[INFO] [stdout]    |     ^^^^^^^^^^^^^^^^^^^^^^^ could not find `service_control_handler` in `windows_service`
[INFO] [stdout] 17 |     service_dispatcher,
[INFO] [stdout]    |     ^^^^^^^^^^^^^^^^^^ no `service_dispatcher` in the root
[INFO] [stdout] 
[INFO] [stdout] 
[INFO] [stdout] error[E0425]: cannot find value `ffi_service_main` in this scope
[INFO] [stdout]   --> daemon-core/src/service.rs:26:65
[INFO] [stdout]    |
[INFO] [stdout] 26 |     if let Err(error) = service_dispatcher::start(SERVICE_NAME, ffi_service_main) {
[INFO] [stdout]    |                                                                 ^^^^^^^^^^^^^^^^ not found in this scope
[INFO] [stdout]    |
[INFO] [stdout] note: similarly named function `service_main` defined here
[INFO] [stdout]   --> daemon-core/src/service.rs:31:1
[INFO] [stdout]    |
[INFO] [stdout] 31 | fn service_main(_arguments: Vec<OsString>) {
[INFO] [stdout]    | ^^^^^^^^^^^^^^^^^^^^^^^^^^^^^^^^^^^^^^^^^^
[INFO] [stdout] help: a function with a similar name exists
[INFO] [stdout]    |
[INFO] [stdout] 26 -     if let Err(error) = service_dispatcher::start(SERVICE_NAME, ffi_service_main) {
[INFO] [stdout] 26 +     if let Err(error) = service_dispatcher::start(SERVICE_NAME, service_main) {
[INFO] [stdout]    |
[INFO] [stdout] 
[INFO] [stdout] 
[INFO] [stdout] error[E0425]: cannot find type `Error` in crate `windows_service`
[INFO] [stdout]   --> daemon-core/src/service.rs:37:49
[INFO] [stdout]    |
[INFO] [stdout] 37 | fn run_service() -> Result<(), windows_service::Error> {
[INFO] [stdout]    |                                                 ^^^^^ not found in `windows_service`
[INFO] [stdout]    |
[INFO] [stdout] help: consider importing one of these items
[INFO] [stdout]    |
[INFO] [stdout]  1 + use std::error::Error;
[INFO] [stdout]    |
[INFO] [stdout]  1 + use std::fmt::Error;
[INFO] [stdout]    |
[INFO] [stdout]  1 + use std::io::Error;
[INFO] [stdout]    |
[INFO] [stdout]  1 + use serde::de::Error;
[INFO] [stdout]    |
[INFO] [stdout]    = and 3 other candidates
[INFO] [stdout] help: if you import `Error`, refer to it directly
[INFO] [stdout]    |
[INFO] [stdout] 37 - fn run_service() -> Result<(), windows_service::Error> {
[INFO] [stdout] 37 + fn run_service() -> Result<(), Error> {
[INFO] [stdout]    |
[INFO] [stdout] 
[INFO] [stdout] 
[INFO] [stdout] warning: variable does not need to be mutable
[INFO] [stdout]    --> daemon-core/src/agent.rs:143:13
[INFO] [stdout]     |
[INFO] [stdout] 143 |         let mut evidence = Vec::new();
[INFO] [stdout]     |             ----^^^^^^^^
[INFO] [stdout]     |             |
[INFO] [stdout]     |             help: remove this `mut`
[INFO] [stdout]     |
[INFO] [stdout]     = note: `#[warn(unused_mut)]` (part of `#[warn(unused)]`) on by default
[INFO] [stdout] 
[INFO] [stdout] 
[INFO] [stdout] Some errors have detailed explanations: E0425, E0432.
[INFO] [stdout] 
[INFO] [stdout] For more information about an error, try `rustc --explain E0425`.
[INFO] [stdout] 
[INFO] [stderr] error: could not compile `daemon-core` (lib) due to 4 previous errors; 1 warning emitted
[INFO] [stderr] warning: build failed, waiting for other jobs to finish...
[INFO] running `Command { std: "docker" "inspect" "63b23c7fb4f8e13e1fe85cedfd752ad05f5ee2da9fbe7c1cd063b49135a4624e", kill_on_drop: false }`
[INFO] running `Command { std: "docker" "rm" "-f" "63b23c7fb4f8e13e1fe85cedfd752ad05f5ee2da9fbe7c1cd063b49135a4624e", kill_on_drop: false }`
[INFO] [stdout] 63b23c7fb4f8e13e1fe85cedfd752ad05f5ee2da9fbe7c1cd063b49135a4624e
