[INFO] cloning repository https://github.com/lava-404/mercury
[INFO] running `Command { std: "git" "-c" "credential.helper=" "-c" "credential.helper=/workspace/cargo-home/bin/git-credential-null" "clone" "--bare" "https://github.com/lava-404/mercury" "/workspace/cache/git-repos/https%3A%2F%2Fgithub.com%2Flava-404%2Fmercury", kill_on_drop: false }`
[INFO] [stderr] Cloning into bare repository '/workspace/cache/git-repos/https%3A%2F%2Fgithub.com%2Flava-404%2Fmercury'...
[INFO] running `Command { std: "git" "rev-parse" "HEAD", kill_on_drop: false }`
[INFO] [stdout] 0b9694a70cf7fdcb6e0d5804ee516de5491b5a54
[INFO] checking lava-404/mercury against 3154cc1a3e6424e44f438a95007d043ed5ceaaf6 for pr-133502-30
[INFO] running `Command { std: "git" "clone" "/workspace/cache/git-repos/https%3A%2F%2Fgithub.com%2Flava-404%2Fmercury" "/workspace/builds/worker-2-tc2/source", kill_on_drop: false }`
[INFO] [stderr] Cloning into '/workspace/builds/worker-2-tc2/source'...
[INFO] [stderr] done.
[INFO] started tweaking git repo https://github.com/lava-404/mercury
[INFO] finished tweaking git repo https://github.com/lava-404/mercury
[INFO] tweaked toml for git repo https://github.com/lava-404/mercury written to /workspace/builds/worker-2-tc2/source/Cargo.toml
[INFO] validating manifest of git repo https://github.com/lava-404/mercury on toolchain 3154cc1a3e6424e44f438a95007d043ed5ceaaf6
[INFO] running `Command { std: CARGO_HOME="/workspace/cargo-home" RUSTUP_HOME="/workspace/rustup-home" "/workspace/cargo-home/bin/cargo" "+3154cc1a3e6424e44f438a95007d043ed5ceaaf6" "metadata" "--manifest-path" "Cargo.toml" "--no-deps", kill_on_drop: false }`
[INFO] crate git repo https://github.com/lava-404/mercury already has a lockfile, it will not be regenerated
[INFO] running `Command { std: CARGO_HOME="/workspace/cargo-home" RUSTUP_HOME="/workspace/rustup-home" "/workspace/cargo-home/bin/cargo" "+3154cc1a3e6424e44f438a95007d043ed5ceaaf6" "fetch" "--manifest-path" "Cargo.toml", kill_on_drop: false }`
[INFO] running `Command { std: "docker" "create" "-v" "/var/lib/crater-agent-workspace/builds/worker-2-tc2/source:/opt/rustwide/workdir:ro,Z" "-v" "/var/lib/crater-agent-workspace/builds/worker-2-tc2/target:/opt/rustwide/target:rw,Z" "-v" "/var/lib/crater-agent-workspace/cargo-home:/opt/rustwide/cargo-home:ro,Z" "-v" "/var/lib/crater-agent-workspace/rustup-home:/opt/rustwide/rustup-home:ro,Z" "-m" "1610612736" "--network" "none" "ghcr.io/rust-lang/crates-build-env/linux@sha256:77db811e55d90add9212f6832c23229e3de5f1c1f9905e8cb07319ea15df73ac" "sleep" "infinity", kill_on_drop: false }`
[INFO] [stdout] 5545b24e5adda2ee41c250e990f5ab2f70fa20d542a8dc9920bfcbab2f487378
[INFO] running `Command { std: "docker" "start" "5545b24e5adda2ee41c250e990f5ab2f70fa20d542a8dc9920bfcbab2f487378", kill_on_drop: false }`
[INFO] running `Command { std: "docker" "inspect" "5545b24e5adda2ee41c250e990f5ab2f70fa20d542a8dc9920bfcbab2f487378", kill_on_drop: false }`
[INFO] running `Command { std: "docker" "exec" "-e" "SOURCE_DIR=/opt/rustwide/workdir" "-e" "CARGO_HOME=/opt/rustwide/cargo-home" "-e" "RUSTUP_HOME=/opt/rustwide/rustup-home" "-e" "CARGO_TARGET_DIR=/opt/rustwide/target" "-w" "/opt/rustwide/workdir" "--user" "0:0" "5545b24e5adda2ee41c250e990f5ab2f70fa20d542a8dc9920bfcbab2f487378" "/opt/rustwide/cargo-home/bin/cargo" "+3154cc1a3e6424e44f438a95007d043ed5ceaaf6" "metadata" "--no-deps" "--format-version=1", kill_on_drop: false }`
[INFO] running `Command { std: "docker" "inspect" "5545b24e5adda2ee41c250e990f5ab2f70fa20d542a8dc9920bfcbab2f487378", kill_on_drop: false }`
[INFO] running `Command { std: "docker" "exec" "-e" "SOURCE_DIR=/opt/rustwide/workdir" "-e" "CARGO_HOME=/opt/rustwide/cargo-home" "-e" "RUSTUP_HOME=/opt/rustwide/rustup-home" "-e" "CARGO_TARGET_DIR=/opt/rustwide/target" "-e" "CARGO_INCREMENTAL=0" "-e" "RUST_BACKTRACE=full" "-e" "RUSTFLAGS=--cap-lints=forbid" "-e" "RUSTDOCFLAGS=--cap-lints=forbid" "-w" "/opt/rustwide/workdir" "--user" "0:0" "5545b24e5adda2ee41c250e990f5ab2f70fa20d542a8dc9920bfcbab2f487378" "/opt/rustwide/cargo-home/bin/cargo" "+3154cc1a3e6424e44f438a95007d043ed5ceaaf6" "check" "--frozen" "--all" "--all-targets" "--message-format=json", kill_on_drop: false }`
[INFO] [stderr]     Checking smallvec v1.15.2
[INFO] [stderr]    Compiling syn v3.0.3
[INFO] [stderr]     Checking digest v0.11.3
[INFO] [stderr]    Compiling syn v2.0.119
[INFO] [stderr]    Compiling virtue v0.0.18
[INFO] [stderr]     Checking log v0.4.33
[INFO] [stderr]     Checking futures-sink v0.3.34
[INFO] [stderr]    Compiling serde_json v1.0.151
[INFO] [stderr]     Checking unty v0.0.4
[INFO] [stderr]     Checking memchr v2.8.3
[INFO] [stderr]     Checking rand v0.10.2
[INFO] [stderr]     Checking filesize v0.2.0
[INFO] [stderr]     Checking parking_lot_core v0.9.12
[INFO] [stderr]     Checking sha1 v0.11.0
[INFO] [stderr]     Checking parking_lot v0.12.5
[INFO] [stderr]    Compiling bincode_derive v2.0.1
[INFO] [stderr]    Compiling thiserror-impl v2.0.20
[INFO] [stderr]    Compiling futures-macro v0.3.34
[INFO] [stderr]    Compiling tokio-macros v2.7.2
[INFO] [stderr]    Compiling serde_derive v1.0.229
[INFO] [stderr]     Checking tokio v1.53.1
[INFO] [stderr]     Checking futures-util v0.3.34
[INFO] [stderr]     Checking thiserror v2.0.20
[INFO] [stderr]     Checking tungstenite v0.30.0
[INFO] [stderr]    Compiling tracing-attributes v0.1.31
[INFO] [stderr]     Checking tracing v0.1.44
[INFO] [stderr]     Checking serde v1.0.229
[INFO] [stderr]     Checking bincode v2.0.1
[INFO] [stderr]     Checking tokio-tungstenite v0.30.0
[INFO] [stderr]     Checking minikafka v0.1.0 (/opt/rustwide/workdir)
[INFO] [stdout] error[E0433]: cannot find `macos` in `os`
[INFO] [stdout]  --> src/main.rs:3:14
[INFO] [stdout]   |
[INFO] [stdout] 3 | use std::os::macos::fs::MetadataExt;
[INFO] [stdout]   |              ^^^^^ could not find `macos` in `os`
[INFO] [stdout]   |
[INFO] [stdout] note: found an item that was configured out
[INFO] [stdout]  --> /rustc/3154cc1a3e6424e44f438a95007d043ed5ceaaf6/library/std/src/os/mod.rs:118:6
[INFO] [stdout]   |
[INFO] [stdout]   = note: the item is gated behind the `macos` feature
[INFO] [stdout] 
[INFO] [stdout] 
[INFO] [stdout] error[E0433]: cannot find `macos` in `os`
[INFO] [stdout]  --> src/main.rs:3:14
[INFO] [stdout]   |
[INFO] [stdout] 3 | use std::os::macos::fs::MetadataExt;
[INFO] [stdout]   |              ^^^^^ could not find `macos` in `os`
[INFO] [stdout]   |
[INFO] [stdout] note: found an item that was configured out
[INFO] [stdout]  --> /rustc/3154cc1a3e6424e44f438a95007d043ed5ceaaf6/library/std/src/os/mod.rs:118:6
[INFO] [stdout]   |
[INFO] [stdout]   = note: the item is gated behind the `macos` feature
[INFO] [stdout] 
[INFO] [stdout] 
[INFO] [stdout] error[E0599]: no method named `st_blocks` found for struct `Metadata` in the current scope
[INFO] [stdout]   --> src/main.rs:43:27
[INFO] [stdout]    |
[INFO] [stdout] 43 |     let disk_bytes = meta.st_blocks() * 512;
[INFO] [stdout]    |                           ^^^^^^^^^
[INFO] [stdout]    |
[INFO] [stdout]   --> /rustc/3154cc1a3e6424e44f438a95007d043ed5ceaaf6/library/std/src/os/linux/fs.rs:341:7
[INFO] [stdout]    |
[INFO] [stdout]    = note: the method is available for `Metadata` here
[INFO] [stdout]    |
[INFO] [stdout]    = help: items from traits can only be used if the trait is in scope
[INFO] [stdout] help: trait `MetadataExt` which provides `st_blocks` is implemented but not in scope; perhaps you want to import it
[INFO] [stdout]    |
[INFO] [stdout]  1 + use std::os::linux::fs::MetadataExt;
[INFO] [stdout]    |
[INFO] [stdout] help: there is a method `blocks` with a similar name
[INFO] [stdout]    |
[INFO] [stdout] 43 -     let disk_bytes = meta.st_blocks() * 512;
[INFO] [stdout] 43 +     let disk_bytes = meta.blocks() * 512;
[INFO] [stdout]    |
[INFO] [stdout] 
[INFO] [stdout] 
[INFO] [stdout] error[E0599]: no method named `st_blocks` found for struct `Metadata` in the current scope
[INFO] [stdout]   --> src/main.rs:43:27
[INFO] [stdout]    |
[INFO] [stdout] 43 |     let disk_bytes = meta.st_blocks() * 512;
[INFO] [stdout]    |                           ^^^^^^^^^
[INFO] [stdout]    |
[INFO] [stdout]   --> /rustc/3154cc1a3e6424e44f438a95007d043ed5ceaaf6/library/std/src/os/linux/fs.rs:341:7
[INFO] [stdout]    |
[INFO] [stdout]    = note: the method is available for `Metadata` here
[INFO] [stdout]    |
[INFO] [stdout]    = help: items from traits can only be used if the trait is in scope
[INFO] [stdout] help: trait `MetadataExt` which provides `st_blocks` is implemented but not in scope; perhaps you want to import it
[INFO] [stdout]    |
[INFO] [stdout]  1 + use std::os::linux::fs::MetadataExt;
[INFO] [stdout]    |
[INFO] [stdout] help: there is a method `blocks` with a similar name
[INFO] [stdout]    |
[INFO] [stdout] 43 -     let disk_bytes = meta.st_blocks() * 512;
[INFO] [stdout] 43 +     let disk_bytes = meta.blocks() * 512;
[INFO] [stdout]    |
[INFO] [stdout] 
[INFO] [stdout] 
[INFO] [stdout] Some errors have detailed explanations: E0433, E0599.
[INFO] [stdout] 
[INFO] [stdout] For more information about an error, try `rustc --explain E0433`.
[INFO] [stdout] 
[INFO] [stdout] Some errors have detailed explanations: E0433, E0599.
[INFO] [stdout] 
[INFO] [stdout] For more information about an error, try `rustc --explain E0433`.
[INFO] [stdout] 
[INFO] [stderr] error: could not compile `minikafka` (bin "minikafka" test) due to 2 previous errors
[INFO] [stderr] warning: build failed, waiting for other jobs to finish...
[INFO] [stderr] error: could not compile `minikafka` (bin "minikafka") due to 2 previous errors
[INFO] [stderr] warning: unused dependency `filesize`
[INFO] [stderr]  --> Cargo.toml:2:1
[INFO] [stderr]   |
[INFO] [stderr] 2 | filesize = "0.2.0"
[INFO] [stderr]   | ^^^^^^^^^^^^^^^^^^
[INFO] [stderr]   |
[INFO] [stderr]   = note: `cargo::unused_dependencies` is set to `warn` by default
[INFO] [stderr] help: consider removing the dependency on `filesize`
[INFO] [stderr] warning: unused dependency `serde_json`
[INFO] [stderr]  --> Cargo.toml:4:1
[INFO] [stderr]   |
[INFO] [stderr] 4 | serde_json = "1.0.151"
[INFO] [stderr]   | ^^^^^^^^^^^^^^^^^^^^^^
[INFO] [stderr]   |
[INFO] [stderr] help: consider removing the dependency on `serde_json`
[INFO] [stderr] warning: unused dependency `tracing`
[INFO] [stderr]  --> Cargo.toml:6:1
[INFO] [stderr]   |
[INFO] [stderr] 6 | tracing = "0.1.44"
[INFO] [stderr]   | ^^^^^^^^^^^^^^^^^^
[INFO] [stderr]   |
[INFO] [stderr] help: consider removing the dependency on `tracing`
[INFO] [stderr] warning: `minikafka` (manifest) generated 3 warnings
[INFO] running `Command { std: "docker" "inspect" "5545b24e5adda2ee41c250e990f5ab2f70fa20d542a8dc9920bfcbab2f487378", kill_on_drop: false }`
[INFO] running `Command { std: "docker" "rm" "-f" "5545b24e5adda2ee41c250e990f5ab2f70fa20d542a8dc9920bfcbab2f487378", kill_on_drop: false }`
[INFO] [stdout] 5545b24e5adda2ee41c250e990f5ab2f70fa20d542a8dc9920bfcbab2f487378
