[INFO] cloning repository https://github.com/lannbot/polyengine-dioxus
[INFO] running `Command { std: "git" "-c" "credential.helper=" "-c" "credential.helper=/workspace/cargo-home/bin/git-credential-null" "clone" "--bare" "https://github.com/lannbot/polyengine-dioxus" "/workspace/cache/git-repos/https%3A%2F%2Fgithub.com%2Flannbot%2Fpolyengine-dioxus", kill_on_drop: false }`
[INFO] [stderr] Cloning into bare repository '/workspace/cache/git-repos/https%3A%2F%2Fgithub.com%2Flannbot%2Fpolyengine-dioxus'...
[INFO] running `Command { std: "git" "rev-parse" "HEAD", kill_on_drop: false }`
[INFO] [stdout] fdc0d52adef7a301aa38030ab49b12af3284fb33
[INFO] checking lannbot/polyengine-dioxus against 3154cc1a3e6424e44f438a95007d043ed5ceaaf6 for pr-133502-30
[INFO] running `Command { std: "git" "clone" "/workspace/cache/git-repos/https%3A%2F%2Fgithub.com%2Flannbot%2Fpolyengine-dioxus" "/workspace/builds/worker-2-tc2/source", kill_on_drop: false }`
[INFO] [stderr] Cloning into '/workspace/builds/worker-2-tc2/source'...
[INFO] [stderr] done.
[INFO] started tweaking git repo https://github.com/lannbot/polyengine-dioxus
[INFO] finished tweaking git repo https://github.com/lannbot/polyengine-dioxus
[INFO] tweaked toml for git repo https://github.com/lannbot/polyengine-dioxus written to /workspace/builds/worker-2-tc2/source/Cargo.toml
[INFO] validating manifest of git repo https://github.com/lannbot/polyengine-dioxus on toolchain 3154cc1a3e6424e44f438a95007d043ed5ceaaf6
[INFO] running `Command { std: CARGO_HOME="/workspace/cargo-home" RUSTUP_HOME="/workspace/rustup-home" "/workspace/cargo-home/bin/cargo" "+3154cc1a3e6424e44f438a95007d043ed5ceaaf6" "metadata" "--manifest-path" "Cargo.toml" "--no-deps", kill_on_drop: false }`
[INFO] crate git repo https://github.com/lannbot/polyengine-dioxus already has a lockfile, it will not be regenerated
[INFO] running `Command { std: CARGO_HOME="/workspace/cargo-home" RUSTUP_HOME="/workspace/rustup-home" "/workspace/cargo-home/bin/cargo" "+3154cc1a3e6424e44f438a95007d043ed5ceaaf6" "fetch" "--manifest-path" "Cargo.toml", kill_on_drop: false }`
[INFO] running `Command { std: "docker" "create" "-v" "/var/lib/crater-agent-workspace/builds/worker-2-tc2/source:/opt/rustwide/workdir:ro,Z" "-v" "/var/lib/crater-agent-workspace/builds/worker-2-tc2/target:/opt/rustwide/target:rw,Z" "-v" "/var/lib/crater-agent-workspace/cargo-home:/opt/rustwide/cargo-home:ro,Z" "-v" "/var/lib/crater-agent-workspace/rustup-home:/opt/rustwide/rustup-home:ro,Z" "-m" "1610612736" "--network" "none" "ghcr.io/rust-lang/crates-build-env/linux@sha256:77db811e55d90add9212f6832c23229e3de5f1c1f9905e8cb07319ea15df73ac" "sleep" "infinity", kill_on_drop: false }`
[INFO] [stdout] 682ddecd1ea2a8b9a6c45b172bead80b8c00e19b8c0dbfb8446f11f35be8b34f
[INFO] running `Command { std: "docker" "start" "682ddecd1ea2a8b9a6c45b172bead80b8c00e19b8c0dbfb8446f11f35be8b34f", kill_on_drop: false }`
[INFO] running `Command { std: "docker" "inspect" "682ddecd1ea2a8b9a6c45b172bead80b8c00e19b8c0dbfb8446f11f35be8b34f", kill_on_drop: false }`
[INFO] running `Command { std: "docker" "exec" "-e" "SOURCE_DIR=/opt/rustwide/workdir" "-e" "CARGO_HOME=/opt/rustwide/cargo-home" "-e" "RUSTUP_HOME=/opt/rustwide/rustup-home" "-e" "CARGO_TARGET_DIR=/opt/rustwide/target" "-w" "/opt/rustwide/workdir" "--user" "0:0" "682ddecd1ea2a8b9a6c45b172bead80b8c00e19b8c0dbfb8446f11f35be8b34f" "/opt/rustwide/cargo-home/bin/cargo" "+3154cc1a3e6424e44f438a95007d043ed5ceaaf6" "metadata" "--no-deps" "--format-version=1", kill_on_drop: false }`
[INFO] running `Command { std: "docker" "inspect" "682ddecd1ea2a8b9a6c45b172bead80b8c00e19b8c0dbfb8446f11f35be8b34f", kill_on_drop: false }`
[INFO] running `Command { std: "docker" "exec" "-e" "SOURCE_DIR=/opt/rustwide/workdir" "-e" "CARGO_HOME=/opt/rustwide/cargo-home" "-e" "RUSTUP_HOME=/opt/rustwide/rustup-home" "-e" "CARGO_TARGET_DIR=/opt/rustwide/target" "-e" "CARGO_INCREMENTAL=0" "-e" "RUST_BACKTRACE=full" "-e" "RUSTFLAGS=--cap-lints=forbid" "-e" "RUSTDOCFLAGS=--cap-lints=forbid" "-w" "/opt/rustwide/workdir" "--user" "0:0" "682ddecd1ea2a8b9a6c45b172bead80b8c00e19b8c0dbfb8446f11f35be8b34f" "/opt/rustwide/cargo-home/bin/cargo" "+3154cc1a3e6424e44f438a95007d043ed5ceaaf6" "check" "--frozen" "--all" "--all-targets" "--message-format=json", kill_on_drop: false }`
[INFO] [stderr]    Compiling proc-macro2 v1.0.107
[INFO] [stderr]     Checking futures-sink v0.3.34
[INFO] [stderr]     Checking smallvec v1.15.2
[INFO] [stderr]    Compiling serde_core v1.0.229
[INFO] [stderr]    Compiling slotmap v1.1.1
[INFO] [stderr]     Checking konst_macro_rules v0.2.19
[INFO] [stderr]     Checking dioxus-core-types v0.7.10
[INFO] [stderr]     Checking rustc-hash v2.1.3
[INFO] [stderr]    Compiling num-traits v0.2.19
[INFO] [stderr]    Compiling proc-macro2-diagnostics v0.10.1
[INFO] [stderr]    Compiling foldhash v0.2.0
[INFO] [stderr]     Checking futures-channel v0.3.34
[INFO] [stderr]    Compiling typenum v1.20.1
[INFO] [stderr]    Compiling zerocopy v0.8.56
[INFO] [stderr]    Compiling semver v1.0.28
[INFO] [stderr]    Compiling lazy-js-bundle v0.7.10
[INFO] [stderr]     Checking dioxus-cli-config v0.7.10
[INFO] [stderr]     Checking keyboard-types v0.7.0
[INFO] [stderr]    Compiling zmij v1.0.23
[INFO] [stderr]    Compiling anyhow v1.0.104
[INFO] [stderr]    Compiling hashbrown v0.17.1
[INFO] [stderr]     Checking regex-automata v0.4.18
[INFO] [stderr]     Checking serde_json v1.0.151
[INFO] [stderr]     Checking konst v0.2.20
[INFO] [stderr]     Checking digest v0.10.7
[INFO] [stderr]     Checking parking_lot_core v0.9.12
[INFO] [stderr]    Compiling leb128fmt v0.1.0
[INFO] [stderr]    Compiling dioxus-document v0.7.10
[INFO] [stderr]    Compiling id-arena v2.3.0
[INFO] [stderr]     Checking sha1 v0.10.7
[INFO] [stderr]     Checking parking_lot v0.12.5
[INFO] [stderr]    Compiling slab v0.4.12
[INFO] [stderr]    Compiling base16 v0.2.1
[INFO] [stderr]     Checking data-encoding v2.11.1
[INFO] [stderr]    Compiling wit-bindgen-rust v0.60.0
[INFO] [stderr]    Compiling wit-bindgen-rust-macro v0.60.0
[INFO] [stderr]     Checking dioxus-config-macros v0.7.10
[INFO] [stderr]    Compiling wit-bindgen v0.60.0
[INFO] [stderr]    Compiling wasm-bindgen-shared v0.2.127
[INFO] [stderr]    Compiling wasm-bindgen v0.2.127
[INFO] [stderr]     Checking askama_escape v0.13.0
[INFO] [stderr]     Checking phf_shared v0.13.1
[INFO] [stderr]    Compiling time-core v0.1.9
[INFO] [stderr]    Compiling by_address v1.2.1
[INFO] [stderr]    Compiling quote v1.0.47
[INFO] [stderr]    Compiling num-conv v0.2.2
[INFO] [stderr]    Compiling dioxus-primitives v0.0.1 (https://github.com/DioxusLabs/dioxus-components?rev=bf007c15d0cf4d04d3181cc46cf12325aa773955#bf007c15)
[INFO] [stderr]     Checking tokio v1.53.1
[INFO] [stderr]     Checking deranged v0.5.8
[INFO] [stderr]    Compiling syn v2.0.119
[INFO] [stderr]    Compiling syn v3.0.4
[INFO] [stderr]    Compiling time-macros v0.2.32
[INFO] [stderr]     Checking phf v0.13.1
[INFO] [stderr]     Checking num_threads v0.1.7
[INFO] [stderr]     Checking palette_math v0.7.7
[INFO] [stderr]    Compiling const_format_proc_macros v0.2.34
[INFO] [stderr]    Compiling dioxus-config-macro v0.7.10
[INFO] [stderr]     Checking euclid v0.22.14
[INFO] [stderr]     Checking approx v0.5.1
[INFO] [stderr]     Checking num-integer v0.1.47
[INFO] [stderr]    Compiling generic-array v0.14.7
[INFO] [stderr]     Checking const_format v0.2.36
[INFO] [stderr]    Compiling crypto-common v0.1.7
[INFO] [stderr]    Compiling block-buffer v0.10.4
[INFO] [stderr]    Compiling sha2 v0.10.9
[INFO] [stderr]     Checking time v0.3.55
[INFO] [stderr]     Checking matchers v0.2.0
[INFO] [stderr]    Compiling indexmap v2.14.1
[INFO] [stderr]    Compiling wasmparser v0.254.0
[INFO] [stderr]    Compiling serde_derive v1.0.229
[INFO] [stderr]    Compiling futures-macro v0.3.34
[INFO] [stderr]    Compiling thiserror-impl v2.0.20
[INFO] [stderr]    Compiling zerovec-derive v0.11.6
[INFO] [stderr]    Compiling displaydoc v0.2.7
[INFO] [stderr]    Compiling async-trait v0.1.92
[INFO] [stderr]     Checking futures-util v0.3.34
[INFO] [stderr]     Checking thiserror v2.0.20
[INFO] [stderr]     Checking dioxus-asset-resolver v0.7.10
[INFO] [stderr]     Checking ppv-lite86 v0.2.21
[INFO] [stderr]    Compiling synstructure v0.13.2
[INFO] [stderr]    Compiling darling_core v0.21.3
[INFO] [stderr]    Compiling macro-string v0.1.4
[INFO] [stderr]    Compiling prettyplease v0.2.37
[INFO] [stderr]    Compiling macro-string v0.2.0
[INFO] [stderr]    Compiling wasm-bindgen-macro-support v0.2.127
[INFO] [stderr]    Compiling dioxus-rsx v0.7.10
[INFO] [stderr]     Checking rand_chacha v0.9.0
[INFO] [stderr]     Checking rand v0.9.5
[INFO] [stderr]    Compiling tracing-attributes v0.1.31
[INFO] [stderr]    Compiling pin-project-internal v1.1.13
[INFO] [stderr]    Compiling warnings-macro v0.2.0
[INFO] [stderr]    Compiling const-serialize-macro v0.7.2
[INFO] [stderr]    Compiling const-serialize-macro v0.8.0-alpha.1
[INFO] [stderr]    Compiling dioxus-html-internal-macro v0.7.10
[INFO] [stderr]    Compiling dioxus-stores-macro v0.7.10
[INFO] [stderr]    Compiling zerofrom-derive v0.1.7
[INFO] [stderr]    Compiling yoke-derive v0.8.2
[INFO] [stderr]    Compiling dioxus-router-macro v0.7.10
[INFO] [stderr]    Compiling palette_derive v0.7.7
[INFO] [stderr]     Checking tungstenite v0.28.0
[INFO] [stderr]    Compiling const-serialize v0.7.2
[INFO] [stderr]     Checking pin-project v1.1.13
[INFO] [stderr]     Checking tracing v0.1.44
[INFO] [stderr]    Compiling dioxus-core-macro v0.7.10
[INFO] [stderr]    Compiling dioxus-attributes v0.1.0 (https://github.com/DioxusLabs/dioxus-components?rev=bf007c15d0cf4d04d3181cc46cf12325aa773955#bf007c15)
[INFO] [stderr]     Checking zerofrom v0.1.8
[INFO] [stderr]     Checking generational-box v0.7.10
[INFO] [stderr]     Checking warnings v0.2.1
[INFO] [stderr]     Checking tracing-subscriber v0.3.23
[INFO] [stderr]     Checking yoke v0.8.3
[INFO] [stderr]     Checking serde v1.0.229
[INFO] [stderr]     Checking palette v0.7.7
[INFO] [stderr]     Checking zerovec v0.11.8
[INFO] [stderr]     Checking zerotrie v0.2.5
[INFO] [stderr]    Compiling darling_macro v0.21.3
[INFO] [stderr]     Checking subsecond-types v0.7.10
[INFO] [stderr]     Checking const-serialize v0.8.0-alpha.0
[INFO] [stderr]     Checking futures-executor v0.3.34
[INFO] [stderr]     Checking subsecond v0.7.10
[INFO] [stderr]     Checking futures v0.3.34
[INFO] [stderr]    Compiling darling v0.21.3
[INFO] [stderr]    Compiling enumset_derive v0.15.0
[INFO] [stderr]     Checking manganis-core v0.7.10
[INFO] [stderr]     Checking dioxus-logger v0.7.10
[INFO] [stderr]     Checking tinystr v0.8.4
[INFO] [stderr]     Checking potential_utf v0.1.6
[INFO] [stderr]     Checking icu_collections v2.3.0
[INFO] [stderr]     Checking icu_locale_core v2.3.0
[INFO] [stderr]     Checking dioxus-core v0.7.10
[INFO] [stderr]    Compiling wasm-bindgen-macro v0.2.127
[INFO] [stderr]     Checking enumset v1.1.14
[INFO] [stderr]    Compiling manganis-macro v0.7.10
[INFO] [stderr]     Checking icu_provider v2.3.1
[INFO] [stderr]     Checking icu_normalizer v2.3.0
[INFO] [stderr]     Checking icu_properties v2.3.0
[INFO] [stderr]     Checking dioxus-signals v0.7.10
[INFO] [stderr]     Checking dioxus-history v0.7.10
[INFO] [stderr]     Checking dioxus-devtools-types v0.7.10
[INFO] [stderr]     Checking dioxus-ssr v0.7.9
[INFO] [stderr]     Checking polyengine-dioxus-ssr v0.1.0 (/opt/rustwide/workdir/ssr)
[INFO] [stderr]     Checking js-sys v0.3.104
[INFO] [stderr]     Checking dioxus-hooks v0.7.10
[INFO] [stderr]     Checking dioxus-stores v0.7.10
[INFO] [stderr]     Checking dioxus-devtools v0.7.10
[INFO] [stderr]     Checking manganis v0.7.10
[INFO] [stderr]     Checking dioxus-html v0.7.10
[INFO] [stderr]     Checking idna_adapter v1.2.2
[INFO] [stderr]     Checking idna v1.1.0
[INFO] [stderr]    Compiling wasm-encoder v0.254.0
[INFO] [stderr]    Compiling wit-parser v0.254.0
[INFO] [stderr]     Checking url v2.5.8
[INFO] [stderr]     Checking dioxus-router v0.7.10
[INFO] [stderr]     Checking dioxus v0.7.10
[INFO] [stderr]     Checking dioxus-sdk-time v0.7.0 (https://github.com/lannbot/dioxus-sdk?rev=390acec245754a3ad54217a0b625ff121d2c95f2#390acec2)
[INFO] [stderr]    Compiling wasm-metadata v0.254.0
[INFO] [stderr]    Compiling wit-component v0.254.0
[INFO] [stderr]    Compiling wit-bindgen-core v0.60.0
[INFO] [stderr]     Checking web-sys v0.3.104
[INFO] [stderr]     Checking gloo-timers v0.3.0
[INFO] [stderr]     Checking dioxus_components v0.1.2
[INFO] [stderr]     Checking polyengine-dioxus v0.1.0 (/opt/rustwide/workdir)
[INFO] [stderr]     Checking surface-probe v0.1.0 (/opt/rustwide/workdir/fixtures/surface-probe)
[INFO] [stderr]     Checking bench-rows-example v0.1.0 (/opt/rustwide/workdir/examples/bench-rows)
[INFO] [stderr]     Checking counter-example v0.1.0 (/opt/rustwide/workdir/examples/counter)
[INFO] [stderr]     Checking platform-probe v0.1.0 (/opt/rustwide/workdir/fixtures/platform-probe)
[INFO] [stderr]     Checking todomvc-example v0.1.0 (/opt/rustwide/workdir/examples/todomvc)
[INFO] [stderr]     Checking components-example v0.1.0 (/opt/rustwide/workdir/examples/components)
[INFO] [stdout] error[E0433]: cannot find `launch` in `polyengine_dioxus`
[INFO] [stdout]   --> examples/counter/src/lib.rs:90:20
[INFO] [stdout]    |
[INFO] [stdout] 90 | polyengine_dioxus::launch!(App);
[INFO] [stdout]    |                    ^^^^^^ could not find `launch` in `polyengine_dioxus`
[INFO] [stdout] 
[INFO] [stdout] 
[INFO] [stdout] error[E0433]: cannot find `launch` in `polyengine_dioxus`
[INFO] [stdout]    --> examples/bench-rows/src/lib.rs:208:20
[INFO] [stdout]     |
[INFO] [stdout] 208 | polyengine_dioxus::launch!(App);
[INFO] [stdout]     |                    ^^^^^^ could not find `launch` in `polyengine_dioxus`
[INFO] [stdout] 
[INFO] [stdout] 
[INFO] [stdout] error[E0433]: cannot find `launch` in `polyengine_dioxus`
[INFO] [stdout]    --> examples/bench-rows/src/lib.rs:208:20
[INFO] [stdout]     |
[INFO] [stdout] 208 | polyengine_dioxus::launch!(App);
[INFO] [stdout]     |                    ^^^^^^ could not find `launch` in `polyengine_dioxus`
[INFO] [stdout] 
[INFO] [stdout] 
[INFO] [stdout] error[E0433]: cannot find `launch` in `polyengine_dioxus`
[INFO] [stdout]    --> fixtures/platform-probe/src/lib.rs:178:20
[INFO] [stdout]     |
[INFO] [stdout] 178 | polyengine_dioxus::launch!(App);
[INFO] [stdout]     |                    ^^^^^^ could not find `launch` in `polyengine_dioxus`
[INFO] [stdout] 
[INFO] [stdout] 
[INFO] [stdout] error[E0433]: cannot find `launch` in `polyengine_dioxus`
[INFO] [stdout]   --> examples/counter/src/lib.rs:90:20
[INFO] [stdout]    |
[INFO] [stdout] 90 | polyengine_dioxus::launch!(App);
[INFO] [stdout]    |                    ^^^^^^ could not find `launch` in `polyengine_dioxus`
[INFO] [stdout] 
[INFO] [stdout] 
[INFO] [stdout] error[E0433]: cannot find `launch` in `polyengine_dioxus`
[INFO] [stdout]    --> fixtures/platform-probe/src/lib.rs:178:20
[INFO] [stdout]     |
[INFO] [stdout] 178 | polyengine_dioxus::launch!(App);
[INFO] [stdout]     |                    ^^^^^^ could not find `launch` in `polyengine_dioxus`
[INFO] [stdout] 
[INFO] [stdout] 
[INFO] [stdout] error[E0433]: cannot find `launch` in `polyengine_dioxus`
[INFO] [stdout]    --> examples/todomvc/src/lib.rs:276:20
[INFO] [stdout]     |
[INFO] [stdout] 276 | polyengine_dioxus::launch!(app);
[INFO] [stdout]     |                    ^^^^^^ could not find `launch` in `polyengine_dioxus`
[INFO] [stdout] 
[INFO] [stdout] 
[INFO] [stdout] error[E0433]: cannot find `launch` in `polyengine_dioxus`
[INFO] [stdout]    --> examples/components/src/lib.rs:491:20
[INFO] [stdout]     |
[INFO] [stdout] 491 | polyengine_dioxus::launch!(app);
[INFO] [stdout]     |                    ^^^^^^ could not find `launch` in `polyengine_dioxus`
[INFO] [stdout] 
[INFO] [stdout] 
[INFO] [stdout] For more information about this error, try `rustc --explain E0433`.
[INFO] [stdout] 
[INFO] [stdout] For more information about this error, try `rustc --explain E0433`.
[INFO] [stdout] 
[INFO] [stderr] error: could not compile `counter-example` (lib) due to 1 previous error
[INFO] [stderr] warning: build failed, waiting for other jobs to finish...
[INFO] [stderr] error: could not compile `bench-rows-example` (lib) due to 1 previous error
[INFO] [stdout] error[E0433]: cannot find `launch` in `polyengine_dioxus`
[INFO] [stdout]    --> examples/components/src/lib.rs:491:20
[INFO] [stdout]     |
[INFO] [stdout] 491 | polyengine_dioxus::launch!(app);
[INFO] [stdout]     |                    ^^^^^^ could not find `launch` in `polyengine_dioxus`
[INFO] [stdout] 
[INFO] [stdout] 
[INFO] [stdout] error[E0433]: cannot find `launch` in `polyengine_dioxus`
[INFO] [stdout]    --> examples/todomvc/src/lib.rs:276:20
[INFO] [stdout]     |
[INFO] [stdout] 276 | polyengine_dioxus::launch!(app);
[INFO] [stdout]     |                    ^^^^^^ could not find `launch` in `polyengine_dioxus`
[INFO] [stdout] 
[INFO] [stdout] 
[INFO] [stdout] For more information about this error, try `rustc --explain E0433`.
[INFO] [stdout] 
[INFO] [stderr] error: could not compile `counter-example` (lib test) due to 1 previous error
[INFO] [stdout] For more information about this error, try `rustc --explain E0433`.
[INFO] [stdout] 
[INFO] [stderr] error: could not compile `bench-rows-example` (lib test) due to 1 previous error
[INFO] [stdout] For more information about this error, try `rustc --explain E0433`.
[INFO] [stdout] 
[INFO] [stderr] error: could not compile `platform-probe` (lib) due to 1 previous error
[INFO] [stdout] For more information about this error, try `rustc --explain E0433`.
[INFO] [stdout] 
[INFO] [stderr] error: could not compile `platform-probe` (lib test) due to 1 previous error
[INFO] [stdout] For more information about this error, try `rustc --explain E0433`.
[INFO] [stdout] 
[INFO] [stderr] error: could not compile `todomvc-example` (lib test) due to 1 previous error
[INFO] [stdout] For more information about this error, try `rustc --explain E0433`.
[INFO] [stdout] 
[INFO] [stderr] error: could not compile `todomvc-example` (lib) due to 1 previous error
[INFO] [stdout] For more information about this error, try `rustc --explain E0433`.
[INFO] [stdout] 
[INFO] [stderr] error: could not compile `components-example` (lib) due to 1 previous error
[INFO] [stdout] For more information about this error, try `rustc --explain E0433`.
[INFO] [stdout] 
[INFO] [stderr] error: could not compile `components-example` (lib test) due to 1 previous error
[INFO] [stderr] warning: unused dependency `wit-bindgen`
[INFO] [stderr]   --> Cargo.toml:24:15
[INFO] [stderr]    |
[INFO] [stderr] 24 | [dependencies.wit-bindgen]
[INFO] [stderr]    |               ^^^^^^^^^^^^
[INFO] [stderr]    |
[INFO] [stderr]    = note: `cargo::unused_dependencies` is set to `warn` by default
[INFO] [stderr] help: consider removing the dependency on `wit-bindgen`
[INFO] [stderr] warning: `polyengine-dioxus` (manifest) generated 1 warning
[INFO] running `Command { std: "docker" "inspect" "682ddecd1ea2a8b9a6c45b172bead80b8c00e19b8c0dbfb8446f11f35be8b34f", kill_on_drop: false }`
[INFO] running `Command { std: "docker" "rm" "-f" "682ddecd1ea2a8b9a6c45b172bead80b8c00e19b8c0dbfb8446f11f35be8b34f", kill_on_drop: false }`
[INFO] [stdout] 682ddecd1ea2a8b9a6c45b172bead80b8c00e19b8c0dbfb8446f11f35be8b34f
