[INFO] cloning repository https://github.com/lakshya117-kr/Eventra
[INFO] running `Command { std: "git" "-c" "credential.helper=" "-c" "credential.helper=/workspace/cargo-home/bin/git-credential-null" "clone" "--bare" "https://github.com/lakshya117-kr/Eventra" "/workspace/cache/git-repos/https%3A%2F%2Fgithub.com%2Flakshya117-kr%2FEventra", kill_on_drop: false }`
[INFO] [stderr] Cloning into bare repository '/workspace/cache/git-repos/https%3A%2F%2Fgithub.com%2Flakshya117-kr%2FEventra'...
[INFO] running `Command { std: "git" "rev-parse" "HEAD", kill_on_drop: false }`
[INFO] [stdout] 4e71cd3b6fef61166d7189dc2bd1676d7a14a9a2
[INFO] checking lakshya117-kr/Eventra against 3154cc1a3e6424e44f438a95007d043ed5ceaaf6+rustflags=-Znext-solver=coherence for pr-133502-30
[INFO] running `Command { std: "git" "clone" "/workspace/cache/git-repos/https%3A%2F%2Fgithub.com%2Flakshya117-kr%2FEventra" "/workspace/builds/worker-1-tc1/source", kill_on_drop: false }`
[INFO] [stderr] Cloning into '/workspace/builds/worker-1-tc1/source'...
[INFO] [stderr] done.
[INFO] removed /workspace/builds/worker-1-tc1/source/.cargo/config.toml
[INFO] removed /workspace/builds/worker-1-tc1/source/rust-toolchain.toml
[INFO] started tweaking git repo https://github.com/lakshya117-kr/Eventra
[INFO] finished tweaking git repo https://github.com/lakshya117-kr/Eventra
[INFO] tweaked toml for git repo https://github.com/lakshya117-kr/Eventra written to /workspace/builds/worker-1-tc1/source/Cargo.toml
[INFO] validating manifest of git repo https://github.com/lakshya117-kr/Eventra on toolchain 3154cc1a3e6424e44f438a95007d043ed5ceaaf6
[INFO] running `Command { std: CARGO_HOME="/workspace/cargo-home" RUSTUP_HOME="/workspace/rustup-home" "/workspace/cargo-home/bin/cargo" "+3154cc1a3e6424e44f438a95007d043ed5ceaaf6" "metadata" "--manifest-path" "Cargo.toml" "--no-deps", kill_on_drop: false }`
[INFO] crate git repo https://github.com/lakshya117-kr/Eventra already has a lockfile, it will not be regenerated
[INFO] running `Command { std: CARGO_HOME="/workspace/cargo-home" RUSTUP_HOME="/workspace/rustup-home" "/workspace/cargo-home/bin/cargo" "+3154cc1a3e6424e44f438a95007d043ed5ceaaf6" "fetch" "--manifest-path" "Cargo.toml", kill_on_drop: false }`
[INFO] [stderr]     Blocking waiting for file lock on package cache
[INFO] [stderr]     Updating crates.io index
[INFO] [stderr]     Blocking waiting for file lock on package cache
[INFO] [stderr]  Downloading crates ...
[INFO] [stderr]   Downloaded groth16-solana v0.0.1
[INFO] [stderr]   Downloaded zeroize_derive v1.4.3
[INFO] [stderr]   Downloaded zeroize v1.3.0
[INFO] [stderr]   Downloaded block-padding v0.2.1
[INFO] [stderr]   Downloaded block-buffer v0.9.0
[INFO] [stderr]   Downloaded opaque-debug v0.3.1
[INFO] [stderr]   Downloaded ark-serialize-derive v0.4.2
[INFO] [stderr]   Downloaded serde_core v1.0.229
[INFO] [stderr]   Downloaded solana-frozen-abi v1.18.26
[INFO] [stderr]   Downloaded digest v0.9.0
[INFO] [stderr]   Downloaded wasm-bindgen-shared v0.2.117
[INFO] [stderr]   Downloaded feature-probe v0.1.1
[INFO] [stderr]   Downloaded libsecp256k1-gen-ecmult v0.2.1
[INFO] [stderr]   Downloaded arrayref v0.3.9
[INFO] [stderr]   Downloaded tinyvec_macros v0.1.1
[INFO] [stderr]   Downloaded keccak v0.1.6
[INFO] [stderr]   Downloaded ark-ff-asm v0.4.2
[INFO] [stderr]   Downloaded toml v0.5.11
[INFO] [stderr]   Downloaded borsh-derive v0.10.4
[INFO] [stderr]   Downloaded itoa v1.0.18
[INFO] [stderr]   Downloaded ark-ff-macros v0.4.2
[INFO] [stderr]   Downloaded ark-serialize v0.4.2
[INFO] [stderr]   Downloaded num-derive v0.4.2
[INFO] [stderr]   Downloaded proc-macro-crate v0.1.5
[INFO] [stderr]   Downloaded wasm-bindgen-macro v0.2.117
[INFO] [stderr]   Downloaded solana-sdk-macro v1.18.26
[INFO] [stderr]   Downloaded solana-frozen-abi-macro v1.18.26
[INFO] [stderr]   Downloaded hmac-drbg v0.3.0
[INFO] [stderr]   Downloaded crypto-mac v0.8.0
[INFO] [stderr]   Downloaded ark-bn254 v0.4.0
[INFO] [stderr]   Downloaded hmac v0.8.1
[INFO] [stderr]   Downloaded libsecp256k1-gen-genmult v0.2.1
[INFO] [stderr]   Downloaded pbkdf2 v0.4.0
[INFO] [stderr]   Downloaded subtle v2.4.1
[INFO] [stderr]   Downloaded serde_bytes v0.11.14
[INFO] [stderr]   Downloaded bitmaps v2.1.0
[INFO] [stderr]   Downloaded rustversion v1.0.23
[INFO] [stderr]   Downloaded sha2 v0.9.9
[INFO] [stderr]   Downloaded num-integer v0.1.47
[INFO] [stderr]   Downloaded libsecp256k1 v0.6.0
[INFO] [stderr]   Downloaded libsecp256k1-core v0.2.2
[INFO] [stderr]   Downloaded borsh-schema-derive-internal v0.9.3
[INFO] [stderr]   Downloaded anyhow v1.0.104
[INFO] [stderr]   Downloaded borsh-schema-derive-internal v0.10.4
[INFO] [stderr]   Downloaded bs58 v0.4.0
[INFO] [stderr]   Downloaded rand_xoshiro v0.6.0
[INFO] [stderr]   Downloaded paste v1.0.15
[INFO] [stderr]   Downloaded console_log v0.2.2
[INFO] [stderr]   Downloaded jobserver v0.1.34
[INFO] [stderr]   Downloaded bytemuck_derive v1.12.0
[INFO] [stderr]   Downloaded find-msvc-tools v0.1.10
[INFO] [stderr]   Downloaded anchor-spl v0.30.1
[INFO] [stderr]   Downloaded either v1.17.0
[INFO] [stderr]   Downloaded ark-std v0.4.0
[INFO] [stderr]   Downloaded borsh-derive v1.5.7
[INFO] [stderr]   Downloaded crossbeam-deque v0.8.7
[INFO] [stderr]   Downloaded crossbeam-epoch v0.9.20
[INFO] [stderr]   Downloaded smallvec v1.15.2
[INFO] [stderr]   Downloaded autocfg v1.5.1
[INFO] [stderr]   Downloaded ark-poly v0.4.2
[INFO] [stderr]   Downloaded serde_derive v1.0.229
[INFO] [stderr]   Downloaded sized-chunks v0.6.5
[INFO] [stderr]   Downloaded wasm-bindgen v0.2.117
[INFO] [stderr]   Downloaded once_cell v1.21.4
[INFO] [stderr]   Downloaded semver v1.0.28
[INFO] [stderr]   Downloaded memmap2 v0.5.10
[INFO] [stderr]   Downloaded crossbeam-utils v0.8.22
[INFO] [stderr]   Downloaded bv v0.11.1
[INFO] [stderr]   Downloaded ryu v1.0.23
[INFO] [stderr]   Downloaded ark-ec v0.4.2
[INFO] [stderr]   Downloaded base64 v0.12.3
[INFO] [stderr]   Downloaded bytemuck v1.25.2
[INFO] [stderr]   Downloaded toml_datetime v0.7.1
[INFO] [stderr]   Downloaded wasm-bindgen-macro-support v0.2.117
[INFO] [stderr]   Downloaded tinyvec v1.12.0
[INFO] [stderr]   Downloaded serde v1.0.229
[INFO] [stderr]   Downloaded log v0.4.33
[INFO] [stderr]   Downloaded bitflags v2.13.1
[INFO] [stderr]   Downloaded ark-ff v0.4.2
[INFO] [stderr]   Downloaded derivative v2.2.0
[INFO] [stderr]   Downloaded borsh v1.5.7
[INFO] [stderr]   Downloaded spl-token-metadata-interface v0.3.5
[INFO] [stderr]   Downloaded tiny-bip39 v0.8.2
[INFO] [stderr]   Downloaded rayon-core v1.12.1
[INFO] [stderr]   Downloaded spl-program-error-derive v0.4.1
[INFO] [stderr]   Downloaded spl-pod v0.2.5
[INFO] [stderr]   Downloaded borsh v0.10.4
[INFO] [stderr]   Downloaded wit-bindgen v0.57.1
[INFO] [stderr]   Downloaded cfg_aliases v0.2.2
[INFO] [stderr]   Downloaded toml_datetime v0.6.11
[INFO] [stderr]   Downloaded hashbrown v0.13.2
[INFO] [stderr]   Downloaded toml_edit v0.23.5
[INFO] [stderr]   Downloaded spl-program-error v0.4.4
[INFO] [stderr]   Downloaded atty v0.2.14
[INFO] [stderr]   Downloaded bumpalo v3.20.3
[INFO] [stderr]   Downloaded zerocopy-derive v0.8.56
[INFO] [stderr]   Downloaded constant_time_eq v0.3.1
[INFO] [stderr]   Downloaded js-sys v0.3.94
[INFO] [stderr]   Downloaded num-bigint v0.4.8
[INFO] [stderr]   Downloaded itertools v0.10.5
[INFO] [stderr]   Downloaded cc v1.4.2
[INFO] [stderr]   Downloaded spl-type-length-value v0.4.6
[INFO] [stderr]   Downloaded solana-logger v1.18.26
[INFO] [stderr]   Downloaded anchor-derive-space v0.30.1
[INFO] [stderr]   Downloaded syn v2.0.119
[INFO] [stderr]   Downloaded typenum v1.20.1
[INFO] [stderr]   Downloaded im v15.1.0
[INFO] [stderr]   Downloaded rand v0.8.7
[INFO] [stderr]   Downloaded indexmap v2.11.4
[INFO] [stderr]   Downloaded unicode-normalization v0.1.25
[INFO] [stderr]   Downloaded serde_json v1.0.120
[INFO] [stderr]   Downloaded wasip2 v1.0.4+wasi-0.2.12
[INFO] [stderr]   Downloaded bincode v1.3.3
[INFO] [stderr]   Downloaded solana-program v1.18.26
[INFO] [stderr]   Downloaded rayon v1.10.0
[INFO] [stderr]   Downloaded zerocopy v0.8.56
[INFO] [stderr]   Downloaded syn v3.0.3
[INFO] [stderr]   Downloaded ahash v0.7.8
[INFO] [stderr]   Downloaded termcolor v1.4.1
[INFO] [stderr]   Downloaded arrayvec v0.7.8
[INFO] [stderr]   Downloaded polyval v0.5.3
[INFO] [stderr]   Downloaded solana-security-txt v1.1.3
[INFO] [stderr]   Downloaded env_logger v0.9.3
[INFO] [stderr]   Downloaded cipher v0.3.0
[INFO] [stderr]   Downloaded uriparse v0.6.4
[INFO] [stderr]   Downloaded num_enum v0.7.6
[INFO] [stderr]   Downloaded borsh-derive v0.9.3
[INFO] [stderr]   Downloaded assert_matches v1.5.0
[INFO] [stderr]   Downloaded merlin v3.0.0
[INFO] [stderr]   Downloaded spl-memo v4.0.4
[INFO] [stderr]   Downloaded spl-associated-token-account v3.0.4
[INFO] [stderr]   Downloaded darling_core v0.20.11
[INFO] [stderr]   Downloaded aead v0.4.3
[INFO] [stderr]   Downloaded light-poseidon v0.2.0
[INFO] [stderr]   Downloaded console_error_panic_hook v0.1.7
[INFO] [stderr]   Downloaded borsh-derive-internal v0.10.4
[INFO] [stderr]   Downloaded darling_macro v0.20.11
[INFO] [stderr]   Downloaded pbkdf2 v0.11.0
[INFO] [stderr]   Downloaded signature v1.6.4
[INFO] [stderr]   Downloaded spl-discriminator-derive v0.2.0
[INFO] [stderr]   Downloaded spl-transfer-hook-interface v0.6.5
[INFO] [stderr]   Downloaded anchor-lang-idl-spec v0.1.0
[INFO] [stderr]   Downloaded anchor-attribute-constant v0.30.1
[INFO] [stderr]   Downloaded anchor-attribute-account v0.30.1
[INFO] [stderr]   Downloaded hashbrown v0.11.2
[INFO] [stderr]   Downloaded borsh-derive-internal v0.9.3
[INFO] [stderr]   Downloaded anchor-lang v0.30.1
[INFO] [stderr]   Downloaded toml v0.8.23
[INFO] [stderr]   Downloaded toml_write v0.1.2
[INFO] [stderr]   Downloaded anchor-attribute-program v0.30.1
[INFO] [stderr]   Downloaded curve25519-dalek v3.2.1
[INFO] [stderr]   Downloaded anchor-lang-idl v0.1.4
[INFO] [stderr]   Downloaded heck v0.3.3
[INFO] [stderr]   Downloaded qualifier_attr v0.2.2
[INFO] [stderr]   Downloaded hermit-abi v0.1.19
[INFO] [stderr]   Downloaded universal-hash v0.4.1
[INFO] [stderr]   Downloaded spl-discriminator-syn v0.2.1
[INFO] [stderr]   Downloaded web-sys v0.3.94
[INFO] [stderr]   Downloaded qstring v0.7.2
[INFO] [stderr]   Downloaded ed25519-dalek-bip32 v0.2.0
[INFO] [stderr]   Downloaded anchor-derive-serde v0.30.1
[INFO] [stderr]   Downloaded libc v0.2.189
[INFO] [stderr]   Downloaded sha3 v0.10.9
[INFO] [stderr]   Downloaded strsim v0.11.1
[INFO] [stderr]   Downloaded derivation-path v0.2.0
[INFO] [stderr]   Downloaded ctr v0.8.0
[INFO] [stderr]   Downloaded bs58 v0.5.1
[INFO] [stderr]   Downloaded spl-discriminator v0.2.5
[INFO] [stderr]   Downloaded num-derive v0.3.3
[INFO] [stderr]   Downloaded anchor-attribute-access-control v0.30.1
[INFO] [stderr]   Downloaded anchor-derive-accounts v0.30.1
[INFO] [stderr]   Downloaded humantime v2.4.0
[INFO] [stderr]   Downloaded spl-token-group-interface v0.2.5
[INFO] [stderr]   Downloaded anchor-attribute-error v0.30.1
[INFO] [stderr]   Downloaded num_enum_derive v0.7.6
[INFO] [stderr]   Downloaded hmac v0.12.1
[INFO] [stderr]   Downloaded aes-gcm-siv v0.10.3
[INFO] [stderr]   Downloaded anchor-attribute-event v0.30.1
[INFO] [stderr]   Downloaded darling v0.20.11
[INFO] [stderr]   Downloaded ed25519-dalek v1.0.1
[INFO] [stderr]   Downloaded ed25519 v1.5.3
[INFO] [stderr]   Downloaded spl-tlv-account-resolution v0.6.5
[INFO] [stderr]   Downloaded spl-token v4.0.3
[INFO] [stderr]   Downloaded cargo_toml v0.19.2
[INFO] [stderr]   Downloaded toml_parser v1.0.2
[INFO] [stderr]   Downloaded serde_with_macros v2.3.3
[INFO] [stderr]   Downloaded anchor-syn v0.30.1
[INFO] [stderr]   Downloaded borsh v0.9.3
[INFO] [stderr]   Downloaded toml_edit v0.22.27
[INFO] [stderr]   Downloaded blake3 v1.5.0
[INFO] [stderr]   Downloaded solana-sdk v1.18.26
[INFO] [stderr]   Downloaded memchr v2.8.3
[INFO] [stderr]   Downloaded serde_with v2.3.3
[INFO] [stderr]   Downloaded aes v0.7.5
[INFO] [stderr]   Downloaded regex v1.13.1
[INFO] [stderr]   Downloaded spl-token-2022 v3.0.5
[INFO] [stderr]   Downloaded winnow v0.7.15
[INFO] [stderr]   Downloaded aho-corasick v1.1.5
[INFO] [stderr]   Downloaded chrono v0.4.45
[INFO] [stderr]   Downloaded mpl-token-metadata v4.1.2
[INFO] [stderr]   Downloaded regex-syntax v0.8.11
[INFO] [stderr]   Downloaded sha3 v0.9.1
[INFO] [stderr]   Downloaded regex-automata v0.4.18
[INFO] [stderr]   Downloaded solana-zk-token-sdk v1.18.26
[INFO] running `Command { std: "docker" "create" "-v" "/var/lib/crater-agent-workspace/builds/worker-1-tc1/source:/opt/rustwide/workdir:ro,Z" "-v" "/var/lib/crater-agent-workspace/builds/worker-1-tc1/target:/opt/rustwide/target:rw,Z" "-v" "/var/lib/crater-agent-workspace/cargo-home:/opt/rustwide/cargo-home:ro,Z" "-v" "/var/lib/crater-agent-workspace/rustup-home:/opt/rustwide/rustup-home:ro,Z" "-m" "1610612736" "--network" "none" "ghcr.io/rust-lang/crates-build-env/linux@sha256:77db811e55d90add9212f6832c23229e3de5f1c1f9905e8cb07319ea15df73ac" "sleep" "infinity", kill_on_drop: false }`
[INFO] [stdout] 8dbc96e9796268cb0d4a8819b76e997b4217f4463c8551eb6fd7e8d448a92452
[INFO] running `Command { std: "docker" "start" "8dbc96e9796268cb0d4a8819b76e997b4217f4463c8551eb6fd7e8d448a92452", kill_on_drop: false }`
[INFO] running `Command { std: "docker" "inspect" "8dbc96e9796268cb0d4a8819b76e997b4217f4463c8551eb6fd7e8d448a92452", kill_on_drop: false }`
[INFO] running `Command { std: "docker" "exec" "-e" "SOURCE_DIR=/opt/rustwide/workdir" "-e" "CARGO_HOME=/opt/rustwide/cargo-home" "-e" "RUSTUP_HOME=/opt/rustwide/rustup-home" "-e" "CARGO_TARGET_DIR=/opt/rustwide/target" "-w" "/opt/rustwide/workdir" "--user" "0:0" "8dbc96e9796268cb0d4a8819b76e997b4217f4463c8551eb6fd7e8d448a92452" "/opt/rustwide/cargo-home/bin/cargo" "+3154cc1a3e6424e44f438a95007d043ed5ceaaf6" "metadata" "--no-deps" "--format-version=1", kill_on_drop: false }`
[INFO] running `Command { std: "docker" "inspect" "8dbc96e9796268cb0d4a8819b76e997b4217f4463c8551eb6fd7e8d448a92452", kill_on_drop: false }`
[INFO] running `Command { std: "docker" "exec" "-e" "SOURCE_DIR=/opt/rustwide/workdir" "-e" "CARGO_HOME=/opt/rustwide/cargo-home" "-e" "RUSTUP_HOME=/opt/rustwide/rustup-home" "-e" "CARGO_TARGET_DIR=/opt/rustwide/target" "-e" "CARGO_INCREMENTAL=0" "-e" "RUST_BACKTRACE=full" "-e" "RUSTFLAGS=--cap-lints=forbid -Znext-solver=coherence" "-e" "RUSTDOCFLAGS=--cap-lints=forbid" "-w" "/opt/rustwide/workdir" "--user" "0:0" "8dbc96e9796268cb0d4a8819b76e997b4217f4463c8551eb6fd7e8d448a92452" "/opt/rustwide/cargo-home/bin/cargo" "+3154cc1a3e6424e44f438a95007d043ed5ceaaf6" "check" "--frozen" "--all" "--all-targets" "--message-format=json", kill_on_drop: false }`
[INFO] [stderr]    Compiling proc-macro2 v1.0.107
[INFO] [stderr]    Compiling unicode-ident v1.0.24
[INFO] [stderr]    Compiling quote v1.0.47
[INFO] [stderr]    Compiling version_check v0.9.5
[INFO] [stderr]    Compiling serde_core v1.0.229
[INFO] [stderr]    Compiling serde v1.0.229
[INFO] [stderr]     Checking typenum v1.20.1
[INFO] [stderr]     Checking cfg-if v1.0.4
[INFO] [stderr]    Compiling libc v0.2.189
[INFO] [stderr]    Compiling syn v1.0.109
[INFO] [stderr]    Compiling generic-array v0.14.7
[INFO] [stderr]     Checking subtle v2.4.1
[INFO] [stderr]    Compiling autocfg v1.5.1
[INFO] [stderr]    Compiling zerocopy v0.8.56
[INFO] [stderr]    Compiling thiserror v1.0.69
[INFO] [stderr]    Compiling anyhow v1.0.104
[INFO] [stderr]    Compiling syn v3.0.3
[INFO] [stderr]    Compiling syn v2.0.119
[INFO] [stderr]    Compiling serde_json v1.0.120
[INFO] [stderr]    Compiling num-traits v0.2.19
[INFO] [stderr]     Checking once_cell v1.21.4
[INFO] [stderr]    Compiling semver v1.0.28
[INFO] [stderr]     Checking getrandom v0.2.17
[INFO] [stderr]     Checking rand_core v0.6.4
[INFO] [stderr]    Compiling rustc_version v0.4.1
[INFO] [stderr]    Compiling crunchy v0.2.4
[INFO] [stderr]     Checking cpufeatures v0.2.17
[INFO] [stderr]    Compiling getrandom v0.1.16
[INFO] [stderr]     Checking opaque-debug v0.3.1
[INFO] [stderr]     Checking either v1.17.0
[INFO] [stderr]    Compiling block-buffer v0.10.4
[INFO] [stderr]    Compiling crypto-common v0.1.7
[INFO] [stderr]    Compiling ahash v0.8.12
[INFO] [stderr]    Compiling crossbeam-utils v0.8.22
[INFO] [stderr]    Compiling digest v0.10.7
[INFO] [stderr]     Checking rand_core v0.5.1
[INFO] [stderr]    Compiling serde_derive v1.0.229
[INFO] [stderr]     Checking num-integer v0.1.47
[INFO] [stderr]    Compiling paste v1.0.15
[INFO] [stderr]     Checking block-padding v0.2.1
[INFO] [stderr]    Compiling winnow v0.7.15
[INFO] [stderr]    Compiling equivalent v1.0.2
[INFO] [stderr]    Compiling rustversion v1.0.23
[INFO] [stderr]    Compiling crossbeam-epoch v0.9.20
[INFO] [stderr]    Compiling hashbrown v0.16.1
[INFO] [stderr]    Compiling wasm-bindgen-shared v0.2.117
[INFO] [stderr]    Compiling num-bigint v0.4.8
[INFO] [stderr]    Compiling jobserver v0.1.34
[INFO] [stderr]    Compiling indexmap v2.11.4
[INFO] [stderr]     Checking ppv-lite86 v0.2.21
[INFO] [stderr]    Compiling sha2 v0.10.9
[INFO] [stderr]     Checking rand_chacha v0.3.1
[INFO] [stderr]     Checking rand v0.8.7
[INFO] [stderr]    Compiling toml_parser v1.0.2
[INFO] [stderr]    Compiling digest v0.9.0
[INFO] [stderr]     Checking ark-std v0.4.0
[INFO] [stderr]    Compiling find-msvc-tools v0.1.10
[INFO] [stderr]    Compiling crossbeam-deque v0.8.7
[INFO] [stderr]    Compiling shlex v2.0.1
[INFO] [stderr]    Compiling toml_datetime v0.7.1
[INFO] [stderr]    Compiling libsecp256k1-core v0.2.2
[INFO] [stderr]    Compiling cc v1.4.2
[INFO] [stderr]    Compiling toml_edit v0.23.5
[INFO] [stderr]     Checking rand_chacha v0.2.2
[INFO] [stderr]     Checking hashbrown v0.13.2
[INFO] [stderr]    Compiling ark-serialize-derive v0.4.2
[INFO] [stderr]    Compiling thiserror-impl v1.0.69
[INFO] [stderr]    Compiling zeroize_derive v1.4.3
[INFO] [stderr]    Compiling toml v0.5.11
[INFO] [stderr]    Compiling derivative v2.2.0
[INFO] [stderr]    Compiling ark-ff-macros v0.4.2
[INFO] [stderr]    Compiling ark-ff-asm v0.4.2
[INFO] [stderr]     Checking zeroize v1.3.0
[INFO] [stderr]     Checking itertools v0.10.5
[INFO] [stderr]    Compiling rayon-core v1.12.1
[INFO] [stderr]     Checking block-buffer v0.9.0
[INFO] [stderr]     Checking crypto-mac v0.8.0
[INFO] [stderr]     Checking sha2 v0.9.9
[INFO] [stderr]    Compiling proc-macro-crate v3.4.0
[INFO] [stderr]     Checking ark-serialize v0.4.2
[INFO] [stderr]    Compiling proc-macro-crate v0.1.5
[INFO] [stderr]     Checking rand v0.7.3
[INFO] [stderr]    Compiling ahash v0.7.8
[INFO] [stderr]    Compiling feature-probe v0.1.1
[INFO] [stderr]     Checking byteorder v1.5.0
[INFO] [stderr]    Compiling bv v0.11.1
[INFO] [stderr]     Checking hmac v0.8.1
[INFO] [stderr]    Compiling libsecp256k1-gen-genmult v0.2.1
[INFO] [stderr]    Compiling libsecp256k1-gen-ecmult v0.2.1
[INFO] [stderr]    Compiling borsh-derive-internal v0.10.4
[INFO] [stderr]    Compiling solana-frozen-abi-macro v1.18.26
[INFO] [stderr]     Checking bitmaps v2.1.0
[INFO] [stderr]    Compiling im v15.1.0
[INFO] [stderr]     Checking lazy_static v1.5.0
[INFO] [stderr]     Checking tinyvec_macros v0.1.1
[INFO] [stderr]     Checking log v0.4.33
[INFO] [stderr]     Checking keccak v0.1.6
[INFO] [stderr]    Compiling bumpalo v3.20.3
[INFO] [stderr]    Compiling cfg_aliases v0.2.2
[INFO] [stderr]     Checking rayon v1.10.0
[INFO] [stderr]    Compiling borsh v1.5.7
[INFO] [stderr]    Compiling wasm-bindgen-macro-support v0.2.117
[INFO] [stderr]     Checking tinyvec v1.12.0
[INFO] [stderr]    Compiling libsecp256k1 v0.6.0
[INFO] [stderr]     Checking curve25519-dalek v3.2.1
[INFO] [stderr]     Checking ark-ff v0.4.2
[INFO] [stderr]    Compiling blake3 v1.5.0
[INFO] [stderr]    Compiling wasm-bindgen v0.2.117
[INFO] [stderr]     Checking sized-chunks v0.6.5
[INFO] [stderr]    Compiling borsh-schema-derive-internal v0.10.4
[INFO] [stderr]    Compiling borsh-schema-derive-internal v0.9.3
[INFO] [stderr]    Compiling borsh-derive-internal v0.9.3
[INFO] [stderr]    Compiling solana-frozen-abi v1.18.26
[INFO] [stderr]     Checking rand_xoshiro v0.6.0
[INFO] [stderr]    Compiling memoffset v0.9.1
[INFO] [stderr]     Checking arrayref v0.3.9
[INFO] [stderr]    Compiling borsh-derive v1.5.7
[INFO] [stderr]    Compiling borsh-derive v0.9.3
[INFO] [stderr]    Compiling borsh-derive v0.10.4
[INFO] [stderr]     Checking hashbrown v0.11.2
[INFO] [stderr]     Checking unicode-normalization v0.1.25
[INFO] [stderr]     Checking hmac-drbg v0.3.0
[INFO] [stderr]     Checking pbkdf2 v0.4.0
[INFO] [stderr]    Compiling solana-program v1.18.26
[INFO] [stderr]     Checking serde_bytes v0.11.14
[INFO] [stderr]    Compiling bytemuck_derive v1.12.0
[INFO] [stderr]     Checking memmap2 v0.5.10
[INFO] [stderr]     Checking itoa v1.0.18
[INFO] [stderr]     Checking ryu v1.0.23
[INFO] [stderr]     Checking bs58 v0.4.0
[INFO] [stderr]     Checking rustc-hash v1.1.0
[INFO] [stderr]     Checking arrayvec v0.7.8
[INFO] [stderr]     Checking constant_time_eq v0.3.1
[INFO] [stderr]     Checking base64 v0.12.3
[INFO] [stderr]    Compiling solana-sdk-macro v1.18.26
[INFO] [stderr]     Checking tiny-bip39 v0.8.2
[INFO] [stderr]     Checking bytemuck v1.25.2
[INFO] [stderr]     Checking borsh v0.9.3
[INFO] [stderr]     Checking borsh v0.10.4
[INFO] [stderr]     Checking sha3 v0.10.9
[INFO] [stderr]    Compiling num-derive v0.4.2
[INFO] [stderr]     Checking bincode v1.3.3
[INFO] [stderr]     Checking bitflags v2.13.1
[INFO] [stderr]     Checking base64 v0.21.7
[INFO] [stderr]     Checking memchr v2.8.3
[INFO] [stderr]    Compiling fnv v1.0.7
[INFO] [stderr]    Compiling strsim v0.11.1
[INFO] [stderr]    Compiling ident_case v1.0.1
[INFO] [stderr]     Checking regex-syntax v0.8.11
[INFO] [stderr]     Checking signature v1.6.4
[INFO] [stderr]    Compiling darling_core v0.20.11
[INFO] [stderr]     Checking ed25519 v1.5.3
[INFO] [stderr]    Compiling wasm-bindgen-macro v0.2.117
[INFO] [stderr]    Compiling num_enum_derive v0.7.6
[INFO] [stderr]     Checking aho-corasick v1.1.5
[INFO] [stderr]     Checking cipher v0.3.0
[INFO] [stderr]     Checking atty v0.2.14
[INFO] [stderr]     Checking humantime v2.4.0
[INFO] [stderr]    Compiling unicode-segmentation v1.12.0
[INFO] [stderr]     Checking regex-automata v0.4.18
[INFO] [stderr]     Checking ark-poly v0.4.2
[INFO] [stderr]     Checking termcolor v1.4.1
[INFO] [stderr]     Checking num_enum v0.7.6
[INFO] [stderr]    Compiling heck v0.3.3
[INFO] [stderr]     Checking ed25519-dalek v1.0.1
[INFO] [stderr]     Checking hmac v0.12.1
[INFO] [stderr]     Checking universal-hash v0.4.1
[INFO] [stderr]    Compiling solana-sdk v1.18.26
[INFO] [stderr]     Checking percent-encoding v2.3.2
[INFO] [stderr]     Checking derivation-path v0.2.0
[INFO] [stderr]     Checking uriparse v0.6.4
[INFO] [stderr]     Checking ed25519-dalek-bip32 v0.2.0
[INFO] [stderr]     Checking qstring v0.7.2
[INFO] [stderr]     Checking polyval v0.5.3
[INFO] [stderr]     Checking ctr v0.8.0
[INFO] [stderr]     Checking ark-ec v0.4.2
[INFO] [stderr]     Checking aes v0.7.5
[INFO] [stderr]     Checking pbkdf2 v0.11.0
[INFO] [stderr]     Checking aead v0.4.3
[INFO] [stderr]    Compiling qualifier_attr v0.2.2
[INFO] [stderr]     Checking chrono v0.4.45
[INFO] [stderr]     Checking assert_matches v1.5.0
[INFO] [stderr]    Compiling bs58 v0.5.1
[INFO] [stderr]     Checking siphasher v0.3.11
[INFO] [stderr]     Checking aes-gcm-siv v0.10.3
[INFO] [stderr]    Compiling anchor-syn v0.30.1
[INFO] [stderr]    Compiling spl-discriminator-syn v0.2.1
[INFO] [stderr]     Checking sha3 v0.9.1
[INFO] [stderr]     Checking merlin v3.0.0
[INFO] [stderr]    Compiling spl-program-error-derive v0.4.1
[INFO] [stderr]    Compiling spl-discriminator-derive v0.2.0
[INFO] [stderr]    Compiling anchor-lang-idl-spec v0.1.0
[INFO] [stderr]     Checking regex v1.13.1
[INFO] [stderr]     Checking solana-security-txt v1.1.3
[INFO] [stderr]    Compiling num-derive v0.3.3
[INFO] [stderr]    Compiling anchor-derive-space v0.30.1
[INFO] [stderr]    Compiling darling_macro v0.20.11
[INFO] [stderr]     Checking env_logger v0.9.3
[INFO] [stderr]    Compiling darling v0.20.11
[INFO] [stderr]    Compiling serde_with_macros v2.3.3
[INFO] [stderr]     Checking ark-bn254 v0.4.0
[INFO] [stderr]     Checking solana-logger v1.18.26
[INFO] [stderr]     Checking light-poseidon v0.2.0
[INFO] [stderr]    Compiling anchor-lang-idl v0.1.4
[INFO] [stderr]     Checking serde_with v2.3.3
[INFO] [stderr]    Compiling anchor-attribute-error v0.30.1
[INFO] [stderr]    Compiling anchor-attribute-program v0.30.1
[INFO] [stderr]    Compiling anchor-attribute-constant v0.30.1
[INFO] [stderr]    Compiling anchor-derive-serde v0.30.1
[INFO] [stderr]    Compiling anchor-attribute-account v0.30.1
[INFO] [stderr]    Compiling anchor-attribute-event v0.30.1
[INFO] [stderr]    Compiling anchor-attribute-access-control v0.30.1
[INFO] [stderr]    Compiling anchor-derive-accounts v0.30.1
[INFO] [stderr]     Checking spl-program-error v0.4.4
[INFO] [stderr]     Checking spl-discriminator v0.2.5
[INFO] [stderr]     Checking spl-memo v4.0.4
[INFO] [stderr]     Checking spl-token v4.0.3
[INFO] [stderr]     Checking mpl-token-metadata v4.1.2
[INFO] [stderr]     Checking anchor-lang v0.30.1
[INFO] [stderr]     Checking groth16-solana v0.0.1
[INFO] [stderr]     Checking solana-zk-token-sdk v1.18.26
[INFO] [stderr]     Checking spl-pod v0.2.5
[INFO] [stderr]     Checking spl-type-length-value v0.4.6
[INFO] [stderr]     Checking spl-token-group-interface v0.2.5
[INFO] [stderr]     Checking spl-tlv-account-resolution v0.6.5
[INFO] [stderr]     Checking spl-token-metadata-interface v0.3.5
[INFO] [stderr]     Checking spl-transfer-hook-interface v0.6.5
[INFO] [stderr]     Checking spl-token-2022 v3.0.5
[INFO] [stderr]     Checking spl-associated-token-account v3.0.4
[INFO] [stderr]     Checking anchor-spl v0.30.1
[INFO] [stderr]     Checking ticket-booking v0.1.0 (/opt/rustwide/workdir/programs/ticket-booking)
[INFO] [stdout] warning: type `nftTokens` should have an upper camel case name
[INFO] [stdout]   --> programs/ticket-booking/src/state.rs:71:12
[INFO] [stdout]    |
[INFO] [stdout] 71 | pub struct nftTokens{
[INFO] [stdout]    |            ^^^^^^^^^ help: convert the identifier to upper camel case: `NftTokens`
[INFO] [stdout]    |
[INFO] [stdout]    = note: `#[warn(non_camel_case_types)]` (part of `#[warn(nonstandard_style)]`) on by default
[INFO] [stdout] 
[INFO] [stdout] 
[INFO] [stdout] warning: unexpected `cfg` condition value: `no-idl`
[INFO] [stdout]   --> programs/ticket-booking/src/lib.rs:12:1
[INFO] [stdout]    |
[INFO] [stdout] 12 | #[program]
[INFO] [stdout]    | ^^^^^^^^^^
[INFO] [stdout]    |
[INFO] [stdout]    = note: expected values for `feature` are: `anchor-debug`, `cpi`, `custom-heap`, `custom-panic`, `default`, `idl-build`, `no-entrypoint`, and `no-log-ix-name`
[INFO] [stdout]    = note: using a cfg inside a attribute macro will use the cfgs from the destination crate and not the ones from the defining crate
[INFO] [stdout]    = help: try referring to `program` crate for guidance on how handle this unexpected cfg
[INFO] [stdout]    = note: see <https://doc.rust-lang.org/nightly/rustc/check-cfg/cargo-specifics.html> for more information about checking conditional configuration
[INFO] [stdout]    = note: requested on the command line with `-W unexpected-cfgs`
[INFO] [stdout]    = note: this warning originates in the attribute macro `program` (in Nightly builds, run with -Z macro-backtrace for more info)
[INFO] [stdout] 
[INFO] [stdout] 
[INFO] [stdout] warning: type `nftTokens` should have an upper camel case name
[INFO] [stdout]   --> programs/ticket-booking/src/state.rs:71:12
[INFO] [stdout]    |
[INFO] [stdout] 71 | pub struct nftTokens{
[INFO] [stdout]    |            ^^^^^^^^^ help: convert the identifier to upper camel case: `NftTokens`
[INFO] [stdout]    |
[INFO] [stdout]    = note: `#[warn(non_camel_case_types)]` (part of `#[warn(nonstandard_style)]`) on by default
[INFO] [stdout] 
[INFO] [stdout] 
[INFO] [stdout] warning: unexpected `cfg` condition value: `no-idl`
[INFO] [stdout]   --> programs/ticket-booking/src/lib.rs:12:1
[INFO] [stdout]    |
[INFO] [stdout] 12 | #[program]
[INFO] [stdout]    | ^^^^^^^^^^
[INFO] [stdout]    |
[INFO] [stdout]    = note: expected values for `feature` are: `anchor-debug`, `cpi`, `custom-heap`, `custom-panic`, `default`, `idl-build`, `no-entrypoint`, and `no-log-ix-name`
[INFO] [stdout]    = note: using a cfg inside a attribute macro will use the cfgs from the destination crate and not the ones from the defining crate
[INFO] [stdout]    = help: try referring to `program` crate for guidance on how handle this unexpected cfg
[INFO] [stdout]    = note: see <https://doc.rust-lang.org/nightly/rustc/check-cfg/cargo-specifics.html> for more information about checking conditional configuration
[INFO] [stdout]    = note: requested on the command line with `-W unexpected-cfgs`
[INFO] [stdout]    = note: this warning originates in the attribute macro `program` (in Nightly builds, run with -Z macro-backtrace for more info)
[INFO] [stdout] 
[INFO] [stdout] 
[INFO] [stdout] warning: unused variable: `proof_a`
[INFO] [stdout]    --> programs/ticket-booking/src/lib.rs:202:9
[INFO] [stdout]     |
[INFO] [stdout] 202 |         proof_a: [u8; 64], 
[INFO] [stdout]     |         ^^^^^^^ help: if this is intentional, prefix it with an underscore: `_proof_a`
[INFO] [stdout]     |
[INFO] [stdout]     = note: `#[warn(unused_variables)]` (part of `#[warn(unused)]`) on by default
[INFO] [stdout] 
[INFO] [stdout] 
[INFO] [stdout] warning: unused variable: `proof_b`
[INFO] [stdout]    --> programs/ticket-booking/src/lib.rs:203:9
[INFO] [stdout]     |
[INFO] [stdout] 203 |         proof_b: [u8; 128],
[INFO] [stdout]     |         ^^^^^^^ help: if this is intentional, prefix it with an underscore: `_proof_b`
[INFO] [stdout] 
[INFO] [stdout] 
[INFO] [stdout] warning: unused variable: `proof_c`
[INFO] [stdout]    --> programs/ticket-booking/src/lib.rs:204:9
[INFO] [stdout]     |
[INFO] [stdout] 204 |         proof_c: [u8; 64],
[INFO] [stdout]     |         ^^^^^^^ help: if this is intentional, prefix it with an underscore: `_proof_c`
[INFO] [stdout] 
[INFO] [stdout] 
[INFO] [stdout] warning: module `ticket_Booking` should have a snake case name
[INFO] [stdout]   --> programs/ticket-booking/src/lib.rs:13:5
[INFO] [stdout]    |
[INFO] [stdout] 13 | mod ticket_Booking {
[INFO] [stdout]    |     ^^^^^^^^^^^^^^ help: convert the identifier to snake case: `ticket_booking`
[INFO] [stdout]    |
[INFO] [stdout]    = note: `#[warn(non_snake_case)]` (part of `#[warn(nonstandard_style)]`) on by default
[INFO] [stdout] 
[INFO] [stdout] 
[INFO] [stdout] error: couldn't read `/opt/rustwide/target/tmp/../deploy/ticket_booking.so`: No such file or directory (os error 2)
[INFO] [stdout]   --> programs/ticket-booking/tests/test_initialize.rs:25:17
[INFO] [stdout]    |
[INFO] [stdout] 25 |       let bytes = include_bytes!(concat!(
[INFO] [stdout]    |  _________________^
[INFO] [stdout] 26 | |         env!("CARGO_TARGET_TMPDIR"),
[INFO] [stdout] 27 | |         "/../deploy/ticket_booking.so"
[INFO] [stdout] 28 | |     ));
[INFO] [stdout]    | |______^
[INFO] [stdout] 
[INFO] [stdout] 
[INFO] [stdout] warning: unused variable: `proof_a`
[INFO] [stdout]    --> programs/ticket-booking/src/lib.rs:202:9
[INFO] [stdout]     |
[INFO] [stdout] 202 |         proof_a: [u8; 64], 
[INFO] [stdout]     |         ^^^^^^^ help: if this is intentional, prefix it with an underscore: `_proof_a`
[INFO] [stdout]     |
[INFO] [stdout]     = note: `#[warn(unused_variables)]` (part of `#[warn(unused)]`) on by default
[INFO] [stdout] 
[INFO] [stdout] 
[INFO] [stdout] warning: unused variable: `proof_b`
[INFO] [stdout]    --> programs/ticket-booking/src/lib.rs:203:9
[INFO] [stdout]     |
[INFO] [stdout] 203 |         proof_b: [u8; 128],
[INFO] [stdout]     |         ^^^^^^^ help: if this is intentional, prefix it with an underscore: `_proof_b`
[INFO] [stdout] 
[INFO] [stdout] 
[INFO] [stdout] warning: unused variable: `proof_c`
[INFO] [stdout]    --> programs/ticket-booking/src/lib.rs:204:9
[INFO] [stdout]     |
[INFO] [stdout] 204 |         proof_c: [u8; 64],
[INFO] [stdout]     |         ^^^^^^^ help: if this is intentional, prefix it with an underscore: `_proof_c`
[INFO] [stdout] 
[INFO] [stdout] 
[INFO] [stdout] error[E0433]: cannot find module or crate `solana_transaction` in this scope
[INFO] [stdout]   --> programs/ticket-booking/tests/test_initialize.rs:12:5
[INFO] [stdout]    |
[INFO] [stdout] 12 |     solana_transaction::versioned::VersionedTransaction,
[INFO] [stdout]    |     ^^^^^^^^^^^^^^^^^^ use of unresolved module or unlinked crate `solana_transaction`
[INFO] [stdout]    |
[INFO] [stdout]    = help: if you wanted to use a crate named `solana_transaction`, use `cargo add solana_transaction` to add it to your `Cargo.toml`
[INFO] [stdout] 
[INFO] [stdout] 
[INFO] [stdout] error[E0432]: unresolved imports `litesvm`, `solana_keypair`, `solana_message`, `solana_signer`
[INFO] [stdout]   --> programs/ticket-booking/tests/test_initialize.rs:8:5
[INFO] [stdout]    |
[INFO] [stdout]  8 |     litesvm::LiteSVM,
[INFO] [stdout]    |     ^^^^^^^ use of unresolved module or unlinked crate `litesvm`
[INFO] [stdout]  9 |     solana_keypair::Keypair,
[INFO] [stdout]    |     ^^^^^^^^^^^^^^ use of unresolved module or unlinked crate `solana_keypair`
[INFO] [stdout] 10 |     solana_message::{Message, VersionedMessage},
[INFO] [stdout]    |     ^^^^^^^^^^^^^^ use of unresolved module or unlinked crate `solana_message`
[INFO] [stdout] 11 |     solana_signer::Signer,
[INFO] [stdout]    |     ^^^^^^^^^^^^^ use of unresolved module or unlinked crate `solana_signer`
[INFO] [stdout]    |
[INFO] [stdout]    = help: if you wanted to use a crate named `litesvm`, use `cargo add litesvm` to add it to your `Cargo.toml`
[INFO] [stdout]    = help: if you wanted to use a crate named `solana_keypair`, use `cargo add solana_keypair` to add it to your `Cargo.toml`
[INFO] [stdout]    = help: if you wanted to use a crate named `solana_message`, use `cargo add solana_message` to add it to your `Cargo.toml`
[INFO] [stdout]    = help: if you wanted to use a crate named `solana_signer`, use `cargo add solana_signer` to add it to your `Cargo.toml`
[INFO] [stdout] 
[INFO] [stdout] 
[INFO] [stdout] warning: module `ticket_Booking` should have a snake case name
[INFO] [stdout]   --> programs/ticket-booking/src/lib.rs:13:5
[INFO] [stdout]    |
[INFO] [stdout] 13 | mod ticket_Booking {
[INFO] [stdout]    |     ^^^^^^^^^^^^^^ help: convert the identifier to snake case: `ticket_booking`
[INFO] [stdout]    |
[INFO] [stdout]    = note: `#[warn(non_snake_case)]` (part of `#[warn(nonstandard_style)]`) on by default
[INFO] [stdout] 
[INFO] [stdout] 
[INFO] [stdout] error[E0433]: cannot find `constants` in `ticket_booking`
[INFO] [stdout]   --> programs/ticket-booking/tests/test_initialize.rs:20:27
[INFO] [stdout]    |
[INFO] [stdout] 20 |         &[ticket_booking::constants::COUNTER_SEED],
[INFO] [stdout]    |                           ^^^^^^^^^ could not find `constants` in `ticket_booking`
[INFO] [stdout] 
[INFO] [stdout] 
[INFO] [stdout] error[E0433]: cannot find `Counter` in `state`
[INFO] [stdout]   --> programs/ticket-booking/tests/test_initialize.rs:52:48
[INFO] [stdout]    |
[INFO] [stdout] 52 |     let counter_state = ticket_booking::state::Counter::try_deserialize(&mut data).unwrap();
[INFO] [stdout]    |                                                ^^^^^^^ could not find `Counter` in `state`
[INFO] [stdout] 
[INFO] [stdout] 
[INFO] [stdout] error[E0433]: cannot find `Counter` in `state`
[INFO] [stdout]   --> programs/ticket-booking/tests/test_initialize.rs:75:48
[INFO] [stdout]    |
[INFO] [stdout] 75 |     let counter_state = ticket_booking::state::Counter::try_deserialize(&mut data).unwrap();
[INFO] [stdout]    |                                                ^^^^^^^ could not find `Counter` in `state`
[INFO] [stdout] 
[INFO] [stdout] 
[INFO] [stdout] error[E0422]: cannot find struct, variant or union type `Increment` in module `ticket_booking::instruction`
[INFO] [stdout]   --> programs/ticket-booking/tests/test_initialize.rs:58:39
[INFO] [stdout]    |
[INFO] [stdout] 58 |         &ticket_booking::instruction::Increment {}.data(),
[INFO] [stdout]    |                                       ^^^^^^^^^ not found in `ticket_booking::instruction`
[INFO] [stdout] 
[INFO] [stdout] 
[INFO] [stdout] error[E0422]: cannot find struct, variant or union type `Increment` in module `ticket_booking::accounts`
[INFO] [stdout]   --> programs/ticket-booking/tests/test_initialize.rs:59:35
[INFO] [stdout]    |
[INFO] [stdout] 59 |         ticket_booking::accounts::Increment {
[INFO] [stdout]    |                                   ^^^^^^^^^ not found in `ticket_booking::accounts`
[INFO] [stdout] 
[INFO] [stdout] 
[INFO] [stdout] warning: unused import: `AccountDeserialize`
[INFO] [stdout]  --> programs/ticket-booking/tests/test_initialize.rs:6:9
[INFO] [stdout]   |
[INFO] [stdout] 6 |         AccountDeserialize, InstructionData, ToAccountMetas,
[INFO] [stdout]   |         ^^^^^^^^^^^^^^^^^^
[INFO] [stdout]   |
[INFO] [stdout]   = note: `#[warn(unused_imports)]` (part of `#[warn(unused)]`) on by default
[INFO] [stdout] 
[INFO] [stdout] 
[INFO] [stdout] error[E0063]: missing field `sol_pri` in initializer of `ticket_booking::instruction::Initialize`
[INFO] [stdout]   --> programs/ticket-booking/tests/test_initialize.rs:34:10
[INFO] [stdout]    |
[INFO] [stdout] 34 |         &ticket_booking::instruction::Initialize {}.data(),
[INFO] [stdout]    |          ^^^^^^^^^^^^^^^^^^^^^^^^^^^^^^^^^^^^^^^ missing `sol_pri`
[INFO] [stdout] 
[INFO] [stdout] 
[INFO] [stdout] error[E0560]: struct `ticket_booking::accounts::Initialize` has no field named `payer`
[INFO] [stdout]   --> programs/ticket-booking/tests/test_initialize.rs:36:13
[INFO] [stdout]    |
[INFO] [stdout] 36 |             payer: payer.pubkey(),
[INFO] [stdout]    |             ^^^^^ `ticket_booking::accounts::Initialize` does not have this field
[INFO] [stdout]    |
[INFO] [stdout]    = note: available fields are: `user`, `x_mint`, `mint_authority`, `user_token_account`, `user_config` ... and 3 others
[INFO] [stdout] 
[INFO] [stdout] 
[INFO] [stdout] error[E0560]: struct `ticket_booking::accounts::Initialize` has no field named `counter`
[INFO] [stdout]   --> programs/ticket-booking/tests/test_initialize.rs:37:13
[INFO] [stdout]    |
[INFO] [stdout] 37 |             counter,
[INFO] [stdout]    |             ^^^^^^^ `ticket_booking::accounts::Initialize` does not have this field
[INFO] [stdout]    |
[INFO] [stdout]    = note: available fields are: `user`, `x_mint`, `mint_authority`, `user_token_account`, `user_config` ... and 3 others
[INFO] [stdout] 
[INFO] [stdout] 
[INFO] [stdout] Some errors have detailed explanations: E0063, E0422, E0432, E0433, E0560.
[INFO] [stdout] 
[INFO] [stdout] For more information about an error, try `rustc --explain E0063`.
[INFO] [stdout] 
[INFO] [stderr] error: could not compile `ticket-booking` (test "test_initialize") due to 11 previous errors; 1 warning emitted
[INFO] running `Command { std: "docker" "inspect" "8dbc96e9796268cb0d4a8819b76e997b4217f4463c8551eb6fd7e8d448a92452", kill_on_drop: false }`
[INFO] running `Command { std: "docker" "rm" "-f" "8dbc96e9796268cb0d4a8819b76e997b4217f4463c8551eb6fd7e8d448a92452", kill_on_drop: false }`
[INFO] [stdout] 8dbc96e9796268cb0d4a8819b76e997b4217f4463c8551eb6fd7e8d448a92452
