[INFO] cloning repository https://github.com/kvalen-code/recodex-client
[INFO] running `Command { std: "git" "-c" "credential.helper=" "-c" "credential.helper=/workspace/cargo-home/bin/git-credential-null" "clone" "--bare" "https://github.com/kvalen-code/recodex-client" "/workspace/cache/git-repos/https%3A%2F%2Fgithub.com%2Fkvalen-code%2Frecodex-client", kill_on_drop: false }`
[INFO] [stderr] Cloning into bare repository '/workspace/cache/git-repos/https%3A%2F%2Fgithub.com%2Fkvalen-code%2Frecodex-client'...
[INFO] running `Command { std: "git" "rev-parse" "HEAD", kill_on_drop: false }`
[INFO] [stdout] c6ec1385c0a77fe93e9ad767916a60d6b476b961
[INFO] checking kvalen-code/recodex-client against 3154cc1a3e6424e44f438a95007d043ed5ceaaf6 for pr-133502-30
[INFO] running `Command { std: "git" "clone" "/workspace/cache/git-repos/https%3A%2F%2Fgithub.com%2Fkvalen-code%2Frecodex-client" "/workspace/builds/worker-4-tc2/source", kill_on_drop: false }`
[INFO] [stderr] Cloning into '/workspace/builds/worker-4-tc2/source'...
[INFO] [stderr] done.
[INFO] removed /workspace/builds/worker-4-tc2/source/.cargo/config.toml
[INFO] started tweaking git repo https://github.com/kvalen-code/recodex-client
[INFO] finished tweaking git repo https://github.com/kvalen-code/recodex-client
[INFO] tweaked toml for git repo https://github.com/kvalen-code/recodex-client written to /workspace/builds/worker-4-tc2/source/Cargo.toml
[INFO] validating manifest of git repo https://github.com/kvalen-code/recodex-client on toolchain 3154cc1a3e6424e44f438a95007d043ed5ceaaf6
[INFO] running `Command { std: CARGO_HOME="/workspace/cargo-home" RUSTUP_HOME="/workspace/rustup-home" "/workspace/cargo-home/bin/cargo" "+3154cc1a3e6424e44f438a95007d043ed5ceaaf6" "metadata" "--manifest-path" "Cargo.toml" "--no-deps", kill_on_drop: false }`
[INFO] crate git repo https://github.com/kvalen-code/recodex-client already has a lockfile, it will not be regenerated
[INFO] running `Command { std: CARGO_HOME="/workspace/cargo-home" RUSTUP_HOME="/workspace/rustup-home" "/workspace/cargo-home/bin/cargo" "+3154cc1a3e6424e44f438a95007d043ed5ceaaf6" "fetch" "--manifest-path" "Cargo.toml", kill_on_drop: false }`
[INFO] [stderr] warning: unused workspace dependency `futures-util`
[INFO] [stderr]   --> Cargo.toml:11:1
[INFO] [stderr]    |
[INFO] [stderr] 11 | futures-util = "0.3"
[INFO] [stderr]    | ^^^^^^^^^^^^
[INFO] [stderr]    |
[INFO] [stderr]    = note: `cargo::unused_workspace_dependencies` is set to `warn` by default
[INFO] [stderr] help: consider removing the workspace dependency `futures-util`
[INFO] [stderr] warning: unused workspace dependency `url`
[INFO] [stderr]   --> Cargo.toml:18:1
[INFO] [stderr]    |
[INFO] [stderr] 18 | url = "2"
[INFO] [stderr]    | ^^^
[INFO] [stderr]    |
[INFO] [stderr] help: consider removing the workspace dependency `url`
[INFO] [stderr] warning: workspace (manifest) generated 2 warnings
[INFO] running `Command { std: "docker" "create" "-v" "/var/lib/crater-agent-workspace/builds/worker-4-tc2/source:/opt/rustwide/workdir:ro,Z" "-v" "/var/lib/crater-agent-workspace/builds/worker-4-tc2/target:/opt/rustwide/target:rw,Z" "-v" "/var/lib/crater-agent-workspace/cargo-home:/opt/rustwide/cargo-home:ro,Z" "-v" "/var/lib/crater-agent-workspace/rustup-home:/opt/rustwide/rustup-home:ro,Z" "-m" "1610612736" "--network" "none" "ghcr.io/rust-lang/crates-build-env/linux@sha256:77db811e55d90add9212f6832c23229e3de5f1c1f9905e8cb07319ea15df73ac" "sleep" "infinity", kill_on_drop: false }`
[INFO] [stdout] 124d362ebda671b095172cb3c00a9f540296f0f8ec468f92a5476f53f2b87f6b
[INFO] running `Command { std: "docker" "start" "124d362ebda671b095172cb3c00a9f540296f0f8ec468f92a5476f53f2b87f6b", kill_on_drop: false }`
[INFO] running `Command { std: "docker" "inspect" "124d362ebda671b095172cb3c00a9f540296f0f8ec468f92a5476f53f2b87f6b", kill_on_drop: false }`
[INFO] running `Command { std: "docker" "exec" "-e" "SOURCE_DIR=/opt/rustwide/workdir" "-e" "CARGO_HOME=/opt/rustwide/cargo-home" "-e" "RUSTUP_HOME=/opt/rustwide/rustup-home" "-e" "CARGO_TARGET_DIR=/opt/rustwide/target" "-w" "/opt/rustwide/workdir" "--user" "0:0" "124d362ebda671b095172cb3c00a9f540296f0f8ec468f92a5476f53f2b87f6b" "/opt/rustwide/cargo-home/bin/cargo" "+3154cc1a3e6424e44f438a95007d043ed5ceaaf6" "metadata" "--no-deps" "--format-version=1", kill_on_drop: false }`
[INFO] running `Command { std: "docker" "inspect" "124d362ebda671b095172cb3c00a9f540296f0f8ec468f92a5476f53f2b87f6b", kill_on_drop: false }`
[INFO] running `Command { std: "docker" "exec" "-e" "SOURCE_DIR=/opt/rustwide/workdir" "-e" "CARGO_HOME=/opt/rustwide/cargo-home" "-e" "RUSTUP_HOME=/opt/rustwide/rustup-home" "-e" "CARGO_TARGET_DIR=/opt/rustwide/target" "-e" "CARGO_INCREMENTAL=0" "-e" "RUST_BACKTRACE=full" "-e" "RUSTFLAGS=--cap-lints=forbid" "-e" "RUSTDOCFLAGS=--cap-lints=forbid" "-w" "/opt/rustwide/workdir" "--user" "0:0" "124d362ebda671b095172cb3c00a9f540296f0f8ec468f92a5476f53f2b87f6b" "/opt/rustwide/cargo-home/bin/cargo" "+3154cc1a3e6424e44f438a95007d043ed5ceaaf6" "check" "--frozen" "--all" "--all-targets" "--message-format=json", kill_on_drop: false }`
[INFO] [stderr] warning: unused workspace dependency `futures-util`
[INFO] [stderr]   --> Cargo.toml:11:1
[INFO] [stderr]    |
[INFO] [stderr] 11 | futures-util = "0.3"
[INFO] [stderr]    | ^^^^^^^^^^^^
[INFO] [stderr]    |
[INFO] [stderr]    = note: `cargo::unused_workspace_dependencies` is set to `warn` by default
[INFO] [stderr] help: consider removing the workspace dependency `futures-util`
[INFO] [stderr] warning: unused workspace dependency `url`
[INFO] [stderr]   --> Cargo.toml:18:1
[INFO] [stderr]    |
[INFO] [stderr] 18 | url = "2"
[INFO] [stderr]    | ^^^
[INFO] [stderr]    |
[INFO] [stderr] help: consider removing the workspace dependency `url`
[INFO] [stderr] warning: workspace (manifest) generated 2 warnings
[INFO] [stderr]    Compiling jobserver v0.1.35
[INFO] [stderr]    Compiling rustls v0.23.40
[INFO] [stderr]    Compiling serde_json v1.0.149
[INFO] [stderr]     Checking webpki-roots v1.0.7
[INFO] [stderr]     Checking simd-adler32 v0.3.9
[INFO] [stderr]     Checking rustls-pemfile v2.2.0
[INFO] [stderr]     Checking openssl-probe v0.1.6
[INFO] [stderr]     Checking winnow v0.5.40
[INFO] [stderr]     Checking typenum v1.20.0
[INFO] [stderr]     Checking rand_core v0.6.4
[INFO] [stderr]     Checking serde v1.0.228
[INFO] [stderr]     Checking zerofrom v0.1.8
[INFO] [stderr]     Checking tokio v1.52.3
[INFO] [stderr]     Checking futures-util v0.3.32
[INFO] [stderr]     Checking tracing-core v0.1.36
[INFO] [stderr]     Checking webpki-roots v0.26.11
[INFO] [stderr]     Checking bitflags v2.11.1
[INFO] [stderr]    Compiling thiserror-impl v2.0.18
[INFO] [stderr]    Compiling getrandom v0.4.2
[INFO] [stderr]    Compiling zstd-safe v7.2.4
[INFO] [stderr]     Checking yoke v0.8.2
[INFO] [stderr]     Checking rustls-native-certs v0.7.3
[INFO] [stderr]     Checking rustls-native-certs v0.8.4
[INFO] [stderr]    Compiling cc v1.2.62
[INFO] [stderr]     Checking rand v0.9.4
[INFO] [stderr]     Checking miniz_oxide v0.8.9
[INFO] [stderr]    Compiling zip v2.4.2
[INFO] [stderr]     Checking option-ext v0.2.0
[INFO] [stderr]     Checking zerovec v0.11.6
[INFO] [stderr]     Checking zerotrie v0.2.4
[INFO] [stderr]     Checking bumpalo v3.20.2
[INFO] [stderr]     Checking dirs-sys v0.5.0
[INFO] [stderr]     Checking chrono v0.4.44
[INFO] [stderr]     Checking tracing v0.1.44
[INFO] [stderr]     Checking directories v6.0.0
[INFO] [stderr]     Checking uuid v1.23.1
[INFO] [stderr]     Checking zopfli v0.8.3
[INFO] [stderr]     Checking fs2 v0.4.3
[INFO] [stderr]     Checking qrcode v0.14.1
[INFO] [stderr]    Compiling rustix v1.1.4
[INFO] [stderr]     Checking toml_datetime v0.6.11
[INFO] [stderr]     Checking flate2 v1.1.9
[INFO] [stderr]     Checking serde_spanned v0.6.9
[INFO] [stderr]     Checking serde_urlencoded v0.7.1
[INFO] [stderr]     Checking toml_edit v0.22.27
[INFO] [stderr]     Checking linux-raw-sys v0.12.1
[INFO] [stderr]     Checking tinystr v0.8.3
[INFO] [stderr]     Checking potential_utf v0.1.5
[INFO] [stderr]     Checking aho-corasick v1.1.4
[INFO] [stderr]     Checking num_cpus v1.17.0
[INFO] [stderr]     Checking deadpool-runtime v0.1.4
[INFO] [stderr]    Compiling serde_core v1.0.228
[INFO] [stderr]     Checking thiserror v2.0.18
[INFO] [stderr]     Checking icu_locale_core v2.2.0
[INFO] [stderr]     Checking icu_collections v2.2.0
[INFO] [stderr]    Compiling winnow v1.0.3
[INFO] [stderr]     Checking assert-json-diff v2.0.2
[INFO] [stderr]    Compiling toml_parser v1.1.2+spec-1.1.0
[INFO] [stderr]    Compiling ring v0.17.14
[INFO] [stderr]    Compiling zstd-sys v2.0.16+zstd.1.5.7
[INFO] [stderr]    Compiling libsqlite3-sys v0.30.1
[INFO] [stderr]     Checking generic-array v0.14.7
[INFO] [stderr]     Checking icu_provider v2.2.0
[INFO] [stderr]     Checking regex-automata v0.4.14
[INFO] [stderr]     Checking icu_properties v2.2.0
[INFO] [stderr]     Checking icu_normalizer v2.2.0
[INFO] [stderr]     Checking crypto-common v0.1.7
[INFO] [stderr]     Checking block-buffer v0.10.4
[INFO] [stderr]     Checking digest v0.10.7
[INFO] [stderr]     Checking toml_edit v0.20.2
[INFO] [stderr]     Checking inout v0.1.4
[INFO] [stderr]     Checking universal-hash v0.5.1
[INFO] [stderr]     Checking cipher v0.4.4
[INFO] [stderr]     Checking polyval v0.6.2
[INFO] [stderr]     Checking sha1 v0.10.6
[INFO] [stderr]     Checking ctr v0.9.2
[INFO] [stderr]     Checking aes v0.8.4
[INFO] [stderr]     Checking ghash v0.5.1
[INFO] [stderr]     Checking aead v0.5.2
[INFO] [stderr]     Checking sha2 v0.10.9
[INFO] [stderr]     Checking tempfile v3.27.0
[INFO] [stderr]     Checking aes-gcm v0.10.3
[INFO] [stderr]     Checking idna_adapter v1.2.2
[INFO] [stderr]     Checking idna v1.1.0
[INFO] [stderr]     Checking futures-executor v0.3.32
[INFO] [stderr]     Checking url v2.5.8
[INFO] [stderr]     Checking futures v0.3.32
[INFO] [stderr]    Compiling serde_spanned v1.1.1
[INFO] [stderr]    Compiling toml_datetime v1.1.1+spec-1.1.0
[INFO] [stderr]    Compiling toml v1.1.2+spec-1.1.0
[INFO] [stderr]     Checking regex v1.12.3
[INFO] [stderr]     Checking toml v0.8.2
[INFO] [stderr]    Compiling winresource v0.1.31
[INFO] [stderr]    Compiling codex-plus-launcher v1.3.17 (/opt/rustwide/workdir/apps/codex-plus-launcher)
[INFO] [stderr]     Checking rustls-webpki v0.103.13
[INFO] [stderr]     Checking tokio-util v0.7.18
[INFO] [stderr]     Checking tower v0.5.3
[INFO] [stderr]     Checking deadpool v0.12.3
[INFO] [stderr]     Checking tower-http v0.6.10
[INFO] [stderr]     Checking h2 v0.4.16
[INFO] [stderr]     Checking zstd v0.13.3
[INFO] [stderr]     Checking hyper v1.9.0
[INFO] [stderr]     Checking ureq v2.12.1
[INFO] [stderr]     Checking tokio-rustls v0.26.4
[INFO] [stderr]     Checking tungstenite v0.26.2
[INFO] [stderr]     Checking recodex-integration v1.3.17 (/opt/rustwide/workdir/crates/recodex-integration)
[INFO] [stderr]     Checking tokio-tungstenite v0.26.2
[INFO] [stderr]     Checking hyper-util v0.1.20
[INFO] [stdout] warning: constant `ENV_SANDBOX` is never used
[INFO] [stdout]     --> crates/recodex-integration/src/codexcfg.rs:1322:7
[INFO] [stdout]      |
[INFO] [stdout] 1322 | const ENV_SANDBOX: &str = "RECODEX_ENV_SANDBOX";
[INFO] [stdout]      |       ^^^^^^^^^^^
[INFO] [stdout]      |
[INFO] [stdout]      = note: `#[warn(dead_code)]` (part of `#[warn(unused)]`) on by default
[INFO] [stdout] 
[INFO] [stdout] 
[INFO] [stdout] warning: function `env_sandbox_path` is never used
[INFO] [stdout]     --> crates/recodex-integration/src/codexcfg.rs:1324:4
[INFO] [stdout]      |
[INFO] [stdout] 1324 | fn env_sandbox_path(name: &str) -> Option<PathBuf> {
[INFO] [stdout]      |    ^^^^^^^^^^^^^^^^
[INFO] [stdout] 
[INFO] [stdout] 
[INFO] [stdout] warning: function `macos_launch_agent_label` is never used
[INFO] [stdout]     --> crates/recodex-integration/src/codexcfg.rs:1477:15
[INFO] [stdout]      |
[INFO] [stdout] 1477 | pub(crate) fn macos_launch_agent_label(name: &str) -> String {
[INFO] [stdout]      |               ^^^^^^^^^^^^^^^^^^^^^^^^
[INFO] [stdout] 
[INFO] [stdout] 
[INFO] [stdout] warning: function `macos_launch_agent_plist` is never used
[INFO] [stdout]     --> crates/recodex-integration/src/codexcfg.rs:1506:15
[INFO] [stdout]      |
[INFO] [stdout] 1506 | pub(crate) fn macos_launch_agent_plist(name: &str, value: &str) -> String {
[INFO] [stdout]      |               ^^^^^^^^^^^^^^^^^^^^^^^^
[INFO] [stdout] 
[INFO] [stdout] 
[INFO] [stdout] warning: function `macos_launch_agent_path_in` is never used
[INFO] [stdout]     --> crates/recodex-integration/src/codexcfg.rs:1532:15
[INFO] [stdout]      |
[INFO] [stdout] 1532 | pub(crate) fn macos_launch_agent_path_in(home: &Path, name: &str) -> PathBuf {
[INFO] [stdout]      |               ^^^^^^^^^^^^^^^^^^^^^^^^^^
[INFO] [stdout] 
[INFO] [stdout] 
[INFO] [stdout] warning: function `escape_xml` is never used
[INFO] [stdout]     --> crates/recodex-integration/src/codexcfg.rs:1540:4
[INFO] [stdout]      |
[INFO] [stdout] 1540 | fn escape_xml(value: &str) -> String {
[INFO] [stdout]      |    ^^^^^^^^^^
[INFO] [stdout] 
[INFO] [stdout] 
[INFO] [stdout] warning: struct `CredentialPayload` is never constructed
[INFO] [stdout]   --> crates/recodex-integration/src/credential.rs:66:8
[INFO] [stdout]    |
[INFO] [stdout] 66 | struct CredentialPayload {
[INFO] [stdout]    |        ^^^^^^^^^^^^^^^^^
[INFO] [stdout] 
[INFO] [stdout] 
[INFO] [stdout] warning: associated items `to_payload` and `from_payload` are never used
[INFO] [stdout]   --> crates/recodex-integration/src/credential.rs:72:8
[INFO] [stdout]    |
[INFO] [stdout] 71 | impl StoredCredentials {
[INFO] [stdout]    | ---------------------- associated items in this implementation
[INFO] [stdout] 72 |     fn to_payload(&self) -> CredentialPayload {
[INFO] [stdout]    |        ^^^^^^^^^^
[INFO] [stdout] ...
[INFO] [stdout] 82 |     fn from_payload(payload: CredentialPayload) -> Result<Self, CredentialError> {
[INFO] [stdout]    |        ^^^^^^^^^^^^
[INFO] [stdout] 
[INFO] [stdout] 
[INFO] [stdout] warning: constant `ENV_SANDBOX` is never used
[INFO] [stdout]     --> crates/recodex-integration/src/codexcfg.rs:1322:7
[INFO] [stdout]      |
[INFO] [stdout] 1322 | const ENV_SANDBOX: &str = "RECODEX_ENV_SANDBOX";
[INFO] [stdout]      |       ^^^^^^^^^^^
[INFO] [stdout]      |
[INFO] [stdout]      = note: `#[warn(dead_code)]` (part of `#[warn(unused)]`) on by default
[INFO] [stdout] 
[INFO] [stdout] 
[INFO] [stdout] warning: function `env_sandbox_path` is never used
[INFO] [stdout]     --> crates/recodex-integration/src/codexcfg.rs:1324:4
[INFO] [stdout]      |
[INFO] [stdout] 1324 | fn env_sandbox_path(name: &str) -> Option<PathBuf> {
[INFO] [stdout]      |    ^^^^^^^^^^^^^^^^
[INFO] [stdout] 
[INFO] [stdout] 
[INFO] [stdout] warning: struct `CredentialPayload` is never constructed
[INFO] [stdout]   --> crates/recodex-integration/src/credential.rs:66:8
[INFO] [stdout]    |
[INFO] [stdout] 66 | struct CredentialPayload {
[INFO] [stdout]    |        ^^^^^^^^^^^^^^^^^
[INFO] [stdout] 
[INFO] [stdout] 
[INFO] [stdout] warning: associated items `to_payload` and `from_payload` are never used
[INFO] [stdout]   --> crates/recodex-integration/src/credential.rs:72:8
[INFO] [stdout]    |
[INFO] [stdout] 71 | impl StoredCredentials {
[INFO] [stdout]    | ---------------------- associated items in this implementation
[INFO] [stdout] 72 |     fn to_payload(&self) -> CredentialPayload {
[INFO] [stdout]    |        ^^^^^^^^^^
[INFO] [stdout] ...
[INFO] [stdout] 82 |     fn from_payload(payload: CredentialPayload) -> Result<Self, CredentialError> {
[INFO] [stdout]    |        ^^^^^^^^^^^^
[INFO] [stdout] 
[INFO] [stdout] 
[INFO] [stdout] warning: struct `CredentialPayload` is never constructed
[INFO] [stdout]   --> crates/recodex-integration/tests/../src/credential.rs:66:8
[INFO] [stdout]    |
[INFO] [stdout] 66 | struct CredentialPayload {
[INFO] [stdout]    |        ^^^^^^^^^^^^^^^^^
[INFO] [stdout]    |
[INFO] [stdout]    = note: `#[warn(dead_code)]` (part of `#[warn(unused)]`) on by default
[INFO] [stdout] 
[INFO] [stdout] 
[INFO] [stdout] warning: associated items `to_payload` and `from_payload` are never used
[INFO] [stdout]   --> crates/recodex-integration/tests/../src/credential.rs:72:8
[INFO] [stdout]    |
[INFO] [stdout] 71 | impl StoredCredentials {
[INFO] [stdout]    | ---------------------- associated items in this implementation
[INFO] [stdout] 72 |     fn to_payload(&self) -> CredentialPayload {
[INFO] [stdout]    |        ^^^^^^^^^^
[INFO] [stdout] ...
[INFO] [stdout] 82 |     fn from_payload(payload: CredentialPayload) -> Result<Self, CredentialError> {
[INFO] [stdout]    |        ^^^^^^^^^^^^
[INFO] [stdout] 
[INFO] [stdout] 
[INFO] [stderr]     Checking rusqlite v0.32.1
[INFO] [stderr]     Checking hyper-rustls v0.27.9
[INFO] [stderr]     Checking wiremock v0.6.5
[INFO] [stderr]     Checking reqwest v0.12.28
[INFO] [stderr]     Checking codex-plus-core v1.3.17 (/opt/rustwide/workdir/crates/codex-plus-core)
[INFO] [stdout] warning: duplicated attribute
[INFO] [stdout]    --> crates/codex-plus-core/src/connect/mod.rs:503:5
[INFO] [stdout]     |
[INFO] [stdout] 503 |     #[test]
[INFO] [stdout]     |     ^^^^^^^
[INFO] [stdout]     |
[INFO] [stdout]     = note: `#[warn(duplicate_macro_attributes)]` on by default
[INFO] [stdout] 
[INFO] [stdout] 
[INFO] [stdout] error[E0425]: cannot find function `terminate_macos_process` in this scope
[INFO] [stdout]    --> crates/codex-plus-core/src/watcher.rs:888:17
[INFO] [stdout]     |
[INFO] [stdout] 888 |         let _ = terminate_macos_process(process_id);
[INFO] [stdout]     |                 ^^^^^^^^^^^^^^^^^^^^^^^ not found in this scope
[INFO] [stdout] 
[INFO] [stdout] 
[INFO] [stdout] error[E0425]: cannot find function `terminate_macos_process` in this scope
[INFO] [stdout]    --> crates/codex-plus-core/src/watcher.rs:908:17
[INFO] [stdout]     |
[INFO] [stdout] 908 |         let _ = terminate_macos_process(process_id);
[INFO] [stdout]     |                 ^^^^^^^^^^^^^^^^^^^^^^^ not found in this scope
[INFO] [stdout] 
[INFO] [stdout] 
[INFO] [stdout] error[E0425]: cannot find function `terminate_macos_process` in this scope
[INFO] [stdout]    --> crates/codex-plus-core/src/watcher.rs:888:17
[INFO] [stdout]     |
[INFO] [stdout] 888 |         let _ = terminate_macos_process(process_id);
[INFO] [stdout]     |                 ^^^^^^^^^^^^^^^^^^^^^^^ not found in this scope
[INFO] [stdout] 
[INFO] [stdout] 
[INFO] [stdout] error[E0425]: cannot find function `terminate_macos_process` in this scope
[INFO] [stdout]    --> crates/codex-plus-core/src/watcher.rs:908:17
[INFO] [stdout]     |
[INFO] [stdout] 908 |         let _ = terminate_macos_process(process_id);
[INFO] [stdout]     |                 ^^^^^^^^^^^^^^^^^^^^^^^ not found in this scope
[INFO] [stdout] 
[INFO] [stdout] 
[INFO] [stdout] For more information about this error, try `rustc --explain E0425`.
[INFO] [stdout] 
[INFO] [stderr] error: could not compile `codex-plus-core` (lib) due to 2 previous errors
[INFO] [stderr] warning: build failed, waiting for other jobs to finish...
[INFO] [stdout] For more information about this error, try `rustc --explain E0425`.
[INFO] [stdout] 
[INFO] [stderr] error: could not compile `codex-plus-core` (lib test) due to 2 previous errors; 1 warning emitted
[INFO] [stderr] warning: unused dependency `aes-gcm`
[INFO] [stderr]   --> crates/codex-plus-core/Cargo.toml:10:1
[INFO] [stderr]    |
[INFO] [stderr] 10 | aes-gcm.workspace = true
[INFO] [stderr]    | ^^^^^^^
[INFO] [stderr]    |
[INFO] [stderr]    = note: `cargo::unused_dependencies` is set to `warn` by default
[INFO] [stderr] help: consider removing the dependency on `aes-gcm`
[INFO] [stderr] warning: `codex-plus-core` (manifest) generated 1 warning
[INFO] running `Command { std: "docker" "inspect" "124d362ebda671b095172cb3c00a9f540296f0f8ec468f92a5476f53f2b87f6b", kill_on_drop: false }`
[INFO] running `Command { std: "docker" "rm" "-f" "124d362ebda671b095172cb3c00a9f540296f0f8ec468f92a5476f53f2b87f6b", kill_on_drop: false }`
[INFO] [stdout] 124d362ebda671b095172cb3c00a9f540296f0f8ec468f92a5476f53f2b87f6b
