[INFO] cloning repository https://github.com/kurtbuilds/just-next
[INFO] running `Command { std: "git" "-c" "credential.helper=" "-c" "credential.helper=/workspace/cargo-home/bin/git-credential-null" "clone" "--bare" "https://github.com/kurtbuilds/just-next" "/workspace/cache/git-repos/https%3A%2F%2Fgithub.com%2Fkurtbuilds%2Fjust-next", kill_on_drop: false }`
[INFO] [stderr] Cloning into bare repository '/workspace/cache/git-repos/https%3A%2F%2Fgithub.com%2Fkurtbuilds%2Fjust-next'...
[INFO] running `Command { std: "git" "rev-parse" "HEAD", kill_on_drop: false }`
[INFO] [stdout] d68f367afba158a50dc312ae146a4f01b0401b73
[INFO] checking kurtbuilds/just-next against 3154cc1a3e6424e44f438a95007d043ed5ceaaf6 for pr-133502-30
[INFO] running `Command { std: "git" "clone" "/workspace/cache/git-repos/https%3A%2F%2Fgithub.com%2Fkurtbuilds%2Fjust-next" "/workspace/builds/worker-4-tc2/source", kill_on_drop: false }`
[INFO] [stderr] Cloning into '/workspace/builds/worker-4-tc2/source'...
[INFO] [stderr] done.
[INFO] started tweaking git repo https://github.com/kurtbuilds/just-next
[INFO] removed 0 missing tests
[INFO] finished tweaking git repo https://github.com/kurtbuilds/just-next
[INFO] tweaked toml for git repo https://github.com/kurtbuilds/just-next written to /workspace/builds/worker-4-tc2/source/Cargo.toml
[INFO] validating manifest of git repo https://github.com/kurtbuilds/just-next on toolchain 3154cc1a3e6424e44f438a95007d043ed5ceaaf6
[INFO] running `Command { std: CARGO_HOME="/workspace/cargo-home" RUSTUP_HOME="/workspace/rustup-home" "/workspace/cargo-home/bin/cargo" "+3154cc1a3e6424e44f438a95007d043ed5ceaaf6" "metadata" "--manifest-path" "Cargo.toml" "--no-deps", kill_on_drop: false }`
[INFO] crate git repo https://github.com/kurtbuilds/just-next already has a lockfile, it will not be regenerated
[INFO] running `Command { std: CARGO_HOME="/workspace/cargo-home" RUSTUP_HOME="/workspace/rustup-home" "/workspace/cargo-home/bin/cargo" "+3154cc1a3e6424e44f438a95007d043ed5ceaaf6" "fetch" "--manifest-path" "Cargo.toml", kill_on_drop: false }`
[INFO] [stderr] warning: crates/just-v1/Cargo.toml: `lints.clippy.format-push-string` is deprecated in favor of `lints.clippy.format_push_string` and will not work in a future edition
[INFO] [stderr] warning: `package.homepage` is redundant with `package.repository`
[INFO] [stderr]   --> crates/just-v1/Cargo.toml:24:12
[INFO] [stderr]    |
[INFO] [stderr] 24 | homepage = "https://github.com/casey/just"
[INFO] [stderr]    |            ^^^^^^^^^^^^^^^^^^^^^^^^^^^^^^^
[INFO] [stderr] 25 | license = "CC0-1.0"
[INFO] [stderr] 26 | repository = "https://github.com/casey/just"
[INFO] [stderr]    |              -------------------------------
[INFO] [stderr]    |
[INFO] [stderr]    = note: `cargo::redundant_homepage` is set to `warn` by default
[INFO] [stderr] help: consider removing `package.homepage`
[INFO] [stderr] warning: `just` (manifest) generated 2 warnings
[INFO] running `Command { std: "docker" "create" "-v" "/var/lib/crater-agent-workspace/builds/worker-4-tc2/source:/opt/rustwide/workdir:ro,Z" "-v" "/var/lib/crater-agent-workspace/builds/worker-4-tc2/target:/opt/rustwide/target:rw,Z" "-v" "/var/lib/crater-agent-workspace/cargo-home:/opt/rustwide/cargo-home:ro,Z" "-v" "/var/lib/crater-agent-workspace/rustup-home:/opt/rustwide/rustup-home:ro,Z" "-m" "1610612736" "--network" "none" "ghcr.io/rust-lang/crates-build-env/linux@sha256:77db811e55d90add9212f6832c23229e3de5f1c1f9905e8cb07319ea15df73ac" "sleep" "infinity", kill_on_drop: false }`
[INFO] [stdout] 44fb7cb398167a07035aff0a1cde5de28d5b8c54a790966bf2f88b479bb03cfb
[INFO] running `Command { std: "docker" "start" "44fb7cb398167a07035aff0a1cde5de28d5b8c54a790966bf2f88b479bb03cfb", kill_on_drop: false }`
[INFO] running `Command { std: "docker" "inspect" "44fb7cb398167a07035aff0a1cde5de28d5b8c54a790966bf2f88b479bb03cfb", kill_on_drop: false }`
[INFO] running `Command { std: "docker" "exec" "-e" "SOURCE_DIR=/opt/rustwide/workdir" "-e" "CARGO_HOME=/opt/rustwide/cargo-home" "-e" "RUSTUP_HOME=/opt/rustwide/rustup-home" "-e" "CARGO_TARGET_DIR=/opt/rustwide/target" "-w" "/opt/rustwide/workdir" "--user" "0:0" "44fb7cb398167a07035aff0a1cde5de28d5b8c54a790966bf2f88b479bb03cfb" "/opt/rustwide/cargo-home/bin/cargo" "+3154cc1a3e6424e44f438a95007d043ed5ceaaf6" "metadata" "--no-deps" "--format-version=1", kill_on_drop: false }`
[INFO] running `Command { std: "docker" "inspect" "44fb7cb398167a07035aff0a1cde5de28d5b8c54a790966bf2f88b479bb03cfb", kill_on_drop: false }`
[INFO] running `Command { std: "docker" "exec" "-e" "SOURCE_DIR=/opt/rustwide/workdir" "-e" "CARGO_HOME=/opt/rustwide/cargo-home" "-e" "RUSTUP_HOME=/opt/rustwide/rustup-home" "-e" "CARGO_TARGET_DIR=/opt/rustwide/target" "-e" "CARGO_INCREMENTAL=0" "-e" "RUST_BACKTRACE=full" "-e" "RUSTFLAGS=--cap-lints=forbid" "-e" "RUSTDOCFLAGS=--cap-lints=forbid" "-w" "/opt/rustwide/workdir" "--user" "0:0" "44fb7cb398167a07035aff0a1cde5de28d5b8c54a790966bf2f88b479bb03cfb" "/opt/rustwide/cargo-home/bin/cargo" "+3154cc1a3e6424e44f438a95007d043ed5ceaaf6" "check" "--frozen" "--all" "--all-targets" "--message-format=json", kill_on_drop: false }`
[INFO] [stderr] warning: crates/just-v1/Cargo.toml: `lints.clippy.format-push-string` is deprecated in favor of `lints.clippy.format_push_string` and will not work in a future edition
[INFO] [stderr] warning: `package.homepage` is redundant with `package.repository`
[INFO] [stderr]   --> crates/just-v1/Cargo.toml:24:12
[INFO] [stderr]    |
[INFO] [stderr] 24 | homepage = "https://github.com/casey/just"
[INFO] [stderr]    |            ^^^^^^^^^^^^^^^^^^^^^^^^^^^^^^^
[INFO] [stderr] 25 | license = "CC0-1.0"
[INFO] [stderr] 26 | repository = "https://github.com/casey/just"
[INFO] [stderr]    |              -------------------------------
[INFO] [stderr]    |
[INFO] [stderr]    = note: `cargo::redundant_homepage` is set to `warn` by default
[INFO] [stderr] help: consider removing `package.homepage`
[INFO] [stderr] warning: `just` (manifest) generated 2 warnings
[INFO] [stderr]    Compiling libc v0.2.186
[INFO] [stderr]     Checking bitflags v2.13.1
[INFO] [stderr]    Compiling rustix v1.1.4
[INFO] [stderr]    Compiling serde_core v1.0.229
[INFO] [stderr]    Compiling crossbeam-epoch v0.9.20
[INFO] [stderr]    Compiling syn v2.0.119
[INFO] [stderr]    Compiling crossbeam-deque v0.8.7
[INFO] [stderr]    Compiling syn v3.0.0
[INFO] [stderr]    Compiling cc v1.3.0
[INFO] [stderr]    Compiling rayon-core v1.13.0
[INFO] [stderr]    Compiling cfg_aliases v0.2.2
[INFO] [stderr]    Compiling serde v1.0.229
[INFO] [stderr]    Compiling object v0.37.3
[INFO] [stderr]     Checking digest v0.11.3
[INFO] [stderr]    Compiling num-traits v0.2.19
[INFO] [stderr]     Checking aho-corasick v1.1.4
[INFO] [stderr]    Compiling camino v1.2.4
[INFO] [stderr]     Checking unicode-width v0.2.2
[INFO] [stderr]    Compiling nix v0.31.3
[INFO] [stderr]     Checking gimli v0.32.3
[INFO] [stderr]    Compiling serde_json v1.0.150
[INFO] [stderr]    Compiling pulldown-cmark v0.13.4
[INFO] [stderr]     Checking miniz_oxide v0.8.9
[INFO] [stderr]    Compiling just v1.57.0 (/opt/rustwide/workdir/crates/just-v1)
[INFO] [stderr]     Checking arrayvec v0.7.8
[INFO] [stderr]     Checking roff v1.1.1
[INFO] [stderr]    Compiling owo-colors v4.3.0
[INFO] [stderr]     Checking is_executable v1.0.6
[INFO] [stderr]     Checking once_cell v1.21.4
[INFO] [stderr]     Checking unicode-segmentation v1.13.3
[INFO] [stderr]     Checking rustc-demangle v0.1.28
[INFO] [stderr]     Checking shlex v2.0.1
[INFO] [stderr]     Checking sha2 v0.11.0
[INFO] [stderr]     Checking digest-io v0.1.0
[INFO] [stderr]     Checking heck v0.5.0
[INFO] [stderr]     Checking similar v3.1.1
[INFO] [stderr]     Checking unicode-linebreak v0.1.5
[INFO] [stderr]     Checking hex v0.4.3
[INFO] [stderr]     Checking typed-arena v2.0.2
[INFO] [stderr]     Checking is_ci v1.2.0
[INFO] [stderr]     Checking supports-color v3.0.2
[INFO] [stderr]     Checking chrono v0.4.45
[INFO] [stderr]     Checking supports-hyperlinks v3.2.0
[INFO] [stderr]     Checking textwrap v0.16.2
[INFO] [stderr]     Checking supports-unicode v3.0.0
[INFO] [stderr]     Checking unicode-width v0.1.14
[INFO] [stderr]     Checking regex-automata v0.4.16
[INFO] [stderr]     Checking diff v0.1.13
[INFO] [stderr]     Checking yansi v1.0.1
[INFO] [stderr]    Compiling blake3 v1.8.5
[INFO] [stderr]     Checking pretty_assertions v1.4.1
[INFO] [stderr]    Compiling serde_derive v1.0.229
[INFO] [stderr]     Checking getrandom v0.4.3
[INFO] [stderr]     Checking dirs-sys v0.5.0
[INFO] [stderr]     Checking memmap2 v0.9.11
[INFO] [stderr]     Checking num_cpus v1.17.0
[INFO] [stderr]     Checking which v8.0.5
[INFO] [stderr]     Checking dirs v6.0.0
[INFO] [stderr]     Checking uuid v1.24.0
[INFO] [stderr]     Checking rand v0.10.2
[INFO] [stderr]     Checking shellexpand v3.1.2
[INFO] [stderr]     Checking terminal_size v0.4.4
[INFO] [stderr]     Checking tempfile v3.27.0
[INFO] [stderr]     Checking clap_builder v4.6.2
[INFO] [stderr]     Checking addr2line v0.25.1
[INFO] [stderr]    Compiling clap_derive v4.6.1
[INFO] [stderr]    Compiling snafu-derive v0.9.1
[INFO] [stderr]    Compiling strum_macros v0.28.0
[INFO] [stderr]    Compiling miette-derive v7.6.0
[INFO] [stderr]    Compiling thiserror-impl v1.0.69
[INFO] [stderr]     Checking regex v1.13.1
[INFO] [stderr]     Checking thiserror v1.0.69
[INFO] [stderr]     Checking backtrace v0.3.76
[INFO] [stderr]     Checking backtrace-ext v0.2.1
[INFO] [stderr]     Checking miette v7.6.0
[INFO] [stderr]     Checking clap v4.6.2
[INFO] [stderr]     Checking clap_complete v4.6.7
[INFO] [stderr]     Checking clap_mangen v0.3.0
[INFO] [stderr]     Checking snafu v0.9.1
[INFO] [stderr]     Checking strum v0.28.0
[INFO] [stdout] error[E0432]: unresolved import `pretty_assertions`
[INFO] [stdout]  --> crates/just-v1/src/testing.rs:1:16
[INFO] [stdout]   |
[INFO] [stdout] 1 | use {super::*, pretty_assertions::assert_eq};
[INFO] [stdout]   |                ^^^^^^^^^^^^^^^^^ use of unresolved module or unlinked crate `pretty_assertions`
[INFO] [stdout]   |
[INFO] [stdout]   = help: if you wanted to use a crate named `pretty_assertions`, use `cargo add pretty_assertions` to add it to your `Cargo.toml`
[INFO] [stdout] 
[INFO] [stdout] 
[INFO] [stdout] error[E0432]: unresolved import `pretty_assertions`
[INFO] [stdout]    --> crates/just-v1/src/config.rs:405:5
[INFO] [stdout]     |
[INFO] [stdout] 405 |     pretty_assertions::assert_eq,
[INFO] [stdout]     |     ^^^^^^^^^^^^^^^^^ use of unresolved module or unlinked crate `pretty_assertions`
[INFO] [stdout]     |
[INFO] [stdout]     = help: if you wanted to use a crate named `pretty_assertions`, use `cargo add pretty_assertions` to add it to your `Cargo.toml`
[INFO] [stdout] 
[INFO] [stdout] 
[INFO] [stdout] error[E0432]: unresolved import `pretty_assertions`
[INFO] [stdout]   --> crates/just-v1/src/positional.rs:85:7
[INFO] [stdout]    |
[INFO] [stdout] 85 |   use pretty_assertions::assert_eq;
[INFO] [stdout]    |       ^^^^^^^^^^^^^^^^^ use of unresolved module or unlinked crate `pretty_assertions`
[INFO] [stdout]    |
[INFO] [stdout]    = help: if you wanted to use a crate named `pretty_assertions`, use `cargo add pretty_assertions` to add it to your `Cargo.toml`
[INFO] [stdout] 
[INFO] [stdout] 
[INFO] [stdout] error[E0432]: unresolved import `pretty_assertions`
[INFO] [stdout]    --> crates/just-v1/src/lexer.rs:907:7
[INFO] [stdout]     |
[INFO] [stdout] 907 |   use pretty_assertions::assert_eq;
[INFO] [stdout]     |       ^^^^^^^^^^^^^^^^^ use of unresolved module or unlinked crate `pretty_assertions`
[INFO] [stdout]     |
[INFO] [stdout]     = help: if you wanted to use a crate named `pretty_assertions`, use `cargo add pretty_assertions` to add it to your `Cargo.toml`
[INFO] [stdout] 
[INFO] [stdout] 
[INFO] [stdout] error[E0432]: unresolved import `pretty_assertions`
[INFO] [stdout]     --> crates/just-v1/src/parser.rs:1879:39
[INFO] [stdout]      |
[INFO] [stdout] 1879 |   use {super::*, CompileErrorKind::*, pretty_assertions::assert_eq};
[INFO] [stdout]      |                                       ^^^^^^^^^^^^^^^^^ use of unresolved module or unlinked crate `pretty_assertions`
[INFO] [stdout]      |
[INFO] [stdout]      = help: if you wanted to use a crate named `pretty_assertions`, use `cargo add pretty_assertions` to add it to your `Cargo.toml`
[INFO] [stdout] 
[INFO] [stdout] 
[INFO] [stdout] warning: unused imports: `ContextKind` and `ContextValue`
[INFO] [stdout]    --> crates/just-v1/src/config.rs:404:19
[INFO] [stdout]     |
[INFO] [stdout] 404 |     clap::error::{ContextKind, ContextValue},
[INFO] [stdout]     |                   ^^^^^^^^^^^  ^^^^^^^^^^^^
[INFO] [stdout]     |
[INFO] [stdout]     = note: `#[warn(unused_imports)]` (part of `#[warn(unused)]`) on by default
[INFO] [stdout] 
[INFO] [stdout] 
[INFO] [stdout] warning: unused import: `super::*`
[INFO] [stdout]   --> crates/just-v1/src/positional.rs:83:7
[INFO] [stdout]    |
[INFO] [stdout] 83 |   use super::*;
[INFO] [stdout]    |       ^^^^^^^^
[INFO] [stdout] 
[INFO] [stdout] 
[INFO] [stderr]     Checking just-next v1.57.0 (/opt/rustwide/workdir)
[INFO] [stdout] For more information about this error, try `rustc --explain E0432`.
[INFO] [stdout] 
[INFO] [stderr] error: could not compile `just` (lib test) due to 5 previous errors; 2 warnings emitted
[INFO] [stderr] warning: build failed, waiting for other jobs to finish...
[INFO] running `Command { std: "docker" "inspect" "44fb7cb398167a07035aff0a1cde5de28d5b8c54a790966bf2f88b479bb03cfb", kill_on_drop: false }`
[INFO] running `Command { std: "docker" "rm" "-f" "44fb7cb398167a07035aff0a1cde5de28d5b8c54a790966bf2f88b479bb03cfb", kill_on_drop: false }`
[INFO] [stdout] 44fb7cb398167a07035aff0a1cde5de28d5b8c54a790966bf2f88b479bb03cfb
