[INFO] cloning repository https://github.com/ksdrar/windows-to-roc
[INFO] running `Command { std: "git" "-c" "credential.helper=" "-c" "credential.helper=/workspace/cargo-home/bin/git-credential-null" "clone" "--bare" "https://github.com/ksdrar/windows-to-roc" "/workspace/cache/git-repos/https%3A%2F%2Fgithub.com%2Fksdrar%2Fwindows-to-roc", kill_on_drop: false }`
[INFO] [stderr] Cloning into bare repository '/workspace/cache/git-repos/https%3A%2F%2Fgithub.com%2Fksdrar%2Fwindows-to-roc'...
[INFO] running `Command { std: "git" "rev-parse" "HEAD", kill_on_drop: false }`
[INFO] [stdout] 5da20b809f6d81b83bf2b2d044dfe8e9cb97f55f
[INFO] checking ksdrar/windows-to-roc against 3154cc1a3e6424e44f438a95007d043ed5ceaaf6+rustflags=-Znext-solver=coherence for pr-133502-30
[INFO] running `Command { std: "git" "clone" "/workspace/cache/git-repos/https%3A%2F%2Fgithub.com%2Fksdrar%2Fwindows-to-roc" "/workspace/builds/worker-2-tc1/source", kill_on_drop: false }`
[INFO] [stderr] Cloning into '/workspace/builds/worker-2-tc1/source'...
[INFO] [stderr] done.
[INFO] started tweaking git repo https://github.com/ksdrar/windows-to-roc
[INFO] finished tweaking git repo https://github.com/ksdrar/windows-to-roc
[INFO] tweaked toml for git repo https://github.com/ksdrar/windows-to-roc written to /workspace/builds/worker-2-tc1/source/Cargo.toml
[INFO] validating manifest of git repo https://github.com/ksdrar/windows-to-roc on toolchain 3154cc1a3e6424e44f438a95007d043ed5ceaaf6
[INFO] running `Command { std: CARGO_HOME="/workspace/cargo-home" RUSTUP_HOME="/workspace/rustup-home" "/workspace/cargo-home/bin/cargo" "+3154cc1a3e6424e44f438a95007d043ed5ceaaf6" "metadata" "--manifest-path" "Cargo.toml" "--no-deps", kill_on_drop: false }`
[INFO] crate git repo https://github.com/ksdrar/windows-to-roc already has a lockfile, it will not be regenerated
[INFO] running `Command { std: CARGO_HOME="/workspace/cargo-home" RUSTUP_HOME="/workspace/rustup-home" "/workspace/cargo-home/bin/cargo" "+3154cc1a3e6424e44f438a95007d043ed5ceaaf6" "fetch" "--manifest-path" "Cargo.toml", kill_on_drop: false }`
[INFO] [stderr]  Downloading crates ...
[INFO] [stderr]   Downloaded tao v0.37.0
[INFO] running `Command { std: "docker" "create" "-v" "/var/lib/crater-agent-workspace/builds/worker-2-tc1/source:/opt/rustwide/workdir:ro,Z" "-v" "/var/lib/crater-agent-workspace/builds/worker-2-tc1/target:/opt/rustwide/target:rw,Z" "-v" "/var/lib/crater-agent-workspace/cargo-home:/opt/rustwide/cargo-home:ro,Z" "-v" "/var/lib/crater-agent-workspace/rustup-home:/opt/rustwide/rustup-home:ro,Z" "-m" "1610612736" "--network" "none" "ghcr.io/rust-lang/crates-build-env/linux@sha256:77db811e55d90add9212f6832c23229e3de5f1c1f9905e8cb07319ea15df73ac" "sleep" "infinity", kill_on_drop: false }`
[INFO] [stdout] 4d76faf81a1b5eb2162fc77df2079f28aa0a1688308e0b535dbd27a083019350
[INFO] running `Command { std: "docker" "start" "4d76faf81a1b5eb2162fc77df2079f28aa0a1688308e0b535dbd27a083019350", kill_on_drop: false }`
[INFO] running `Command { std: "docker" "inspect" "4d76faf81a1b5eb2162fc77df2079f28aa0a1688308e0b535dbd27a083019350", kill_on_drop: false }`
[INFO] running `Command { std: "docker" "exec" "-e" "SOURCE_DIR=/opt/rustwide/workdir" "-e" "CARGO_HOME=/opt/rustwide/cargo-home" "-e" "RUSTUP_HOME=/opt/rustwide/rustup-home" "-e" "CARGO_TARGET_DIR=/opt/rustwide/target" "-w" "/opt/rustwide/workdir" "--user" "0:0" "4d76faf81a1b5eb2162fc77df2079f28aa0a1688308e0b535dbd27a083019350" "/opt/rustwide/cargo-home/bin/cargo" "+3154cc1a3e6424e44f438a95007d043ed5ceaaf6" "metadata" "--no-deps" "--format-version=1", kill_on_drop: false }`
[INFO] running `Command { std: "docker" "inspect" "4d76faf81a1b5eb2162fc77df2079f28aa0a1688308e0b535dbd27a083019350", kill_on_drop: false }`
[INFO] running `Command { std: "docker" "exec" "-e" "SOURCE_DIR=/opt/rustwide/workdir" "-e" "CARGO_HOME=/opt/rustwide/cargo-home" "-e" "RUSTUP_HOME=/opt/rustwide/rustup-home" "-e" "CARGO_TARGET_DIR=/opt/rustwide/target" "-e" "CARGO_INCREMENTAL=0" "-e" "RUST_BACKTRACE=full" "-e" "RUSTFLAGS=--cap-lints=forbid -Znext-solver=coherence" "-e" "RUSTDOCFLAGS=--cap-lints=forbid" "-w" "/opt/rustwide/workdir" "--user" "0:0" "4d76faf81a1b5eb2162fc77df2079f28aa0a1688308e0b535dbd27a083019350" "/opt/rustwide/cargo-home/bin/cargo" "+3154cc1a3e6424e44f438a95007d043ed5ceaaf6" "check" "--frozen" "--all" "--all-targets" "--message-format=json", kill_on_drop: false }`
[INFO] [stderr]    Compiling smallvec v1.15.2
[INFO] [stderr]    Compiling serde v1.0.229
[INFO] [stderr]     Checking futures-core v0.3.34
[INFO] [stderr]    Compiling syn v3.0.4
[INFO] [stderr]     Checking bitflags v2.13.1
[INFO] [stderr]    Compiling syn v1.0.109
[INFO] [stderr]    Compiling gio v0.18.4
[INFO] [stderr]    Compiling equator-macro v0.4.2
[INFO] [stderr]    Compiling field-offset v0.3.6
[INFO] [stderr]    Compiling windows_x86_64_gnu v0.52.6
[INFO] [stderr]     Checking x11 v2.21.0
[INFO] [stderr]     Checking num-bigint v0.4.8
[INFO] [stderr]    Compiling gtk v0.18.2
[INFO] [stderr]     Checking rayon v1.12.0
[INFO] [stderr]    Compiling zerocopy-derive v0.8.56
[INFO] [stderr]    Compiling libxdo-sys v0.11.0
[INFO] [stderr]     Checking futures-channel v0.3.34
[INFO] [stderr]    Compiling libm v0.2.16
[INFO] [stderr]     Checking flate2 v1.1.9
[INFO] [stderr]    Compiling arg_enum_proc_macro v0.3.4
[INFO] [stderr]    Compiling cfg-expr v0.15.8
[INFO] [stderr]     Checking windows-targets v0.52.6
[INFO] [stderr]    Compiling profiling-procmacros v1.0.18
[INFO] [stderr]     Checking nom v8.0.0
[INFO] [stderr]     Checking no_std_io2 v0.9.4
[INFO] [stderr]    Compiling proc-macro-error v1.0.4
[INFO] [stderr]     Checking bitstream-io v4.10.0
[INFO] [stderr]     Checking windows-result v0.2.0
[INFO] [stderr]     Checking raw-cpuid v11.6.0
[INFO] [stderr]    Compiling num-derive v0.4.2
[INFO] [stderr]     Checking profiling v1.0.18
[INFO] [stderr]     Checking crossbeam-channel v0.5.16
[INFO] [stderr]     Checking png v0.18.1
[INFO] [stderr]     Checking windows-strings v0.1.0
[INFO] [stderr]    Compiling toml_datetime v0.6.3
[INFO] [stderr]    Compiling serde_spanned v0.6.9
[INFO] [stderr]     Checking equator v0.4.2
[INFO] [stderr]    Compiling dlopen2_derive v0.4.3
[INFO] [stderr]    Compiling windows-interface v0.58.0
[INFO] [stderr]    Compiling toml_edit v0.20.2
[INFO] [stderr]    Compiling toml_edit v0.19.15
[INFO] [stderr]     Checking aligned-vec v0.6.4
[INFO] [stderr]     Checking libxdo v0.6.0
[INFO] [stderr]    Compiling windows-implement v0.58.0
[INFO] [stderr]     Checking dbus v0.9.12
[INFO] [stderr]     Checking v_frame v0.3.9
[INFO] [stderr]     Checking dlopen2 v0.8.2
[INFO] [stderr]     Checking dirs v6.0.0
[INFO] [stderr]     Checking num-rational v0.4.2
[INFO] [stderr]     Checking zerocopy v0.8.56
[INFO] [stderr]     Checking windows-core v0.58.0
[INFO] [stderr]     Checking windows v0.58.0
[INFO] [stderr]     Checking maybe-rayon v0.1.1
[INFO] [stderr]     Checking pulp v0.22.3
[INFO] [stderr]    Compiling toml v0.8.2
[INFO] [stderr]    Compiling proc-macro-crate v2.0.2
[INFO] [stderr]     Checking av1-grain v0.2.5
[INFO] [stderr]    Compiling proc-macro-crate v1.3.1
[INFO] [stderr]    Compiling glib-macros v0.18.5
[INFO] [stderr]    Compiling system-deps v6.2.2
[INFO] [stderr]    Compiling gtk3-macros v0.18.2
[INFO] [stderr]    Compiling glib-sys v0.18.1
[INFO] [stderr]    Compiling gobject-sys v0.18.0
[INFO] [stderr]    Compiling gio-sys v0.18.1
[INFO] [stderr]    Compiling gdk-sys v0.18.2
[INFO] [stderr]    Compiling pango-sys v0.18.0
[INFO] [stderr]    Compiling gdk-pixbuf-sys v0.18.0
[INFO] [stderr]    Compiling cairo-sys-rs v0.18.2
[INFO] [stderr]    Compiling atk-sys v0.18.2
[INFO] [stderr]    Compiling gtk-sys v0.18.2
[INFO] [stderr]    Compiling gdkx11-sys v0.18.2
[INFO] [stderr]    Compiling futures-macro v0.3.34
[INFO] [stderr]    Compiling zerovec-derive v0.11.6
[INFO] [stderr]    Compiling displaydoc v0.2.7
[INFO] [stderr]    Compiling thiserror-impl v2.0.20
[INFO] [stderr]    Compiling serde_derive v1.0.229
[INFO] [stderr]     Checking zerotrie v0.2.5
[INFO] [stderr]     Checking futures-util v0.3.34
[INFO] [stderr]     Checking thiserror v2.0.20
[INFO] [stderr]     Checking zerovec v0.11.8
[INFO] [stderr]     Checking gdkwayland-sys v0.18.2
[INFO] [stderr]     Checking av-scenechange v0.14.1
[INFO] [stderr]     Checking half v2.7.1
[INFO] [stderr]     Checking rav1e v0.8.1
[INFO] [stderr]     Checking tinystr v0.8.4
[INFO] [stderr]     Checking potential_utf v0.1.6
[INFO] [stderr]     Checking icu_collections v2.3.0
[INFO] [stderr]     Checking tiff v0.11.3
[INFO] [stderr]     Checking icu_locale_core v2.3.0
[INFO] [stderr]     Checking futures-executor v0.3.34
[INFO] [stderr]     Checking glib v0.18.5
[INFO] [stderr]     Checking icu_provider v2.3.1
[INFO] [stderr]     Checking libappindicator-sys v0.9.0
[INFO] [stderr]     Checking exr v1.74.2
[INFO] [stderr]     Checking icu_normalizer v2.3.0
[INFO] [stderr]     Checking icu_properties v2.3.0
[INFO] [stderr]     Checking keyboard-types v0.7.0
[INFO] [stderr]     Checking idna_adapter v1.2.2
[INFO] [stderr]     Checking idna v1.1.0
[INFO] [stderr]     Checking url v2.5.8
[INFO] [stderr]     Checking ravif v0.13.0
[INFO] [stderr]     Checking image v0.25.10
[INFO] [stderr]     Checking cairo-rs v0.18.5
[INFO] [stderr]     Checking atk v0.18.2
[INFO] [stderr]     Checking gdk-pixbuf v0.18.5
[INFO] [stderr]     Checking pango v0.18.3
[INFO] [stderr]     Checking gdk v0.18.2
[INFO] [stderr]     Checking libappindicator v0.9.0
[INFO] [stderr]     Checking muda v0.19.3
[INFO] [stderr]     Checking tao v0.37.0
[INFO] [stderr]     Checking tray-icon v0.24.2
[INFO] [stderr]     Checking windows-to-roc v0.1.0 (/opt/rustwide/workdir)
[INFO] [stdout] error[E0433]: cannot find `Win32` in `windows`
[INFO] [stdout]  --> src/wasapi.rs:7:14
[INFO] [stdout]   |
[INFO] [stdout] 7 | use windows::Win32::Media::Audio::{
[INFO] [stdout]   |              ^^^^^ could not find `Win32` in `windows`
[INFO] [stdout] 
[INFO] [stdout] 
[INFO] [stdout] error[E0433]: cannot find `Win32` in `windows`
[INFO] [stdout]  --> src/wasapi.rs:7:14
[INFO] [stdout]   |
[INFO] [stdout] 7 | use windows::Win32::Media::Audio::{
[INFO] [stdout]   |              ^^^^^ could not find `Win32` in `windows`
[INFO] [stdout] 
[INFO] [stdout] 
[INFO] [stdout] error[E0433]: cannot find `Win32` in `windows`
[INFO] [stdout]   --> src/wasapi.rs:12:14
[INFO] [stdout]    |
[INFO] [stdout] 12 | use windows::Win32::System::Com::{
[INFO] [stdout]    |              ^^^^^ could not find `Win32` in `windows`
[INFO] [stdout] 
[INFO] [stdout] 
[INFO] [stdout] error[E0432]: unresolved import `windows::core`
[INFO] [stdout]   --> src/wasapi.rs:15:14
[INFO] [stdout]    |
[INFO] [stdout] 15 | use windows::core::{GUID, Result};
[INFO] [stdout]    |              ^^^^ could not find `core` in `windows`
[INFO] [stdout] 
[INFO] [stdout] 
[INFO] [stdout] error[E0433]: cannot find `Win32` in `windows`
[INFO] [stdout]   --> src/wasapi.rs:12:14
[INFO] [stdout]    |
[INFO] [stdout] 12 | use windows::Win32::System::Com::{
[INFO] [stdout]    |              ^^^^^ could not find `Win32` in `windows`
[INFO] [stdout] 
[INFO] [stdout] 
[INFO] [stdout] error[E0432]: unresolved import `windows::core`
[INFO] [stdout]   --> src/wasapi.rs:15:14
[INFO] [stdout]    |
[INFO] [stdout] 15 | use windows::core::{GUID, Result};
[INFO] [stdout]    |              ^^^^ could not find `core` in `windows`
[INFO] [stdout] 
[INFO] [stdout] 
[INFO] [stdout] warning: method call on a diverging inference variable
[INFO] [stdout]   --> src/main.rs:90:35
[INFO] [stdout]    |
[INFO] [stdout] 90 |             let engine_rate = cap.sample_rate();
[INFO] [stdout]    |                                   ^^^^^^^^^^^
[INFO] [stdout]    |
[INFO] [stdout]    = help: consider providing a type annotation
[INFO] [stdout]    = warning: this was previously accepted by the compiler but is being phased out; it will become a hard error in a future release!
[INFO] [stdout]    = note: for more information, see issue #156047 <https://github.com/rust-lang/rust/issues/156047>
[INFO] [stdout]    = note: `#[warn(method_call_on_diverging_infer_var)]` (part of `#[warn(future_incompatible)]`) on by default
[INFO] [stdout] 
[INFO] [stdout] 
[INFO] [stdout] warning: method call on a diverging inference variable
[INFO] [stdout]   --> src/main.rs:90:35
[INFO] [stdout]    |
[INFO] [stdout] 90 |             let engine_rate = cap.sample_rate();
[INFO] [stdout]    |                                   ^^^^^^^^^^^
[INFO] [stdout]    |
[INFO] [stdout]    = help: consider providing a type annotation
[INFO] [stdout]    = warning: this was previously accepted by the compiler but is being phased out; it will become a hard error in a future release!
[INFO] [stdout]    = note: for more information, see issue #156047 <https://github.com/rust-lang/rust/issues/156047>
[INFO] [stdout]    = note: `#[warn(method_call_on_diverging_infer_var)]` (part of `#[warn(future_incompatible)]`) on by default
[INFO] [stdout] 
[INFO] [stdout] 
[INFO] [stdout] error[E0599]: no method named `sample_rate` found for type `!` in the current scope
[INFO] [stdout]   --> src/main.rs:90:35
[INFO] [stdout]    |
[INFO] [stdout] 90 |             let engine_rate = cap.sample_rate();
[INFO] [stdout]    |                                   ^^^^^^^^^^^ method not found in `!`
[INFO] [stdout] 
[INFO] [stdout] 
[INFO] [stdout] error[E0599]: no method named `sample_rate` found for type `!` in the current scope
[INFO] [stdout]   --> src/main.rs:90:35
[INFO] [stdout]    |
[INFO] [stdout] 90 |             let engine_rate = cap.sample_rate();
[INFO] [stdout]    |                                   ^^^^^^^^^^^ method not found in `!`
[INFO] [stdout] 
[INFO] [stdout] 
[INFO] [stdout] error[E0599]: no method named `num_channels` found for type `!` in the current scope
[INFO] [stdout]   --> src/main.rs:91:33
[INFO] [stdout]    |
[INFO] [stdout] 91 |             let engine_ch = cap.num_channels() as usize;
[INFO] [stdout]    |                                 ^^^^^^^^^^^^ method not found in `!`
[INFO] [stdout] 
[INFO] [stdout] 
[INFO] [stdout] warning: unreachable call
[INFO] [stdout]   --> src/main.rs:91:33
[INFO] [stdout]    |
[INFO] [stdout] 91 |             let engine_ch = cap.num_channels() as usize;
[INFO] [stdout]    |                             --- ^^^^^^^^^^^^ unreachable call
[INFO] [stdout]    |                             |
[INFO] [stdout]    |                             any code following this expression is unreachable
[INFO] [stdout]    |
[INFO] [stdout]    = note: `#[warn(unreachable_code)]` (part of `#[warn(unused)]`) on by default
[INFO] [stdout] 
[INFO] [stdout] 
[INFO] [stdout] error[E0599]: no method named `num_channels` found for type `!` in the current scope
[INFO] [stdout]   --> src/main.rs:91:33
[INFO] [stdout]    |
[INFO] [stdout] 91 |             let engine_ch = cap.num_channels() as usize;
[INFO] [stdout]    |                                 ^^^^^^^^^^^^ method not found in `!`
[INFO] [stdout] 
[INFO] [stdout] 
[INFO] [stdout] warning: unreachable call
[INFO] [stdout]   --> src/main.rs:91:33
[INFO] [stdout]    |
[INFO] [stdout] 91 |             let engine_ch = cap.num_channels() as usize;
[INFO] [stdout]    |                             --- ^^^^^^^^^^^^ unreachable call
[INFO] [stdout]    |                             |
[INFO] [stdout]    |                             any code following this expression is unreachable
[INFO] [stdout]    |
[INFO] [stdout]    = note: `#[warn(unreachable_code)]` (part of `#[warn(unused)]`) on by default
[INFO] [stdout] 
[INFO] [stdout] 
[INFO] [stdout] error[E0599]: no method named `is_float` found for type `!` in the current scope
[INFO] [stdout]   --> src/main.rs:96:24
[INFO] [stdout]    |
[INFO] [stdout] 96 |                 if cap.is_float() {
[INFO] [stdout]    |                        ^^^^^^^^ method not found in `!`
[INFO] [stdout] 
[INFO] [stdout] 
[INFO] [stdout] warning: unreachable call
[INFO] [stdout]   --> src/main.rs:96:24
[INFO] [stdout]    |
[INFO] [stdout] 96 |                 if cap.is_float() {
[INFO] [stdout]    |                    --- ^^^^^^^^ unreachable call
[INFO] [stdout]    |                    |
[INFO] [stdout]    |                    any code following this expression is unreachable
[INFO] [stdout] 
[INFO] [stdout] 
[INFO] [stdout] error[E0599]: no method named `bytes_per_sample` found for type `!` in the current scope
[INFO] [stdout]   --> src/main.rs:97:44
[INFO] [stdout]    |
[INFO] [stdout] 97 |                     format!("float{}", cap.bytes_per_sample() * 8)
[INFO] [stdout]    |                                            ^^^^^^^^^^^^^^^^ method not found in `!`
[INFO] [stdout] 
[INFO] [stdout] 
[INFO] [stdout] warning: unreachable call
[INFO] [stdout]   --> src/main.rs:97:44
[INFO] [stdout]    |
[INFO] [stdout] 97 |                     format!("float{}", cap.bytes_per_sample() * 8)
[INFO] [stdout]    |                                        --- ^^^^^^^^^^^^^^^^ unreachable call
[INFO] [stdout]    |                                        |
[INFO] [stdout]    |                                        any code following this expression is unreachable
[INFO] [stdout] 
[INFO] [stdout] 
[INFO] [stdout] error[E0599]: no method named `is_float` found for type `!` in the current scope
[INFO] [stdout]   --> src/main.rs:96:24
[INFO] [stdout]    |
[INFO] [stdout] 96 |                 if cap.is_float() {
[INFO] [stdout]    |                        ^^^^^^^^ method not found in `!`
[INFO] [stdout] 
[INFO] [stdout] 
[INFO] [stdout] warning: unreachable call
[INFO] [stdout]   --> src/main.rs:96:24
[INFO] [stdout]    |
[INFO] [stdout] 96 |                 if cap.is_float() {
[INFO] [stdout]    |                    --- ^^^^^^^^ unreachable call
[INFO] [stdout]    |                    |
[INFO] [stdout]    |                    any code following this expression is unreachable
[INFO] [stdout] 
[INFO] [stdout] 
[INFO] [stdout] error[E0599]: no method named `bytes_per_sample` found for type `!` in the current scope
[INFO] [stdout]   --> src/main.rs:99:46
[INFO] [stdout]    |
[INFO] [stdout] 99 |                     format!("pcm_s{}le", cap.bytes_per_sample() * 8)
[INFO] [stdout]    |                                              ^^^^^^^^^^^^^^^^ method not found in `!`
[INFO] [stdout] 
[INFO] [stdout] 
[INFO] [stdout] warning: unreachable call
[INFO] [stdout]   --> src/main.rs:99:46
[INFO] [stdout]    |
[INFO] [stdout] 99 |                     format!("pcm_s{}le", cap.bytes_per_sample() * 8)
[INFO] [stdout]    |                                          --- ^^^^^^^^^^^^^^^^ unreachable call
[INFO] [stdout]    |                                          |
[INFO] [stdout]    |                                          any code following this expression is unreachable
[INFO] [stdout] 
[INFO] [stdout] 
[INFO] [stdout] error[E0599]: no method named `bytes_per_sample` found for type `!` in the current scope
[INFO] [stdout]   --> src/main.rs:97:44
[INFO] [stdout]    |
[INFO] [stdout] 97 |                     format!("float{}", cap.bytes_per_sample() * 8)
[INFO] [stdout]    |                                            ^^^^^^^^^^^^^^^^ method not found in `!`
[INFO] [stdout] 
[INFO] [stdout] 
[INFO] [stdout] warning: unreachable call
[INFO] [stdout]   --> src/main.rs:97:44
[INFO] [stdout]    |
[INFO] [stdout] 97 |                     format!("float{}", cap.bytes_per_sample() * 8)
[INFO] [stdout]    |                                        --- ^^^^^^^^^^^^^^^^ unreachable call
[INFO] [stdout]    |                                        |
[INFO] [stdout]    |                                        any code following this expression is unreachable
[INFO] [stdout] 
[INFO] [stdout] 
[INFO] [stdout] error[E0599]: no method named `read_float` found for type `!` in the current scope
[INFO] [stdout]    --> src/main.rs:153:31
[INFO] [stdout]     |
[INFO] [stdout] 153 |                     match cap.read_float(&mut read_buf) {
[INFO] [stdout]     |                               ^^^^^^^^^^ method not found in `!`
[INFO] [stdout] 
[INFO] [stdout] 
[INFO] [stdout] warning: unreachable expression
[INFO] [stdout]    --> src/main.rs:153:42
[INFO] [stdout]     |
[INFO] [stdout] 153 |                     match cap.read_float(&mut read_buf) {
[INFO] [stdout]     |                           ---            ^^^^^^^^^^^^^ unreachable expression
[INFO] [stdout]     |                           |
[INFO] [stdout]     |                           any code following this expression is unreachable
[INFO] [stdout] 
[INFO] [stdout] 
[INFO] [stdout] error[E0599]: no method named `bytes_per_sample` found for type `!` in the current scope
[INFO] [stdout]   --> src/main.rs:99:46
[INFO] [stdout]    |
[INFO] [stdout] 99 |                     format!("pcm_s{}le", cap.bytes_per_sample() * 8)
[INFO] [stdout]    |                                              ^^^^^^^^^^^^^^^^ method not found in `!`
[INFO] [stdout] 
[INFO] [stdout] 
[INFO] [stdout] warning: unreachable call
[INFO] [stdout]   --> src/main.rs:99:46
[INFO] [stdout]    |
[INFO] [stdout] 99 |                     format!("pcm_s{}le", cap.bytes_per_sample() * 8)
[INFO] [stdout]    |                                          --- ^^^^^^^^^^^^^^^^ unreachable call
[INFO] [stdout]    |                                          |
[INFO] [stdout]    |                                          any code following this expression is unreachable
[INFO] [stdout] 
[INFO] [stdout] 
[INFO] [stdout] warning[E0133]: call to unsafe function `std::arch::x86_64::_mm_loadu_si128` is unsafe and requires unsafe block
[INFO] [stdout]    --> src/rs.rs:290:23
[INFO] [stdout]     |
[INFO] [stdout] 290 |             let vlo = _mm_loadu_si128(lo_tbl.as_ptr() as *const __m128i);
[INFO] [stdout]     |                       ^^^^^^^^^^^^^^^^^^^^^^^^^^^^^^^^^^^^^^^^^^^^^^^^^^ call to unsafe function
[INFO] [stdout]     |
[INFO] [stdout]     = note: consult the function's documentation for information on how to avoid undefined behavior
[INFO] [stdout] note: an unsafe function restricts its caller, but its body is safe by default
[INFO] [stdout]    --> src/rs.rs:263:5
[INFO] [stdout]     |
[INFO] [stdout] 263 |     unsafe fn encode_repair_into_ssse3(&self, p: &[u8], src: &[&[u8]], out: &mut [u8]) {
[INFO] [stdout]     |     ^^^^^^^^^^^^^^^^^^^^^^^^^^^^^^^^^^^^^^^^^^^^^^^^^^^^^^^^^^^^^^^^^^^^^^^^^^^^^^^^^^
[INFO] [stdout]     = note: for more information, see <https://doc.rust-lang.org/edition-guide/rust-2024/unsafe-op-in-unsafe-fn.html>
[INFO] [stdout]     = note: `#[warn(unsafe_op_in_unsafe_fn)]` (part of `#[warn(rust_2024_compatibility)]`) on by default
[INFO] [stdout] 
[INFO] [stdout] 
[INFO] [stdout] warning[E0133]: call to unsafe function `std::arch::x86_64::_mm_loadu_si128` is unsafe and requires unsafe block
[INFO] [stdout]    --> src/rs.rs:291:23
[INFO] [stdout]     |
[INFO] [stdout] 291 |             let vhi = _mm_loadu_si128(hi_tbl.as_ptr() as *const __m128i);
[INFO] [stdout]     |                       ^^^^^^^^^^^^^^^^^^^^^^^^^^^^^^^^^^^^^^^^^^^^^^^^^^ call to unsafe function
[INFO] [stdout]     |
[INFO] [stdout]     = note: consult the function's documentation for information on how to avoid undefined behavior
[INFO] [stdout]     = note: for more information, see <https://doc.rust-lang.org/edition-guide/rust-2024/unsafe-op-in-unsafe-fn.html>
[INFO] [stdout] 
[INFO] [stdout] 
[INFO] [stdout] warning[E0133]: call to unsafe function `std::arch::x86_64::_mm_loadu_si128` is unsafe and requires unsafe block
[INFO] [stdout]    --> src/rs.rs:295:25
[INFO] [stdout]     |
[INFO] [stdout] 295 |                 let v = _mm_loadu_si128(s.as_ptr().add(j) as *const __m128i);
[INFO] [stdout]     |                         ^^^^^^^^^^^^^^^^^^^^^^^^^^^^^^^^^^^^^^^^^^^^^^^^^^^^ call to unsafe function
[INFO] [stdout]     |
[INFO] [stdout]     = note: consult the function's documentation for information on how to avoid undefined behavior
[INFO] [stdout]     = note: for more information, see <https://doc.rust-lang.org/edition-guide/rust-2024/unsafe-op-in-unsafe-fn.html>
[INFO] [stdout] 
[INFO] [stdout] 
[INFO] [stdout] warning[E0133]: call to unsafe function `std::ptr::const_ptr::<impl *const T>::add` is unsafe and requires unsafe block
[INFO] [stdout]    --> src/rs.rs:295:41
[INFO] [stdout]     |
[INFO] [stdout] 295 |                 let v = _mm_loadu_si128(s.as_ptr().add(j) as *const __m128i);
[INFO] [stdout]     |                                         ^^^^^^^^^^^^^^^^^ call to unsafe function
[INFO] [stdout]     |
[INFO] [stdout]     = note: consult the function's documentation for information on how to avoid undefined behavior
[INFO] [stdout]     = note: for more information, see <https://doc.rust-lang.org/edition-guide/rust-2024/unsafe-op-in-unsafe-fn.html>
[INFO] [stdout] 
[INFO] [stdout] 
[INFO] [stdout] warning[E0133]: call to unsafe function `std::arch::x86_64::_mm_loadu_si128` is unsafe and requires unsafe block
[INFO] [stdout]    --> src/rs.rs:301:28
[INFO] [stdout]     |
[INFO] [stdout] 301 |                 let prev = _mm_loadu_si128(out.as_ptr().add(j) as *const __m128i);
[INFO] [stdout]     |                            ^^^^^^^^^^^^^^^^^^^^^^^^^^^^^^^^^^^^^^^^^^^^^^^^^^^^^^ call to unsafe function
[INFO] [stdout]     |
[INFO] [stdout]     = note: consult the function's documentation for information on how to avoid undefined behavior
[INFO] [stdout]     = note: for more information, see <https://doc.rust-lang.org/edition-guide/rust-2024/unsafe-op-in-unsafe-fn.html>
[INFO] [stdout] 
[INFO] [stdout] 
[INFO] [stdout] warning[E0133]: call to unsafe function `std::ptr::const_ptr::<impl *const T>::add` is unsafe and requires unsafe block
[INFO] [stdout]    --> src/rs.rs:301:44
[INFO] [stdout]     |
[INFO] [stdout] 301 |                 let prev = _mm_loadu_si128(out.as_ptr().add(j) as *const __m128i);
[INFO] [stdout]     |                                            ^^^^^^^^^^^^^^^^^^^ call to unsafe function
[INFO] [stdout]     |
[INFO] [stdout]     = note: consult the function's documentation for information on how to avoid undefined behavior
[INFO] [stdout]     = note: for more information, see <https://doc.rust-lang.org/edition-guide/rust-2024/unsafe-op-in-unsafe-fn.html>
[INFO] [stdout] 
[INFO] [stdout] 
[INFO] [stdout] warning[E0133]: call to unsafe function `std::arch::x86_64::_mm_storeu_si128` is unsafe and requires unsafe block
[INFO] [stdout]    --> src/rs.rs:302:17
[INFO] [stdout]     |
[INFO] [stdout] 302 | /                 _mm_storeu_si128(
[INFO] [stdout] 303 | |                     out.as_mut_ptr().add(j) as *mut __m128i,
[INFO] [stdout] 304 | |                     _mm_xor_si128(prev, prod),
[INFO] [stdout] 305 | |                 );
[INFO] [stdout]     | |_________________^ call to unsafe function
[INFO] [stdout]     |
[INFO] [stdout]     = note: consult the function's documentation for information on how to avoid undefined behavior
[INFO] [stdout]     = note: for more information, see <https://doc.rust-lang.org/edition-guide/rust-2024/unsafe-op-in-unsafe-fn.html>
[INFO] [stdout] 
[INFO] [stdout] 
[INFO] [stdout] warning[E0133]: call to unsafe function `std::ptr::mut_ptr::<impl *mut T>::add` is unsafe and requires unsafe block
[INFO] [stdout]    --> src/rs.rs:303:21
[INFO] [stdout]     |
[INFO] [stdout] 303 |                     out.as_mut_ptr().add(j) as *mut __m128i,
[INFO] [stdout]     |                     ^^^^^^^^^^^^^^^^^^^^^^^ call to unsafe function
[INFO] [stdout]     |
[INFO] [stdout]     = note: consult the function's documentation for information on how to avoid undefined behavior
[INFO] [stdout]     = note: for more information, see <https://doc.rust-lang.org/edition-guide/rust-2024/unsafe-op-in-unsafe-fn.html>
[INFO] [stdout] 
[INFO] [stdout] 
[INFO] [stdout] error[E0599]: no method named `read_float` found for type `!` in the current scope
[INFO] [stdout]    --> src/main.rs:153:31
[INFO] [stdout]     |
[INFO] [stdout] 153 |                     match cap.read_float(&mut read_buf) {
[INFO] [stdout]     |                               ^^^^^^^^^^ method not found in `!`
[INFO] [stdout] 
[INFO] [stdout] 
[INFO] [stderr] error: could not compile `windows-to-roc` (bin "windows-to-roc") due to 9 previous errors; 15 warnings emitted
[INFO] [stdout] warning: unreachable expression
[INFO] [stdout]    --> src/main.rs:153:42
[INFO] [stdout]     |
[INFO] [stdout] 153 |                     match cap.read_float(&mut read_buf) {
[INFO] [stdout]     |                           ---            ^^^^^^^^^^^^^ unreachable expression
[INFO] [stdout]     |                           |
[INFO] [stdout]     |                           any code following this expression is unreachable
[INFO] [stdout] 
[INFO] [stdout] 
[INFO] [stderr] warning: build failed, waiting for other jobs to finish...
[INFO] [stdout] Some errors have detailed explanations: E0133, E0432, E0433, E0599.
[INFO] [stdout] 
[INFO] [stdout] For more information about an error, try `rustc --explain E0133`.
[INFO] [stdout] 
[INFO] [stdout] warning[E0133]: call to unsafe function `std::arch::x86_64::_mm_loadu_si128` is unsafe and requires unsafe block
[INFO] [stdout]    --> src/rs.rs:290:23
[INFO] [stdout]     |
[INFO] [stdout] 290 |             let vlo = _mm_loadu_si128(lo_tbl.as_ptr() as *const __m128i);
[INFO] [stdout]     |                       ^^^^^^^^^^^^^^^^^^^^^^^^^^^^^^^^^^^^^^^^^^^^^^^^^^ call to unsafe function
[INFO] [stdout]     |
[INFO] [stdout]     = note: consult the function's documentation for information on how to avoid undefined behavior
[INFO] [stdout] note: an unsafe function restricts its caller, but its body is safe by default
[INFO] [stdout]    --> src/rs.rs:263:5
[INFO] [stdout]     |
[INFO] [stdout] 263 |     unsafe fn encode_repair_into_ssse3(&self, p: &[u8], src: &[&[u8]], out: &mut [u8]) {
[INFO] [stdout]     |     ^^^^^^^^^^^^^^^^^^^^^^^^^^^^^^^^^^^^^^^^^^^^^^^^^^^^^^^^^^^^^^^^^^^^^^^^^^^^^^^^^^
[INFO] [stdout]     = note: for more information, see <https://doc.rust-lang.org/edition-guide/rust-2024/unsafe-op-in-unsafe-fn.html>
[INFO] [stdout]     = note: `#[warn(unsafe_op_in_unsafe_fn)]` (part of `#[warn(rust_2024_compatibility)]`) on by default
[INFO] [stdout] 
[INFO] [stdout] 
[INFO] [stdout] warning[E0133]: call to unsafe function `std::arch::x86_64::_mm_loadu_si128` is unsafe and requires unsafe block
[INFO] [stdout]    --> src/rs.rs:291:23
[INFO] [stdout]     |
[INFO] [stdout] 291 |             let vhi = _mm_loadu_si128(hi_tbl.as_ptr() as *const __m128i);
[INFO] [stdout]     |                       ^^^^^^^^^^^^^^^^^^^^^^^^^^^^^^^^^^^^^^^^^^^^^^^^^^ call to unsafe function
[INFO] [stdout]     |
[INFO] [stdout]     = note: consult the function's documentation for information on how to avoid undefined behavior
[INFO] [stdout]     = note: for more information, see <https://doc.rust-lang.org/edition-guide/rust-2024/unsafe-op-in-unsafe-fn.html>
[INFO] [stdout] 
[INFO] [stdout] 
[INFO] [stdout] warning[E0133]: call to unsafe function `std::arch::x86_64::_mm_loadu_si128` is unsafe and requires unsafe block
[INFO] [stdout]    --> src/rs.rs:295:25
[INFO] [stdout]     |
[INFO] [stdout] 295 |                 let v = _mm_loadu_si128(s.as_ptr().add(j) as *const __m128i);
[INFO] [stdout]     |                         ^^^^^^^^^^^^^^^^^^^^^^^^^^^^^^^^^^^^^^^^^^^^^^^^^^^^ call to unsafe function
[INFO] [stdout]     |
[INFO] [stdout]     = note: consult the function's documentation for information on how to avoid undefined behavior
[INFO] [stdout]     = note: for more information, see <https://doc.rust-lang.org/edition-guide/rust-2024/unsafe-op-in-unsafe-fn.html>
[INFO] [stdout] 
[INFO] [stdout] 
[INFO] [stdout] warning[E0133]: call to unsafe function `std::ptr::const_ptr::<impl *const T>::add` is unsafe and requires unsafe block
[INFO] [stdout]    --> src/rs.rs:295:41
[INFO] [stdout]     |
[INFO] [stdout] 295 |                 let v = _mm_loadu_si128(s.as_ptr().add(j) as *const __m128i);
[INFO] [stdout]     |                                         ^^^^^^^^^^^^^^^^^ call to unsafe function
[INFO] [stdout]     |
[INFO] [stdout]     = note: consult the function's documentation for information on how to avoid undefined behavior
[INFO] [stdout]     = note: for more information, see <https://doc.rust-lang.org/edition-guide/rust-2024/unsafe-op-in-unsafe-fn.html>
[INFO] [stdout] 
[INFO] [stdout] 
[INFO] [stdout] warning[E0133]: call to unsafe function `std::arch::x86_64::_mm_loadu_si128` is unsafe and requires unsafe block
[INFO] [stdout]    --> src/rs.rs:301:28
[INFO] [stdout]     |
[INFO] [stdout] 301 |                 let prev = _mm_loadu_si128(out.as_ptr().add(j) as *const __m128i);
[INFO] [stdout]     |                            ^^^^^^^^^^^^^^^^^^^^^^^^^^^^^^^^^^^^^^^^^^^^^^^^^^^^^^ call to unsafe function
[INFO] [stdout]     |
[INFO] [stdout]     = note: consult the function's documentation for information on how to avoid undefined behavior
[INFO] [stdout]     = note: for more information, see <https://doc.rust-lang.org/edition-guide/rust-2024/unsafe-op-in-unsafe-fn.html>
[INFO] [stdout] 
[INFO] [stdout] 
[INFO] [stdout] warning[E0133]: call to unsafe function `std::ptr::const_ptr::<impl *const T>::add` is unsafe and requires unsafe block
[INFO] [stdout]    --> src/rs.rs:301:44
[INFO] [stdout]     |
[INFO] [stdout] 301 |                 let prev = _mm_loadu_si128(out.as_ptr().add(j) as *const __m128i);
[INFO] [stdout]     |                                            ^^^^^^^^^^^^^^^^^^^ call to unsafe function
[INFO] [stdout]     |
[INFO] [stdout]     = note: consult the function's documentation for information on how to avoid undefined behavior
[INFO] [stdout]     = note: for more information, see <https://doc.rust-lang.org/edition-guide/rust-2024/unsafe-op-in-unsafe-fn.html>
[INFO] [stdout] 
[INFO] [stdout] 
[INFO] [stdout] warning[E0133]: call to unsafe function `std::arch::x86_64::_mm_storeu_si128` is unsafe and requires unsafe block
[INFO] [stdout]    --> src/rs.rs:302:17
[INFO] [stdout]     |
[INFO] [stdout] 302 | /                 _mm_storeu_si128(
[INFO] [stdout] 303 | |                     out.as_mut_ptr().add(j) as *mut __m128i,
[INFO] [stdout] 304 | |                     _mm_xor_si128(prev, prod),
[INFO] [stdout] 305 | |                 );
[INFO] [stdout]     | |_________________^ call to unsafe function
[INFO] [stdout]     |
[INFO] [stdout]     = note: consult the function's documentation for information on how to avoid undefined behavior
[INFO] [stdout]     = note: for more information, see <https://doc.rust-lang.org/edition-guide/rust-2024/unsafe-op-in-unsafe-fn.html>
[INFO] [stdout] 
[INFO] [stdout] 
[INFO] [stdout] warning[E0133]: call to unsafe function `std::ptr::mut_ptr::<impl *mut T>::add` is unsafe and requires unsafe block
[INFO] [stdout]    --> src/rs.rs:303:21
[INFO] [stdout]     |
[INFO] [stdout] 303 |                     out.as_mut_ptr().add(j) as *mut __m128i,
[INFO] [stdout]     |                     ^^^^^^^^^^^^^^^^^^^^^^^ call to unsafe function
[INFO] [stdout]     |
[INFO] [stdout]     = note: consult the function's documentation for information on how to avoid undefined behavior
[INFO] [stdout]     = note: for more information, see <https://doc.rust-lang.org/edition-guide/rust-2024/unsafe-op-in-unsafe-fn.html>
[INFO] [stdout] 
[INFO] [stdout] 
[INFO] [stdout] Some errors have detailed explanations: E0133, E0432, E0433, E0599.
[INFO] [stdout] 
[INFO] [stdout] For more information about an error, try `rustc --explain E0133`.
[INFO] [stdout] 
[INFO] [stderr] error: could not compile `windows-to-roc` (bin "windows-to-roc" test) due to 9 previous errors; 15 warnings emitted
[INFO] running `Command { std: "docker" "inspect" "4d76faf81a1b5eb2162fc77df2079f28aa0a1688308e0b535dbd27a083019350", kill_on_drop: false }`
[INFO] running `Command { std: "docker" "rm" "-f" "4d76faf81a1b5eb2162fc77df2079f28aa0a1688308e0b535dbd27a083019350", kill_on_drop: false }`
[INFO] [stdout] 4d76faf81a1b5eb2162fc77df2079f28aa0a1688308e0b535dbd27a083019350
