[INFO] cloning repository https://github.com/krukmat/dubbridge
[INFO] running `Command { std: "git" "-c" "credential.helper=" "-c" "credential.helper=/workspace/cargo-home/bin/git-credential-null" "clone" "--bare" "https://github.com/krukmat/dubbridge" "/workspace/cache/git-repos/https%3A%2F%2Fgithub.com%2Fkrukmat%2Fdubbridge", kill_on_drop: false }`
[INFO] [stderr] Cloning into bare repository '/workspace/cache/git-repos/https%3A%2F%2Fgithub.com%2Fkrukmat%2Fdubbridge'...
[INFO] running `Command { std: "git" "rev-parse" "HEAD", kill_on_drop: false }`
[INFO] [stdout] 5bc6db6477ff910e2b019ed13738a504999ec420
[INFO] checking krukmat/dubbridge against 3154cc1a3e6424e44f438a95007d043ed5ceaaf6 for pr-133502-30
[INFO] running `Command { std: "git" "clone" "/workspace/cache/git-repos/https%3A%2F%2Fgithub.com%2Fkrukmat%2Fdubbridge" "/workspace/builds/worker-4-tc2/source", kill_on_drop: false }`
[INFO] [stderr] Cloning into '/workspace/builds/worker-4-tc2/source'...
[INFO] [stderr] done.
[INFO] removed /workspace/builds/worker-4-tc2/source/rust-toolchain.toml
[INFO] started tweaking git repo https://github.com/krukmat/dubbridge
[INFO] finished tweaking git repo https://github.com/krukmat/dubbridge
[INFO] tweaked toml for git repo https://github.com/krukmat/dubbridge written to /workspace/builds/worker-4-tc2/source/Cargo.toml
[INFO] validating manifest of git repo https://github.com/krukmat/dubbridge on toolchain 3154cc1a3e6424e44f438a95007d043ed5ceaaf6
[INFO] running `Command { std: CARGO_HOME="/workspace/cargo-home" RUSTUP_HOME="/workspace/rustup-home" "/workspace/cargo-home/bin/cargo" "+3154cc1a3e6424e44f438a95007d043ed5ceaaf6" "metadata" "--manifest-path" "Cargo.toml" "--no-deps", kill_on_drop: false }`
[INFO] crate git repo https://github.com/krukmat/dubbridge already has a lockfile, it will not be regenerated
[INFO] running `Command { std: CARGO_HOME="/workspace/cargo-home" RUSTUP_HOME="/workspace/rustup-home" "/workspace/cargo-home/bin/cargo" "+3154cc1a3e6424e44f438a95007d043ed5ceaaf6" "fetch" "--manifest-path" "Cargo.toml", kill_on_drop: false }`
[INFO] [stderr]     Blocking waiting for file lock on package cache
[INFO] [stderr]     Blocking waiting for file lock on package cache
[INFO] running `Command { std: "docker" "create" "-v" "/var/lib/crater-agent-workspace/builds/worker-4-tc2/source:/opt/rustwide/workdir:ro,Z" "-v" "/var/lib/crater-agent-workspace/builds/worker-4-tc2/target:/opt/rustwide/target:rw,Z" "-v" "/var/lib/crater-agent-workspace/cargo-home:/opt/rustwide/cargo-home:ro,Z" "-v" "/var/lib/crater-agent-workspace/rustup-home:/opt/rustwide/rustup-home:ro,Z" "-m" "1610612736" "--network" "none" "ghcr.io/rust-lang/crates-build-env/linux@sha256:77db811e55d90add9212f6832c23229e3de5f1c1f9905e8cb07319ea15df73ac" "sleep" "infinity", kill_on_drop: false }`
[INFO] [stdout] 072ee84bcde5141dda7d83f5e9560e21b3fb6a8773e51c263fe89339615914b3
[INFO] running `Command { std: "docker" "start" "072ee84bcde5141dda7d83f5e9560e21b3fb6a8773e51c263fe89339615914b3", kill_on_drop: false }`
[INFO] running `Command { std: "docker" "inspect" "072ee84bcde5141dda7d83f5e9560e21b3fb6a8773e51c263fe89339615914b3", kill_on_drop: false }`
[INFO] running `Command { std: "docker" "exec" "-e" "SOURCE_DIR=/opt/rustwide/workdir" "-e" "CARGO_HOME=/opt/rustwide/cargo-home" "-e" "RUSTUP_HOME=/opt/rustwide/rustup-home" "-e" "CARGO_TARGET_DIR=/opt/rustwide/target" "-w" "/opt/rustwide/workdir" "--user" "0:0" "072ee84bcde5141dda7d83f5e9560e21b3fb6a8773e51c263fe89339615914b3" "/opt/rustwide/cargo-home/bin/cargo" "+3154cc1a3e6424e44f438a95007d043ed5ceaaf6" "metadata" "--no-deps" "--format-version=1", kill_on_drop: false }`
[INFO] running `Command { std: "docker" "inspect" "072ee84bcde5141dda7d83f5e9560e21b3fb6a8773e51c263fe89339615914b3", kill_on_drop: false }`
[INFO] running `Command { std: "docker" "exec" "-e" "SOURCE_DIR=/opt/rustwide/workdir" "-e" "CARGO_HOME=/opt/rustwide/cargo-home" "-e" "RUSTUP_HOME=/opt/rustwide/rustup-home" "-e" "CARGO_TARGET_DIR=/opt/rustwide/target" "-e" "CARGO_INCREMENTAL=0" "-e" "RUST_BACKTRACE=full" "-e" "RUSTFLAGS=--cap-lints=forbid" "-e" "RUSTDOCFLAGS=--cap-lints=forbid" "-w" "/opt/rustwide/workdir" "--user" "0:0" "072ee84bcde5141dda7d83f5e9560e21b3fb6a8773e51c263fe89339615914b3" "/opt/rustwide/cargo-home/bin/cargo" "+3154cc1a3e6424e44f438a95007d043ed5ceaaf6" "check" "--frozen" "--all" "--all-targets" "--message-format=json", kill_on_drop: false }`
[INFO] [stderr]    Compiling libc v0.2.186
[INFO] [stderr]    Compiling jobserver v0.1.35
[INFO] [stderr]     Checking serde v1.0.228
[INFO] [stderr]     Checking typenum v1.20.0
[INFO] [stderr]     Checking log v0.4.30
[INFO] [stderr]     Checking serde_json v1.0.150
[INFO] [stderr]     Checking futures-util v0.3.32
[INFO] [stderr]    Compiling time-core v0.1.8
[INFO] [stderr]     Checking tracing v0.1.44
[INFO] [stderr]    Compiling time-macros v0.2.27
[INFO] [stderr]    Compiling cc v1.2.62
[INFO] [stderr]     Checking deranged v0.5.8
[INFO] [stderr]     Checking smallvec v1.15.1
[INFO] [stderr]     Checking icu_normalizer v2.2.0
[INFO] [stderr]    Compiling rustls v0.23.45
[INFO] [stderr]     Checking num-traits v0.2.19
[INFO] [stderr]     Checking idna_adapter v1.2.2
[INFO] [stderr]     Checking idna v1.1.0
[INFO] [stderr]     Checking url v2.5.8
[INFO] [stderr]    Compiling cmake v0.1.58
[INFO] [stderr]     Checking generic-array v0.14.7
[INFO] [stderr]     Checking time v0.3.47
[INFO] [stderr]     Checking bitflags v2.11.1
[INFO] [stderr]    Compiling proc-macro2-diagnostics v0.10.1
[INFO] [stderr]    Compiling serde_core v1.0.228
[INFO] [stderr]    Compiling yansi v1.0.1
[INFO] [stderr]     Checking parking_lot_core v0.9.12
[INFO] [stderr]     Checking errno v0.3.14
[INFO] [stderr]     Checking mio v1.2.0
[INFO] [stderr]     Checking parking_lot v0.12.5
[INFO] [stderr]     Checking signal-hook-registry v1.4.8
[INFO] [stderr]     Checking socket2 v0.6.3
[INFO] [stderr]    Compiling aws-lc-sys v0.45.0
[INFO] [stderr]     Checking getrandom v0.4.2
[INFO] [stderr]     Checking getrandom v0.2.17
[INFO] [stderr]    Compiling ring v0.17.14
[INFO] [stderr]     Checking crypto-common v0.1.7
[INFO] [stderr]     Checking block-buffer v0.10.4
[INFO] [stderr]     Checking digest v0.10.7
[INFO] [stderr]     Checking tokio v1.52.3
[INFO] [stderr]     Checking sha2 v0.10.9
[INFO] [stderr]     Checking toml_datetime v0.6.11
[INFO] [stderr]     Checking either v1.16.0
[INFO] [stderr]     Checking serde_spanned v0.6.9
[INFO] [stderr]     Checking toml_edit v0.22.27
[INFO] [stderr]    Compiling pear_codegen v0.2.9
[INFO] [stderr]     Checking uuid v1.23.1
[INFO] [stderr]    Compiling figment v0.10.19
[INFO] [stderr]     Checking inlinable_string v0.1.15
[INFO] [stderr]     Checking rand_core v0.6.4
[INFO] [stderr]     Checking rand_chacha v0.3.1
[INFO] [stderr]     Checking pear v0.2.9
[INFO] [stderr]     Checking rand v0.8.6
[INFO] [stderr]     Checking hybrid-array v0.4.12
[INFO] [stderr]     Checking toml v0.8.23
[INFO] [stderr]    Compiling zeroize v1.9.0
[INFO] [stderr]    Compiling rustls-pki-types v1.14.1
[INFO] [stderr]     Checking dubbridge-domain v0.1.0 (/opt/rustwide/workdir/crates/domain)
[INFO] [stderr]     Checking crypto-common v0.2.2
[INFO] [stderr]     Checking dubbridge-config v0.1.0 (/opt/rustwide/workdir/crates/config)
[INFO] [stderr]    Compiling concurrent-queue v2.5.0
[INFO] [stderr]    Compiling webpki-roots v1.0.7
[INFO] [stderr]    Compiling event-listener v5.4.1
[INFO] [stderr]     Checking tokio-util v0.7.18
[INFO] [stderr]    Compiling webpki-roots v0.26.11
[INFO] [stderr]    Compiling futures-intrusive v0.5.0
[INFO] [stderr]     Checking h2 v0.4.19
[INFO] [stderr]     Checking tower v0.5.3
[INFO] [stderr]    Compiling hmac v0.12.1
[INFO] [stderr]    Compiling hkdf v0.12.4
[INFO] [stderr]     Checking tokio-stream v0.1.18
[INFO] [stderr]    Compiling md-5 v0.10.6
[INFO] [stderr]     Checking block-buffer v0.12.1
[INFO] [stderr]     Checking serde_urlencoded v0.7.1
[INFO] [stderr]    Compiling rustls-webpki v0.103.15
[INFO] [stderr]     Checking atoi v2.0.0
[INFO] [stderr]     Checking inout v0.2.2
[INFO] [stderr]     Checking num-integer v0.1.46
[INFO] [stderr]     Checking tower-http v0.6.11
[INFO] [stderr]     Checking cipher v0.5.2
[INFO] [stderr]     Checking num-bigint v0.4.6
[INFO] [stderr]     Checking futures-executor v0.3.32
[INFO] [stderr]     Checking futures v0.3.32
[INFO] [stderr]     Checking tracing-log v0.2.0
[INFO] [stderr]     Checking tracing-subscriber v0.3.23
[INFO] [stderr]     Checking backon v1.6.0
[INFO] [stderr]     Checking arc-swap v1.9.1
[INFO] [stderr]     Checking combine v4.6.7
[INFO] [stderr]     Checking universal-hash v0.6.1
[INFO] [stderr]     Checking polyval v0.7.3
[INFO] [stderr]     Checking ghash v0.6.0
[INFO] [stderr]     Checking getrandom v0.3.4
[INFO] [stderr]     Checking aes v0.9.3
[INFO] [stderr]     Checking ctr v0.10.1
[INFO] [stderr]     Checking aead v0.6.1
[INFO] [stderr]     Checking rand_core v0.9.5
[INFO] [stderr]     Checking rand_chacha v0.9.0
[INFO] [stderr]     Checking chrono v0.4.45
[INFO] [stderr]     Checking dubbridge-observability v0.1.0 (/opt/rustwide/workdir/crates/observability)
[INFO] [stderr]     Checking aes-gcm v0.11.1
[INFO] [stderr]     Checking rand v0.9.4
[INFO] [stderr]    Compiling multer v3.1.0
[INFO] [stderr]     Checking hyper v1.9.0
[INFO] [stderr]    Compiling nix v0.31.3
[INFO] [stderr]     Checking rustls-native-certs v0.8.4
[INFO] [stderr]     Checking ulid v1.2.1
[INFO] [stderr]     Checking spin v0.9.9
[INFO] [stderr]     Checking apalis-core v0.7.4
[INFO] [stderr]     Checking axum-core v0.5.6
[INFO] [stderr]     Checking chacha20 v0.10.2
[INFO] [stderr]     Checking digest v0.11.3
[INFO] [stderr]     Checking spin v0.10.1
[INFO] [stderr]     Checking md-5 v0.11.0
[INFO] [stderr]     Checking hyper-util v0.1.20
[INFO] [stderr]     Checking rustix v1.1.4
[INFO] [stderr]     Checking crc-fast v1.10.0
[INFO] [stderr]     Checking rand v0.10.2
[INFO] [stderr]    Compiling sqlx-core v0.8.6
[INFO] [stderr]     Checking itertools v0.15.0
[INFO] [stderr]     Checking quick-xml v0.41.0
[INFO] [stderr]     Checking tracing-futures v0.2.5
[INFO] [stderr]     Checking axum v0.8.9
[INFO] [stderr]     Checking apalis v0.7.4
[INFO] [stderr]     Checking tempfile v3.27.0
[INFO] [stderr]     Checking itertools v0.13.0
[INFO] [stderr]     Checking socket2 v0.5.10
[INFO] [stderr]     Checking dubbridge-media v0.1.0 (/opt/rustwide/workdir/crates/media)
[INFO] [stderr]     Checking simple_asn1 v0.6.4
[INFO] [stderr]     Checking blowfish v0.10.0
[INFO] [stderr]     Checking jsonwebtoken v9.3.1
[INFO] [stderr]     Checking bcrypt v0.19.2
[INFO] [stderr]     Checking dubbridge-playback v0.1.0 (/opt/rustwide/workdir/crates/playback)
[INFO] [stderr]    Compiling mime_guess v2.0.5
[INFO] [stderr]    Compiling cookie v0.18.1
[INFO] [stderr]     Checking axum-core v0.4.5
[INFO] [stderr]     Checking redis v0.32.7
[INFO] [stderr]     Checking num_cpus v1.17.0
[INFO] [stderr]     Checking assert-json-diff v2.0.2
[INFO] [stderr]     Checking diff v0.1.13
[INFO] [stderr]     Checking deadpool v0.12.3
[INFO] [stderr]     Checking pretty_assertions v1.4.1
[INFO] [stderr]     Checking rust-multipart-rfc7578_2 v0.6.1
[INFO] [stderr]     Checking dubbridge-providers v0.1.0 (/opt/rustwide/workdir/crates/providers)
[INFO] [stderr]     Checking reserve-port v2.4.0
[INFO] [stderr]     Checking auto-future v1.0.0
[INFO] [stderr]     Checking bytesize v1.3.3
[INFO] [stderr]    Compiling sqlx-postgres v0.8.6
[INFO] [stderr]     Checking wiremock v0.6.5
[INFO] [stderr]     Checking redis v0.27.6
[INFO] [stderr]     Checking tokio-test v0.4.5
[INFO] [stderr]     Checking temp-env v0.3.6
[INFO] [stderr]     Checking axum v0.7.9
[INFO] [stderr]     Checking dubbridge-qc v0.1.0 (/opt/rustwide/workdir/crates/qc)
[INFO] [stderr]    Compiling sqlx-macros-core v0.8.6
[INFO] [stderr]     Checking apalis-redis v0.7.4
[INFO] [stderr]    Compiling sqlx-macros v0.8.6
[INFO] [stdout] error[E0277]: the trait bound `!: FromRedisValue` is not satisfied
[INFO] [stdout]    --> /opt/rustwide/cargo-home/registry/src/index.crates.io-1949cf8c6b5b557f/apalis-redis-0.7.4/src/storage.rs:727:9
[INFO] [stdout]     |
[INFO] [stdout] 727 | /         push_job
[INFO] [stdout] 728 | |             .key(job_data_hash)
[INFO] [stdout] 729 | |             .key(active_jobs_list)
[INFO] [stdout] 730 | |             .key(signal_list)
[INFO] [stdout] 731 | |             .arg(req.parts.task_id.to_string())
[INFO] [stdout] 732 | |             .arg(job)
[INFO] [stdout] 733 | |             .invoke_async(conn)
[INFO] [stdout]     | |_______________________________^ the trait `FromRedisValue` is not implemented for `!`
[INFO] [stdout]     |
[INFO] [stdout]     = help: the following other types implement trait `FromRedisValue`:
[INFO] [stdout]               ()
[INFO] [stdout]               (T,)
[INFO] [stdout]               (T1, T2)
[INFO] [stdout]               (T1, T2, T3)
[INFO] [stdout]               (T1, T2, T3, T4)
[INFO] [stdout]               (T1, T2, T3, T4, T5)
[INFO] [stdout]               (T1, T2, T3, T4, T5, T6)
[INFO] [stdout]               (T1, T2, T3, T4, T5, T6, T7)
[INFO] [stdout]             and 41 others
[INFO] [stdout]     = note: this error might have been caused by changes to Rust's type-inference algorithm (see issue #148922 <https://github.com/rust-lang/rust/issues/148922> for more information)
[INFO] [stdout]     = help: you might have intended to use the type `()` here instead
[INFO] [stdout] note: required by a bound in `ScriptInvocation::<'a>::invoke_async`
[INFO] [stdout]    --> /opt/rustwide/cargo-home/registry/src/index.crates.io-1949cf8c6b5b557f/redis-0.32.7/src/script.rs:193:34
[INFO] [stdout]     |
[INFO] [stdout] 150 | impl<'a> ScriptInvocation<'a> {
[INFO] [stdout] ...
[INFO] [stdout] 193 |     pub async fn invoke_async<T: FromRedisValue>(
[INFO] [stdout]     |                                  ^^^^^^^^^^^^^^ required by this bound in `ScriptInvocation::<'a>::invoke_async`
[INFO] [stdout] 
[INFO] [stdout] 
[INFO] [stdout] error[E0277]: the trait bound `!: FromRedisValue` is not satisfied
[INFO] [stdout]    --> /opt/rustwide/cargo-home/registry/src/index.crates.io-1949cf8c6b5b557f/apalis-redis-0.7.4/src/storage.rs:750:9
[INFO] [stdout]     |
[INFO] [stdout] 750 | /         push_job
[INFO] [stdout] 751 | |             .key(job_data_hash)
[INFO] [stdout] 752 | |             .key(active_jobs_list)
[INFO] [stdout] 753 | |             .key(signal_list)
[INFO] [stdout] 754 | |             .arg(req.parts.task_id.to_string())
[INFO] [stdout] 755 | |             .arg(job)
[INFO] [stdout] 756 | |             .invoke_async(conn)
[INFO] [stdout]     | |_______________________________^ the trait `FromRedisValue` is not implemented for `!`
[INFO] [stdout]     |
[INFO] [stdout]     = help: the following other types implement trait `FromRedisValue`:
[INFO] [stdout]               ()
[INFO] [stdout]               (T,)
[INFO] [stdout]               (T1, T2)
[INFO] [stdout]               (T1, T2, T3)
[INFO] [stdout]               (T1, T2, T3, T4)
[INFO] [stdout]               (T1, T2, T3, T4, T5)
[INFO] [stdout]               (T1, T2, T3, T4, T5, T6)
[INFO] [stdout]               (T1, T2, T3, T4, T5, T6, T7)
[INFO] [stdout]             and 41 others
[INFO] [stdout]     = note: this error might have been caused by changes to Rust's type-inference algorithm (see issue #148922 <https://github.com/rust-lang/rust/issues/148922> for more information)
[INFO] [stdout]     = help: you might have intended to use the type `()` here instead
[INFO] [stdout] note: required by a bound in `ScriptInvocation::<'a>::invoke_async`
[INFO] [stdout]    --> /opt/rustwide/cargo-home/registry/src/index.crates.io-1949cf8c6b5b557f/redis-0.32.7/src/script.rs:193:34
[INFO] [stdout]     |
[INFO] [stdout] 150 | impl<'a> ScriptInvocation<'a> {
[INFO] [stdout] ...
[INFO] [stdout] 193 |     pub async fn invoke_async<T: FromRedisValue>(
[INFO] [stdout]     |                                  ^^^^^^^^^^^^^^ required by this bound in `ScriptInvocation::<'a>::invoke_async`
[INFO] [stdout] 
[INFO] [stdout] 
[INFO] [stdout] error[E0277]: the trait bound `!: FromRedisValue` is not satisfied
[INFO] [stdout]    --> /opt/rustwide/cargo-home/registry/src/index.crates.io-1949cf8c6b5b557f/apalis-redis-0.7.4/src/storage.rs:771:9
[INFO] [stdout]     |
[INFO] [stdout] 771 | /         schedule_job
[INFO] [stdout] 772 | |             .key(job_data_hash)
[INFO] [stdout] 773 | |             .key(scheduled_jobs_set)
[INFO] [stdout] 774 | |             .arg(req.parts.task_id.to_string())
[INFO] [stdout] 775 | |             .arg(job)
[INFO] [stdout] 776 | |             .arg(on)
[INFO] [stdout] 777 | |             .invoke_async(&mut self.conn)
[INFO] [stdout]     | |_________________________________________^ the trait `FromRedisValue` is not implemented for `!`
[INFO] [stdout]     |
[INFO] [stdout]     = help: the following other types implement trait `FromRedisValue`:
[INFO] [stdout]               ()
[INFO] [stdout]               (T,)
[INFO] [stdout]               (T1, T2)
[INFO] [stdout]               (T1, T2, T3)
[INFO] [stdout]               (T1, T2, T3, T4)
[INFO] [stdout]               (T1, T2, T3, T4, T5)
[INFO] [stdout]               (T1, T2, T3, T4, T5, T6)
[INFO] [stdout]               (T1, T2, T3, T4, T5, T6, T7)
[INFO] [stdout]             and 41 others
[INFO] [stdout]     = note: this error might have been caused by changes to Rust's type-inference algorithm (see issue #148922 <https://github.com/rust-lang/rust/issues/148922> for more information)
[INFO] [stdout]     = help: you might have intended to use the type `()` here instead
[INFO] [stdout] note: required by a bound in `ScriptInvocation::<'a>::invoke_async`
[INFO] [stdout]    --> /opt/rustwide/cargo-home/registry/src/index.crates.io-1949cf8c6b5b557f/redis-0.32.7/src/script.rs:193:34
[INFO] [stdout]     |
[INFO] [stdout] 150 | impl<'a> ScriptInvocation<'a> {
[INFO] [stdout] ...
[INFO] [stdout] 193 |     pub async fn invoke_async<T: FromRedisValue>(
[INFO] [stdout]     |                                  ^^^^^^^^^^^^^^ required by this bound in `ScriptInvocation::<'a>::invoke_async`
[INFO] [stdout] 
[INFO] [stdout] 
[INFO] [stdout] error[E0277]: the trait bound `!: FromRedisValue` is not satisfied
[INFO] [stdout]    --> /opt/rustwide/cargo-home/registry/src/index.crates.io-1949cf8c6b5b557f/apalis-redis-0.7.4/src/storage.rs:838:9
[INFO] [stdout]     |
[INFO] [stdout] 838 | /         redis::cmd("SREM")
[INFO] [stdout] 839 | |             .arg(inflight_set)
[INFO] [stdout] 840 | |             .arg(job_id.to_string())
[INFO] [stdout] 841 | |             .query_async(&mut self.conn)
[INFO] [stdout]     | |________________________________________^ the trait `FromRedisValue` is not implemented for `!`
[INFO] [stdout]     |
[INFO] [stdout]     = help: the following other types implement trait `FromRedisValue`:
[INFO] [stdout]               ()
[INFO] [stdout]               (T,)
[INFO] [stdout]               (T1, T2)
[INFO] [stdout]               (T1, T2, T3)
[INFO] [stdout]               (T1, T2, T3, T4)
[INFO] [stdout]               (T1, T2, T3, T4, T5)
[INFO] [stdout]               (T1, T2, T3, T4, T5, T6)
[INFO] [stdout]               (T1, T2, T3, T4, T5, T6, T7)
[INFO] [stdout]             and 41 others
[INFO] [stdout]     = note: this error might have been caused by changes to Rust's type-inference algorithm (see issue #148922 <https://github.com/rust-lang/rust/issues/148922> for more information)
[INFO] [stdout]     = help: you might have intended to use the type `()` here instead
[INFO] [stdout] note: required by a bound in `Cmd::query_async`
[INFO] [stdout]    --> /opt/rustwide/cargo-home/registry/src/index.crates.io-1949cf8c6b5b557f/redis-0.32.7/src/cmd.rs:671:33
[INFO] [stdout]     |
[INFO] [stdout] 519 | impl Cmd {
[INFO] [stdout] ...
[INFO] [stdout] 671 |     pub async fn query_async<T: FromRedisValue>(
[INFO] [stdout]     |                                 ^^^^^^^^^^^^^^ required by this bound in `Cmd::query_async`
[INFO] [stdout] 
[INFO] [stdout] 
[INFO] [stdout] error[E0277]: the trait bound `!: FromRedisValue` is not satisfied
[INFO] [stdout]    --> /opt/rustwide/cargo-home/registry/src/index.crates.io-1949cf8c6b5b557f/apalis-redis-0.7.4/src/storage.rs:843:9
[INFO] [stdout]     |
[INFO] [stdout] 843 | /         redis::cmd("ZADD")
[INFO] [stdout] 844 | |             .arg(failed_jobs_set)
[INFO] [stdout] 845 | |             .arg(on)
[INFO] [stdout] 846 | |             .arg(job_id.to_string())
[INFO] [stdout] 847 | |             .query_async(&mut self.conn)
[INFO] [stdout]     | |________________________________________^ the trait `FromRedisValue` is not implemented for `!`
[INFO] [stdout]     |
[INFO] [stdout]     = help: the following other types implement trait `FromRedisValue`:
[INFO] [stdout]               ()
[INFO] [stdout]               (T,)
[INFO] [stdout]               (T1, T2)
[INFO] [stdout]               (T1, T2, T3)
[INFO] [stdout]               (T1, T2, T3, T4)
[INFO] [stdout]               (T1, T2, T3, T4, T5)
[INFO] [stdout]               (T1, T2, T3, T4, T5, T6)
[INFO] [stdout]               (T1, T2, T3, T4, T5, T6, T7)
[INFO] [stdout]             and 41 others
[INFO] [stdout]     = note: this error might have been caused by changes to Rust's type-inference algorithm (see issue #148922 <https://github.com/rust-lang/rust/issues/148922> for more information)
[INFO] [stdout]     = help: you might have intended to use the type `()` here instead
[INFO] [stdout] note: required by a bound in `Cmd::query_async`
[INFO] [stdout]    --> /opt/rustwide/cargo-home/registry/src/index.crates.io-1949cf8c6b5b557f/redis-0.32.7/src/cmd.rs:671:33
[INFO] [stdout]     |
[INFO] [stdout] 519 | impl Cmd {
[INFO] [stdout] ...
[INFO] [stdout] 671 |     pub async fn query_async<T: FromRedisValue>(
[INFO] [stdout]     |                                 ^^^^^^^^^^^^^^ required by this bound in `Cmd::query_async`
[INFO] [stdout] 
[INFO] [stdout] 
[INFO] [stdout] For more information about this error, try `rustc --explain E0277`.
[INFO] [stdout] 
[INFO] [stderr] error: could not compile `apalis-redis` (lib) due to 5 previous errors
[INFO] [stderr] warning: build failed, waiting for other jobs to finish...
[INFO] [stderr] warning: unused dependency `tokio`
[INFO] [stderr]   --> crates/media/Cargo.toml:11:1
[INFO] [stderr]    |
[INFO] [stderr] 11 | tokio.workspace = true
[INFO] [stderr]    | ^^^^^
[INFO] [stderr]    |
[INFO] [stderr]    = note: `cargo::unused_dependencies` is set to `warn` by default
[INFO] [stderr] help: consider removing the dependency on `tokio`
[INFO] [stderr] warning: `dubbridge-media` (manifest) generated 1 warning
[INFO] running `Command { std: "docker" "inspect" "072ee84bcde5141dda7d83f5e9560e21b3fb6a8773e51c263fe89339615914b3", kill_on_drop: false }`
[INFO] running `Command { std: "docker" "rm" "-f" "072ee84bcde5141dda7d83f5e9560e21b3fb6a8773e51c263fe89339615914b3", kill_on_drop: false }`
[INFO] [stdout] 072ee84bcde5141dda7d83f5e9560e21b3fb6a8773e51c263fe89339615914b3
