[INFO] cloning repository https://github.com/krapivani/menu
[INFO] running `Command { std: "git" "-c" "credential.helper=" "-c" "credential.helper=/workspace/cargo-home/bin/git-credential-null" "clone" "--bare" "https://github.com/krapivani/menu" "/workspace/cache/git-repos/https%3A%2F%2Fgithub.com%2Fkrapivani%2Fmenu", kill_on_drop: false }`
[INFO] [stderr] Cloning into bare repository '/workspace/cache/git-repos/https%3A%2F%2Fgithub.com%2Fkrapivani%2Fmenu'...
[INFO] running `Command { std: "git" "rev-parse" "HEAD", kill_on_drop: false }`
[INFO] [stdout] 2d3a7d9a8089ffdfb65d4e65b1c210fe30a6aed2
[INFO] checking krapivani/menu against 3154cc1a3e6424e44f438a95007d043ed5ceaaf6+rustflags=-Znext-solver=coherence for pr-133502-30
[INFO] running `Command { std: "git" "clone" "/workspace/cache/git-repos/https%3A%2F%2Fgithub.com%2Fkrapivani%2Fmenu" "/workspace/builds/worker-0-tc1/source", kill_on_drop: false }`
[INFO] [stderr] Cloning into '/workspace/builds/worker-0-tc1/source'...
[INFO] [stderr] done.
[INFO] started tweaking git repo https://github.com/krapivani/menu
[INFO] finished tweaking git repo https://github.com/krapivani/menu
[INFO] tweaked toml for git repo https://github.com/krapivani/menu written to /workspace/builds/worker-0-tc1/source/Cargo.toml
[INFO] validating manifest of git repo https://github.com/krapivani/menu on toolchain 3154cc1a3e6424e44f438a95007d043ed5ceaaf6
[INFO] running `Command { std: CARGO_HOME="/workspace/cargo-home" RUSTUP_HOME="/workspace/rustup-home" "/workspace/cargo-home/bin/cargo" "+3154cc1a3e6424e44f438a95007d043ed5ceaaf6" "metadata" "--manifest-path" "Cargo.toml" "--no-deps", kill_on_drop: false }`
[INFO] crate git repo https://github.com/krapivani/menu already has a lockfile, it will not be regenerated
[INFO] running `Command { std: CARGO_HOME="/workspace/cargo-home" RUSTUP_HOME="/workspace/rustup-home" "/workspace/cargo-home/bin/cargo" "+3154cc1a3e6424e44f438a95007d043ed5ceaaf6" "fetch" "--manifest-path" "Cargo.toml", kill_on_drop: false }`
[INFO] [stderr]     Blocking waiting for file lock on package cache
[INFO] [stderr]     Updating crates.io index
[INFO] [stderr]     Blocking waiting for file lock on package cache
[INFO] [stderr]  Downloading crates ...
[INFO] [stderr]   Downloaded wasm_split_macros v0.2.2
[INFO] [stderr]   Downloaded wasm_split_helpers v0.2.3
[INFO] [stderr]   Downloaded tachys v0.2.18
[INFO] [stderr]   Downloaded reactive_stores_macro v0.4.3
[INFO] [stderr]   Downloaded convert_case_extras v0.2.0
[INFO] [stderr]   Downloaded either_of v0.1.9
[INFO] [stderr]   Downloaded leptos_dom v0.8.8
[INFO] [stderr]   Downloaded hydration_context v0.3.1
[INFO] [stderr]   Downloaded server_fn_macro v0.8.10
[INFO] [stderr]   Downloaded leptos_server v0.8.7
[INFO] [stderr]   Downloaded html-escape v0.2.15
[INFO] [stderr]   Downloaded reactive_stores v0.4.3
[INFO] [stderr]   Downloaded leptos_hot_reload v0.8.6
[INFO] [stderr]   Downloaded leptos_config v0.8.10
[INFO] [stderr]   Downloaded const-str v1.1.0
[INFO] [stderr]   Downloaded leptos_macro v0.8.17
[INFO] [stderr]   Downloaded server_fn v0.8.13
[INFO] [stderr]   Downloaded config v0.15.25
[INFO] [stderr]   Downloaded leptos v0.8.20
[INFO] [stderr]   Downloaded reactive_graph v0.2.14
[INFO] running `Command { std: "docker" "create" "-v" "/var/lib/crater-agent-workspace/builds/worker-0-tc1/source:/opt/rustwide/workdir:ro,Z" "-v" "/var/lib/crater-agent-workspace/builds/worker-0-tc1/target:/opt/rustwide/target:rw,Z" "-v" "/var/lib/crater-agent-workspace/cargo-home:/opt/rustwide/cargo-home:ro,Z" "-v" "/var/lib/crater-agent-workspace/rustup-home:/opt/rustwide/rustup-home:ro,Z" "-m" "1610612736" "--network" "none" "ghcr.io/rust-lang/crates-build-env/linux@sha256:77db811e55d90add9212f6832c23229e3de5f1c1f9905e8cb07319ea15df73ac" "sleep" "infinity", kill_on_drop: false }`
[INFO] [stdout] 7efdce1d461575875e018c3ff8674601683268e4dbb3a7f3e6066f38ea78cbea
[INFO] running `Command { std: "docker" "start" "7efdce1d461575875e018c3ff8674601683268e4dbb3a7f3e6066f38ea78cbea", kill_on_drop: false }`
[INFO] running `Command { std: "docker" "inspect" "7efdce1d461575875e018c3ff8674601683268e4dbb3a7f3e6066f38ea78cbea", kill_on_drop: false }`
[INFO] running `Command { std: "docker" "exec" "-e" "SOURCE_DIR=/opt/rustwide/workdir" "-e" "CARGO_HOME=/opt/rustwide/cargo-home" "-e" "RUSTUP_HOME=/opt/rustwide/rustup-home" "-e" "CARGO_TARGET_DIR=/opt/rustwide/target" "-w" "/opt/rustwide/workdir" "--user" "0:0" "7efdce1d461575875e018c3ff8674601683268e4dbb3a7f3e6066f38ea78cbea" "/opt/rustwide/cargo-home/bin/cargo" "+3154cc1a3e6424e44f438a95007d043ed5ceaaf6" "metadata" "--no-deps" "--format-version=1", kill_on_drop: false }`
[INFO] running `Command { std: "docker" "inspect" "7efdce1d461575875e018c3ff8674601683268e4dbb3a7f3e6066f38ea78cbea", kill_on_drop: false }`
[INFO] running `Command { std: "docker" "exec" "-e" "SOURCE_DIR=/opt/rustwide/workdir" "-e" "CARGO_HOME=/opt/rustwide/cargo-home" "-e" "RUSTUP_HOME=/opt/rustwide/rustup-home" "-e" "CARGO_TARGET_DIR=/opt/rustwide/target" "-e" "CARGO_INCREMENTAL=0" "-e" "RUST_BACKTRACE=full" "-e" "RUSTFLAGS=--cap-lints=forbid -Znext-solver=coherence" "-e" "RUSTDOCFLAGS=--cap-lints=forbid" "-w" "/opt/rustwide/workdir" "--user" "0:0" "7efdce1d461575875e018c3ff8674601683268e4dbb3a7f3e6066f38ea78cbea" "/opt/rustwide/cargo-home/bin/cargo" "+3154cc1a3e6424e44f438a95007d043ed5ceaaf6" "check" "--frozen" "--all" "--all-targets" "--message-format=json", kill_on_drop: false }`
[INFO] [stderr]    Compiling proc-macro2 v1.0.107
[INFO] [stderr]    Compiling wasm-bindgen-shared v0.2.127
[INFO] [stderr]     Checking futures-sink v0.3.34
[INFO] [stderr]     Checking futures-io v0.3.34
[INFO] [stderr]    Compiling serde v1.0.229
[INFO] [stderr]     Checking once_cell v1.21.4
[INFO] [stderr]    Compiling libc v0.2.189
[INFO] [stderr]    Compiling proc-macro2-diagnostics v0.10.1
[INFO] [stderr]    Compiling wasm-bindgen v0.2.127
[INFO] [stderr]     Checking or_poisoned v0.1.0
[INFO] [stderr]    Compiling smallvec v1.15.2
[INFO] [stderr]     Checking serde_json v1.0.151
[INFO] [stderr]    Compiling slotmap v1.1.1
[INFO] [stderr]     Checking throw_error v0.3.1
[INFO] [stderr]    Compiling konst_macro_rules v0.2.19
[INFO] [stderr]     Checking futures-channel v0.3.34
[INFO] [stderr]     Checking indexmap v2.14.1
[INFO] [stderr]    Compiling server_fn_macro v0.8.10
[INFO] [stderr]    Compiling reactive_graph v0.2.14
[INFO] [stderr]     Checking send_wrapper v0.6.0
[INFO] [stderr]    Compiling camino v1.2.5
[INFO] [stderr]     Checking async-lock v3.4.2
[INFO] [stderr]     Checking guardian v1.3.0
[INFO] [stderr]    Compiling konst v0.2.20
[INFO] [stderr]    Compiling xxhash-rust v0.8.18
[INFO] [stderr]    Compiling tachys v0.2.18
[INFO] [stderr]    Compiling prettyplease v0.2.37
[INFO] [stderr]     Checking toml_parser v1.1.3+spec-1.1.0
[INFO] [stderr]    Compiling getrandom v0.4.3
[INFO] [stderr]     Checking ppv-lite86 v0.2.21
[INFO] [stderr]     Checking either_of v0.1.9
[INFO] [stderr]     Checking toml_datetime v1.1.1+spec-1.1.0
[INFO] [stderr]     Checking serde_spanned v1.1.1
[INFO] [stderr]    Compiling server_fn v0.8.13
[INFO] [stderr]     Checking quote v1.0.47
[INFO] [stderr]     Checking html-escape v0.2.15
[INFO] [stderr]    Compiling collection_literals v1.0.3
[INFO] [stderr]     Checking erased v0.1.2
[INFO] [stderr]     Checking const_str_slice_concat v0.1.0
[INFO] [stderr]     Checking drain_filter_polyfill v0.1.3
[INFO] [stderr]     Checking yansi v1.0.1
[INFO] [stderr]    Compiling interpolator v0.5.0
[INFO] [stderr]     Checking next_tuple v0.1.0
[INFO] [stderr]     Checking syn v2.0.119
[INFO] [stderr]     Checking convert_case v0.6.0
[INFO] [stderr]     Checking toml v1.1.4+spec-1.1.0
[INFO] [stderr]    Compiling leptos_macro v0.8.17
[INFO] [stderr]     Checking pathdiff v0.2.3
[INFO] [stderr]    Compiling base16 v0.2.1
[INFO] [stderr]     Checking const-str v1.1.0
[INFO] [stderr]    Compiling either v1.18.0
[INFO] [stderr]     Checking hashbrown v0.16.1
[INFO] [stderr]    Compiling sqlite-wasm-rs v0.5.5
[INFO] [stderr]    Compiling itertools v0.14.0
[INFO] [stderr]    Compiling convert_case_extras v0.2.0
[INFO] [stderr]    Compiling leptos v0.8.20
[INFO] [stderr]     Checking async-once-cell v0.5.4
[INFO] [stderr]     Checking getrandom v0.2.17
[INFO] [stderr]    Compiling syn v3.0.4
[INFO] [stderr]    Compiling proc-macro-utils v0.10.0
[INFO] [stderr]    Compiling proc-macro-error-attr2 v2.0.0
[INFO] [stderr]    Compiling const_format_proc_macros v0.2.34
[INFO] [stderr]     Checking rand_core v0.6.4
[INFO] [stderr] warning: sqlite-wasm-rs@0.5.5: In file included from /usr/include/stdint.h:26,
[INFO] [stderr] warning: sqlite-wasm-rs@0.5.5:                  from /usr/lib/gcc/x86_64-linux-gnu/15/include/stdint.h:11,
[INFO] [stderr] warning: sqlite-wasm-rs@0.5.5:                  from ./shim/wasm-shim.h:2,
[INFO] [stderr] warning: sqlite-wasm-rs@0.5.5:                  from <command-line>:
[INFO] [stderr] warning: sqlite-wasm-rs@0.5.5: /usr/include/x86_64-linux-gnu/bits/libc-header-start.h:74:17: error: missing binary operator before token '('
[INFO] [stderr] warning: sqlite-wasm-rs@0.5.5:    74 | #if __GLIBC_USE (IEC_60559_BFP_EXT) || __GLIBC_USE (ISOC23)
[INFO] [stderr] warning: sqlite-wasm-rs@0.5.5:       |                 ^
[INFO] [stderr] warning: sqlite-wasm-rs@0.5.5: /usr/include/x86_64-linux-gnu/bits/libc-header-start.h:80:17: error: missing binary operator before token '('
[INFO] [stderr] warning: sqlite-wasm-rs@0.5.5:    80 | #if __GLIBC_USE (IEC_60559_BFP_EXT) || defined __STDC_WANT_IEC_60559_EXT__
[INFO] [stderr] warning: sqlite-wasm-rs@0.5.5:       |                 ^
[INFO] [stderr] warning: sqlite-wasm-rs@0.5.5: /usr/include/x86_64-linux-gnu/bits/libc-header-start.h:97:17: error: missing binary operator before token '('
[INFO] [stderr] warning: sqlite-wasm-rs@0.5.5:    97 | #if __GLIBC_USE (IEC_60559_FUNCS_EXT) || __GLIBC_USE (ISOC23)
[INFO] [stderr] warning: sqlite-wasm-rs@0.5.5:       |                 ^
[INFO] [stderr] warning: sqlite-wasm-rs@0.5.5: /usr/include/stdint.h:31:17: error: missing binary operator before token '('
[INFO] [stderr] warning: sqlite-wasm-rs@0.5.5:    31 | #if __GLIBC_USE (ISOC23)
[INFO] [stderr] warning: sqlite-wasm-rs@0.5.5:       |                 ^
[INFO] [stderr] warning: sqlite-wasm-rs@0.5.5: /usr/include/stdint.h:271:17: error: missing binary operator before token '('
[INFO] [stderr] warning: sqlite-wasm-rs@0.5.5:   271 | #if __GLIBC_USE (IEC_60559_BFP_EXT_C23)
[INFO] [stderr] warning: sqlite-wasm-rs@0.5.5:       |                 ^
[INFO] [stderr] warning: sqlite-wasm-rs@0.5.5: In file included from /usr/include/limits.h:26,
[INFO] [stderr] warning: sqlite-wasm-rs@0.5.5:                  from /usr/lib/gcc/x86_64-linux-gnu/15/include/limits.h:210,
[INFO] [stderr] warning: sqlite-wasm-rs@0.5.5:                  from /usr/lib/gcc/x86_64-linux-gnu/15/include/syslimits.h:9,
[INFO] [stderr] warning: sqlite-wasm-rs@0.5.5:                  from /usr/lib/gcc/x86_64-linux-gnu/15/include/limits.h:34,
[INFO] [stderr] warning: sqlite-wasm-rs@0.5.5:                  from shim/printf/printf.c:55:
[INFO] [stderr] warning: sqlite-wasm-rs@0.5.5: /usr/include/x86_64-linux-gnu/bits/libc-header-start.h:74:17: error: missing binary operator before token '('
[INFO] [stderr] warning: sqlite-wasm-rs@0.5.5:    74 | #if __GLIBC_USE (IEC_60559_BFP_EXT) || __GLIBC_USE (ISOC23)
[INFO] [stderr] warning: sqlite-wasm-rs@0.5.5:       |                 ^
[INFO] [stderr] warning: sqlite-wasm-rs@0.5.5: /usr/include/x86_64-linux-gnu/bits/libc-header-start.h:80:17: error: missing binary operator before token '('
[INFO] [stderr] warning: sqlite-wasm-rs@0.5.5:    80 | #if __GLIBC_USE (IEC_60559_BFP_EXT) || defined __STDC_WANT_IEC_60559_EXT__
[INFO] [stderr] warning: sqlite-wasm-rs@0.5.5:       |                 ^
[INFO] [stderr] warning: sqlite-wasm-rs@0.5.5: /usr/include/x86_64-linux-gnu/bits/libc-header-start.h:97:17: error: missing binary operator before token '('
[INFO] [stderr] warning: sqlite-wasm-rs@0.5.5:    97 | #if __GLIBC_USE (IEC_60559_FUNCS_EXT) || __GLIBC_USE (ISOC23)
[INFO] [stderr] warning: sqlite-wasm-rs@0.5.5:       |                 ^
[INFO] [stderr] warning: sqlite-wasm-rs@0.5.5: /usr/include/limits.h:145:17: error: missing binary operator before token '('
[INFO] [stderr] warning: sqlite-wasm-rs@0.5.5:   145 | #if __GLIBC_USE (IEC_60559_BFP_EXT_C23)
[INFO] [stderr] warning: sqlite-wasm-rs@0.5.5:       |                 ^
[INFO] [stderr] warning: sqlite-wasm-rs@0.5.5: /usr/include/limits.h:184:17: error: missing binary operator before token '('
[INFO] [stderr] warning: sqlite-wasm-rs@0.5.5:   184 | #if __GLIBC_USE (ISOC23)
[INFO] [stderr] warning: sqlite-wasm-rs@0.5.5:       |                 ^
[INFO] [stderr] warning: sqlite-wasm-rs@0.5.5: cc1: note: unrecognized command-line option '-Wno-macro-redefined' may have been intended to silence earlier diagnostics
[INFO] [stderr] error: failed to run custom build command for `sqlite-wasm-rs v0.5.5`
[INFO] [stderr] note: To improve backtraces for build dependencies, set the CARGO_PROFILE_DEV_BUILD_OVERRIDE_DEBUG=true environment variable to enable debug information generation.
[INFO] [stderr] 
[INFO] [stderr] Caused by:
[INFO] [stderr]   process didn't exit successfully: `/opt/rustwide/target/debug/build/sqlite-wasm-rs/dce4cebd066e171d/out/build_script_build` (exit status: 1)
[INFO] [stderr]   --- stdout
[INFO] [stderr]   cargo::rerun-if-env-changed=SQLITE_WASM_RS_UPDATE_BINDGEN
[INFO] [stderr]   cargo::rerun-if-changed=shim
[INFO] [stderr]   cargo::rerun-if-changed=sqlite3
[INFO] [stderr]   cargo:rerun-if-env-changed=CC_FORCE_DISABLE
[INFO] [stderr]   CC_FORCE_DISABLE = None
[INFO] [stderr]   cargo:rerun-if-env-changed=CC_x86_64-unknown-linux-gnu
[INFO] [stderr]   CC_x86_64-unknown-linux-gnu = None
[INFO] [stderr]   cargo:rerun-if-env-changed=CC_x86_64_unknown_linux_gnu
[INFO] [stderr]   CC_x86_64_unknown_linux_gnu = None
[INFO] [stderr]   cargo:rerun-if-env-changed=HOST_CC
[INFO] [stderr]   HOST_CC = None
[INFO] [stderr]   cargo:rerun-if-env-changed=CC
[INFO] [stderr]   CC = None
[INFO] [stderr]   cargo:rerun-if-env-changed=CC_ENABLE_DEBUG_OUTPUT
[INFO] [stderr]   cargo:rerun-if-env-changed=CRATE_CC_NO_DEFAULTS
[INFO] [stderr]   CRATE_CC_NO_DEFAULTS = None
[INFO] [stderr]   cargo:rerun-if-env-changed=CRATE_CC_NO_DEFAULTS
[INFO] [stderr]   CRATE_CC_NO_DEFAULTS = None
[INFO] [stderr]   cargo:rerun-if-env-changed=CFLAGS
[INFO] [stderr]   CFLAGS = None
[INFO] [stderr]   cargo:rerun-if-env-changed=HOST_CFLAGS
[INFO] [stderr]   HOST_CFLAGS = None
[INFO] [stderr]   cargo:rerun-if-env-changed=CFLAGS_x86_64_unknown_linux_gnu
[INFO] [stderr]   CFLAGS_x86_64_unknown_linux_gnu = None
[INFO] [stderr]   cargo:rerun-if-env-changed=CFLAGS_x86_64-unknown-linux-gnu
[INFO] [stderr]   CFLAGS_x86_64-unknown-linux-gnu = None
[INFO] [stderr]   cargo:rerun-if-env-changed=CFLAGS
[INFO] [stderr]   CFLAGS = None
[INFO] [stderr]   cargo:rerun-if-env-changed=HOST_CFLAGS
[INFO] [stderr]   HOST_CFLAGS = None
[INFO] [stderr]   cargo:rerun-if-env-changed=CFLAGS_x86_64_unknown_linux_gnu
[INFO] [stderr]   CFLAGS_x86_64_unknown_linux_gnu = None
[INFO] [stderr]   cargo:rerun-if-env-changed=CFLAGS_x86_64-unknown-linux-gnu
[INFO] [stderr]   CFLAGS_x86_64-unknown-linux-gnu = None
[INFO] [stderr]   cargo:warning=In file included from /usr/include/stdint.h:26,
[INFO] [stderr]   cargo:warning=                 from /usr/lib/gcc/x86_64-linux-gnu/15/include/stdint.h:11,
[INFO] [stderr]   cargo:warning=                 from ./shim/wasm-shim.h:2,
[INFO] [stderr]   cargo:warning=                 from <command-line>:
[INFO] [stderr]   cargo:warning=/usr/include/x86_64-linux-gnu/bits/libc-header-start.h:74:17: error: missing binary operator before token '('
[INFO] [stderr]   cargo:warning=   74 | #if __GLIBC_USE (IEC_60559_BFP_EXT) || __GLIBC_USE (ISOC23)
[INFO] [stderr]   cargo:warning=      |                 ^
[INFO] [stderr]   cargo:warning=/usr/include/x86_64-linux-gnu/bits/libc-header-start.h:80:17: error: missing binary operator before token '('
[INFO] [stderr]   cargo:warning=   80 | #if __GLIBC_USE (IEC_60559_BFP_EXT) || defined __STDC_WANT_IEC_60559_EXT__
[INFO] [stderr]   cargo:warning=      |                 ^
[INFO] [stderr]   cargo:warning=/usr/include/x86_64-linux-gnu/bits/libc-header-start.h:97:17: error: missing binary operator before token '('
[INFO] [stderr]   cargo:warning=   97 | #if __GLIBC_USE (IEC_60559_FUNCS_EXT) || __GLIBC_USE (ISOC23)
[INFO] [stderr]   cargo:warning=      |                 ^
[INFO] [stderr]   cargo:warning=/usr/include/stdint.h:31:17: error: missing binary operator before token '('
[INFO] [stderr]   cargo:warning=   31 | #if __GLIBC_USE (ISOC23)
[INFO] [stderr]   cargo:warning=      |                 ^
[INFO] [stderr]   cargo:warning=/usr/include/stdint.h:271:17: error: missing binary operator before token '('
[INFO] [stderr]   cargo:warning=  271 | #if __GLIBC_USE (IEC_60559_BFP_EXT_C23)
[INFO] [stderr]   cargo:warning=      |                 ^
[INFO] [stderr]   cargo:warning=In file included from /usr/include/limits.h:26,
[INFO] [stderr]   cargo:warning=                 from /usr/lib/gcc/x86_64-linux-gnu/15/include/limits.h:210,
[INFO] [stderr]   cargo:warning=                 from /usr/lib/gcc/x86_64-linux-gnu/15/include/syslimits.h:9,
[INFO] [stderr]   cargo:warning=                 from /usr/lib/gcc/x86_64-linux-gnu/15/include/limits.h:34,
[INFO] [stderr]   cargo:warning=                 from shim/printf/printf.c:55:
[INFO] [stderr]   cargo:warning=/usr/include/x86_64-linux-gnu/bits/libc-header-start.h:74:17: error: missing binary operator before token '('
[INFO] [stderr]   cargo:warning=   74 | #if __GLIBC_USE (IEC_60559_BFP_EXT) || __GLIBC_USE (ISOC23)
[INFO] [stderr]   cargo:warning=      |                 ^
[INFO] [stderr]   cargo:warning=/usr/include/x86_64-linux-gnu/bits/libc-header-start.h:80:17: error: missing binary operator before token '('
[INFO] [stderr]   cargo:warning=   80 | #if __GLIBC_USE (IEC_60559_BFP_EXT) || defined __STDC_WANT_IEC_60559_EXT__
[INFO] [stderr]   cargo:warning=      |                 ^
[INFO] [stderr]   cargo:warning=/usr/include/x86_64-linux-gnu/bits/libc-header-start.h:97:17: error: missing binary operator before token '('
[INFO] [stderr]   cargo:warning=   97 | #if __GLIBC_USE (IEC_60559_FUNCS_EXT) || __GLIBC_USE (ISOC23)
[INFO] [stderr]   cargo:warning=      |                 ^
[INFO] [stderr]   cargo:warning=/usr/include/limits.h:145:17: error: missing binary operator before token '('
[INFO] [stderr]   cargo:warning=  145 | #if __GLIBC_USE (IEC_60559_BFP_EXT_C23)
[INFO] [stderr]   cargo:warning=      |                 ^
[INFO] [stderr]   cargo:warning=/usr/include/limits.h:184:17: error: missing binary operator before token '('
[INFO] [stderr]   cargo:warning=  184 | #if __GLIBC_USE (ISOC23)
[INFO] [stderr]   cargo:warning=      |                 ^
[INFO] [stderr]   cargo:warning=cc1: note: unrecognized command-line option '-Wno-macro-redefined' may have been intended to silence earlier diagnostics
[INFO] [stderr] 
[INFO] [stderr]   --- stderr
[INFO] [stderr] 
[INFO] [stderr] 
[INFO] [stderr]   error occurred in cc-rs: command did not execute successfully (status code exit status: 1): LC_ALL="C" "cc" "-O0" "-ffunction-sections" "-fdata-sections" "-fPIC" "-g" "-gdwarf-4" "-fno-omit-frame-pointer" "-mno-omit-leaf-frame-pointer" "-m64" "-I" "shim" "-I" "shim/musl/arch/generic" "-I" "shim/musl/include" "-w" "-Wno-macro-redefined" "-DPRINTF_ALIAS_STANDARD_FUNCTION_NAMES_HARD" "-include" "shim/wasm-shim.h" "-DSQLITE_OS_OTHER" "-DSQLITE_USE_URI" "-DSQLITE_THREADSAFE=0" "-DSQLITE_TEMP_STORE=2" "-DSQLITE_DEFAULT_CACHE_SIZE=-16384" "-DSQLITE_DEFAULT_PAGE_SIZE=8192" "-DSQLITE_OMIT_DEPRECATED" "-DSQLITE_OMIT_LOAD_EXTENSION" "-DSQLITE_OMIT_SHARED_CACHE" "-DSQLITE_ENABLE_UNLOCK_NOTIFY" "-DSQLITE_ENABLE_API_ARMOR" "-DSQLITE_ENABLE_BYTECODE_VTAB" "-DSQLITE_ENABLE_DBPAGE_VTAB" "-DSQLITE_ENABLE_DBSTAT_VTAB" "-DSQLITE_ENABLE_FTS5" "-DSQLITE_ENABLE_MATH_FUNCTIONS" "-DSQLITE_ENABLE_OFFSET_SQL_FUNC" "-DSQLITE_ENABLE_PREUPDATE_HOOK" "-DSQLITE_ENABLE_RTREE" "-DSQLITE_ENABLE_SESSION" "-DSQLITE_ENABLE_STMTVTAB" "-DSQLITE_ENABLE_UNKNOWN_SQL_FUNCTION" "-DSQLITE_ENABLE_COLUMN_METADATA" "-o" "/opt/rustwide/target/debug/build/sqlite-wasm-rs/91bff712abe1ec62/out/00ab591a9268141a-printf.o" "-c" "shim/printf/printf.c"
[INFO] [stderr] 
[INFO] [stderr] 
[INFO] [stderr] warning: build failed, waiting for other jobs to finish...
[INFO] running `Command { std: "docker" "inspect" "7efdce1d461575875e018c3ff8674601683268e4dbb3a7f3e6066f38ea78cbea", kill_on_drop: false }`
[INFO] running `Command { std: "docker" "rm" "-f" "7efdce1d461575875e018c3ff8674601683268e4dbb3a7f3e6066f38ea78cbea", kill_on_drop: false }`
[INFO] [stdout] 7efdce1d461575875e018c3ff8674601683268e4dbb3a7f3e6066f38ea78cbea
