[INFO] cloning repository https://github.com/kostyk348/mime-os
[INFO] running `Command { std: "git" "-c" "credential.helper=" "-c" "credential.helper=/workspace/cargo-home/bin/git-credential-null" "clone" "--bare" "https://github.com/kostyk348/mime-os" "/workspace/cache/git-repos/https%3A%2F%2Fgithub.com%2Fkostyk348%2Fmime-os", kill_on_drop: false }`
[INFO] [stderr] Cloning into bare repository '/workspace/cache/git-repos/https%3A%2F%2Fgithub.com%2Fkostyk348%2Fmime-os'...
[INFO] running `Command { std: "git" "rev-parse" "HEAD", kill_on_drop: false }`
[INFO] [stdout] 6829669fff9eed2e2f44eeff35f46622b94296bb
[INFO] checking kostyk348/mime-os against 3154cc1a3e6424e44f438a95007d043ed5ceaaf6+rustflags=-Znext-solver=coherence for pr-133502-30
[INFO] running `Command { std: "git" "clone" "/workspace/cache/git-repos/https%3A%2F%2Fgithub.com%2Fkostyk348%2Fmime-os" "/workspace/builds/worker-1-tc1/source", kill_on_drop: false }`
[INFO] [stderr] Cloning into '/workspace/builds/worker-1-tc1/source'...
[INFO] [stderr] done.
[INFO] started tweaking git repo https://github.com/kostyk348/mime-os
[INFO] finished tweaking git repo https://github.com/kostyk348/mime-os
[INFO] tweaked toml for git repo https://github.com/kostyk348/mime-os written to /workspace/builds/worker-1-tc1/source/Cargo.toml
[INFO] validating manifest of git repo https://github.com/kostyk348/mime-os on toolchain 3154cc1a3e6424e44f438a95007d043ed5ceaaf6
[INFO] running `Command { std: CARGO_HOME="/workspace/cargo-home" RUSTUP_HOME="/workspace/rustup-home" "/workspace/cargo-home/bin/cargo" "+3154cc1a3e6424e44f438a95007d043ed5ceaaf6" "metadata" "--manifest-path" "Cargo.toml" "--no-deps", kill_on_drop: false }`
[INFO] crate git repo https://github.com/kostyk348/mime-os already has a lockfile, it will not be regenerated
[INFO] running `Command { std: CARGO_HOME="/workspace/cargo-home" RUSTUP_HOME="/workspace/rustup-home" "/workspace/cargo-home/bin/cargo" "+3154cc1a3e6424e44f438a95007d043ed5ceaaf6" "fetch" "--manifest-path" "Cargo.toml", kill_on_drop: false }`
[INFO] [stderr]  Downloading crates ...
[INFO] [stderr]   Downloaded redox_syscall v0.9.2
[INFO] [stderr]   Downloaded webbrowser v1.2.4
[INFO] running `Command { std: "docker" "create" "-v" "/var/lib/crater-agent-workspace/builds/worker-1-tc1/source:/opt/rustwide/workdir:ro,Z" "-v" "/var/lib/crater-agent-workspace/builds/worker-1-tc1/target:/opt/rustwide/target:rw,Z" "-v" "/var/lib/crater-agent-workspace/cargo-home:/opt/rustwide/cargo-home:ro,Z" "-v" "/var/lib/crater-agent-workspace/rustup-home:/opt/rustwide/rustup-home:ro,Z" "-m" "1610612736" "--network" "none" "ghcr.io/rust-lang/crates-build-env/linux@sha256:77db811e55d90add9212f6832c23229e3de5f1c1f9905e8cb07319ea15df73ac" "sleep" "infinity", kill_on_drop: false }`
[INFO] [stdout] daf5f89f1ec0dae0ce709120a5b019872a6be75b7f15ee73313bde19c43153a2
[INFO] running `Command { std: "docker" "start" "daf5f89f1ec0dae0ce709120a5b019872a6be75b7f15ee73313bde19c43153a2", kill_on_drop: false }`
[INFO] running `Command { std: "docker" "inspect" "daf5f89f1ec0dae0ce709120a5b019872a6be75b7f15ee73313bde19c43153a2", kill_on_drop: false }`
[INFO] running `Command { std: "docker" "exec" "-e" "SOURCE_DIR=/opt/rustwide/workdir" "-e" "CARGO_HOME=/opt/rustwide/cargo-home" "-e" "RUSTUP_HOME=/opt/rustwide/rustup-home" "-e" "CARGO_TARGET_DIR=/opt/rustwide/target" "-w" "/opt/rustwide/workdir" "--user" "0:0" "daf5f89f1ec0dae0ce709120a5b019872a6be75b7f15ee73313bde19c43153a2" "/opt/rustwide/cargo-home/bin/cargo" "+3154cc1a3e6424e44f438a95007d043ed5ceaaf6" "metadata" "--no-deps" "--format-version=1", kill_on_drop: false }`
[INFO] running `Command { std: "docker" "inspect" "daf5f89f1ec0dae0ce709120a5b019872a6be75b7f15ee73313bde19c43153a2", kill_on_drop: false }`
[INFO] running `Command { std: "docker" "exec" "-e" "SOURCE_DIR=/opt/rustwide/workdir" "-e" "CARGO_HOME=/opt/rustwide/cargo-home" "-e" "RUSTUP_HOME=/opt/rustwide/rustup-home" "-e" "CARGO_TARGET_DIR=/opt/rustwide/target" "-e" "CARGO_INCREMENTAL=0" "-e" "RUST_BACKTRACE=full" "-e" "RUSTFLAGS=--cap-lints=forbid -Znext-solver=coherence" "-e" "RUSTDOCFLAGS=--cap-lints=forbid" "-w" "/opt/rustwide/workdir" "--user" "0:0" "daf5f89f1ec0dae0ce709120a5b019872a6be75b7f15ee73313bde19c43153a2" "/opt/rustwide/cargo-home/bin/cargo" "+3154cc1a3e6424e44f438a95007d043ed5ceaaf6" "check" "--frozen" "--all" "--all-targets" "--message-format=json", kill_on_drop: false }`
[INFO] [stderr]    Compiling libc v0.2.189
[INFO] [stderr]     Checking typenum v1.20.1
[INFO] [stderr]    Compiling zerocopy v0.8.56
[INFO] [stderr]    Compiling semver v1.0.28
[INFO] [stderr]    Compiling serde_core v1.0.229
[INFO] [stderr]    Compiling zmij v1.0.23
[INFO] [stderr]     Checking opaque-debug v0.3.1
[INFO] [stderr]     Checking zeroize v1.9.0
[INFO] [stderr]     Checking simd-adler32 v0.3.10
[INFO] [stderr]    Compiling serde v1.0.229
[INFO] [stderr]    Compiling serde_json v1.0.151
[INFO] [stderr]     Checking signature v2.2.0
[INFO] [stderr]     Checking memchr v2.8.3
[INFO] [stderr]     Checking itoa v1.0.18
[INFO] [stderr]    Compiling syn v2.0.119
[INFO] [stderr]    Compiling syn v3.0.3
[INFO] [stderr]    Compiling rustc_version v0.4.1
[INFO] [stderr]     Checking miniz_oxide v0.8.9
[INFO] [stderr]     Checking ed25519 v2.2.3
[INFO] [stderr]    Compiling curve25519-dalek v4.1.3
[INFO] [stderr]     Checking flate2 v1.1.9
[INFO] [stderr]     Checking generic-array v0.14.7
[INFO] [stderr]     Checking getrandom v0.2.17
[INFO] [stderr]     Checking memmap2 v0.9.11
[INFO] [stderr]     Checking inout v0.1.4
[INFO] [stderr]     Checking block-buffer v0.10.4
[INFO] [stderr]     Checking rand_core v0.6.4
[INFO] [stderr]     Checking crypto-common v0.1.7
[INFO] [stderr]     Checking digest v0.10.7
[INFO] [stderr]     Checking universal-hash v0.5.1
[INFO] [stderr]     Checking cipher v0.4.4
[INFO] [stderr]     Checking aead v0.5.2
[INFO] [stderr]     Checking polyval v0.6.2
[INFO] [stderr]     Checking sha2 v0.10.9
[INFO] [stderr]     Checking ghash v0.5.1
[INFO] [stderr]    Compiling serde_derive v1.0.229
[INFO] [stderr]     Checking aes v0.8.4
[INFO] [stderr]     Checking ctr v0.9.2
[INFO] [stderr]     Checking aes-gcm v0.10.3
[INFO] [stderr]    Compiling curve25519-dalek-derive v0.1.1
[INFO] [stderr]     Checking ppv-lite86 v0.2.21
[INFO] [stderr]     Checking rand_chacha v0.3.1
[INFO] [stderr]     Checking rand v0.8.7
[INFO] [stderr]     Checking ed25519-dalek v2.2.0
[INFO] [stderr]     Checking emlbox v0.1.0 (/opt/rustwide/workdir)
[INFO] [stdout] warning: unused import: `std::path::PathBuf`
[INFO] [stdout]  --> tests/repair.rs:8:5
[INFO] [stdout]   |
[INFO] [stdout] 8 | use std::path::PathBuf;
[INFO] [stdout]   |     ^^^^^^^^^^^^^^^^^^
[INFO] [stdout]   |
[INFO] [stdout]   = note: `#[warn(unused_imports)]` (part of `#[warn(unused)]`) on by default
[INFO] [stdout] 
[INFO] [stdout] 
[INFO] [stdout] error[E0063]: missing fields `after` and `id` in initializer of `Delta`
[INFO] [stdout]   --> tests/sync.rs:68:14
[INFO] [stdout]    |
[INFO] [stdout] 68 |     let d1 = emlbox::format::Delta { op: "set".into(), table: "state".into(), key: "k".into(), value: json!("fromA"), ts: 100 };
[INFO] [stdout]    |              ^^^^^^^^^^^^^^^^^^^^^ missing `after` and `id`
[INFO] [stdout] 
[INFO] [stdout] 
[INFO] [stdout] error[E0063]: missing fields `after` and `id` in initializer of `Delta`
[INFO] [stdout]   --> tests/sync.rs:69:14
[INFO] [stdout]    |
[INFO] [stdout] 69 |     let d2 = emlbox::format::Delta { op: "set".into(), table: "state".into(), key: "k".into(), value: json!("fromB"), ts: 200 };
[INFO] [stdout]    |              ^^^^^^^^^^^^^^^^^^^^^ missing `after` and `id`
[INFO] [stdout] 
[INFO] [stdout] 
[INFO] [stdout] error[E0063]: missing fields `after` and `id` in initializer of `Delta`
[INFO] [stdout]   --> tests/sync.rs:80:14
[INFO] [stdout]    |
[INFO] [stdout] 80 |     let d1 = emlbox::format::Delta { op: "set".into(), table: "state".into(), key: "k".into(), value: json!("fromA"), ts: 300 };
[INFO] [stdout]    |              ^^^^^^^^^^^^^^^^^^^^^ missing `after` and `id`
[INFO] [stdout] 
[INFO] [stdout] 
[INFO] [stdout] error[E0063]: missing fields `after` and `id` in initializer of `Delta`
[INFO] [stdout]   --> tests/sync.rs:92:14
[INFO] [stdout]    |
[INFO] [stdout] 92 |     let d1 = emlbox::format::Delta { op: "set".into(), table: "state".into(), key: "k".into(), value: json!(1), ts: 1 };
[INFO] [stdout]    |              ^^^^^^^^^^^^^^^^^^^^^ missing `after` and `id`
[INFO] [stdout] 
[INFO] [stdout] 
[INFO] [stdout] error[E0063]: missing fields `after` and `id` in initializer of `Delta`
[INFO] [stdout]   --> tests/sync.rs:93:14
[INFO] [stdout]    |
[INFO] [stdout] 93 |     let d2 = emlbox::format::Delta { op: "set".into(), table: "state".into(), key: "k".into(), value: json!(2), ts: 2 };
[INFO] [stdout]    |              ^^^^^^^^^^^^^^^^^^^^^ missing `after` and `id`
[INFO] [stdout] 
[INFO] [stdout] 
[INFO] [stdout] warning: unused import: `std::path::PathBuf`
[INFO] [stdout]  --> tests/compact.rs:8:5
[INFO] [stdout]   |
[INFO] [stdout] 8 | use std::path::PathBuf;
[INFO] [stdout]   |     ^^^^^^^^^^^^^^^^^^
[INFO] [stdout]   |
[INFO] [stdout]   = note: `#[warn(unused_imports)]` (part of `#[warn(unused)]`) on by default
[INFO] [stdout] 
[INFO] [stdout] 
[INFO] [stdout] warning: unused import: `TRAILER_MARKER`
[INFO] [stdout]  --> tests/invariants.rs:3:75
[INFO] [stdout]   |
[INFO] [stdout] 3 | use emlbox::format::{block_header, find_blank, hash_bytes, parse_trailer, TRAILER_MARKER, TRAILER_SIZE};
[INFO] [stdout]   |                                                                           ^^^^^^^^^^^^^^
[INFO] [stdout]   |
[INFO] [stdout]   = note: `#[warn(unused_imports)]` (part of `#[warn(unused)]`) on by default
[INFO] [stdout] 
[INFO] [stdout] 
[INFO] [stdout] For more information about this error, try `rustc --explain E0063`.
[INFO] [stdout] 
[INFO] [stderr] error: could not compile `emlbox` (test "sync") due to 5 previous errors
[INFO] [stderr] warning: build failed, waiting for other jobs to finish...
[INFO] [stdout] error[E0716]: temporary value dropped while borrowed
[INFO] [stdout]    --> src/main.rs:790:85
[INFO] [stdout]     |
[INFO] [stdout] 790 |             println!("строки{}: {}", if func.is_empty() { " (все ссылки)" } else { &format!(" функции {func}") }, strings.len());
[INFO] [stdout]     |                                      -----------------------------------------------^^^^^^^^^^^^^^^^^^^^^^^^^^--
[INFO] [stdout]     |                                      |                                              |                          |
[INFO] [stdout]     |                                      |                                              |                          temporary value is freed at the end of this statement
[INFO] [stdout]     |                                      |                                              creates a temporary value which is freed while still in use
[INFO] [stdout]     |                                      borrow later used here
[INFO] [stdout]     |
[INFO] [stdout]     = note: consider using a `let` binding to create a longer lived value
[INFO] [stdout] 
[INFO] [stdout] 
[INFO] [stderr] error: could not compile `emlbox` (bin "emlbox") due to 1 previous error
[INFO] [stdout] For more information about this error, try `rustc --explain E0716`.
[INFO] [stdout] 
[INFO] [stdout] error[E0716]: temporary value dropped while borrowed
[INFO] [stdout]    --> src/main.rs:790:85
[INFO] [stdout]     |
[INFO] [stdout] 790 |             println!("строки{}: {}", if func.is_empty() { " (все ссылки)" } else { &format!(" функции {func}") }, strings.len());
[INFO] [stdout]     |                                      -----------------------------------------------^^^^^^^^^^^^^^^^^^^^^^^^^^--
[INFO] [stdout]     |                                      |                                              |                          |
[INFO] [stdout]     |                                      |                                              |                          temporary value is freed at the end of this statement
[INFO] [stdout]     |                                      |                                              creates a temporary value which is freed while still in use
[INFO] [stdout]     |                                      borrow later used here
[INFO] [stdout]     |
[INFO] [stdout]     = note: consider using a `let` binding to create a longer lived value
[INFO] [stdout] 
[INFO] [stdout] 
[INFO] [stdout] For more information about this error, try `rustc --explain E0716`.
[INFO] [stdout] 
[INFO] [stderr] error: could not compile `emlbox` (bin "emlbox" test) due to 1 previous error
[INFO] running `Command { std: "docker" "inspect" "daf5f89f1ec0dae0ce709120a5b019872a6be75b7f15ee73313bde19c43153a2", kill_on_drop: false }`
[INFO] running `Command { std: "docker" "rm" "-f" "daf5f89f1ec0dae0ce709120a5b019872a6be75b7f15ee73313bde19c43153a2", kill_on_drop: false }`
[INFO] [stdout] daf5f89f1ec0dae0ce709120a5b019872a6be75b7f15ee73313bde19c43153a2
