[INFO] cloning repository https://github.com/kornysietsma/rust-mpd-controller
[INFO] running `Command { std: "git" "-c" "credential.helper=" "-c" "credential.helper=/workspace/cargo-home/bin/git-credential-null" "clone" "--bare" "https://github.com/kornysietsma/rust-mpd-controller" "/workspace/cache/git-repos/https%3A%2F%2Fgithub.com%2Fkornysietsma%2Frust-mpd-controller", kill_on_drop: false }`
[INFO] [stderr] Cloning into bare repository '/workspace/cache/git-repos/https%3A%2F%2Fgithub.com%2Fkornysietsma%2Frust-mpd-controller'...
[INFO] running `Command { std: "git" "rev-parse" "HEAD", kill_on_drop: false }`
[INFO] [stdout] 04923094a76a8e5489b65e7a8fbf8a52e0a6e4eb
[INFO] checking kornysietsma/rust-mpd-controller against 3154cc1a3e6424e44f438a95007d043ed5ceaaf6+rustflags=-Znext-solver=coherence for pr-133502-30
[INFO] running `Command { std: "git" "clone" "/workspace/cache/git-repos/https%3A%2F%2Fgithub.com%2Fkornysietsma%2Frust-mpd-controller" "/workspace/builds/worker-5-tc1/source", kill_on_drop: false }`
[INFO] [stderr] Cloning into '/workspace/builds/worker-5-tc1/source'...
[INFO] [stderr] done.
[INFO] started tweaking git repo https://github.com/kornysietsma/rust-mpd-controller
[INFO] finished tweaking git repo https://github.com/kornysietsma/rust-mpd-controller
[INFO] tweaked toml for git repo https://github.com/kornysietsma/rust-mpd-controller written to /workspace/builds/worker-5-tc1/source/Cargo.toml
[INFO] validating manifest of git repo https://github.com/kornysietsma/rust-mpd-controller on toolchain 3154cc1a3e6424e44f438a95007d043ed5ceaaf6
[INFO] running `Command { std: CARGO_HOME="/workspace/cargo-home" RUSTUP_HOME="/workspace/rustup-home" "/workspace/cargo-home/bin/cargo" "+3154cc1a3e6424e44f438a95007d043ed5ceaaf6" "metadata" "--manifest-path" "Cargo.toml" "--no-deps", kill_on_drop: false }`
[INFO] crate git repo https://github.com/kornysietsma/rust-mpd-controller already has a lockfile, it will not be regenerated
[INFO] running `Command { std: CARGO_HOME="/workspace/cargo-home" RUSTUP_HOME="/workspace/rustup-home" "/workspace/cargo-home/bin/cargo" "+3154cc1a3e6424e44f438a95007d043ed5ceaaf6" "fetch" "--manifest-path" "Cargo.toml", kill_on_drop: false }`
[INFO] [stderr]     Updating crates.io index
[INFO] [stderr]  Downloading crates ...
[INFO] [stderr]   Downloaded snafu v0.9.2
[INFO] [stderr]   Downloaded lucene_query_builder v0.4.0
[INFO] [stderr]   Downloaded lucene_query_builder_rs_derive v0.4.0
[INFO] [stderr]   Downloaded snafu-derive v0.9.2
[INFO] [stderr]   Downloaded mpd_client v1.4.1
[INFO] [stderr]   Downloaded url-escape v0.1.2
[INFO] [stderr]   Downloaded musicbrainz_rs v0.13.0
[INFO] [stderr]   Downloaded api_bindium v0.4.0
[INFO] [stderr]   Downloaded mpd_protocol v1.0.3
[INFO] running `Command { std: "docker" "create" "-v" "/var/lib/crater-agent-workspace/builds/worker-5-tc1/source:/opt/rustwide/workdir:ro,Z" "-v" "/var/lib/crater-agent-workspace/builds/worker-5-tc1/target:/opt/rustwide/target:rw,Z" "-v" "/var/lib/crater-agent-workspace/cargo-home:/opt/rustwide/cargo-home:ro,Z" "-v" "/var/lib/crater-agent-workspace/rustup-home:/opt/rustwide/rustup-home:ro,Z" "-m" "1610612736" "--network" "none" "ghcr.io/rust-lang/crates-build-env/linux@sha256:77db811e55d90add9212f6832c23229e3de5f1c1f9905e8cb07319ea15df73ac" "sleep" "infinity", kill_on_drop: false }`
[INFO] [stdout] cd21dc552ec8550addca3154522f105828bf6858f9471deea0f0e683771f27fa
[INFO] running `Command { std: "docker" "start" "cd21dc552ec8550addca3154522f105828bf6858f9471deea0f0e683771f27fa", kill_on_drop: false }`
[INFO] running `Command { std: "docker" "inspect" "cd21dc552ec8550addca3154522f105828bf6858f9471deea0f0e683771f27fa", kill_on_drop: false }`
[INFO] running `Command { std: "docker" "exec" "-e" "SOURCE_DIR=/opt/rustwide/workdir" "-e" "CARGO_HOME=/opt/rustwide/cargo-home" "-e" "RUSTUP_HOME=/opt/rustwide/rustup-home" "-e" "CARGO_TARGET_DIR=/opt/rustwide/target" "-w" "/opt/rustwide/workdir" "--user" "0:0" "cd21dc552ec8550addca3154522f105828bf6858f9471deea0f0e683771f27fa" "/opt/rustwide/cargo-home/bin/cargo" "+3154cc1a3e6424e44f438a95007d043ed5ceaaf6" "metadata" "--no-deps" "--format-version=1", kill_on_drop: false }`
[INFO] running `Command { std: "docker" "inspect" "cd21dc552ec8550addca3154522f105828bf6858f9471deea0f0e683771f27fa", kill_on_drop: false }`
[INFO] running `Command { std: "docker" "exec" "-e" "SOURCE_DIR=/opt/rustwide/workdir" "-e" "CARGO_HOME=/opt/rustwide/cargo-home" "-e" "RUSTUP_HOME=/opt/rustwide/rustup-home" "-e" "CARGO_TARGET_DIR=/opt/rustwide/target" "-e" "CARGO_INCREMENTAL=0" "-e" "RUST_BACKTRACE=full" "-e" "RUSTFLAGS=--cap-lints=forbid -Znext-solver=coherence" "-e" "RUSTDOCFLAGS=--cap-lints=forbid" "-w" "/opt/rustwide/workdir" "--user" "0:0" "cd21dc552ec8550addca3154522f105828bf6858f9471deea0f0e683771f27fa" "/opt/rustwide/cargo-home/bin/cargo" "+3154cc1a3e6424e44f438a95007d043ed5ceaaf6" "check" "--frozen" "--all" "--all-targets" "--message-format=json", kill_on_drop: false }`
[INFO] [stderr]    Compiling serde_core v1.0.229
[INFO] [stderr]    Compiling syn v1.0.109
[INFO] [stderr]    Compiling syn v3.0.3
[INFO] [stderr]    Compiling displaydoc v0.2.6
[INFO] [stderr]    Compiling rustix v1.1.4
[INFO] [stderr]     Checking futures-util v0.3.33
[INFO] [stderr]    Compiling gio v0.18.4
[INFO] [stderr]    Compiling libsqlite3-sys v0.38.2
[INFO] [stderr]    Compiling darling_core v0.23.0
[INFO] [stderr]     Checking hashbrown v0.17.1
[INFO] [stderr]     Checking errno v0.3.14
[INFO] [stderr]    Compiling prettyplease v0.2.37
[INFO] [stderr]    Compiling httparse v1.10.1
[INFO] [stderr]     Checking time v0.3.55
[INFO] [stderr]     Checking ring v0.17.14
[INFO] [stderr]     Checking event-listener v5.4.2
[INFO] [stderr]     Checking signal-hook-registry v1.4.8
[INFO] [stderr]     Checking concurrent-queue v2.5.0
[INFO] [stderr]    Compiling tokio-macros v2.7.1
[INFO] [stderr]     Checking fallible-iterator v0.3.0
[INFO] [stderr]     Checking fallible-streaming-iterator v0.1.9
[INFO] [stderr]    Compiling libxdo-sys v0.11.0
[INFO] [stderr]     Checking event-listener-strategy v0.5.4
[INFO] [stderr]     Checking ahash v0.8.12
[INFO] [stderr]     Checking tinystr v0.8.3
[INFO] [stderr]     Checking zerotrie v0.2.4
[INFO] [stderr]     Checking icu_collections v2.2.0
[INFO] [stderr]     Checking http v1.5.0
[INFO] [stderr]     Checking hashlink v0.12.1
[INFO] [stderr]     Checking icu_locale_core v2.2.0
[INFO] [stderr]     Checking tokio v1.53.1
[INFO] [stderr]    Compiling num-traits v0.2.19
[INFO] [stderr]     Checking futures-lite v2.6.1
[INFO] [stderr]     Checking fastrand v2.5.0
[INFO] [stderr]     Checking async-channel v2.5.0
[INFO] [stderr]     Checking piper v0.2.5
[INFO] [stderr]    Compiling snafu-derive v0.9.2
[INFO] [stderr]     Checking utf8-zero v0.8.1
[INFO] [stderr]     Checking yansi v1.0.1
[INFO] [stderr]     Checking diff v0.1.13
[INFO] [stderr]     Checking ureq-proto v0.6.0
[INFO] [stderr]     Checking blocking v1.6.2
[INFO] [stderr]     Checking libxdo v0.6.0
[INFO] [stderr]     Checking rustls-webpki v0.103.13
[INFO] [stderr]     Checking mpd-conf v0.1.0 (/opt/rustwide/workdir/crates/mpd-conf)
[INFO] [stderr]     Checking pretty_assertions v1.4.1
[INFO] [stderr]     Checking icu_provider v2.2.0
[INFO] [stderr]     Checking url-escape v0.1.2
[INFO] [stderr]    Compiling dlopen2_derive v0.4.3
[INFO] [stderr]     Checking x11rb-protocol v0.13.2
[INFO] [stderr]     Checking shlex v2.0.1
[INFO] [stderr]     Checking icu_normalizer v2.2.0
[INFO] [stderr]     Checking icu_properties v2.2.0
[INFO] [stderr]     Checking rustls v0.23.43
[INFO] [stderr]    Compiling proc-macro-error v1.0.4
[INFO] [stderr]     Checking dlopen2 v0.8.2
[INFO] [stderr]     Checking futures-executor v0.3.33
[INFO] [stderr]    Compiling lucene_query_builder_rs_derive v0.4.0
[INFO] [stderr]     Checking bitflags v2.13.1
[INFO] [stderr]     Checking serde_json v1.0.151
[INFO] [stderr]     Checking toml_datetime v1.1.1+spec-1.1.0
[INFO] [stderr]     Checking serde_spanned v1.1.1
[INFO] [stderr]     Checking simplelog v0.12.2
[INFO] [stderr]    Compiling serde v1.0.229
[INFO] [stderr]    Compiling darling_macro v0.23.0
[INFO] [stderr]     Checking png v0.18.1
[INFO] [stderr]     Checking toml v1.1.4+spec-1.1.0
[INFO] [stderr]    Compiling darling v0.23.0
[INFO] [stderr]    Compiling bon-macros v3.9.3
[INFO] [stderr]     Checking lucene_query_builder v0.4.0
[INFO] [stderr]     Checking snafu v0.9.2
[INFO] [stderr]     Checking idna_adapter v1.2.2
[INFO] [stderr]    Compiling toml_datetime v0.6.3
[INFO] [stderr]    Compiling serde_spanned v0.6.9
[INFO] [stderr]     Checking idna v1.1.0
[INFO] [stderr]     Checking url v2.5.8
[INFO] [stderr]    Compiling toml_edit v0.20.2
[INFO] [stderr]    Compiling toml_edit v0.19.15
[INFO] [stderr]    Compiling serde_derive v1.0.229
[INFO] [stderr]    Compiling thiserror-impl v2.0.19
[INFO] [stderr]    Compiling clap_derive v4.6.4
[INFO] [stderr]     Checking mpd_protocol v1.0.3
[INFO] [stderr]     Checking thiserror v2.0.19
[INFO] [stderr]     Checking clap v4.6.6
[INFO] [stderr]     Checking mpd_client v1.4.1
[INFO] [stderr]    Compiling toml v0.8.2
[INFO] [stderr]    Compiling proc-macro-crate v2.0.2
[INFO] [stderr]    Compiling proc-macro-crate v1.3.1
[INFO] [stderr]    Compiling system-deps v6.2.2
[INFO] [stderr]    Compiling gtk3-macros v0.18.2
[INFO] [stderr]    Compiling glib-macros v0.18.5
[INFO] [stderr]     Checking keyboard-types v0.7.0
[INFO] [stderr]     Checking ureq v3.3.0
[INFO] [stderr]     Checking chrono v0.4.45
[INFO] [stderr]     Checking bon v3.9.3
[INFO] [stderr]    Compiling glib-sys v0.18.1
[INFO] [stderr]    Compiling gobject-sys v0.18.0
[INFO] [stderr]    Compiling gio-sys v0.18.1
[INFO] [stderr]    Compiling gdk-sys v0.18.2
[INFO] [stderr]    Compiling pango-sys v0.18.0
[INFO] [stderr]    Compiling gdk-pixbuf-sys v0.18.0
[INFO] [stderr]    Compiling cairo-sys-rs v0.18.2
[INFO] [stderr]    Compiling atk-sys v0.18.2
[INFO] [stderr]    Compiling gtk-sys v0.18.2
[INFO] [stderr]    Compiling gdkx11-sys v0.18.2
[INFO] [stderr]    Compiling gtk v0.18.2
[INFO] [stderr]     Checking polling v3.11.0
[INFO] [stderr]     Checking gethostname v1.1.0
[INFO] [stderr]     Checking x11rb v0.13.2
[INFO] [stderr]     Checking async-io v2.6.0
[INFO] [stderr]     Checking api_bindium v0.4.0
[INFO] [stderr]     Checking arboard v3.6.1
[INFO] [stderr]     Checking musicbrainz_rs v0.13.0
[INFO] [stderr]     Checking gdkwayland-sys v0.18.2
[INFO] [stderr]     Checking glib v0.18.5
[INFO] [stderr]     Checking libappindicator-sys v0.9.0
[INFO] [stderr]     Checking rusqlite v0.40.2
[INFO] [stderr]     Checking albumdb v0.1.0 (/opt/rustwide/workdir/crates/albumdb)
[INFO] [stderr]     Checking album-tool v0.1.0 (/opt/rustwide/workdir/crates/album-tool)
[INFO] [stderr]     Checking cairo-rs v0.18.5
[INFO] [stderr]     Checking atk v0.18.2
[INFO] [stderr]     Checking gdk-pixbuf v0.18.5
[INFO] [stderr]     Checking pango v0.18.3
[INFO] [stderr]     Checking gdk v0.18.2
[INFO] [stderr]     Checking libappindicator v0.9.0
[INFO] [stderr]     Checking muda v0.19.3
[INFO] [stderr]     Checking tao v0.35.3
[INFO] [stderr]     Checking tray-icon v0.24.2
[INFO] [stderr]     Checking controller v0.1.0 (/opt/rustwide/workdir/crates/controller)
[INFO] [stdout] error[E0432]: unresolved import `tao::platform::macos`
[INFO] [stdout]   --> crates/controller/src/main.rs:28:20
[INFO] [stdout]    |
[INFO] [stdout] 28 | use tao::platform::macos::{ActivationPolicy, EventLoopExtMacOS};
[INFO] [stdout]    |                    ^^^^^ could not find `macos` in `platform`
[INFO] [stdout]    |
[INFO] [stdout] note: found an item that was configured out
[INFO] [stdout]   --> /opt/rustwide/cargo-home/registry/src/index.crates.io-1949cf8c6b5b557f/tao-0.35.3/src/platform/mod.rs:25:9
[INFO] [stdout]    |
[INFO] [stdout] 25 | pub mod macos;
[INFO] [stdout]    |         ^^^^^
[INFO] [stdout]    |
[INFO] [stdout]   ::: /opt/rustwide/cargo-home/registry/src/index.crates.io-1949cf8c6b5b557f/tao-0.35.3/src/platform/macos.rs:5:8
[INFO] [stdout]    |
[INFO] [stdout]  5 | #![cfg(target_os = "macos")]
[INFO] [stdout]    |        ------------------- the item is gated behind the `macos` feature
[INFO] [stdout] 
[INFO] [stdout] 
[INFO] [stdout] error[E0432]: unresolved import `tao::platform::macos`
[INFO] [stdout]   --> crates/controller/src/main.rs:28:20
[INFO] [stdout]    |
[INFO] [stdout] 28 | use tao::platform::macos::{ActivationPolicy, EventLoopExtMacOS};
[INFO] [stdout]    |                    ^^^^^ could not find `macos` in `platform`
[INFO] [stdout]    |
[INFO] [stdout] note: found an item that was configured out
[INFO] [stdout]   --> /opt/rustwide/cargo-home/registry/src/index.crates.io-1949cf8c6b5b557f/tao-0.35.3/src/platform/mod.rs:25:9
[INFO] [stdout]    |
[INFO] [stdout] 25 | pub mod macos;
[INFO] [stdout]    |         ^^^^^
[INFO] [stdout]    |
[INFO] [stdout]   ::: /opt/rustwide/cargo-home/registry/src/index.crates.io-1949cf8c6b5b557f/tao-0.35.3/src/platform/macos.rs:5:8
[INFO] [stdout]    |
[INFO] [stdout]  5 | #![cfg(target_os = "macos")]
[INFO] [stdout]    |        ------------------- the item is gated behind the `macos` feature
[INFO] [stdout] 
[INFO] [stdout] 
[INFO] [stdout] error[E0599]: no method named `set_activation_policy` found for struct `EventLoop<UserEvent>` in the current scope
[INFO] [stdout]    --> crates/controller/src/main.rs:147:16
[INFO] [stdout]     |
[INFO] [stdout] 147 |     event_loop.set_activation_policy(ActivationPolicy::Accessory);
[INFO] [stdout]     |                ^^^^^^^^^^^^^^^^^^^^^ method not found in `EventLoop<UserEvent>`
[INFO] [stdout] 
[INFO] [stdout] 
[INFO] [stdout] error[E0599]: no method named `set_activation_policy` found for struct `EventLoop<UserEvent>` in the current scope
[INFO] [stdout]    --> crates/controller/src/main.rs:193:16
[INFO] [stdout]     |
[INFO] [stdout] 193 |     event_loop.set_activation_policy(ActivationPolicy::Accessory);
[INFO] [stdout]     |                ^^^^^^^^^^^^^^^^^^^^^ method not found in `EventLoop<UserEvent>`
[INFO] [stdout] 
[INFO] [stdout] 
[INFO] [stdout] error[E0599]: no method named `set_activation_policy` found for struct `EventLoop<UserEvent>` in the current scope
[INFO] [stdout]    --> crates/controller/src/main.rs:147:16
[INFO] [stdout]     |
[INFO] [stdout] 147 |     event_loop.set_activation_policy(ActivationPolicy::Accessory);
[INFO] [stdout]     |                ^^^^^^^^^^^^^^^^^^^^^ method not found in `EventLoop<UserEvent>`
[INFO] [stdout] 
[INFO] [stdout] 
[INFO] [stdout] Some errors have detailed explanations: E0432, E0599.
[INFO] [stdout] 
[INFO] [stdout] For more information about an error, try `rustc --explain E0432`.
[INFO] [stdout] 
[INFO] [stderr] error: could not compile `controller` (bin "controller") due to 3 previous errors
[INFO] [stderr] warning: build failed, waiting for other jobs to finish...
[INFO] [stdout] error[E0599]: no method named `set_activation_policy` found for struct `EventLoop<UserEvent>` in the current scope
[INFO] [stdout]    --> crates/controller/src/main.rs:193:16
[INFO] [stdout]     |
[INFO] [stdout] 193 |     event_loop.set_activation_policy(ActivationPolicy::Accessory);
[INFO] [stdout]     |                ^^^^^^^^^^^^^^^^^^^^^ method not found in `EventLoop<UserEvent>`
[INFO] [stdout] 
[INFO] [stdout] 
[INFO] [stdout] Some errors have detailed explanations: E0432, E0599.
[INFO] [stdout] 
[INFO] [stdout] For more information about an error, try `rustc --explain E0432`.
[INFO] [stdout] 
[INFO] [stderr] error: could not compile `controller` (bin "controller" test) due to 3 previous errors
[INFO] running `Command { std: "docker" "inspect" "cd21dc552ec8550addca3154522f105828bf6858f9471deea0f0e683771f27fa", kill_on_drop: false }`
[INFO] running `Command { std: "docker" "rm" "-f" "cd21dc552ec8550addca3154522f105828bf6858f9471deea0f0e683771f27fa", kill_on_drop: false }`
[INFO] [stdout] cd21dc552ec8550addca3154522f105828bf6858f9471deea0f0e683771f27fa
