[INFO] cloning repository https://github.com/konnikamii/rust-utils
[INFO] running `Command { std: "git" "-c" "credential.helper=" "-c" "credential.helper=/workspace/cargo-home/bin/git-credential-null" "clone" "--bare" "https://github.com/konnikamii/rust-utils" "/workspace/cache/git-repos/https%3A%2F%2Fgithub.com%2Fkonnikamii%2Frust-utils", kill_on_drop: false }`
[INFO] [stderr] Cloning into bare repository '/workspace/cache/git-repos/https%3A%2F%2Fgithub.com%2Fkonnikamii%2Frust-utils'...
[INFO] running `Command { std: "git" "rev-parse" "HEAD", kill_on_drop: false }`
[INFO] [stdout] 5b49f61a4d1ea510e4f1294347c30b523233f7d3
[INFO] checking konnikamii/rust-utils against 3154cc1a3e6424e44f438a95007d043ed5ceaaf6+rustflags=-Znext-solver=coherence for pr-133502-30
[INFO] running `Command { std: "git" "clone" "/workspace/cache/git-repos/https%3A%2F%2Fgithub.com%2Fkonnikamii%2Frust-utils" "/workspace/builds/worker-1-tc1/source", kill_on_drop: false }`
[INFO] [stderr] Cloning into '/workspace/builds/worker-1-tc1/source'...
[INFO] [stderr] done.
[INFO] started tweaking git repo https://github.com/konnikamii/rust-utils
[INFO] finished tweaking git repo https://github.com/konnikamii/rust-utils
[INFO] tweaked toml for git repo https://github.com/konnikamii/rust-utils written to /workspace/builds/worker-1-tc1/source/Cargo.toml
[INFO] validating manifest of git repo https://github.com/konnikamii/rust-utils on toolchain 3154cc1a3e6424e44f438a95007d043ed5ceaaf6
[INFO] running `Command { std: CARGO_HOME="/workspace/cargo-home" RUSTUP_HOME="/workspace/rustup-home" "/workspace/cargo-home/bin/cargo" "+3154cc1a3e6424e44f438a95007d043ed5ceaaf6" "metadata" "--manifest-path" "Cargo.toml" "--no-deps", kill_on_drop: false }`
[INFO] crate git repo https://github.com/konnikamii/rust-utils already has a lockfile, it will not be regenerated
[INFO] running `Command { std: CARGO_HOME="/workspace/cargo-home" RUSTUP_HOME="/workspace/rustup-home" "/workspace/cargo-home/bin/cargo" "+3154cc1a3e6424e44f438a95007d043ed5ceaaf6" "fetch" "--manifest-path" "Cargo.toml", kill_on_drop: false }`
[INFO] [stderr] warning: unused workspace dependency `chrono`
[INFO] [stderr]  --> Cargo.toml:7:1
[INFO] [stderr]   |
[INFO] [stderr] 7 | chrono = "0.4"
[INFO] [stderr]   | ^^^^^^
[INFO] [stderr]   |
[INFO] [stderr]   = note: `cargo::unused_workspace_dependencies` is set to `warn` by default
[INFO] [stderr] help: consider removing the workspace dependency `chrono`
[INFO] [stderr] warning: workspace (manifest) generated 1 warning
[INFO] running `Command { std: "docker" "create" "-v" "/var/lib/crater-agent-workspace/builds/worker-1-tc1/source:/opt/rustwide/workdir:ro,Z" "-v" "/var/lib/crater-agent-workspace/builds/worker-1-tc1/target:/opt/rustwide/target:rw,Z" "-v" "/var/lib/crater-agent-workspace/cargo-home:/opt/rustwide/cargo-home:ro,Z" "-v" "/var/lib/crater-agent-workspace/rustup-home:/opt/rustwide/rustup-home:ro,Z" "-m" "1610612736" "--network" "none" "ghcr.io/rust-lang/crates-build-env/linux@sha256:77db811e55d90add9212f6832c23229e3de5f1c1f9905e8cb07319ea15df73ac" "sleep" "infinity", kill_on_drop: false }`
[INFO] [stdout] e100267696cc620e5b823b2d35b1b8502bb9a51a33426298d5cf486ac86ece6b
[INFO] running `Command { std: "docker" "start" "e100267696cc620e5b823b2d35b1b8502bb9a51a33426298d5cf486ac86ece6b", kill_on_drop: false }`
[INFO] running `Command { std: "docker" "inspect" "e100267696cc620e5b823b2d35b1b8502bb9a51a33426298d5cf486ac86ece6b", kill_on_drop: false }`
[INFO] running `Command { std: "docker" "exec" "-e" "SOURCE_DIR=/opt/rustwide/workdir" "-e" "CARGO_HOME=/opt/rustwide/cargo-home" "-e" "RUSTUP_HOME=/opt/rustwide/rustup-home" "-e" "CARGO_TARGET_DIR=/opt/rustwide/target" "-w" "/opt/rustwide/workdir" "--user" "0:0" "e100267696cc620e5b823b2d35b1b8502bb9a51a33426298d5cf486ac86ece6b" "/opt/rustwide/cargo-home/bin/cargo" "+3154cc1a3e6424e44f438a95007d043ed5ceaaf6" "metadata" "--no-deps" "--format-version=1", kill_on_drop: false }`
[INFO] running `Command { std: "docker" "inspect" "e100267696cc620e5b823b2d35b1b8502bb9a51a33426298d5cf486ac86ece6b", kill_on_drop: false }`
[INFO] running `Command { std: "docker" "exec" "-e" "SOURCE_DIR=/opt/rustwide/workdir" "-e" "CARGO_HOME=/opt/rustwide/cargo-home" "-e" "RUSTUP_HOME=/opt/rustwide/rustup-home" "-e" "CARGO_TARGET_DIR=/opt/rustwide/target" "-e" "CARGO_INCREMENTAL=0" "-e" "RUST_BACKTRACE=full" "-e" "RUSTFLAGS=--cap-lints=forbid -Znext-solver=coherence" "-e" "RUSTDOCFLAGS=--cap-lints=forbid" "-w" "/opt/rustwide/workdir" "--user" "0:0" "e100267696cc620e5b823b2d35b1b8502bb9a51a33426298d5cf486ac86ece6b" "/opt/rustwide/cargo-home/bin/cargo" "+3154cc1a3e6424e44f438a95007d043ed5ceaaf6" "check" "--frozen" "--all" "--all-targets" "--message-format=json", kill_on_drop: false }`
[INFO] [stderr] warning: unused workspace dependency `chrono`
[INFO] [stderr]  --> Cargo.toml:7:1
[INFO] [stderr]   |
[INFO] [stderr] 7 | chrono = "0.4"
[INFO] [stderr]   | ^^^^^^
[INFO] [stderr]   |
[INFO] [stderr]   = note: `cargo::unused_workspace_dependencies` is set to `warn` by default
[INFO] [stderr] help: consider removing the workspace dependency `chrono`
[INFO] [stderr] warning: workspace (manifest) generated 1 warning
[INFO] [stderr]    Compiling proc-macro2 v1.0.107
[INFO] [stderr]    Compiling quote v1.0.47
[INFO] [stderr]     Checking same-file v1.0.6
[INFO] [stderr]    Compiling libc v0.2.189
[INFO] [stderr]     Checking ls v0.1.0 (/opt/rustwide/workdir/crates/ls)
[INFO] [stderr]     Checking aho-corasick v1.1.5
[INFO] [stderr]     Checking walkdir v2.5.0
[INFO] [stderr]    Compiling syn v3.0.3
[INFO] [stderr]     Checking regex-automata v0.4.16
[INFO] [stderr]     Checking atty v0.2.14
[INFO] [stderr]     Checking regex v1.13.1
[INFO] [stderr]    Compiling clap_derive v4.6.4
[INFO] [stderr]     Checking clap v4.6.4
[INFO] [stderr]     Checking grep v0.1.0 (/opt/rustwide/workdir/crates/grep)
[INFO] [stderr]     Checking env v0.1.0 (/opt/rustwide/workdir/crates/env)
[INFO] [stderr]     Checking tr v0.1.0 (/opt/rustwide/workdir/crates/tr)
[INFO] [stdout] error[E0425]: cannot find function `set_virtual_terminal` in module `control`
[INFO] [stdout]   --> crates/tr/src/main.rs:61:14
[INFO] [stdout]    |
[INFO] [stdout] 61 |     control::set_virtual_terminal(true).unwrap();
[INFO] [stdout]    |              ^^^^^^^^^^^^^^^^^^^^ not found in `control`
[INFO] [stdout]    |
[INFO] [stdout] note: found an item that was configured out
[INFO] [stdout]   --> /opt/rustwide/cargo-home/registry/src/index.crates.io-1949cf8c6b5b557f/colored-3.1.1/src/control.rs:33:8
[INFO] [stdout]    |
[INFO] [stdout] 32 | #[cfg(windows)]
[INFO] [stdout]    |       ------- the item is gated here
[INFO] [stdout] 33 | pub fn set_virtual_terminal(use_virtual: bool) -> Result<(), ()> {
[INFO] [stdout]    |        ^^^^^^^^^^^^^^^^^^^^
[INFO] [stdout] 
[INFO] [stdout] 
[INFO] [stdout] error[E0425]: cannot find function `set_virtual_terminal` in module `control`
[INFO] [stdout]   --> crates/env/src/main.rs:63:14
[INFO] [stdout]    |
[INFO] [stdout] 63 |     control::set_virtual_terminal(true).unwrap();
[INFO] [stdout]    |              ^^^^^^^^^^^^^^^^^^^^ not found in `control`
[INFO] [stdout]    |
[INFO] [stdout] note: found an item that was configured out
[INFO] [stdout]   --> /opt/rustwide/cargo-home/registry/src/index.crates.io-1949cf8c6b5b557f/colored-3.1.1/src/control.rs:33:8
[INFO] [stdout]    |
[INFO] [stdout] 32 | #[cfg(windows)]
[INFO] [stdout]    |       ------- the item is gated here
[INFO] [stdout] 33 | pub fn set_virtual_terminal(use_virtual: bool) -> Result<(), ()> {
[INFO] [stdout]    |        ^^^^^^^^^^^^^^^^^^^^
[INFO] [stdout] 
[INFO] [stdout] 
[INFO] [stdout] error[E0425]: cannot find function `set_virtual_terminal` in module `control`
[INFO] [stdout]   --> crates/tr/src/main.rs:61:14
[INFO] [stdout]    |
[INFO] [stdout] 61 |     control::set_virtual_terminal(true).unwrap();
[INFO] [stdout]    |              ^^^^^^^^^^^^^^^^^^^^ not found in `control`
[INFO] [stdout]    |
[INFO] [stdout] note: found an item that was configured out
[INFO] [stdout]   --> /opt/rustwide/cargo-home/registry/src/index.crates.io-1949cf8c6b5b557f/colored-3.1.1/src/control.rs:33:8
[INFO] [stdout]    |
[INFO] [stdout] 32 | #[cfg(windows)]
[INFO] [stdout]    |       ------- the item is gated here
[INFO] [stdout] 33 | pub fn set_virtual_terminal(use_virtual: bool) -> Result<(), ()> {
[INFO] [stdout]    |        ^^^^^^^^^^^^^^^^^^^^
[INFO] [stdout] 
[INFO] [stdout] 
[INFO] [stdout] error[E0425]: cannot find function `set_virtual_terminal` in module `control`
[INFO] [stdout]   --> crates/env/src/main.rs:63:14
[INFO] [stdout]    |
[INFO] [stdout] 63 |     control::set_virtual_terminal(true).unwrap();
[INFO] [stdout]    |              ^^^^^^^^^^^^^^^^^^^^ not found in `control`
[INFO] [stdout]    |
[INFO] [stdout] note: found an item that was configured out
[INFO] [stdout]   --> /opt/rustwide/cargo-home/registry/src/index.crates.io-1949cf8c6b5b557f/colored-3.1.1/src/control.rs:33:8
[INFO] [stdout]    |
[INFO] [stdout] 32 | #[cfg(windows)]
[INFO] [stdout]    |       ------- the item is gated here
[INFO] [stdout] 33 | pub fn set_virtual_terminal(use_virtual: bool) -> Result<(), ()> {
[INFO] [stdout]    |        ^^^^^^^^^^^^^^^^^^^^
[INFO] [stdout] 
[INFO] [stdout] 
[INFO] [stdout] warning: unused variable: `path`
[INFO] [stdout]    --> crates/tr/src/main.rs:502:18
[INFO] [stdout]     |
[INFO] [stdout] 502 | fn is_executable(path: &Path, metadata: &fs::Metadata) -> bool {
[INFO] [stdout]     |                  ^^^^ help: if this is intentional, prefix it with an underscore: `_path`
[INFO] [stdout]     |
[INFO] [stdout]     = note: `#[warn(unused_variables)]` (part of `#[warn(unused)]`) on by default
[INFO] [stdout] 
[INFO] [stdout] 
[INFO] [stdout] For more information about this error, try `rustc --explain E0425`.
[INFO] [stdout] 
[INFO] [stderr] error: could not compile `tr` (bin "tr" test) due to 1 previous error; 1 warning emitted
[INFO] [stderr] warning: build failed, waiting for other jobs to finish...
[INFO] [stdout] warning: unused variable: `path`
[INFO] [stdout]    --> crates/tr/src/main.rs:502:18
[INFO] [stdout]     |
[INFO] [stdout] 502 | fn is_executable(path: &Path, metadata: &fs::Metadata) -> bool {
[INFO] [stdout]     |                  ^^^^ help: if this is intentional, prefix it with an underscore: `_path`
[INFO] [stdout]     |
[INFO] [stdout]     = note: `#[warn(unused_variables)]` (part of `#[warn(unused)]`) on by default
[INFO] [stdout] 
[INFO] [stdout] 
[INFO] [stdout] For more information about this error, try `rustc --explain E0425`.
[INFO] [stdout] 
[INFO] [stderr] error: could not compile `tr` (bin "tr") due to 1 previous error; 1 warning emitted
[INFO] [stdout] For more information about this error, try `rustc --explain E0425`.
[INFO] [stdout] 
[INFO] [stderr] error: could not compile `env` (bin "env" test) due to 1 previous error
[INFO] [stdout] For more information about this error, try `rustc --explain E0425`.
[INFO] [stdout] 
[INFO] [stderr] error: could not compile `env` (bin "env") due to 1 previous error
[INFO] [stderr] warning: unused dependency `walkdir`
[INFO] [stderr]  --> crates/tr/Cargo.toml:8:1
[INFO] [stderr]   |
[INFO] [stderr] 8 | walkdir.workspace = true
[INFO] [stderr]   | ^^^^^^^
[INFO] [stderr]   |
[INFO] [stderr]   = note: `cargo::unused_dependencies` is set to `warn` by default
[INFO] [stderr] help: consider removing the dependency on `walkdir`
[INFO] [stderr] warning: `tr` (manifest) generated 1 warning
[INFO] running `Command { std: "docker" "inspect" "e100267696cc620e5b823b2d35b1b8502bb9a51a33426298d5cf486ac86ece6b", kill_on_drop: false }`
[INFO] running `Command { std: "docker" "rm" "-f" "e100267696cc620e5b823b2d35b1b8502bb9a51a33426298d5cf486ac86ece6b", kill_on_drop: false }`
[INFO] [stdout] e100267696cc620e5b823b2d35b1b8502bb9a51a33426298d5cf486ac86ece6b
