[INFO] cloning repository https://github.com/kongdd/wbtools-oss-feature
[INFO] running `Command { std: "git" "-c" "credential.helper=" "-c" "credential.helper=/workspace/cargo-home/bin/git-credential-null" "clone" "--bare" "https://github.com/kongdd/wbtools-oss-feature" "/workspace/cache/git-repos/https%3A%2F%2Fgithub.com%2Fkongdd%2Fwbtools-oss-feature", kill_on_drop: false }`
[INFO] [stderr] Cloning into bare repository '/workspace/cache/git-repos/https%3A%2F%2Fgithub.com%2Fkongdd%2Fwbtools-oss-feature'...
[INFO] running `Command { std: "git" "rev-parse" "HEAD", kill_on_drop: false }`
[INFO] [stdout] c3d4a1587a7df18f0831ee92df5d97576de20483
[INFO] checking kongdd/wbtools-oss-feature against 3154cc1a3e6424e44f438a95007d043ed5ceaaf6 for pr-133502-30
[INFO] running `Command { std: "git" "clone" "/workspace/cache/git-repos/https%3A%2F%2Fgithub.com%2Fkongdd%2Fwbtools-oss-feature" "/workspace/builds/worker-7-tc2/source", kill_on_drop: false }`
[INFO] [stderr] Cloning into '/workspace/builds/worker-7-tc2/source'...
[INFO] [stderr] done.
[INFO] started tweaking git repo https://github.com/kongdd/wbtools-oss-feature
[INFO] finished tweaking git repo https://github.com/kongdd/wbtools-oss-feature
[INFO] tweaked toml for git repo https://github.com/kongdd/wbtools-oss-feature written to /workspace/builds/worker-7-tc2/source/Cargo.toml
[INFO] validating manifest of git repo https://github.com/kongdd/wbtools-oss-feature on toolchain 3154cc1a3e6424e44f438a95007d043ed5ceaaf6
[INFO] running `Command { std: CARGO_HOME="/workspace/cargo-home" RUSTUP_HOME="/workspace/rustup-home" "/workspace/cargo-home/bin/cargo" "+3154cc1a3e6424e44f438a95007d043ed5ceaaf6" "metadata" "--manifest-path" "Cargo.toml" "--no-deps", kill_on_drop: false }`
[INFO] crate git repo https://github.com/kongdd/wbtools-oss-feature already has a lockfile, it will not be regenerated
[INFO] running `Command { std: CARGO_HOME="/workspace/cargo-home" RUSTUP_HOME="/workspace/rustup-home" "/workspace/cargo-home/bin/cargo" "+3154cc1a3e6424e44f438a95007d043ed5ceaaf6" "fetch" "--manifest-path" "Cargo.toml", kill_on_drop: false }`
[INFO] [stderr] warning: unused field `edition` in `workspace.package`
[INFO] [stderr]   --> Cargo.toml:23:1
[INFO] [stderr]    |
[INFO] [stderr] 23 | edition = "2021"
[INFO] [stderr]    | ^^^^^^^
[INFO] [stderr]    |
[INFO] [stderr]    = note: `cargo::unused_workspace_package_fields` is set to `warn` by default
[INFO] [stderr] help: consider removing the field `workspace.package.edition`
[INFO] [stderr] warning: unused field `license` in `workspace.package`
[INFO] [stderr]   --> Cargo.toml:24:1
[INFO] [stderr]    |
[INFO] [stderr] 24 | license = "MIT OR Apache-2.0"
[INFO] [stderr]    | ^^^^^^^
[INFO] [stderr]    |
[INFO] [stderr] help: consider removing the field `workspace.package.license`
[INFO] [stderr] warning: unused field `version` in `workspace.package`
[INFO] [stderr]   --> Cargo.toml:25:1
[INFO] [stderr]    |
[INFO] [stderr] 25 | version = "0.1.0"
[INFO] [stderr]    | ^^^^^^^
[INFO] [stderr]    |
[INFO] [stderr] help: consider removing the field `workspace.package.version`
[INFO] [stderr] warning: workspace (manifest) generated 3 warnings
[INFO] [stderr] warning: `package.homepage` is redundant with `package.repository`
[INFO] [stderr]   --> crates/wbgeotiff/Cargo.toml:10:12
[INFO] [stderr]    |
[INFO] [stderr]  9 | repository = "https://github.com/jblindsay/whitebox_next_gen"
[INFO] [stderr]    |              ------------------------------------------------
[INFO] [stderr] 10 | homepage = "https://github.com/jblindsay/whitebox_next_gen"
[INFO] [stderr]    |            ^^^^^^^^^^^^^^^^^^^^^^^^^^^^^^^^^^^^^^^^^^^^^^^^
[INFO] [stderr]    |
[INFO] [stderr]    = note: `cargo::redundant_homepage` is set to `warn` by default
[INFO] [stderr] help: consider removing `package.homepage`
[INFO] [stderr] warning: `wbgeotiff` (manifest) generated 1 warning
[INFO] [stderr] warning: `package.homepage` is redundant with `package.repository`
[INFO] [stderr]   --> crates/wbvector/Cargo.toml:10:15
[INFO] [stderr]    |
[INFO] [stderr]  9 | repository  = "https://github.com/jblindsay/whitebox_next_gen"
[INFO] [stderr]    |               ------------------------------------------------
[INFO] [stderr] 10 | homepage    = "https://github.com/jblindsay/whitebox_next_gen"
[INFO] [stderr]    |               ^^^^^^^^^^^^^^^^^^^^^^^^^^^^^^^^^^^^^^^^^^^^^^^^
[INFO] [stderr]    |
[INFO] [stderr]    = note: `cargo::redundant_homepage` is set to `warn` by default
[INFO] [stderr] help: consider removing `package.homepage`
[INFO] [stderr] warning: `wbvector` (manifest) generated 1 warning
[INFO] [stderr] warning: `package.homepage` is redundant with `package.repository`
[INFO] [stderr]   --> crates/wblidar/Cargo.toml:10:12
[INFO] [stderr]    |
[INFO] [stderr]  9 | repository = "https://github.com/jblindsay/whitebox_next_gen"
[INFO] [stderr]    |              ------------------------------------------------
[INFO] [stderr] 10 | homepage = "https://github.com/jblindsay/whitebox_next_gen"
[INFO] [stderr]    |            ^^^^^^^^^^^^^^^^^^^^^^^^^^^^^^^^^^^^^^^^^^^^^^^^
[INFO] [stderr]    |
[INFO] [stderr]    = note: `cargo::redundant_homepage` is set to `warn` by default
[INFO] [stderr] help: consider removing `package.homepage`
[INFO] [stderr] warning: `wblidar` (manifest) generated 1 warning
[INFO] [stderr] warning: `package.homepage` is redundant with `package.repository`
[INFO] [stderr]   --> crates/wbtopology/Cargo.toml:10:12
[INFO] [stderr]    |
[INFO] [stderr]  9 | repository = "https://github.com/jblindsay/whitebox_next_gen"
[INFO] [stderr]    |              ------------------------------------------------
[INFO] [stderr] 10 | homepage = "https://github.com/jblindsay/whitebox_next_gen"
[INFO] [stderr]    |            ^^^^^^^^^^^^^^^^^^^^^^^^^^^^^^^^^^^^^^^^^^^^^^^^
[INFO] [stderr]    |
[INFO] [stderr]    = note: `cargo::redundant_homepage` is set to `warn` by default
[INFO] [stderr] help: consider removing `package.homepage`
[INFO] [stderr] warning: `wbtopology` (manifest) generated 1 warning
[INFO] [stderr] warning: `package.homepage` is redundant with `package.repository`
[INFO] [stderr]   --> crates/wbhdf/Cargo.toml:10:12
[INFO] [stderr]    |
[INFO] [stderr]  9 | repository = "https://github.com/jblindsay/whitebox_next_gen"
[INFO] [stderr]    |              ------------------------------------------------
[INFO] [stderr] 10 | homepage = "https://github.com/jblindsay/whitebox_next_gen"
[INFO] [stderr]    |            ^^^^^^^^^^^^^^^^^^^^^^^^^^^^^^^^^^^^^^^^^^^^^^^^
[INFO] [stderr]    |
[INFO] [stderr]    = note: `cargo::redundant_homepage` is set to `warn` by default
[INFO] [stderr] help: consider removing `package.homepage`
[INFO] [stderr] warning: `wbhdf` (manifest) generated 1 warning
[INFO] [stderr] warning: `package.homepage` is redundant with `package.repository`
[INFO] [stderr]   --> crates/wbraster/Cargo.toml:10:12
[INFO] [stderr]    |
[INFO] [stderr]  9 | repository = "https://github.com/jblindsay/whitebox_next_gen"
[INFO] [stderr]    |              ------------------------------------------------
[INFO] [stderr] 10 | homepage = "https://github.com/jblindsay/whitebox_next_gen"
[INFO] [stderr]    |            ^^^^^^^^^^^^^^^^^^^^^^^^^^^^^^^^^^^^^^^^^^^^^^^^
[INFO] [stderr]    |
[INFO] [stderr]    = note: `cargo::redundant_homepage` is set to `warn` by default
[INFO] [stderr] help: consider removing `package.homepage`
[INFO] [stderr] warning: `wbraster` (manifest) generated 1 warning
[INFO] [stderr] warning: `package.homepage` is redundant with `package.repository`
[INFO] [stderr]   --> crates/wbprojection/Cargo.toml:11:12
[INFO] [stderr]    |
[INFO] [stderr] 10 | repository = "https://github.com/jblindsay/whitebox_next_gen"
[INFO] [stderr]    |              ------------------------------------------------
[INFO] [stderr] 11 | homepage = "https://github.com/jblindsay/whitebox_next_gen"
[INFO] [stderr]    |            ^^^^^^^^^^^^^^^^^^^^^^^^^^^^^^^^^^^^^^^^^^^^^^^^
[INFO] [stderr]    |
[INFO] [stderr]    = note: `cargo::redundant_homepage` is set to `warn` by default
[INFO] [stderr] help: consider removing `package.homepage`
[INFO] [stderr] warning: `wbprojection` (manifest) generated 1 warning
[INFO] [stderr] warning: `package.homepage` is redundant with `package.repository`
[INFO] [stderr]   --> crates/wbspatialstats/Cargo.toml:10:12
[INFO] [stderr]    |
[INFO] [stderr]  9 | repository = "https://github.com/jblindsay/whitebox_next_gen"
[INFO] [stderr]    |              ------------------------------------------------
[INFO] [stderr] 10 | homepage = "https://github.com/jblindsay/whitebox_next_gen"
[INFO] [stderr]    |            ^^^^^^^^^^^^^^^^^^^^^^^^^^^^^^^^^^^^^^^^^^^^^^^^
[INFO] [stderr]    |
[INFO] [stderr]    = note: `cargo::redundant_homepage` is set to `warn` by default
[INFO] [stderr] help: consider removing `package.homepage`
[INFO] [stderr] warning: `wbspatialstats` (manifest) generated 1 warning
[INFO] running `Command { std: "docker" "create" "-v" "/var/lib/crater-agent-workspace/builds/worker-7-tc2/source:/opt/rustwide/workdir:ro,Z" "-v" "/var/lib/crater-agent-workspace/builds/worker-7-tc2/target:/opt/rustwide/target:rw,Z" "-v" "/var/lib/crater-agent-workspace/cargo-home:/opt/rustwide/cargo-home:ro,Z" "-v" "/var/lib/crater-agent-workspace/rustup-home:/opt/rustwide/rustup-home:ro,Z" "-m" "1610612736" "--network" "none" "ghcr.io/rust-lang/crates-build-env/linux@sha256:77db811e55d90add9212f6832c23229e3de5f1c1f9905e8cb07319ea15df73ac" "sleep" "infinity", kill_on_drop: false }`
[INFO] [stdout] 875d6d1895b2fc1518ce7b1bcb6fa15c01c7b78528a61e67f23be07e1905a5de
[INFO] running `Command { std: "docker" "start" "875d6d1895b2fc1518ce7b1bcb6fa15c01c7b78528a61e67f23be07e1905a5de", kill_on_drop: false }`
[INFO] running `Command { std: "docker" "inspect" "875d6d1895b2fc1518ce7b1bcb6fa15c01c7b78528a61e67f23be07e1905a5de", kill_on_drop: false }`
[INFO] running `Command { std: "docker" "exec" "-e" "SOURCE_DIR=/opt/rustwide/workdir" "-e" "CARGO_HOME=/opt/rustwide/cargo-home" "-e" "RUSTUP_HOME=/opt/rustwide/rustup-home" "-e" "CARGO_TARGET_DIR=/opt/rustwide/target" "-w" "/opt/rustwide/workdir" "--user" "0:0" "875d6d1895b2fc1518ce7b1bcb6fa15c01c7b78528a61e67f23be07e1905a5de" "/opt/rustwide/cargo-home/bin/cargo" "+3154cc1a3e6424e44f438a95007d043ed5ceaaf6" "metadata" "--no-deps" "--format-version=1", kill_on_drop: false }`
[INFO] running `Command { std: "docker" "inspect" "875d6d1895b2fc1518ce7b1bcb6fa15c01c7b78528a61e67f23be07e1905a5de", kill_on_drop: false }`
[INFO] running `Command { std: "docker" "exec" "-e" "SOURCE_DIR=/opt/rustwide/workdir" "-e" "CARGO_HOME=/opt/rustwide/cargo-home" "-e" "RUSTUP_HOME=/opt/rustwide/rustup-home" "-e" "CARGO_TARGET_DIR=/opt/rustwide/target" "-e" "CARGO_INCREMENTAL=0" "-e" "RUST_BACKTRACE=full" "-e" "RUSTFLAGS=--cap-lints=forbid" "-e" "RUSTDOCFLAGS=--cap-lints=forbid" "-w" "/opt/rustwide/workdir" "--user" "0:0" "875d6d1895b2fc1518ce7b1bcb6fa15c01c7b78528a61e67f23be07e1905a5de" "/opt/rustwide/cargo-home/bin/cargo" "+3154cc1a3e6424e44f438a95007d043ed5ceaaf6" "check" "--frozen" "--all" "--all-targets" "--message-format=json", kill_on_drop: false }`
[INFO] [stderr] warning: unused field `edition` in `workspace.package`
[INFO] [stderr]   --> Cargo.toml:23:1
[INFO] [stderr]    |
[INFO] [stderr] 23 | edition = "2021"
[INFO] [stderr]    | ^^^^^^^
[INFO] [stderr]    |
[INFO] [stderr]    = note: `cargo::unused_workspace_package_fields` is set to `warn` by default
[INFO] [stderr] help: consider removing the field `workspace.package.edition`
[INFO] [stderr] warning: unused field `license` in `workspace.package`
[INFO] [stderr]   --> Cargo.toml:24:1
[INFO] [stderr]    |
[INFO] [stderr] 24 | license = "MIT OR Apache-2.0"
[INFO] [stderr]    | ^^^^^^^
[INFO] [stderr]    |
[INFO] [stderr] help: consider removing the field `workspace.package.license`
[INFO] [stderr] warning: unused field `version` in `workspace.package`
[INFO] [stderr]   --> Cargo.toml:25:1
[INFO] [stderr]    |
[INFO] [stderr] 25 | version = "0.1.0"
[INFO] [stderr]    | ^^^^^^^
[INFO] [stderr]    |
[INFO] [stderr] help: consider removing the field `workspace.package.version`
[INFO] [stderr] warning: workspace (manifest) generated 3 warnings
[INFO] [stderr] warning: `package.homepage` is redundant with `package.repository`
[INFO] [stderr]   --> crates/wbvector/Cargo.toml:10:15
[INFO] [stderr]    |
[INFO] [stderr]  9 | repository  = "https://github.com/jblindsay/whitebox_next_gen"
[INFO] [stderr]    |               ------------------------------------------------
[INFO] [stderr] 10 | homepage    = "https://github.com/jblindsay/whitebox_next_gen"
[INFO] [stderr]    |               ^^^^^^^^^^^^^^^^^^^^^^^^^^^^^^^^^^^^^^^^^^^^^^^^
[INFO] [stderr]    |
[INFO] [stderr]    = note: `cargo::redundant_homepage` is set to `warn` by default
[INFO] [stderr] help: consider removing `package.homepage`
[INFO] [stderr] warning: `wbvector` (manifest) generated 1 warning
[INFO] [stderr] warning: `package.homepage` is redundant with `package.repository`
[INFO] [stderr]   --> crates/wbgeotiff/Cargo.toml:10:12
[INFO] [stderr]    |
[INFO] [stderr]  9 | repository = "https://github.com/jblindsay/whitebox_next_gen"
[INFO] [stderr]    |              ------------------------------------------------
[INFO] [stderr] 10 | homepage = "https://github.com/jblindsay/whitebox_next_gen"
[INFO] [stderr]    |            ^^^^^^^^^^^^^^^^^^^^^^^^^^^^^^^^^^^^^^^^^^^^^^^^
[INFO] [stderr]    |
[INFO] [stderr]    = note: `cargo::redundant_homepage` is set to `warn` by default
[INFO] [stderr] help: consider removing `package.homepage`
[INFO] [stderr] warning: `wbgeotiff` (manifest) generated 1 warning
[INFO] [stderr] warning: `package.homepage` is redundant with `package.repository`
[INFO] [stderr]   --> crates/wblidar/Cargo.toml:10:12
[INFO] [stderr]    |
[INFO] [stderr]  9 | repository = "https://github.com/jblindsay/whitebox_next_gen"
[INFO] [stderr]    |              ------------------------------------------------
[INFO] [stderr] 10 | homepage = "https://github.com/jblindsay/whitebox_next_gen"
[INFO] [stderr]    |            ^^^^^^^^^^^^^^^^^^^^^^^^^^^^^^^^^^^^^^^^^^^^^^^^
[INFO] [stderr]    |
[INFO] [stderr]    = note: `cargo::redundant_homepage` is set to `warn` by default
[INFO] [stderr] help: consider removing `package.homepage`
[INFO] [stderr] warning: `wblidar` (manifest) generated 1 warning
[INFO] [stderr] warning: `package.homepage` is redundant with `package.repository`
[INFO] [stderr]   --> crates/wbtopology/Cargo.toml:10:12
[INFO] [stderr]    |
[INFO] [stderr]  9 | repository = "https://github.com/jblindsay/whitebox_next_gen"
[INFO] [stderr]    |              ------------------------------------------------
[INFO] [stderr] 10 | homepage = "https://github.com/jblindsay/whitebox_next_gen"
[INFO] [stderr]    |            ^^^^^^^^^^^^^^^^^^^^^^^^^^^^^^^^^^^^^^^^^^^^^^^^
[INFO] [stderr]    |
[INFO] [stderr]    = note: `cargo::redundant_homepage` is set to `warn` by default
[INFO] [stderr] help: consider removing `package.homepage`
[INFO] [stderr] warning: `wbtopology` (manifest) generated 1 warning
[INFO] [stderr] warning: `package.homepage` is redundant with `package.repository`
[INFO] [stderr]   --> crates/wbhdf/Cargo.toml:10:12
[INFO] [stderr]    |
[INFO] [stderr]  9 | repository = "https://github.com/jblindsay/whitebox_next_gen"
[INFO] [stderr]    |              ------------------------------------------------
[INFO] [stderr] 10 | homepage = "https://github.com/jblindsay/whitebox_next_gen"
[INFO] [stderr]    |            ^^^^^^^^^^^^^^^^^^^^^^^^^^^^^^^^^^^^^^^^^^^^^^^^
[INFO] [stderr]    |
[INFO] [stderr]    = note: `cargo::redundant_homepage` is set to `warn` by default
[INFO] [stderr] help: consider removing `package.homepage`
[INFO] [stderr] warning: `wbhdf` (manifest) generated 1 warning
[INFO] [stderr] warning: `package.homepage` is redundant with `package.repository`
[INFO] [stderr]   --> crates/wbspatialstats/Cargo.toml:10:12
[INFO] [stderr]    |
[INFO] [stderr]  9 | repository = "https://github.com/jblindsay/whitebox_next_gen"
[INFO] [stderr]    |              ------------------------------------------------
[INFO] [stderr] 10 | homepage = "https://github.com/jblindsay/whitebox_next_gen"
[INFO] [stderr]    |            ^^^^^^^^^^^^^^^^^^^^^^^^^^^^^^^^^^^^^^^^^^^^^^^^
[INFO] [stderr]    |
[INFO] [stderr]    = note: `cargo::redundant_homepage` is set to `warn` by default
[INFO] [stderr] help: consider removing `package.homepage`
[INFO] [stderr] warning: `wbspatialstats` (manifest) generated 1 warning
[INFO] [stderr] warning: `package.homepage` is redundant with `package.repository`
[INFO] [stderr]   --> crates/wbraster/Cargo.toml:10:12
[INFO] [stderr]    |
[INFO] [stderr]  9 | repository = "https://github.com/jblindsay/whitebox_next_gen"
[INFO] [stderr]    |              ------------------------------------------------
[INFO] [stderr] 10 | homepage = "https://github.com/jblindsay/whitebox_next_gen"
[INFO] [stderr]    |            ^^^^^^^^^^^^^^^^^^^^^^^^^^^^^^^^^^^^^^^^^^^^^^^^
[INFO] [stderr]    |
[INFO] [stderr]    = note: `cargo::redundant_homepage` is set to `warn` by default
[INFO] [stderr] help: consider removing `package.homepage`
[INFO] [stderr] warning: `wbraster` (manifest) generated 1 warning
[INFO] [stderr] warning: `package.homepage` is redundant with `package.repository`
[INFO] [stderr]   --> crates/wbprojection/Cargo.toml:11:12
[INFO] [stderr]    |
[INFO] [stderr] 10 | repository = "https://github.com/jblindsay/whitebox_next_gen"
[INFO] [stderr]    |              ------------------------------------------------
[INFO] [stderr] 11 | homepage = "https://github.com/jblindsay/whitebox_next_gen"
[INFO] [stderr]    |            ^^^^^^^^^^^^^^^^^^^^^^^^^^^^^^^^^^^^^^^^^^^^^^^^
[INFO] [stderr]    |
[INFO] [stderr]    = note: `cargo::redundant_homepage` is set to `warn` by default
[INFO] [stderr] help: consider removing `package.homepage`
[INFO] [stderr] warning: `wbprojection` (manifest) generated 1 warning
[INFO] [stderr]     Checking cfg-if v1.0.4
[INFO] [stderr]     Checking either v1.18.0
[INFO] [stderr]    Compiling crossbeam-utils v0.8.22
[INFO] [stderr]    Compiling crossbeam-epoch v0.9.20
[INFO] [stderr]    Compiling crossbeam-deque v0.8.7
[INFO] [stderr]    Compiling rayon-core v1.13.0
[INFO] [stderr]     Checking bytemuck v1.25.2
[INFO] [stderr]    Compiling syn v2.0.119
[INFO] [stderr]    Compiling libc v0.2.189
[INFO] [stderr]     Checking once_cell v1.21.4
[INFO] [stderr]    Compiling thiserror v1.0.69
[INFO] [stderr]    Compiling syn v3.0.4
[INFO] [stderr]    Compiling num-traits v0.2.19
[INFO] [stderr]    Compiling serde_core v1.0.229
[INFO] [stderr]     Checking memchr v2.8.3
[INFO] [stderr]     Checking safe_arch v1.2.0
[INFO] [stderr]     Checking wide v1.6.1
[INFO] [stderr]    Compiling zmij v1.0.23
[INFO] [stderr]    Compiling serde_json v1.0.151
[INFO] [stderr]     Checking itoa v1.0.18
[INFO] [stderr]     Checking bitflags v1.3.2
[INFO] [stderr]    Compiling serde v1.0.229
[INFO] [stderr]    Compiling zerocopy v0.8.56
[INFO] [stderr]     Checking anstyle v1.0.14
[INFO] [stderr]     Checking clap_lex v1.1.0
[INFO] [stderr]     Checking cast v0.3.0
[INFO] [stderr]     Checking plotters-backend v0.3.7
[INFO] [stderr]     Checking rayon v1.12.0
[INFO] [stderr]     Checking ciborium-io v0.2.2
[INFO] [stderr]     Checking regex-syntax v0.8.11
[INFO] [stderr]     Checking clap_builder v4.6.6
[INFO] [stderr]     Checking plotters-svg v0.3.7
[INFO] [stderr]     Checking same-file v1.0.6
[INFO] [stderr]     Checking walkdir v2.5.0
[INFO] [stderr]     Checking plotters v0.3.7
[INFO] [stderr]     Checking regex-automata v0.4.18
[INFO] [stderr]     Checking anes v0.1.6
[INFO] [stderr]     Checking oorandom v11.1.5
[INFO] [stderr]    Compiling flatbuffers v24.12.23
[INFO] [stderr]     Checking simd-adler32 v0.3.10
[INFO] [stderr]     Checking bitflags v2.13.1
[INFO] [stderr]    Compiling crc32fast v1.5.1
[INFO] [stderr]     Checking adler2 v2.0.1
[INFO] [stderr]     Checking clap v4.6.6
[INFO] [stderr]     Checking miniz_oxide v0.8.9
[INFO] [stderr]     Checking zlib-rs v0.6.7
[INFO] [stderr]    Compiling rustix v1.1.4
[INFO] [stderr]     Checking itertools v0.10.5
[INFO] [stderr]     Checking linux-raw-sys v0.12.1
[INFO] [stderr]     Checking regex v1.13.1
[INFO] [stderr]     Checking is-terminal v0.4.17
[INFO] [stderr]     Checking rand_core v0.10.1
[INFO] [stderr]    Compiling getrandom v0.4.3
[INFO] [stderr]     Checking robust v1.2.0
[INFO] [stderr]     Checking log v0.4.34
[INFO] [stderr]     Checking tracing-core v0.1.36
[INFO] [stderr]     Checking pin-project-lite v0.2.17
[INFO] [stderr]     Checking byteorder v1.5.0
[INFO] [stderr]     Checking alloc-no-stdlib v2.0.4
[INFO] [stderr]     Checking tracing v0.1.44
[INFO] [stderr]     Checking flate2 v1.1.9
[INFO] [stderr]     Checking zune-core v0.5.3
[INFO] [stderr]     Checking jxl-bitstream v1.1.0
[INFO] [stderr]     Checking jxl-grid v0.6.2
[INFO] [stderr]     Checking criterion-plot v0.5.0
[INFO] [stderr]     Checking jxl-oxide-common v1.0.0
[INFO] [stderr]     Checking jxl-coding v1.0.1
[INFO] [stderr]     Checking jxl-threadpool v1.0.0
[INFO] [stderr]     Checking jxl-image v0.13.0
[INFO] [stderr]     Checking alloc-stdlib v0.2.4
[INFO] [stderr]     Checking fdeflate v0.3.7
[INFO] [stderr]     Checking weezl v0.1.12
[INFO] [stderr]    Compiling serde_derive v1.0.229
[INFO] [stderr]     Checking jxl-modular v0.11.3
[INFO] [stderr]     Checking twox-hash v2.1.3
[INFO] [stderr]     Checking jxl-color v0.11.0
[INFO] [stderr]     Checking brotli-decompressor v5.0.3
[INFO] [stderr]     Checking bin-rs v0.0.10
[INFO] [stderr]     Checking webp-rust v0.2.1
[INFO] [stderr]    Compiling thiserror v2.0.20
[INFO] [stderr]     Checking lz4_flex v0.11.6
[INFO] [stderr]     Checking png v0.17.16
[INFO] [stderr]     Checking jxl-vardct v0.11.1
[INFO] [stderr]    Compiling thiserror-impl v1.0.69
[INFO] [stderr]    Compiling zerocopy-derive v0.8.56
[INFO] [stderr]    Compiling thiserror-impl v2.0.20
[INFO] [stderr]     Checking jxl-frame v0.13.3
[INFO] [stderr]     Checking zune-jpegxl v0.5.2
[INFO] [stderr]     Checking jpeg-decoder v0.3.2
[INFO] [stderr]     Checking fastrand v2.5.0
[INFO] [stderr]     Checking jpeg-encoder v0.6.1
[INFO] [stderr]     Checking tempfile v3.27.0
[INFO] [stderr]     Checking jxl-render v0.12.4
[INFO] [stderr]     Checking jxl-jbr v0.2.1
[INFO] [stderr]     Checking wbprojection v0.3.3 (/opt/rustwide/workdir/crates/wbprojection)
[INFO] [stderr]     Checking wbhdf v0.1.0 (/opt/rustwide/workdir/crates/wbhdf)
[INFO] [stderr]     Checking stable_deref_trait v1.2.1
[INFO] [stderr]     Checking num-integer v0.1.47
[INFO] [stderr]     Checking equivalent v1.0.2
[INFO] [stderr]     Checking hashbrown v0.17.1
[INFO] [stderr]     Checking bumpalo v3.20.3
[INFO] [stderr]     Checking xattr v1.6.1
[INFO] [stderr]     Checking zopfli v0.8.3
[INFO] [stderr]     Checking png v0.18.1
[INFO] [stderr]    Compiling synstructure v0.13.2
[INFO] [stderr]     Checking indexmap v2.14.0
[INFO] [stderr]     Checking filetime v0.2.29
[INFO] [stderr]     Checking typed-path v0.12.3
[INFO] [stderr]     Checking tar v0.4.46
[INFO] [stderr]     Checking jxl-oxide v0.12.6
[INFO] [stderr]     Checking ruzstd v0.8.3
[INFO] [stderr]     Checking wbgeotiff v0.1.2 (/opt/rustwide/workdir/crates/wbgeotiff)
[INFO] [stderr]     Checking lz4_flex v0.13.1
[INFO] [stderr]     Checking jpeg-encoder v0.7.1
[INFO] [stderr]    Compiling zerofrom-derive v0.1.7
[INFO] [stderr]     Checking tinytemplate v1.2.1
[INFO] [stderr]    Compiling yoke-derive v0.8.2
[INFO] [stderr]     Checking zip v8.6.0
[INFO] [stderr]     Checking num-bigint v0.4.8
[INFO] [stderr]    Compiling zerovec-derive v0.11.6
[INFO] [stderr]     Checking num-complex v0.4.6
[INFO] [stderr]    Compiling displaydoc v0.2.7
[INFO] [stderr]     Checking getrandom v0.2.17
[INFO] [stderr]     Checking approx v0.5.1
[INFO] [stderr]    Compiling equator-macro v0.4.2
[INFO] [stderr]     Checking writeable v0.6.4
[INFO] [stderr]     Checking litemap v0.8.3
[INFO] [stderr]     Checking zerofrom v0.1.8
[INFO] [stderr]    Compiling matrixmultiply v0.3.11
[INFO] [stderr]     Checking yoke v0.8.3
[INFO] [stderr]     Checking utf8_iter v1.0.4
[INFO] [stderr]     Checking smallvec v1.15.2
[INFO] [stderr]     Checking zerotrie v0.2.5
[INFO] [stderr]    Compiling icu_properties_data v2.3.0
[INFO] [stderr]    Compiling anyhow v1.0.104
[INFO] [stderr]     Checking equator v0.4.2
[INFO] [stderr]     Checking zerovec v0.11.8
[INFO] [stderr]    Compiling icu_normalizer_data v2.3.0
[INFO] [stderr]     Checking rand_core v0.6.4
[INFO] [stderr]     Checking safe_arch v0.7.4
[INFO] [stderr]     Checking num-rational v0.4.2
[INFO] [stderr]     Checking wbvector v0.1.6 (/opt/rustwide/workdir/crates/wbvector)
[INFO] [stderr]     Checking wbraster v0.2.1 (/opt/rustwide/workdir/crates/wbraster)
[INFO] [stderr]     Checking wblidar v0.1.3 (/opt/rustwide/workdir/crates/wblidar)
[INFO] [stderr]     Checking aligned-vec v0.6.4
[INFO] [stderr]     Checking rawpointer v0.2.1
[INFO] [stderr]     Checking arrayvec v0.7.8
[INFO] [stderr]     Checking zeroize v1.9.0
[INFO] [stderr]     Checking wide v0.7.33
[INFO] [stderr]     Checking rustls-pki-types v1.15.1
[INFO] [stderr]     Checking tinystr v0.8.4
[INFO] [stdout] warning: use of deprecated trait `wide::CmpNe`: use the inherent function `simd_ne` instead
[INFO] [stdout]  --> crates/wbraster/src/raster.rs:7:19
[INFO] [stdout]   |
[INFO] [stdout] 7 | use wide::{f64x4, CmpNe};
[INFO] [stdout]   |                   ^^^^^
[INFO] [stdout]   |
[INFO] [stdout]   = note: `#[warn(deprecated)]` on by default
[INFO] [stdout] 
[INFO] [stdout] 
[INFO] [stderr]     Checking potential_utf v0.1.6
[INFO] [stderr]     Checking icu_locale_core v2.3.0
[INFO] [stderr]     Checking icu_collections v2.3.0
[INFO] [stderr]     Checking v_frame v0.3.9
[INFO] [stderr]    Compiling ring v0.17.14
[INFO] [stderr]     Checking as-slice v0.2.1
[INFO] [stderr]    Compiling alloca v0.4.0
[INFO] [stderr]    Compiling libm v0.2.16
[INFO] [stderr]    Compiling typeid v1.0.3
[INFO] [stderr]    Compiling av-scenechange v0.14.1
[INFO] [stderr]     Checking icu_provider v2.3.1
[INFO] [stderr]     Checking simba v0.9.1
[INFO] [stderr]     Checking wbtopology v0.2.1 (/opt/rustwide/workdir/crates/wbtopology)
[INFO] [stderr]     Checking half v2.7.1
[INFO] [stderr]     Checking ppv-lite86 v0.2.21
[INFO] [stderr]     Checking icu_normalizer v2.3.0
[INFO] [stderr]     Checking ciborium-ll v0.2.2
[INFO] [stderr]     Checking icu_properties v2.3.0
[INFO] [stderr]     Checking aligned v0.4.3
[INFO] [stderr]     Checking rand_chacha v0.3.1
[INFO] [stderr]     Checking ciborium v0.2.2
[INFO] [stderr]    Compiling arg_enum_proc_macro v0.3.4
[INFO] [stdout] warning: use of deprecated method `wide::f64x4::blend`: split into `select` and `bitselect` functions
[INFO] [stdout]     --> crates/wbraster/src/raster.rs:3353:45
[INFO] [stdout]      |
[INFO] [stdout] 3353 |             let values_for_min = not_nodata.blend(values, inf_v);
[INFO] [stdout]      |                                             ^^^^^
[INFO] [stdout] 
[INFO] [stdout] 
[INFO] [stdout] warning: use of deprecated method `wide::f64x4::blend`: split into `select` and `bitselect` functions
[INFO] [stdout]     --> crates/wbraster/src/raster.rs:3354:45
[INFO] [stdout]      |
[INFO] [stdout] 3354 |             let values_for_max = not_nodata.blend(values, neg_inf_v);
[INFO] [stdout]      |                                             ^^^^^
[INFO] [stdout] 
[INFO] [stdout] 
[INFO] [stdout] warning: use of deprecated method `wide::f64x4::blend`: split into `select` and `bitselect` functions
[INFO] [stdout]     --> crates/wbraster/src/raster.rs:3358:44
[INFO] [stdout]      |
[INFO] [stdout] 3358 |             let masked_values = not_nodata.blend(values, zero_v);
[INFO] [stdout]      |                                            ^^^^^
[INFO] [stdout] 
[INFO] [stdout] 
[INFO] [stdout] warning: use of deprecated method `wide::f64x4::blend`: split into `select` and `bitselect` functions
[INFO] [stdout]     --> crates/wbraster/src/raster.rs:3430:45
[INFO] [stdout]      |
[INFO] [stdout] 3430 |             let values_for_min = not_nodata.blend(values, inf_v);
[INFO] [stdout]      |                                             ^^^^^
[INFO] [stdout] 
[INFO] [stdout] 
[INFO] [stdout] warning: use of deprecated method `wide::f64x4::blend`: split into `select` and `bitselect` functions
[INFO] [stdout]     --> crates/wbraster/src/raster.rs:3431:45
[INFO] [stdout]      |
[INFO] [stdout] 3431 |             let values_for_max = not_nodata.blend(values, neg_inf_v);
[INFO] [stdout]      |                                             ^^^^^
[INFO] [stdout] 
[INFO] [stdout] 
[INFO] [stdout] warning: use of deprecated method `wide::f64x4::blend`: split into `select` and `bitselect` functions
[INFO] [stdout]     --> crates/wbraster/src/raster.rs:3435:44
[INFO] [stdout]      |
[INFO] [stdout] 3435 |             let masked_values = not_nodata.blend(values, zero_v);
[INFO] [stdout]      |                                            ^^^^^
[INFO] [stdout] 
[INFO] [stdout] 
[INFO] [stderr]     Checking rand v0.8.8
[INFO] [stdout] warning: unused import: `CmpNe`
[INFO] [stdout]  --> crates/wbraster/src/raster.rs:7:19
[INFO] [stdout]   |
[INFO] [stdout] 7 | use wide::{f64x4, CmpNe};
[INFO] [stdout]   |                   ^^^^^
[INFO] [stdout]   |
[INFO] [stdout]   = note: `#[warn(unused_imports)]` (part of `#[warn(unused)]`) on by default
[INFO] [stdout] 
[INFO] [stdout] 
[INFO] [stderr]    Compiling profiling-procmacros v1.0.18
[INFO] [stderr]     Checking criterion v0.5.1
[INFO] [stderr]    Compiling nalgebra-macros v0.3.0
[INFO] [stderr]     Checking nom v8.0.0
[INFO] [stderr]     Checking no_std_io2 v0.9.4
[INFO] [stderr]     Checking itertools v0.13.0
[INFO] [stderr]     Checking typenum v1.20.1
[INFO] [stderr]    Compiling wbspatialstats v0.1.2 (/opt/rustwide/workdir/crates/wbspatialstats)
[INFO] [stderr]     Checking quick-error v2.0.1
[INFO] [stderr]     Checking y4m v0.8.0
[INFO] [stderr]     Checking untrusted v0.9.0
[INFO] [stderr]    Compiling erased-serde v0.4.10
[INFO] [stderr]     Checking bitstream-io v4.10.0
[INFO] [stderr]     Checking idna_adapter v1.2.2
[INFO] [stderr]     Checking profiling v1.0.18
[INFO] [stderr]    Compiling pulp v0.22.3
[INFO] [stderr]    Compiling rav1e v0.8.1
[INFO] [stderr]     Checking ndarray v0.15.6
[INFO] [stderr]    Compiling num-derive v0.4.2
[INFO] [stderr]     Checking criterion-plot v0.8.2
[INFO] [stderr]     Checking maybe-rayon v0.1.1
[INFO] [stderr]     Checking raw-cpuid v11.6.0
[INFO] [stderr]     Checking page_size v0.6.0
[INFO] [stderr]     Checking itertools v0.14.0
[INFO] [stderr]    Compiling simd_helpers v0.1.0
[INFO] [stderr]     Checking imgref v1.12.2
[INFO] [stderr]     Checking percent-encoding v2.3.2
[INFO] [stderr]     Checking pulp-wasm-simd-flag v0.1.1
[INFO] [stderr]     Checking reborrow v0.5.5
[INFO] [stderr]    Compiling typetag v0.2.23
[INFO] [stderr]     Checking new_debug_unreachable v1.0.6
[INFO] [stderr]    Compiling rustls v0.23.43
[INFO] [stderr]     Checking rustls-webpki v0.103.15
[INFO] [stderr]     Checking loop9 v0.1.5
[INFO] [stderr]     Checking nalgebra v0.34.2
[INFO] [stderr]     Checking form_urlencoded v1.2.2
[INFO] [stderr]     Checking criterion v0.8.2
[INFO] [stderr]     Checking idna v1.1.0
[INFO] [stderr]     Checking webpki-roots v1.0.9
[INFO] [stderr]     Checking avif-serialize v0.8.9
[INFO] [stderr]     Checking num-iter v0.1.46
[INFO] [stderr]    Compiling typetag-impl v0.2.23
[INFO] [stderr]     Checking zune-jpeg v0.5.15
[INFO] [stderr]     Checking zune-inflate v0.2.54
[INFO] [stderr]     Checking lebe v0.5.3
[INFO] [stderr]     Checking cpufeatures v0.3.0
[INFO] [stderr]     Checking fax v0.2.7
[INFO] [stderr]     Checking byteorder-lite v0.1.0
[INFO] [stderr]     Checking color_quant v1.1.0
[INFO] [stderr]    Compiling virtue v0.0.18
[INFO] [stderr]     Checking rgb v0.8.53
[INFO] [stderr]     Checking strength_reduce v0.2.4
[INFO] [stderr]     Checking av1-grain v0.2.5
[INFO] [stderr]     Checking bit_field v0.10.3
[INFO] [stderr]     Checking inventory v0.3.24
[INFO] [stderr]     Checking subtle v2.6.1
[INFO] [stderr]     Checking pxfm v0.1.30
[INFO] [stderr]    Compiling bincode_derive v2.0.1
[INFO] [stderr]     Checking transpose v0.2.3
[INFO] [stderr]     Checking gif v0.14.2
[INFO] [stderr]     Checking image-webp v0.2.4
[INFO] [stderr]     Checking tiff v0.11.3
[INFO] [stderr]     Checking chacha20 v0.10.1
[INFO] [stderr]     Checking num v0.4.3
[INFO] [stderr]     Checking url v2.5.8
[INFO] [stderr]     Checking webpki-roots v0.26.11
[INFO] [stderr]     Checking primal-check v0.3.4
[INFO] [stderr]     Checking ordered-float v5.5.0
[INFO] [stderr]     Checking qoi v0.4.1
[INFO] [stderr]     Checking iana-time-zone v0.1.65
[INFO] [stderr]     Checking base64 v0.22.1
[INFO] [stderr]     Checking num-conv v0.2.2
[INFO] [stderr]     Checking powerfmt v0.2.0
[INFO] [stderr]     Checking unty v0.0.4
[INFO] [stderr]     Checking time-core v0.1.9
[INFO] [stderr]     Checking deranged v0.5.8
[INFO] [stderr]     Checking bincode v2.0.1
[INFO] [stderr]     Checking moxcms v0.8.1
[INFO] [stderr]     Checking smartcore v0.4.10
[INFO] [stderr]     Checking exr v1.74.2
[INFO] [stderr]     Checking chrono v0.4.45
[INFO] [stderr]     Checking ureq v2.12.1
[INFO] [stderr]     Checking time v0.3.55
[INFO] [stderr]     Checking rustfft v6.4.1
[INFO] [stderr]     Checking rand v0.10.2
[INFO] [stderr]     Checking ravif v0.13.0
[INFO] [stderr]     Checking wbcore v0.2.0 (/opt/rustwide/workdir/crates/wbcore)
[INFO] [stderr]     Checking kdtree v0.8.1
[INFO] [stderr]     Checking evalexpr v13.1.0
[INFO] [stderr]     Checking ascii v1.1.0
[INFO] [stderr]     Checking chunked_transfer v1.5.0
[INFO] [stderr]     Checking httpdate v1.0.3
[INFO] [stderr]     Checking image v0.25.10
[INFO] [stderr]     Checking tiny_http v0.12.0
[INFO] [stdout] warning: use of deprecated function `criterion::black_box`: use `std::hint::black_box()` instead
[INFO] [stdout]  --> crates/wbraster/benches/raster_access.rs:1:17
[INFO] [stdout]   |
[INFO] [stdout] 1 | use criterion::{black_box, criterion_group, criterion_main, BenchmarkId, Criterion};
[INFO] [stdout]   |                 ^^^^^^^^^
[INFO] [stdout]   |
[INFO] [stdout]   = note: `#[warn(deprecated)]` on by default
[INFO] [stdout] 
[INFO] [stdout] 
[INFO] [stdout] warning: use of deprecated function `criterion::black_box`: use `std::hint::black_box()` instead
[INFO] [stdout]   --> crates/wbraster/benches/raster_access.rs:45:21
[INFO] [stdout]    |
[INFO] [stdout] 45 |                     black_box(sum)
[INFO] [stdout]    |                     ^^^^^^^^^
[INFO] [stdout] 
[INFO] [stdout] 
[INFO] [stdout] warning: use of deprecated function `criterion::black_box`: use `std::hint::black_box()` instead
[INFO] [stdout]   --> crates/wbraster/benches/raster_access.rs:60:21
[INFO] [stdout]    |
[INFO] [stdout] 60 |                     black_box(sum)
[INFO] [stdout]    |                     ^^^^^^^^^
[INFO] [stdout] 
[INFO] [stdout] 
[INFO] [stdout] warning: use of deprecated function `criterion::black_box`: use `std::hint::black_box()` instead
[INFO] [stdout]   --> crates/wbraster/benches/raster_access.rs:82:21
[INFO] [stdout]    |
[INFO] [stdout] 82 |                     black_box(sum)
[INFO] [stdout]    |                     ^^^^^^^^^
[INFO] [stdout] 
[INFO] [stdout] 
[INFO] [stdout] warning: use of deprecated function `criterion::black_box`: use `std::hint::black_box()` instead
[INFO] [stdout]   --> crates/wbraster/benches/raster_access.rs:97:21
[INFO] [stdout]    |
[INFO] [stdout] 97 |                     black_box(sum)
[INFO] [stdout]    |                     ^^^^^^^^^
[INFO] [stdout] 
[INFO] [stdout] 
[INFO] [stdout] warning: use of deprecated function `criterion::black_box`: use `std::hint::black_box()` instead
[INFO] [stdout]    --> crates/wbraster/benches/raster_access.rs:123:17
[INFO] [stdout]     |
[INFO] [stdout] 123 |                 black_box(sum)
[INFO] [stdout]     |                 ^^^^^^^^^
[INFO] [stdout] 
[INFO] [stdout] 
[INFO] [stdout] warning: use of deprecated function `criterion::black_box`: use `std::hint::black_box()` instead
[INFO] [stdout]    --> crates/wbraster/benches/raster_access.rs:137:17
[INFO] [stdout]     |
[INFO] [stdout] 137 |                 black_box(sum)
[INFO] [stdout]     |                 ^^^^^^^^^
[INFO] [stdout] 
[INFO] [stdout] 
[INFO] [stdout] warning: use of deprecated function `criterion::black_box`: use `std::hint::black_box()` instead
[INFO] [stdout]    --> crates/wbraster/benches/raster_access.rs:154:17
[INFO] [stdout]     |
[INFO] [stdout] 154 |                 black_box(sum)
[INFO] [stdout]     |                 ^^^^^^^^^
[INFO] [stdout] 
[INFO] [stdout] 
[INFO] [stdout] warning: use of deprecated function `criterion::black_box`: use `std::hint::black_box()` instead
[INFO] [stdout]    --> crates/wbraster/benches/raster_access.rs:168:17
[INFO] [stdout]     |
[INFO] [stdout] 168 |                 black_box(sum)
[INFO] [stdout]     |                 ^^^^^^^^^
[INFO] [stdout] 
[INFO] [stdout] 
[INFO] [stdout] warning: unused import: `crate::variogram::VariogramFitter`
[INFO] [stdout]    --> crates/wbspatialstats/src/kriging/universal.rs:323:9
[INFO] [stdout]     |
[INFO] [stdout] 323 |     use crate::variogram::VariogramFitter;
[INFO] [stdout]     |         ^^^^^^^^^^^^^^^^^^^^^^^^^^^^^^^^^
[INFO] [stdout]     |
[INFO] [stdout]     = note: `#[warn(unused_imports)]` (part of `#[warn(unused)]`) on by default
[INFO] [stdout] 
[INFO] [stdout] 
[INFO] [stdout] warning: unused import: `nalgebra::DMatrix`
[INFO] [stdout]    --> crates/wbspatialstats/src/regression/diagnostics.rs:234:9
[INFO] [stdout]     |
[INFO] [stdout] 234 |     use nalgebra::DMatrix;
[INFO] [stdout]     |         ^^^^^^^^^^^^^^^^^
[INFO] [stdout] 
[INFO] [stdout] 
[INFO] [stdout] warning: use of deprecated trait `wide::CmpNe`: use the inherent function `simd_ne` instead
[INFO] [stdout]  --> crates/wbraster/src/raster.rs:7:19
[INFO] [stdout]   |
[INFO] [stdout] 7 | use wide::{f64x4, CmpNe};
[INFO] [stdout]   |                   ^^^^^
[INFO] [stdout]   |
[INFO] [stdout]   = note: `#[warn(deprecated)]` on by default
[INFO] [stdout] 
[INFO] [stdout] 
[INFO] [stdout] warning: use of deprecated field `wblidar::laz::LazWriterConfig::standards_compliant`: field is ignored; writer always uses standards-compliant encoding
[INFO] [stdout]    --> crates/wblidar/tests/standards_external_validation.rs:122:5
[INFO] [stdout]     |
[INFO] [stdout] 122 |     cfg.standards_compliant = true;
[INFO] [stdout]     |     ^^^^^^^^^^^^^^^^^^^^^^^
[INFO] [stdout]     |
[INFO] [stdout]     = note: `#[warn(deprecated)]` on by default
[INFO] [stdout] 
[INFO] [stdout] 
[INFO] [stdout] warning: use of deprecated field `wblidar::laz::LazWriterConfig::standards_compliant`: field is ignored; writer always uses standards-compliant encoding
[INFO] [stdout]   --> crates/wblidar/examples/laz_write_standards.rs:47:5
[INFO] [stdout]    |
[INFO] [stdout] 47 |     cfg.standards_compliant = true;
[INFO] [stdout]    |     ^^^^^^^^^^^^^^^^^^^^^^^
[INFO] [stdout]    |
[INFO] [stdout]    = note: `#[warn(deprecated)]` on by default
[INFO] [stdout] 
[INFO] [stdout] 
[INFO] [stdout] warning: use of deprecated function `criterion::black_box`: use `std::hint::black_box()` instead
[INFO] [stdout]  --> crates/wbraster/benches/simd_statistics.rs:1:17
[INFO] [stdout]   |
[INFO] [stdout] 1 | use criterion::{black_box, criterion_group, criterion_main, BenchmarkId, Criterion};
[INFO] [stdout]   |                 ^^^^^^^^^
[INFO] [stdout]   |
[INFO] [stdout]   = note: `#[warn(deprecated)]` on by default
[INFO] [stdout] 
[INFO] [stdout] 
[INFO] [stdout] warning: use of deprecated function `criterion::black_box`: use `std::hint::black_box()` instead
[INFO] [stdout]   --> crates/wbraster/benches/simd_statistics.rs:49:33
[INFO] [stdout]    |
[INFO] [stdout] 49 |             |b, mode| b.iter(|| black_box(raster.statistics_with_mode(*mode))),
[INFO] [stdout]    |                                 ^^^^^^^^^
[INFO] [stdout] 
[INFO] [stdout] 
[INFO] [stdout] warning: use of deprecated function `criterion::black_box`: use `std::hint::black_box()` instead
[INFO] [stdout]   --> crates/wbraster/benches/simd_statistics.rs:69:21
[INFO] [stdout]    |
[INFO] [stdout] 69 |                     black_box(
[INFO] [stdout]    |                     ^^^^^^^^^
[INFO] [stdout] 
[INFO] [stdout] 
[INFO] [stdout] warning: use of deprecated function `criterion::black_box`: use `std::hint::black_box()` instead
[INFO] [stdout]    --> crates/wbraster/benches/simd_statistics.rs:101:13
[INFO] [stdout]     |
[INFO] [stdout] 101 |             black_box(sum)
[INFO] [stdout]     |             ^^^^^^^^^
[INFO] [stdout] 
[INFO] [stdout] 
[INFO] [stdout] warning: use of deprecated function `criterion::black_box`: use `std::hint::black_box()` instead
[INFO] [stdout]    --> crates/wbraster/benches/simd_statistics.rs:129:13
[INFO] [stdout]     |
[INFO] [stdout] 129 |             black_box(sum)
[INFO] [stdout]     |             ^^^^^^^^^
[INFO] [stdout] 
[INFO] [stdout] 
[INFO] [stdout] warning: use of deprecated function `criterion::black_box`: use `std::hint::black_box()` instead
[INFO] [stdout]    --> crates/wbraster/benches/simd_statistics.rs:177:13
[INFO] [stdout]     |
[INFO] [stdout] 177 |             black_box(sum)
[INFO] [stdout]     |             ^^^^^^^^^
[INFO] [stdout] 
[INFO] [stdout] 
[INFO] [stdout] warning: use of deprecated function `criterion::black_box`: use `std::hint::black_box()` instead
[INFO] [stdout]    --> crates/wbraster/benches/simd_statistics.rs:223:13
[INFO] [stdout]     |
[INFO] [stdout] 223 |             black_box(sum)
[INFO] [stdout]     |             ^^^^^^^^^
[INFO] [stdout] 
[INFO] [stdout] 
[INFO] [stdout] warning: use of deprecated function `criterion::black_box`: use `std::hint::black_box()` instead
[INFO] [stdout]    --> crates/wbraster/benches/simd_statistics.rs:279:21
[INFO] [stdout]     |
[INFO] [stdout] 279 |                     black_box(
[INFO] [stdout]     |                     ^^^^^^^^^
[INFO] [stdout] 
[INFO] [stdout] 
[INFO] [stdout] warning: use of deprecated function `criterion::black_box`: use `std::hint::black_box()` instead
[INFO] [stdout]    --> crates/wbraster/benches/simd_statistics.rs:297:21
[INFO] [stdout]     |
[INFO] [stdout] 297 |                     black_box(
[INFO] [stdout]     |                     ^^^^^^^^^
[INFO] [stdout] 
[INFO] [stdout] 
[INFO] [stdout] warning: variable does not need to be mutable
[INFO] [stdout]   --> crates/wbspatialstats/tests/phase1_benchmarks.rs:71:13
[INFO] [stdout]    |
[INFO] [stdout] 71 |         let mut rng = StdRng::seed_from_u64(42);
[INFO] [stdout]    |             ----^^^
[INFO] [stdout]    |             |
[INFO] [stdout]    |             help: remove this `mut`
[INFO] [stdout]    |
[INFO] [stdout]    = note: `#[warn(unused_mut)]` (part of `#[warn(unused)]`) on by default
[INFO] [stdout] 
[INFO] [stdout] 
[INFO] [stdout] warning: unused variable: `rng`
[INFO] [stdout]   --> crates/wbspatialstats/tests/phase1_benchmarks.rs:71:13
[INFO] [stdout]    |
[INFO] [stdout] 71 |         let mut rng = StdRng::seed_from_u64(42);
[INFO] [stdout]    |             ^^^^^^^ help: if this is intentional, prefix it with an underscore: `_rng`
[INFO] [stdout]    |
[INFO] [stdout]    = note: `#[warn(unused_variables)]` (part of `#[warn(unused)]`) on by default
[INFO] [stdout] 
[INFO] [stdout] 
[INFO] [stdout] error[E0609]: no field `face_rings` on type `BufferOpStats`
[INFO] [stdout]   --> crates/wbtopology/tests/buffer_op_pipeline_tests.rs:40:26
[INFO] [stdout]    |
[INFO] [stdout] 40 |     assert!(result.stats.face_rings > 0);
[INFO] [stdout]    |                          ^^^^^^^^^^ unknown field
[INFO] [stdout]    |
[INFO] [stdout]    = note: available fields are: `input_lines`, `raw_curves`, `noded_curves`, `candidate_polygons`, `dissolved_polygons`
[INFO] [stdout] 
[INFO] [stdout] 
[INFO] [stdout] error[E0609]: no field `labeled_inside_polygons` on type `BufferOpStats`
[INFO] [stdout]   --> crates/wbtopology/tests/buffer_op_pipeline_tests.rs:42:26
[INFO] [stdout]    |
[INFO] [stdout] 42 |     assert!(result.stats.labeled_inside_polygons > 0);
[INFO] [stdout]    |                          ^^^^^^^^^^^^^^^^^^^^^^^ unknown field
[INFO] [stdout]    |
[INFO] [stdout]    = note: available fields are: `input_lines`, `raw_curves`, `noded_curves`, `candidate_polygons`, `dissolved_polygons`
[INFO] [stdout] 
[INFO] [stdout] 
[INFO] [stdout] error[E0609]: no field `face_rings` on type `BufferOpStats`
[INFO] [stdout]   --> crates/wbtopology/tests/buffer_op_pipeline_tests.rs:58:26
[INFO] [stdout]    |
[INFO] [stdout] 58 |     assert!(result.stats.face_rings > 0);
[INFO] [stdout]    |                          ^^^^^^^^^^ unknown field
[INFO] [stdout]    |
[INFO] [stdout]    = note: available fields are: `input_lines`, `raw_curves`, `noded_curves`, `candidate_polygons`, `dissolved_polygons`
[INFO] [stdout] 
[INFO] [stdout] 
[INFO] [stdout] error[E0609]: no field `labeled_inside_polygons` on type `BufferOpStats`
[INFO] [stdout]   --> crates/wbtopology/tests/buffer_op_pipeline_tests.rs:62:26
[INFO] [stdout]    |
[INFO] [stdout] 62 |     assert!(result.stats.labeled_inside_polygons <= result.stats.candidate_polygons);
[INFO] [stdout]    |                          ^^^^^^^^^^^^^^^^^^^^^^^ unknown field
[INFO] [stdout]    |
[INFO] [stdout]    = note: available fields are: `input_lines`, `raw_curves`, `noded_curves`, `candidate_polygons`, `dissolved_polygons`
[INFO] [stdout] 
[INFO] [stdout] 
[INFO] [stdout] For more information about this error, try `rustc --explain E0609`.
[INFO] [stdout] 
[INFO] [stderr] error: could not compile `wbtopology` (test "buffer_op_pipeline_tests") due to 4 previous errors
[INFO] [stderr] warning: build failed, waiting for other jobs to finish...
[INFO] [stdout] warning: use of deprecated method `wide::f64x4::blend`: split into `select` and `bitselect` functions
[INFO] [stdout]     --> crates/wbraster/src/raster.rs:3353:45
[INFO] [stdout]      |
[INFO] [stdout] 3353 |             let values_for_min = not_nodata.blend(values, inf_v);
[INFO] [stdout]      |                                             ^^^^^
[INFO] [stdout] 
[INFO] [stdout] 
[INFO] [stdout] warning: use of deprecated method `wide::f64x4::blend`: split into `select` and `bitselect` functions
[INFO] [stdout]     --> crates/wbraster/src/raster.rs:3354:45
[INFO] [stdout]      |
[INFO] [stdout] 3354 |             let values_for_max = not_nodata.blend(values, neg_inf_v);
[INFO] [stdout]      |                                             ^^^^^
[INFO] [stdout] 
[INFO] [stdout] 
[INFO] [stdout] warning: use of deprecated method `wide::f64x4::blend`: split into `select` and `bitselect` functions
[INFO] [stdout]     --> crates/wbraster/src/raster.rs:3358:44
[INFO] [stdout]      |
[INFO] [stdout] 3358 |             let masked_values = not_nodata.blend(values, zero_v);
[INFO] [stdout]      |                                            ^^^^^
[INFO] [stdout] 
[INFO] [stdout] 
[INFO] [stdout] warning: use of deprecated method `wide::f64x4::blend`: split into `select` and `bitselect` functions
[INFO] [stdout]     --> crates/wbraster/src/raster.rs:3430:45
[INFO] [stdout]      |
[INFO] [stdout] 3430 |             let values_for_min = not_nodata.blend(values, inf_v);
[INFO] [stdout]      |                                             ^^^^^
[INFO] [stdout] 
[INFO] [stdout] 
[INFO] [stdout] warning: use of deprecated method `wide::f64x4::blend`: split into `select` and `bitselect` functions
[INFO] [stdout]     --> crates/wbraster/src/raster.rs:3431:45
[INFO] [stdout]      |
[INFO] [stdout] 3431 |             let values_for_max = not_nodata.blend(values, neg_inf_v);
[INFO] [stdout]      |                                             ^^^^^
[INFO] [stdout] 
[INFO] [stdout] 
[INFO] [stdout] warning: use of deprecated method `wide::f64x4::blend`: split into `select` and `bitselect` functions
[INFO] [stdout]     --> crates/wbraster/src/raster.rs:3435:44
[INFO] [stdout]      |
[INFO] [stdout] 3435 |             let masked_values = not_nodata.blend(values, zero_v);
[INFO] [stdout]      |                                            ^^^^^
[INFO] [stdout] 
[INFO] [stdout] 
[INFO] [stdout] warning: unused import: `CmpNe`
[INFO] [stdout]  --> crates/wbraster/src/raster.rs:7:19
[INFO] [stdout]   |
[INFO] [stdout] 7 | use wide::{f64x4, CmpNe};
[INFO] [stdout]   |                   ^^^^^
[INFO] [stdout]   |
[INFO] [stdout]   = note: `#[warn(unused_imports)]` (part of `#[warn(unused)]`) on by default
[INFO] [stdout] 
[INFO] [stdout] 
[INFO] [stderr] warning: unused dependency `log`
[INFO] [stderr]   --> crates/wbspatialstats/Cargo.toml:27:1
[INFO] [stderr]    |
[INFO] [stderr] 27 | log = "0.4"
[INFO] [stderr]    | ^^^^^^^^^^^
[INFO] [stderr]    |
[INFO] [stderr]    = note: `cargo::unused_dependencies` is set to `warn` by default
[INFO] [stderr] help: consider removing the dependency on `log`
[INFO] [stderr] warning: unused dependency `ndarray`
[INFO] [stderr]   --> crates/wbspatialstats/Cargo.toml:21:1
[INFO] [stderr]    |
[INFO] [stderr] 21 | ndarray = { version = "0.15", features = ["serde"] }
[INFO] [stderr]    | ^^^^^^^^^^^^^^^^^^^^^^^^^^^^^^^^^^^^^^^^^^^^^^^^^^^^
[INFO] [stderr]    |
[INFO] [stderr] help: consider removing the dependency on `ndarray`
[INFO] [stderr] warning: `wbspatialstats` (manifest) generated 2 warnings
[INFO] running `Command { std: "docker" "inspect" "875d6d1895b2fc1518ce7b1bcb6fa15c01c7b78528a61e67f23be07e1905a5de", kill_on_drop: false }`
[INFO] running `Command { std: "docker" "rm" "-f" "875d6d1895b2fc1518ce7b1bcb6fa15c01c7b78528a61e67f23be07e1905a5de", kill_on_drop: false }`
[INFO] [stdout] 875d6d1895b2fc1518ce7b1bcb6fa15c01c7b78528a61e67f23be07e1905a5de
