[INFO] cloning repository https://github.com/kmooney/homeremote
[INFO] running `Command { std: "git" "-c" "credential.helper=" "-c" "credential.helper=/workspace/cargo-home/bin/git-credential-null" "clone" "--bare" "https://github.com/kmooney/homeremote" "/workspace/cache/git-repos/https%3A%2F%2Fgithub.com%2Fkmooney%2Fhomeremote", kill_on_drop: false }`
[INFO] [stderr] Cloning into bare repository '/workspace/cache/git-repos/https%3A%2F%2Fgithub.com%2Fkmooney%2Fhomeremote'...
[INFO] running `Command { std: "git" "rev-parse" "HEAD", kill_on_drop: false }`
[INFO] [stdout] 11ae212db2a569cc815b7c0422cdb22479e5b5b0
[INFO] checking kmooney/homeremote against 3154cc1a3e6424e44f438a95007d043ed5ceaaf6+rustflags=-Znext-solver=coherence for pr-133502-30
[INFO] running `Command { std: "git" "clone" "/workspace/cache/git-repos/https%3A%2F%2Fgithub.com%2Fkmooney%2Fhomeremote" "/workspace/builds/worker-4-tc1/source", kill_on_drop: false }`
[INFO] [stderr] Cloning into '/workspace/builds/worker-4-tc1/source'...
[INFO] [stderr] done.
[INFO] started tweaking git repo https://github.com/kmooney/homeremote
[INFO] finished tweaking git repo https://github.com/kmooney/homeremote
[INFO] tweaked toml for git repo https://github.com/kmooney/homeremote written to /workspace/builds/worker-4-tc1/source/Cargo.toml
[INFO] validating manifest of git repo https://github.com/kmooney/homeremote on toolchain 3154cc1a3e6424e44f438a95007d043ed5ceaaf6
[INFO] running `Command { std: CARGO_HOME="/workspace/cargo-home" RUSTUP_HOME="/workspace/rustup-home" "/workspace/cargo-home/bin/cargo" "+3154cc1a3e6424e44f438a95007d043ed5ceaaf6" "metadata" "--manifest-path" "Cargo.toml" "--no-deps", kill_on_drop: false }`
[INFO] crate git repo https://github.com/kmooney/homeremote already has a lockfile, it will not be regenerated
[INFO] running `Command { std: CARGO_HOME="/workspace/cargo-home" RUSTUP_HOME="/workspace/rustup-home" "/workspace/cargo-home/bin/cargo" "+3154cc1a3e6424e44f438a95007d043ed5ceaaf6" "fetch" "--manifest-path" "Cargo.toml", kill_on_drop: false }`
[INFO] [stderr]     Updating crates.io index
[INFO] [stderr]  Downloading crates ...
[INFO] [stderr]   Downloaded mdns-sd v0.21.1
[INFO] [stderr]   Downloaded srp v0.6.0
[INFO] running `Command { std: "docker" "create" "-v" "/var/lib/crater-agent-workspace/builds/worker-4-tc1/source:/opt/rustwide/workdir:ro,Z" "-v" "/var/lib/crater-agent-workspace/builds/worker-4-tc1/target:/opt/rustwide/target:rw,Z" "-v" "/var/lib/crater-agent-workspace/cargo-home:/opt/rustwide/cargo-home:ro,Z" "-v" "/var/lib/crater-agent-workspace/rustup-home:/opt/rustwide/rustup-home:ro,Z" "-m" "1610612736" "--network" "none" "ghcr.io/rust-lang/crates-build-env/linux@sha256:77db811e55d90add9212f6832c23229e3de5f1c1f9905e8cb07319ea15df73ac" "sleep" "infinity", kill_on_drop: false }`
[INFO] [stdout] 79755aebea7d51275e0a436100d6013d0fd68a1e82e853d2ce39e1669a582f03
[INFO] running `Command { std: "docker" "start" "79755aebea7d51275e0a436100d6013d0fd68a1e82e853d2ce39e1669a582f03", kill_on_drop: false }`
[INFO] running `Command { std: "docker" "inspect" "79755aebea7d51275e0a436100d6013d0fd68a1e82e853d2ce39e1669a582f03", kill_on_drop: false }`
[INFO] running `Command { std: "docker" "exec" "-e" "SOURCE_DIR=/opt/rustwide/workdir" "-e" "CARGO_HOME=/opt/rustwide/cargo-home" "-e" "RUSTUP_HOME=/opt/rustwide/rustup-home" "-e" "CARGO_TARGET_DIR=/opt/rustwide/target" "-w" "/opt/rustwide/workdir" "--user" "0:0" "79755aebea7d51275e0a436100d6013d0fd68a1e82e853d2ce39e1669a582f03" "/opt/rustwide/cargo-home/bin/cargo" "+3154cc1a3e6424e44f438a95007d043ed5ceaaf6" "metadata" "--no-deps" "--format-version=1", kill_on_drop: false }`
[INFO] running `Command { std: "docker" "inspect" "79755aebea7d51275e0a436100d6013d0fd68a1e82e853d2ce39e1669a582f03", kill_on_drop: false }`
[INFO] running `Command { std: "docker" "exec" "-e" "SOURCE_DIR=/opt/rustwide/workdir" "-e" "CARGO_HOME=/opt/rustwide/cargo-home" "-e" "RUSTUP_HOME=/opt/rustwide/rustup-home" "-e" "CARGO_TARGET_DIR=/opt/rustwide/target" "-e" "CARGO_INCREMENTAL=0" "-e" "RUST_BACKTRACE=full" "-e" "RUSTFLAGS=--cap-lints=forbid -Znext-solver=coherence" "-e" "RUSTDOCFLAGS=--cap-lints=forbid" "-w" "/opt/rustwide/workdir" "--user" "0:0" "79755aebea7d51275e0a436100d6013d0fd68a1e82e853d2ce39e1669a582f03" "/opt/rustwide/cargo-home/bin/cargo" "+3154cc1a3e6424e44f438a95007d043ed5ceaaf6" "check" "--frozen" "--all" "--all-targets" "--message-format=json", kill_on_drop: false }`
[INFO] [stderr]    Compiling libc v0.2.189
[INFO] [stderr]     Checking smallvec v1.16.0
[INFO] [stderr]     Checking getrandom v0.4.3
[INFO] [stderr]    Compiling syn v3.0.4
[INFO] [stderr]     Checking mio v1.2.3
[INFO] [stderr]     Checking futures-sink v0.3.34
[INFO] [stderr]    Compiling aws-lc-rs v1.18.1
[INFO] [stderr]     Checking subtle v2.6.1
[INFO] [stderr]    Compiling serde_core v1.0.229
[INFO] [stderr]     Checking tracing v0.1.44
[INFO] [stderr]     Checking parking_lot_core v0.9.12
[INFO] [stderr]    Compiling rustls v0.23.43
[INFO] [stderr]     Checking crypto-common v0.2.2
[INFO] [stderr]     Checking parking_lot v0.12.5
[INFO] [stderr]     Checking inout v0.2.2
[INFO] [stderr]    Compiling num-traits v0.2.19
[INFO] [stderr]     Checking indexmap v2.14.1
[INFO] [stderr]     Checking futures-channel v0.3.34
[INFO] [stderr]    Compiling curve25519-dalek v5.0.0
[INFO] [stderr]     Checking getrandom v0.3.4
[INFO] [stderr]    Compiling curve25519-dalek-derive v0.1.1
[INFO] [stderr]     Checking rand_core v0.9.5
[INFO] [stderr]     Checking digest v0.11.3
[INFO] [stderr]     Checking cipher v0.5.2
[INFO] [stderr]     Checking sha2 v0.11.0
[INFO] [stderr]    Compiling jobserver v0.1.35
[INFO] [stderr]     Checking chacha20 v0.10.2
[INFO] [stderr]     Checking rustls-native-certs v0.8.4
[INFO] [stderr]     Checking sha1 v0.11.0
[INFO] [stderr]     Checking num-integer v0.1.47
[INFO] [stderr]     Checking rand v0.10.2
[INFO] [stderr]    Compiling cc v1.4.4
[INFO] [stderr]     Checking rand_chacha v0.9.0
[INFO] [stderr]     Checking universal-hash v0.6.1
[INFO] [stderr]    Compiling mime_guess v2.0.5
[INFO] [stderr]     Checking signature v3.0.0
[INFO] [stderr]    Compiling cpufeatures v0.3.1
[INFO] [stderr]     Checking rand v0.9.5
[INFO] [stderr]     Checking ed25519 v3.0.0
[INFO] [stderr]     Checking regex-automata v0.4.18
[INFO] [stderr]     Checking flume v0.12.0
[INFO] [stderr]     Checking webpki-roots v0.26.11
[INFO] [stderr]     Checking poly1305 v0.9.1
[INFO] [stderr]     Checking num-bigint v0.4.8
[INFO] [stderr]     Checking hmac v0.13.0
[INFO] [stderr]     Checking aead v0.6.1
[INFO] [stderr]     Checking socket-pktinfo v0.4.1
[INFO] [stderr]     Checking if-addrs v0.15.0
[INFO] [stderr]    Compiling cmake v0.1.58
[INFO] [stderr]     Checking mdns-sd v0.21.1
[INFO] [stderr]     Checking serde_json v1.0.151
[INFO] [stderr]     Checking serde_spanned v1.1.1
[INFO] [stderr]     Checking toml_datetime v1.1.1+spec-1.1.0
[INFO] [stderr]    Compiling rust-embed-utils v8.12.0
[INFO] [stderr]     Checking chacha20poly1305 v0.11.0
[INFO] [stderr]     Checking hkdf v0.13.0
[INFO] [stderr]     Checking toml v1.1.5+spec-1.1.0
[INFO] [stderr]    Compiling aws-lc-sys v0.45.0
[INFO] [stderr]    Compiling ring v0.17.14
[INFO] [stderr]     Checking matchers v0.2.0
[INFO] [stderr]     Checking ed25519-dalek v3.0.0
[INFO] [stderr]     Checking srp v0.6.0
[INFO] [stderr]     Checking x25519-dalek v3.0.0
[INFO] [stderr]     Checking num-bigint v0.5.1
[INFO] [stderr]     Checking roxmltree v0.21.1
[INFO] [stderr]     Checking base64 v0.23.1
[INFO] [stderr]     Checking clap_builder v4.6.6
[INFO] [stderr]     Checking tracing-subscriber v0.3.23
[INFO] [stderr]    Compiling rust-embed-impl v8.12.0
[INFO] [stderr]     Checking serde_path_to_error v0.1.20
[INFO] [stderr]     Checking axum-core v0.5.6
[INFO] [stderr]     Checking matchit v0.8.4
[INFO] [stderr]     Checking rust-embed v8.12.0
[INFO] [stderr]    Compiling zerovec-derive v0.11.6
[INFO] [stderr]    Compiling tokio-macros v2.7.2
[INFO] [stderr]    Compiling displaydoc v0.2.7
[INFO] [stderr]    Compiling futures-macro v0.3.34
[INFO] [stderr]    Compiling thiserror-impl v2.0.20
[INFO] [stderr]    Compiling serde_derive v1.0.229
[INFO] [stderr]     Checking tokio v1.53.1
[INFO] [stderr]     Checking zerotrie v0.2.5
[INFO] [stderr]     Checking futures-util v0.3.34
[INFO] [stderr]    Compiling async-trait v0.1.92
[INFO] [stderr]     Checking zerovec v0.11.8
[INFO] [stderr]     Checking thiserror v2.0.20
[INFO] [stderr]    Compiling clap_derive v4.6.4
[INFO] [stderr]     Checking tungstenite v0.29.0
[INFO] [stderr]     Checking tinystr v0.8.4
[INFO] [stderr]     Checking potential_utf v0.1.6
[INFO] [stderr]     Checking icu_collections v2.3.0
[INFO] [stderr]     Checking icu_locale_core v2.3.0
[INFO] [stderr]     Checking icu_provider v2.3.1
[INFO] [stderr]     Checking icu_properties v2.3.0
[INFO] [stderr]     Checking icu_normalizer v2.3.0
[INFO] [stderr]     Checking clap v4.6.6
[INFO] [stderr]     Checking serde v1.0.229
[INFO] [stderr]     Checking idna_adapter v1.2.2
[INFO] [stderr]     Checking serde_urlencoded v0.7.1
[INFO] [stderr]     Checking idna v1.1.0
[INFO] [stderr]     Checking url v2.5.8
[INFO] [stderr]     Checking tokio-util v0.7.19
[INFO] [stderr]     Checking tower v0.5.3
[INFO] [stderr]     Checking tokio-tungstenite v0.29.0
[INFO] [stderr]     Checking h2 v0.4.19
[INFO] [stderr]     Checking tower-http v0.6.11
[INFO] [stderr]     Checking hyper v1.11.1
[INFO] [stderr]     Checking hyper-util v0.1.20
[INFO] [stderr]     Checking axum v0.8.9
[INFO] [stderr]     Checking rustls-webpki v0.103.15
[INFO] [stderr]     Checking tokio-rustls v0.26.4
[INFO] [stderr]     Checking rustls-platform-verifier v0.7.0
[INFO] [stderr]     Checking tungstenite v0.30.0
[INFO] [stderr]     Checking hyper-rustls v0.27.9
[INFO] [stderr]     Checking reqwest v0.13.4
[INFO] [stderr]     Checking tokio-tungstenite v0.30.0
[INFO] [stderr]     Checking homeremote v0.1.0 (/opt/rustwide/workdir/crates/homeremote)
[INFO] [stderr]     Checking homeremote-daemon v0.1.0 (/opt/rustwide/workdir/crates/homeremote-daemon)
[INFO] [stdout] error: #[derive(RustEmbed)] folder '/opt/rustwide/workdir/crates/homeremote-daemon/../../ui/dist' does not exist. cwd: '/opt/rustwide/workdir'
[INFO] [stdout]   --> crates/homeremote-daemon/src/assets.rs:10:1
[INFO] [stdout]    |
[INFO] [stdout] 10 | / #[folder = "../../ui/dist"]
[INFO] [stdout] 11 | | struct Assets;
[INFO] [stdout]    | |______________^
[INFO] [stdout] 
[INFO] [stdout] 
[INFO] [stdout] error: #[derive(RustEmbed)] folder '/opt/rustwide/workdir/crates/homeremote-daemon/../../ui/dist' does not exist. cwd: '/opt/rustwide/workdir'
[INFO] [stdout]   --> crates/homeremote-daemon/src/assets.rs:10:1
[INFO] [stdout]    |
[INFO] [stdout] 10 | / #[folder = "../../ui/dist"]
[INFO] [stdout] 11 | | struct Assets;
[INFO] [stdout]    | |______________^
[INFO] [stdout] 
[INFO] [stdout] 
[INFO] [stdout] error[E0599]: no associated function or constant named `get` found for struct `Assets` in the current scope
[INFO] [stdout]   --> crates/homeremote-daemon/src/assets.rs:21:33
[INFO] [stdout]    |
[INFO] [stdout] 11 | struct Assets;
[INFO] [stdout]    | ------------- associated function or constant `get` not found for this struct
[INFO] [stdout] ...
[INFO] [stdout] 21 |     if let Some(file) = Assets::get(path) {
[INFO] [stdout]    |                                 ^^^ associated function or constant not found in `Assets`
[INFO] [stdout]    |
[INFO] [stdout]    = help: items from traits can only be used if the trait is implemented and in scope
[INFO] [stdout]    = note: the following traits define an item `get`, perhaps you need to implement one of them:
[INFO] [stdout]            candidate #1: `Embed`
[INFO] [stdout]            candidate #2: `SliceIndex`
[INFO] [stdout]            candidate #3: `icu_collections::codepointtrie::cptrie::TypedCodePointTrie`
[INFO] [stdout]            candidate #4: `icu_properties::names::PropertyEnumToValueNameLookup`
[INFO] [stdout]            candidate #5: `icu_provider::baked::DataStore`
[INFO] [stdout]            candidate #6: `rustls::server::server_conn::StoresServerSessions`
[INFO] [stdout]            candidate #7: `toml_parser::source::SourceIndex`
[INFO] [stdout] 
[INFO] [stdout] 
[INFO] [stdout] error[E0599]: no associated function or constant named `get` found for struct `Assets` in the current scope
[INFO] [stdout]   --> crates/homeremote-daemon/src/assets.rs:21:33
[INFO] [stdout]    |
[INFO] [stdout] 11 | struct Assets;
[INFO] [stdout]    | ------------- associated function or constant `get` not found for this struct
[INFO] [stdout] ...
[INFO] [stdout] 21 |     if let Some(file) = Assets::get(path) {
[INFO] [stdout]    |                                 ^^^ associated function or constant not found in `Assets`
[INFO] [stdout]    |
[INFO] [stdout]    = help: items from traits can only be used if the trait is implemented and in scope
[INFO] [stdout]    = note: the following traits define an item `get`, perhaps you need to implement one of them:
[INFO] [stdout]            candidate #1: `Embed`
[INFO] [stdout]            candidate #2: `SliceIndex`
[INFO] [stdout]            candidate #3: `icu_collections::codepointtrie::cptrie::TypedCodePointTrie`
[INFO] [stdout]            candidate #4: `icu_properties::names::PropertyEnumToValueNameLookup`
[INFO] [stdout]            candidate #5: `icu_provider::baked::DataStore`
[INFO] [stdout]            candidate #6: `rustls::server::server_conn::StoresServerSessions`
[INFO] [stdout]            candidate #7: `toml_parser::source::SourceIndex`
[INFO] [stdout] 
[INFO] [stdout] 
[INFO] [stdout] error[E0599]: no associated function or constant named `get` found for struct `Assets` in the current scope
[INFO] [stdout]   --> crates/homeremote-daemon/src/assets.rs:31:19
[INFO] [stdout]    |
[INFO] [stdout] 11 | struct Assets;
[INFO] [stdout]    | ------------- associated function or constant `get` not found for this struct
[INFO] [stdout] ...
[INFO] [stdout] 31 |     match Assets::get("index.html") {
[INFO] [stdout]    |                   ^^^ associated function or constant not found in `Assets`
[INFO] [stdout]    |
[INFO] [stdout]    = help: items from traits can only be used if the trait is implemented and in scope
[INFO] [stdout]    = note: the following traits define an item `get`, perhaps you need to implement one of them:
[INFO] [stdout]            candidate #1: `Embed`
[INFO] [stdout]            candidate #2: `SliceIndex`
[INFO] [stdout]            candidate #3: `icu_collections::codepointtrie::cptrie::TypedCodePointTrie`
[INFO] [stdout]            candidate #4: `icu_properties::names::PropertyEnumToValueNameLookup`
[INFO] [stdout]            candidate #5: `icu_provider::baked::DataStore`
[INFO] [stdout]            candidate #6: `rustls::server::server_conn::StoresServerSessions`
[INFO] [stdout]            candidate #7: `toml_parser::source::SourceIndex`
[INFO] [stdout] 
[INFO] [stdout] 
[INFO] [stdout] error[E0599]: no associated function or constant named `get` found for struct `Assets` in the current scope
[INFO] [stdout]   --> crates/homeremote-daemon/src/assets.rs:31:19
[INFO] [stdout]    |
[INFO] [stdout] 11 | struct Assets;
[INFO] [stdout]    | ------------- associated function or constant `get` not found for this struct
[INFO] [stdout] ...
[INFO] [stdout] 31 |     match Assets::get("index.html") {
[INFO] [stdout]    |                   ^^^ associated function or constant not found in `Assets`
[INFO] [stdout]    |
[INFO] [stdout]    = help: items from traits can only be used if the trait is implemented and in scope
[INFO] [stdout]    = note: the following traits define an item `get`, perhaps you need to implement one of them:
[INFO] [stdout]            candidate #1: `Embed`
[INFO] [stdout]            candidate #2: `SliceIndex`
[INFO] [stdout]            candidate #3: `icu_collections::codepointtrie::cptrie::TypedCodePointTrie`
[INFO] [stdout]            candidate #4: `icu_properties::names::PropertyEnumToValueNameLookup`
[INFO] [stdout]            candidate #5: `icu_provider::baked::DataStore`
[INFO] [stdout]            candidate #6: `rustls::server::server_conn::StoresServerSessions`
[INFO] [stdout]            candidate #7: `toml_parser::source::SourceIndex`
[INFO] [stdout] 
[INFO] [stdout] 
[INFO] [stdout] For more information about this error, try `rustc --explain E0599`.
[INFO] [stdout] 
[INFO] [stdout] For more information about this error, try `rustc --explain E0599`.
[INFO] [stdout] 
[INFO] [stderr] error: could not compile `homeremote-daemon` (bin "homeremote") due to 3 previous errors
[INFO] [stderr] warning: build failed, waiting for other jobs to finish...
[INFO] [stderr] error: could not compile `homeremote-daemon` (bin "homeremote" test) due to 3 previous errors
[INFO] [stderr] warning: unused dependency `base64`
[INFO] [stderr]   --> crates/homeremote/Cargo.toml:18:1
[INFO] [stderr]    |
[INFO] [stderr] 18 | base64 = "0.23.1"
[INFO] [stderr]    | ^^^^^^^^^^^^^^^^^
[INFO] [stderr]    |
[INFO] [stderr]    = note: `cargo::unused_dependencies` is set to `warn` by default
[INFO] [stderr] help: consider removing the dependency on `base64`
[INFO] [stderr] warning: unused dependency `tokio-tungstenite`
[INFO] [stderr]   --> crates/homeremote/Cargo.toml:40:1
[INFO] [stderr]    |
[INFO] [stderr] 40 | tokio-tungstenite = { version = "0.30.0", default-features = false, features = ["connect", "rustls-tls-webpki-roots"] }
[INFO] [stderr]    | ^^^^^^^^^^^^^^^^^^^^^^^^^^^^^^^^^^^^^^^^^^^^^^^^^^^^^^^^^^^^^^^^^^^^^^^^^^^^^^^^^^^^^^^^^^^^^^^^^^^^^^^^^^^^^^^^^^^^^^^
[INFO] [stderr]    |
[INFO] [stderr] help: consider removing the dependency on `tokio-tungstenite`
[INFO] [stderr] warning: `homeremote` (manifest) generated 2 warnings
[INFO] running `Command { std: "docker" "inspect" "79755aebea7d51275e0a436100d6013d0fd68a1e82e853d2ce39e1669a582f03", kill_on_drop: false }`
[INFO] running `Command { std: "docker" "rm" "-f" "79755aebea7d51275e0a436100d6013d0fd68a1e82e853d2ce39e1669a582f03", kill_on_drop: false }`
[INFO] [stdout] 79755aebea7d51275e0a436100d6013d0fd68a1e82e853d2ce39e1669a582f03
