[INFO] cloning repository https://github.com/kloki/ocpop
[INFO] running `Command { std: "git" "-c" "credential.helper=" "-c" "credential.helper=/workspace/cargo-home/bin/git-credential-null" "clone" "--bare" "https://github.com/kloki/ocpop" "/workspace/cache/git-repos/https%3A%2F%2Fgithub.com%2Fkloki%2Focpop", kill_on_drop: false }`
[INFO] [stderr] Cloning into bare repository '/workspace/cache/git-repos/https%3A%2F%2Fgithub.com%2Fkloki%2Focpop'...
[INFO] running `Command { std: "git" "rev-parse" "HEAD", kill_on_drop: false }`
[INFO] [stdout] febe13bc80a61850e79b3101213e23422b1b0a25
[INFO] checking kloki/ocpop against 3154cc1a3e6424e44f438a95007d043ed5ceaaf6 for pr-133502-30
[INFO] running `Command { std: "git" "clone" "/workspace/cache/git-repos/https%3A%2F%2Fgithub.com%2Fkloki%2Focpop" "/workspace/builds/worker-4-tc2/source", kill_on_drop: false }`
[INFO] [stderr] Cloning into '/workspace/builds/worker-4-tc2/source'...
[INFO] [stderr] done.
[INFO] started tweaking git repo https://github.com/kloki/ocpop
[INFO] finished tweaking git repo https://github.com/kloki/ocpop
[INFO] tweaked toml for git repo https://github.com/kloki/ocpop written to /workspace/builds/worker-4-tc2/source/Cargo.toml
[INFO] validating manifest of git repo https://github.com/kloki/ocpop on toolchain 3154cc1a3e6424e44f438a95007d043ed5ceaaf6
[INFO] running `Command { std: CARGO_HOME="/workspace/cargo-home" RUSTUP_HOME="/workspace/rustup-home" "/workspace/cargo-home/bin/cargo" "+3154cc1a3e6424e44f438a95007d043ed5ceaaf6" "metadata" "--manifest-path" "Cargo.toml" "--no-deps", kill_on_drop: false }`
[INFO] crate git repo https://github.com/kloki/ocpop already has a lockfile, it will not be regenerated
[INFO] running `Command { std: CARGO_HOME="/workspace/cargo-home" RUSTUP_HOME="/workspace/rustup-home" "/workspace/cargo-home/bin/cargo" "+3154cc1a3e6424e44f438a95007d043ed5ceaaf6" "fetch" "--manifest-path" "Cargo.toml", kill_on_drop: false }`
[INFO] running `Command { std: "docker" "create" "-v" "/var/lib/crater-agent-workspace/builds/worker-4-tc2/source:/opt/rustwide/workdir:ro,Z" "-v" "/var/lib/crater-agent-workspace/builds/worker-4-tc2/target:/opt/rustwide/target:rw,Z" "-v" "/var/lib/crater-agent-workspace/cargo-home:/opt/rustwide/cargo-home:ro,Z" "-v" "/var/lib/crater-agent-workspace/rustup-home:/opt/rustwide/rustup-home:ro,Z" "-m" "1610612736" "--network" "none" "ghcr.io/rust-lang/crates-build-env/linux@sha256:77db811e55d90add9212f6832c23229e3de5f1c1f9905e8cb07319ea15df73ac" "sleep" "infinity", kill_on_drop: false }`
[INFO] [stdout] 48ba2d4165b89dd7b701a997d37f254fd7c110a0bbe03ab337ee6f2947c48d18
[INFO] running `Command { std: "docker" "start" "48ba2d4165b89dd7b701a997d37f254fd7c110a0bbe03ab337ee6f2947c48d18", kill_on_drop: false }`
[INFO] running `Command { std: "docker" "inspect" "48ba2d4165b89dd7b701a997d37f254fd7c110a0bbe03ab337ee6f2947c48d18", kill_on_drop: false }`
[INFO] running `Command { std: "docker" "exec" "-e" "SOURCE_DIR=/opt/rustwide/workdir" "-e" "CARGO_HOME=/opt/rustwide/cargo-home" "-e" "RUSTUP_HOME=/opt/rustwide/rustup-home" "-e" "CARGO_TARGET_DIR=/opt/rustwide/target" "-w" "/opt/rustwide/workdir" "--user" "0:0" "48ba2d4165b89dd7b701a997d37f254fd7c110a0bbe03ab337ee6f2947c48d18" "/opt/rustwide/cargo-home/bin/cargo" "+3154cc1a3e6424e44f438a95007d043ed5ceaaf6" "metadata" "--no-deps" "--format-version=1", kill_on_drop: false }`
[INFO] running `Command { std: "docker" "inspect" "48ba2d4165b89dd7b701a997d37f254fd7c110a0bbe03ab337ee6f2947c48d18", kill_on_drop: false }`
[INFO] running `Command { std: "docker" "exec" "-e" "SOURCE_DIR=/opt/rustwide/workdir" "-e" "CARGO_HOME=/opt/rustwide/cargo-home" "-e" "RUSTUP_HOME=/opt/rustwide/rustup-home" "-e" "CARGO_TARGET_DIR=/opt/rustwide/target" "-e" "CARGO_INCREMENTAL=0" "-e" "RUST_BACKTRACE=full" "-e" "RUSTFLAGS=--cap-lints=forbid" "-e" "RUSTDOCFLAGS=--cap-lints=forbid" "-w" "/opt/rustwide/workdir" "--user" "0:0" "48ba2d4165b89dd7b701a997d37f254fd7c110a0bbe03ab337ee6f2947c48d18" "/opt/rustwide/cargo-home/bin/cargo" "+3154cc1a3e6424e44f438a95007d043ed5ceaaf6" "check" "--frozen" "--all" "--all-targets" "--message-format=json", kill_on_drop: false }`
[INFO] [stderr]     Checking is_terminal_polyfill v1.70.2
[INFO] [stderr]     Checking anstyle v1.0.14
[INFO] [stderr]     Checking anstyle-query v1.1.5
[INFO] [stderr]     Checking colorchoice v1.0.5
[INFO] [stderr]    Compiling serde_json v1.0.151
[INFO] [stderr]     Checking strsim v0.11.1
[INFO] [stderr]     Checking clap_lex v1.1.0
[INFO] [stderr]    Compiling num-traits v0.2.19
[INFO] [stderr]    Compiling anyhow v1.0.104
[INFO] [stderr]     Checking memchr v2.8.3
[INFO] [stderr]    Compiling syn v3.0.5
[INFO] [stderr]     Checking braille-bar v0.1.1
[INFO] [stderr]     Checking anstream v1.0.0
[INFO] [stderr]     Checking clap_builder v4.6.6
[INFO] [stderr]     Checking chrono v0.4.45
[INFO] [stderr]    Compiling serde_derive v1.0.229
[INFO] [stderr]    Compiling clap_derive v4.6.4
[INFO] [stderr]     Checking clap v4.6.6
[INFO] [stderr]     Checking serde v1.0.229
[INFO] [stderr]     Checking ocpop v0.1.0 (/opt/rustwide/workdir)
[INFO] [stdout] error[E0277]: `session::State` doesn't implement `Debug`
[INFO] [stdout]    --> src/session.rs:186:9
[INFO] [stdout]     |
[INFO] [stdout] 186 |         assert_eq!(derive_state(&s), State::Waiting);
[INFO] [stdout]     |         ^^^^^^^^^^^^^^^^^^^^^^^^^^^^^^^^^^^^^^^^^^^^ the trait `Debug` is not implemented for `session::State`
[INFO] [stdout]     |
[INFO] [stdout] help: consider annotating `session::State` with `#[derive(Debug)]`
[INFO] [stdout]     |
[INFO] [stdout]  20 + #[derive(Debug)]
[INFO] [stdout]  21 | pub enum State {
[INFO] [stdout]     |
[INFO] [stdout] 
[INFO] [stdout] 
[INFO] [stdout] error[E0277]: `session::State` doesn't implement `Debug`
[INFO] [stdout]    --> src/session.rs:186:9
[INFO] [stdout]     |
[INFO] [stdout] 186 |         assert_eq!(derive_state(&s), State::Waiting);
[INFO] [stdout]     |         ^^^^^^^^^^^^^^^^^^^^^^^^^^^^^^^^^^^^^^^^^^^^ the trait `Debug` is not implemented for `session::State`
[INFO] [stdout]     |
[INFO] [stdout] help: consider annotating `session::State` with `#[derive(Debug)]`
[INFO] [stdout]     |
[INFO] [stdout]  20 + #[derive(Debug)]
[INFO] [stdout]  21 | pub enum State {
[INFO] [stdout]     |
[INFO] [stdout] 
[INFO] [stdout] 
[INFO] [stdout] error[E0277]: `session::State` doesn't implement `Debug`
[INFO] [stdout]    --> src/session.rs:191:9
[INFO] [stdout]     |
[INFO] [stdout] 191 | /         assert_eq!(
[INFO] [stdout] 192 | |             derive_state(&session(now_ms(), Some("user"), None, None)),
[INFO] [stdout] 193 | |             State::Running
[INFO] [stdout] 194 | |         );
[INFO] [stdout]     | |_________^ the trait `Debug` is not implemented for `session::State`
[INFO] [stdout]     |
[INFO] [stdout] help: consider annotating `session::State` with `#[derive(Debug)]`
[INFO] [stdout]     |
[INFO] [stdout]  20 + #[derive(Debug)]
[INFO] [stdout]  21 | pub enum State {
[INFO] [stdout]     |
[INFO] [stdout] 
[INFO] [stdout] 
[INFO] [stdout] error[E0277]: `session::State` doesn't implement `Debug`
[INFO] [stdout]    --> src/session.rs:191:9
[INFO] [stdout]     |
[INFO] [stdout] 191 | /         assert_eq!(
[INFO] [stdout] 192 | |             derive_state(&session(now_ms(), Some("user"), None, None)),
[INFO] [stdout] 193 | |             State::Running
[INFO] [stdout] 194 | |         );
[INFO] [stdout]     | |_________^ the trait `Debug` is not implemented for `session::State`
[INFO] [stdout]     |
[INFO] [stdout] help: consider annotating `session::State` with `#[derive(Debug)]`
[INFO] [stdout]     |
[INFO] [stdout]  20 + #[derive(Debug)]
[INFO] [stdout]  21 | pub enum State {
[INFO] [stdout]     |
[INFO] [stdout] 
[INFO] [stdout] 
[INFO] [stdout] error[E0277]: `session::State` doesn't implement `Debug`
[INFO] [stdout]    --> src/session.rs:199:9
[INFO] [stdout]     |
[INFO] [stdout] 199 | /         assert_eq!(
[INFO] [stdout] 200 | |             derive_state(&session(now_ms(), Some("assistant"), None, None)),
[INFO] [stdout] 201 | |             State::Running
[INFO] [stdout] 202 | |         );
[INFO] [stdout]     | |_________^ the trait `Debug` is not implemented for `session::State`
[INFO] [stdout]     |
[INFO] [stdout] help: consider annotating `session::State` with `#[derive(Debug)]`
[INFO] [stdout]     |
[INFO] [stdout]  20 + #[derive(Debug)]
[INFO] [stdout]  21 | pub enum State {
[INFO] [stdout]     |
[INFO] [stdout] 
[INFO] [stdout] 
[INFO] [stdout] error[E0277]: `session::State` doesn't implement `Debug`
[INFO] [stdout]    --> src/session.rs:199:9
[INFO] [stdout]     |
[INFO] [stdout] 199 | /         assert_eq!(
[INFO] [stdout] 200 | |             derive_state(&session(now_ms(), Some("assistant"), None, None)),
[INFO] [stdout] 201 | |             State::Running
[INFO] [stdout] 202 | |         );
[INFO] [stdout]     | |_________^ the trait `Debug` is not implemented for `session::State`
[INFO] [stdout]     |
[INFO] [stdout] help: consider annotating `session::State` with `#[derive(Debug)]`
[INFO] [stdout]     |
[INFO] [stdout]  20 + #[derive(Debug)]
[INFO] [stdout]  21 | pub enum State {
[INFO] [stdout]     |
[INFO] [stdout] 
[INFO] [stdout] 
[INFO] [stdout] error[E0277]: `session::State` doesn't implement `Debug`
[INFO] [stdout]    --> src/session.rs:207:9
[INFO] [stdout]     |
[INFO] [stdout] 207 | /         assert_eq!(
[INFO] [stdout] 208 | |             derive_state(&session(now_ms(), Some("assistant"), Some(1), Some("stop"))),
[INFO] [stdout] 209 | |             State::Waiting
[INFO] [stdout] 210 | |         );
[INFO] [stdout]     | |_________^ the trait `Debug` is not implemented for `session::State`
[INFO] [stdout]     |
[INFO] [stdout] help: consider annotating `session::State` with `#[derive(Debug)]`
[INFO] [stdout]     |
[INFO] [stdout]  20 + #[derive(Debug)]
[INFO] [stdout]  21 | pub enum State {
[INFO] [stdout]     |
[INFO] [stdout] 
[INFO] [stdout] 
[INFO] [stdout] error[E0277]: `session::State` doesn't implement `Debug`
[INFO] [stdout]    --> src/session.rs:207:9
[INFO] [stdout]     |
[INFO] [stdout] 207 | /         assert_eq!(
[INFO] [stdout] 208 | |             derive_state(&session(now_ms(), Some("assistant"), Some(1), Some("stop"))),
[INFO] [stdout] 209 | |             State::Waiting
[INFO] [stdout] 210 | |         );
[INFO] [stdout]     | |_________^ the trait `Debug` is not implemented for `session::State`
[INFO] [stdout]     |
[INFO] [stdout] help: consider annotating `session::State` with `#[derive(Debug)]`
[INFO] [stdout]     |
[INFO] [stdout]  20 + #[derive(Debug)]
[INFO] [stdout]  21 | pub enum State {
[INFO] [stdout]     |
[INFO] [stdout] 
[INFO] [stdout] 
[INFO] [stdout] error[E0277]: `session::State` doesn't implement `Debug`
[INFO] [stdout]    --> src/session.rs:215:9
[INFO] [stdout]     |
[INFO] [stdout] 215 | /         assert_eq!(
[INFO] [stdout] 216 | |             derive_state(&session(
[INFO] [stdout] 217 | |                 now_ms() - 30 * 60_000,
[INFO] [stdout] 218 | |                 Some("assistant"),
[INFO] [stdout] ...   |
[INFO] [stdout] 222 | |             State::Idle
[INFO] [stdout] 223 | |         );
[INFO] [stdout]     | |_________^ the trait `Debug` is not implemented for `session::State`
[INFO] [stdout]     |
[INFO] [stdout] help: consider annotating `session::State` with `#[derive(Debug)]`
[INFO] [stdout]     |
[INFO] [stdout]  20 + #[derive(Debug)]
[INFO] [stdout]  21 | pub enum State {
[INFO] [stdout]     |
[INFO] [stdout] 
[INFO] [stdout] 
[INFO] [stdout] error[E0277]: `session::State` doesn't implement `Debug`
[INFO] [stdout]    --> src/session.rs:215:9
[INFO] [stdout]     |
[INFO] [stdout] 215 | /         assert_eq!(
[INFO] [stdout] 216 | |             derive_state(&session(
[INFO] [stdout] 217 | |                 now_ms() - 30 * 60_000,
[INFO] [stdout] 218 | |                 Some("assistant"),
[INFO] [stdout] ...   |
[INFO] [stdout] 222 | |             State::Idle
[INFO] [stdout] 223 | |         );
[INFO] [stdout]     | |_________^ the trait `Debug` is not implemented for `session::State`
[INFO] [stdout]     |
[INFO] [stdout] help: consider annotating `session::State` with `#[derive(Debug)]`
[INFO] [stdout]     |
[INFO] [stdout]  20 + #[derive(Debug)]
[INFO] [stdout]  21 | pub enum State {
[INFO] [stdout]     |
[INFO] [stdout] 
[INFO] [stdout] 
[INFO] [stdout] error[E0277]: `session::State` doesn't implement `Debug`
[INFO] [stdout]    --> src/session.rs:228:9
[INFO] [stdout]     |
[INFO] [stdout] 228 | /         assert_eq!(
[INFO] [stdout] 229 | |             derive_state(&session(
[INFO] [stdout] 230 | |                 now_ms(),
[INFO] [stdout] 231 | |                 Some("assistant"),
[INFO] [stdout] ...   |
[INFO] [stdout] 235 | |             State::Idle
[INFO] [stdout] 236 | |         );
[INFO] [stdout]     | |_________^ the trait `Debug` is not implemented for `session::State`
[INFO] [stdout]     |
[INFO] [stdout] help: consider annotating `session::State` with `#[derive(Debug)]`
[INFO] [stdout]     |
[INFO] [stdout]  20 + #[derive(Debug)]
[INFO] [stdout]  21 | pub enum State {
[INFO] [stdout]     |
[INFO] [stdout] 
[INFO] [stdout] 
[INFO] [stdout] error[E0277]: `session::State` doesn't implement `Debug`
[INFO] [stdout]    --> src/session.rs:228:9
[INFO] [stdout]     |
[INFO] [stdout] 228 | /         assert_eq!(
[INFO] [stdout] 229 | |             derive_state(&session(
[INFO] [stdout] 230 | |                 now_ms(),
[INFO] [stdout] 231 | |                 Some("assistant"),
[INFO] [stdout] ...   |
[INFO] [stdout] 235 | |             State::Idle
[INFO] [stdout] 236 | |         );
[INFO] [stdout]     | |_________^ the trait `Debug` is not implemented for `session::State`
[INFO] [stdout]     |
[INFO] [stdout] help: consider annotating `session::State` with `#[derive(Debug)]`
[INFO] [stdout]     |
[INFO] [stdout]  20 + #[derive(Debug)]
[INFO] [stdout]  21 | pub enum State {
[INFO] [stdout]     |
[INFO] [stdout] 
[INFO] [stdout] 
[INFO] [stdout] error[E0277]: `session::State` doesn't implement `Debug`
[INFO] [stdout]    --> src/session.rs:241:9
[INFO] [stdout]     |
[INFO] [stdout] 241 | /         assert_eq!(
[INFO] [stdout] 242 | |             derive_state(&session(now_ms(), None, None, None)),
[INFO] [stdout] 243 | |             State::Idle
[INFO] [stdout] 244 | |         );
[INFO] [stdout]     | |_________^ the trait `Debug` is not implemented for `session::State`
[INFO] [stdout]     |
[INFO] [stdout] help: consider annotating `session::State` with `#[derive(Debug)]`
[INFO] [stdout]     |
[INFO] [stdout]  20 + #[derive(Debug)]
[INFO] [stdout]  21 | pub enum State {
[INFO] [stdout]     |
[INFO] [stdout] 
[INFO] [stdout] 
[INFO] [stdout] error[E0277]: `session::State` doesn't implement `Debug`
[INFO] [stdout]    --> src/session.rs:241:9
[INFO] [stdout]     |
[INFO] [stdout] 241 | /         assert_eq!(
[INFO] [stdout] 242 | |             derive_state(&session(now_ms(), None, None, None)),
[INFO] [stdout] 243 | |             State::Idle
[INFO] [stdout] 244 | |         );
[INFO] [stdout]     | |_________^ the trait `Debug` is not implemented for `session::State`
[INFO] [stdout]     |
[INFO] [stdout] help: consider annotating `session::State` with `#[derive(Debug)]`
[INFO] [stdout]     |
[INFO] [stdout]  20 + #[derive(Debug)]
[INFO] [stdout]  21 | pub enum State {
[INFO] [stdout]     |
[INFO] [stdout] 
[INFO] [stdout] 
[INFO] [stdout] For more information about this error, try `rustc --explain E0277`.
[INFO] [stdout] 
[INFO] [stderr] error: could not compile `ocpop` (bin "ocpop" test) due to 14 previous errors
[INFO] running `Command { std: "docker" "inspect" "48ba2d4165b89dd7b701a997d37f254fd7c110a0bbe03ab337ee6f2947c48d18", kill_on_drop: false }`
[INFO] running `Command { std: "docker" "rm" "-f" "48ba2d4165b89dd7b701a997d37f254fd7c110a0bbe03ab337ee6f2947c48d18", kill_on_drop: false }`
[INFO] [stdout] 48ba2d4165b89dd7b701a997d37f254fd7c110a0bbe03ab337ee6f2947c48d18
