[INFO] cloning repository https://github.com/klar-web-services/bbs
[INFO] running `Command { std: "git" "-c" "credential.helper=" "-c" "credential.helper=/workspace/cargo-home/bin/git-credential-null" "clone" "--bare" "https://github.com/klar-web-services/bbs" "/workspace/cache/git-repos/https%3A%2F%2Fgithub.com%2Fklar-web-services%2Fbbs", kill_on_drop: false }`
[INFO] [stderr] Cloning into bare repository '/workspace/cache/git-repos/https%3A%2F%2Fgithub.com%2Fklar-web-services%2Fbbs'...
[INFO] running `Command { std: "git" "rev-parse" "HEAD", kill_on_drop: false }`
[INFO] [stdout] 70c05bb4e24ada5988dfa2234fcc8811807a19b2
[INFO] checking klar-web-services/bbs against 3154cc1a3e6424e44f438a95007d043ed5ceaaf6+rustflags=-Znext-solver=coherence for pr-133502-30
[INFO] running `Command { std: "git" "clone" "/workspace/cache/git-repos/https%3A%2F%2Fgithub.com%2Fklar-web-services%2Fbbs" "/workspace/builds/worker-7-tc1/source", kill_on_drop: false }`
[INFO] [stderr] Cloning into '/workspace/builds/worker-7-tc1/source'...
[INFO] [stderr] done.
[INFO] started tweaking git repo https://github.com/klar-web-services/bbs
[INFO] finished tweaking git repo https://github.com/klar-web-services/bbs
[INFO] tweaked toml for git repo https://github.com/klar-web-services/bbs written to /workspace/builds/worker-7-tc1/source/Cargo.toml
[INFO] validating manifest of git repo https://github.com/klar-web-services/bbs on toolchain 3154cc1a3e6424e44f438a95007d043ed5ceaaf6
[INFO] running `Command { std: CARGO_HOME="/workspace/cargo-home" RUSTUP_HOME="/workspace/rustup-home" "/workspace/cargo-home/bin/cargo" "+3154cc1a3e6424e44f438a95007d043ed5ceaaf6" "metadata" "--manifest-path" "Cargo.toml" "--no-deps", kill_on_drop: false }`
[INFO] crate git repo https://github.com/klar-web-services/bbs already has a lockfile, it will not be regenerated
[INFO] running `Command { std: CARGO_HOME="/workspace/cargo-home" RUSTUP_HOME="/workspace/rustup-home" "/workspace/cargo-home/bin/cargo" "+3154cc1a3e6424e44f438a95007d043ed5ceaaf6" "fetch" "--manifest-path" "Cargo.toml", kill_on_drop: false }`
[INFO] [stderr]     Updating crates.io index
[INFO] [stderr]  Downloading crates ...
[INFO] [stderr]   Downloaded dialoguer v0.12.0
[INFO] [stderr]   Downloaded pcre2 v0.2.11
[INFO] [stderr]   Downloaded libssh2-sys v0.3.2
[INFO] [stderr]   Downloaded pcre2-sys v0.2.10
[INFO] running `Command { std: "docker" "create" "-v" "/var/lib/crater-agent-workspace/builds/worker-7-tc1/source:/opt/rustwide/workdir:ro,Z" "-v" "/var/lib/crater-agent-workspace/builds/worker-7-tc1/target:/opt/rustwide/target:rw,Z" "-v" "/var/lib/crater-agent-workspace/cargo-home:/opt/rustwide/cargo-home:ro,Z" "-v" "/var/lib/crater-agent-workspace/rustup-home:/opt/rustwide/rustup-home:ro,Z" "-m" "1610612736" "--network" "none" "ghcr.io/rust-lang/crates-build-env/linux@sha256:77db811e55d90add9212f6832c23229e3de5f1c1f9905e8cb07319ea15df73ac" "sleep" "infinity", kill_on_drop: false }`
[INFO] [stdout] 7369dfc887b051be7a9959359e6d9129fecedb0094cc4eabf6dd9664bea15941
[INFO] running `Command { std: "docker" "start" "7369dfc887b051be7a9959359e6d9129fecedb0094cc4eabf6dd9664bea15941", kill_on_drop: false }`
[INFO] running `Command { std: "docker" "inspect" "7369dfc887b051be7a9959359e6d9129fecedb0094cc4eabf6dd9664bea15941", kill_on_drop: false }`
[INFO] running `Command { std: "docker" "exec" "-e" "SOURCE_DIR=/opt/rustwide/workdir" "-e" "CARGO_HOME=/opt/rustwide/cargo-home" "-e" "RUSTUP_HOME=/opt/rustwide/rustup-home" "-e" "CARGO_TARGET_DIR=/opt/rustwide/target" "-w" "/opt/rustwide/workdir" "--user" "0:0" "7369dfc887b051be7a9959359e6d9129fecedb0094cc4eabf6dd9664bea15941" "/opt/rustwide/cargo-home/bin/cargo" "+3154cc1a3e6424e44f438a95007d043ed5ceaaf6" "metadata" "--no-deps" "--format-version=1", kill_on_drop: false }`
[INFO] running `Command { std: "docker" "inspect" "7369dfc887b051be7a9959359e6d9129fecedb0094cc4eabf6dd9664bea15941", kill_on_drop: false }`
[INFO] running `Command { std: "docker" "exec" "-e" "SOURCE_DIR=/opt/rustwide/workdir" "-e" "CARGO_HOME=/opt/rustwide/cargo-home" "-e" "RUSTUP_HOME=/opt/rustwide/rustup-home" "-e" "CARGO_TARGET_DIR=/opt/rustwide/target" "-e" "CARGO_INCREMENTAL=0" "-e" "RUST_BACKTRACE=full" "-e" "RUSTFLAGS=--cap-lints=forbid -Znext-solver=coherence" "-e" "RUSTDOCFLAGS=--cap-lints=forbid" "-w" "/opt/rustwide/workdir" "--user" "0:0" "7369dfc887b051be7a9959359e6d9129fecedb0094cc4eabf6dd9664bea15941" "/opt/rustwide/cargo-home/bin/cargo" "+3154cc1a3e6424e44f438a95007d043ed5ceaaf6" "check" "--frozen" "--all" "--all-targets" "--message-format=json", kill_on_drop: false }`
[INFO] [stderr]    Compiling serde_core v1.0.229
[INFO] [stderr]     Checking regex-automata v0.4.18
[INFO] [stderr]    Compiling cc v1.4.4
[INFO] [stderr]     Checking parking_lot_core v0.9.12
[INFO] [stderr]    Compiling typenum v1.20.1
[INFO] [stderr]     Checking simd-adler32 v0.3.10
[INFO] [stderr]    Compiling rustix v1.1.4
[INFO] [stderr]    Compiling zerovec-derive v0.11.6
[INFO] [stderr]    Compiling displaydoc v0.2.7
[INFO] [stderr]    Compiling tokio-macros v2.7.2
[INFO] [stderr]    Compiling zeroize_derive v1.5.0
[INFO] [stderr]    Compiling serde_derive v1.0.229
[INFO] [stderr]    Compiling futures-macro v0.3.34
[INFO] [stderr]    Compiling tracing-attributes v0.1.31
[INFO] [stderr]    Compiling zerofrom-derive v0.1.7
[INFO] [stderr]    Compiling yoke-derive v0.8.2
[INFO] [stderr]     Checking parking_lot v0.12.5
[INFO] [stderr]     Checking miniz_oxide v0.8.9
[INFO] [stderr]     Checking hybrid-array v0.4.14
[INFO] [stderr]     Checking tokio v1.53.1
[INFO] [stderr]     Checking sync_wrapper v1.0.2
[INFO] [stderr]     Checking zeroize v1.9.0
[INFO] [stderr]    Compiling const-oid v0.10.2
[INFO] [stderr]     Checking flate2 v1.1.9
[INFO] [stderr]     Checking futures-util v0.3.34
[INFO] [stderr]     Checking rustls-pki-types v1.15.1
[INFO] [stderr]    Compiling mime_guess v2.0.5
[INFO] [stderr]     Checking generic-array v0.14.7
[INFO] [stderr]     Checking http-body-util v0.1.5
[INFO] [stderr]     Checking crypto-common v0.2.2
[INFO] [stderr]     Checking block-buffer v0.12.1
[INFO] [stderr]    Compiling cpufeatures v0.3.1
[INFO] [stderr]     Checking ipnet v2.12.1
[INFO] [stderr]     Checking zerofrom v0.1.8
[INFO] [stderr]     Checking compression-core v0.4.32
[INFO] [stderr]     Checking compression-codecs v0.4.38
[INFO] [stderr]    Compiling openssl-src v300.6.1+3.6.3
[INFO] [stderr]     Checking yoke v0.8.3
[INFO] [stderr]    Compiling thiserror-impl v2.0.20
[INFO] [stderr]    Compiling mime v0.3.17
[INFO] [stderr]     Checking console v0.16.4
[INFO] [stderr]     Checking zerovec v0.11.8
[INFO] [stderr]     Checking zerotrie v0.2.5
[INFO] [stderr]     Checking tracing v0.1.44
[INFO] [stderr]     Checking webpki-roots v1.0.9
[INFO] [stderr]     Checking winnow v1.0.4
[INFO] [stderr]     Checking block-buffer v0.10.4
[INFO] [stderr]     Checking crypto-common v0.1.7
[INFO] [stderr]     Checking digest v0.11.3
[INFO] [stderr]     Checking axum-core v0.5.6
[INFO] [stderr]     Checking dirs-sys v0.5.0
[INFO] [stderr]     Checking digest v0.10.7
[INFO] [stderr]    Compiling clap_derive v4.6.4
[INFO] [stderr]     Checking sha2 v0.11.0
[INFO] [stderr]     Checking rayon-core v1.13.0
[INFO] [stderr]     Checking tinystr v0.8.4
[INFO] [stderr]     Checking potential_utf v0.1.6
[INFO] [stderr]    Compiling ring v0.17.14
[INFO] [stderr]     Checking icu_locale_core v2.3.0
[INFO] [stderr]    Compiling openssl-sys v0.9.117
[INFO] [stderr]     Checking icu_collections v2.3.0
[INFO] [stderr]    Compiling libz-sys v1.1.29
[INFO] [stderr]    Compiling libdbus-sys v0.2.7
[INFO] [stderr]    Compiling zstd-sys v2.0.16+zstd.1.5.7
[INFO] [stderr]     Checking icu_provider v2.3.1
[INFO] [stderr]    Compiling libssh2-sys v0.3.2
[INFO] [stderr]    Compiling libgit2-sys v0.18.8+1.9.7
[INFO] [stderr]     Checking icu_normalizer v2.3.0
[INFO] [stderr]     Checking icu_properties v2.3.0
[INFO] [stderr]     Checking serde_json v1.0.151
[INFO] [stderr]    Compiling pcre2-sys v0.2.10
[INFO] [stderr]     Checking fancy-regex v0.16.2
[INFO] [stderr]     Checking bstr v1.13.1
[INFO] [stderr]     Checking terminal_size v0.4.4
[INFO] [stderr]     Checking thiserror v2.0.20
[INFO] [stderr]     Checking clap_builder v4.6.6
[INFO] [stderr]     Checking matchers v0.2.0
[INFO] [stderr]     Checking xattr v1.6.1
[INFO] [stderr]     Checking serde_spanned v1.1.1
[INFO] [stderr]     Checking toml_datetime v0.7.5+spec-1.1.0
[INFO] [stderr]     Checking serde_path_to_error v0.1.20
[INFO] [stderr]     Checking rust-embed-utils v8.12.0
[INFO] [stderr]     Checking toml_parser v1.1.3+spec-1.1.0
[INFO] [stderr]    Compiling axum-macros v0.5.1
[INFO] [stderr]     Checking tracing-log v0.2.0
[INFO] [stderr]     Checking filetime v0.2.29
[INFO] [stderr]     Checking rtoolbox v0.0.6
[INFO] [stderr]     Checking either v1.18.0
[INFO] [stderr]     Checking futures-executor v0.3.34
[INFO] [stderr]     Checking winnow v0.7.15
[INFO] [stderr]     Checking unit-prefix v0.5.2
[INFO] [stderr]     Checking predicates-core v1.0.10
[INFO] [stderr]     Checking rayon v1.12.0
[INFO] [stderr]     Checking indicatif v0.18.6
[INFO] [stderr]     Checking futures v0.3.34
[INFO] [stderr]     Checking tempfile v3.27.0
[INFO] [stderr]     Checking rpassword v7.5.4
[INFO] [stderr]     Checking sha2 v0.10.9
[INFO] [stderr]     Checking dialoguer v0.12.0
[INFO] [stderr]     Checking serde v1.0.229
[INFO] [stderr]     Checking tracing-subscriber v0.3.23
[INFO] [stderr]     Checking idna_adapter v1.2.2
[INFO] [stderr]     Checking idna v1.1.0
[INFO] [stderr]     Checking tar v0.4.46
[INFO] [stderr]     Checking globset v0.4.20
[INFO] [stderr]     Checking pcre2 v0.2.11
[INFO] [stderr]    Compiling rust-embed-impl v8.12.0
[INFO] [stderr]     Checking url v2.5.8
[INFO] [stderr]     Checking bincode v1.3.3
[INFO] [stderr]     Checking plist v1.10.0
[INFO] [stderr]     Checking serde_urlencoded v0.7.1
[INFO] [stderr]     Checking chrono v0.4.45
[INFO] [stderr]     Checking webbrowser v1.2.4
[INFO] [stderr]     Checking regex v1.13.1
[INFO] [stderr]     Checking uuid v1.25.0
[INFO] [stderr]     Checking clap v4.6.6
[INFO] [stderr]     Checking rust-embed v8.12.0
[INFO] [stderr]     Checking directories v6.0.0
[INFO] [stderr]     Checking float-cmp v0.10.0
[INFO] [stderr]     Checking fs2 v0.4.3
[INFO] [stderr]    Compiling assert_cmd v2.2.2
[INFO] [stderr]     Checking termtree v0.5.1
[INFO] [stderr]     Checking difflib v0.4.0
[INFO] [stderr]     Checking normalize-line-endings v0.3.0
[INFO] [stderr]     Checking predicates-tree v1.0.13
[INFO] [stderr]     Checking predicates v3.1.4
[INFO] [stderr]     Checking syntect v5.3.0
[INFO] [stderr]     Checking toml v0.9.12+spec-1.1.0
[INFO] [stderr]     Checking hyper v1.11.0
[INFO] [stderr]    Compiling rustls v0.23.43
[INFO] [stderr]     Checking tokio-util v0.7.19
[INFO] [stderr]     Checking tower v0.5.3
[INFO] [stderr]     Checking async-compression v0.4.43
[INFO] [stderr]     Checking tokio-stream v0.1.19
[INFO] [stderr]     Checking tower-http v0.6.11
[INFO] [stderr]     Checking dbus v0.9.12
[INFO] [stderr]     Checking hyper-util v0.1.20
[INFO] [stderr]     Checking two-face v0.5.2+bat-0.26.1
[INFO] [stderr]     Checking rustls-webpki v0.103.15
[INFO] [stderr]     Checking axum v0.8.9
[INFO] [stderr]     Checking dbus-secret-service v4.1.0
[INFO] [stderr]     Checking keyring v3.6.3
[INFO] [stderr]    Compiling zstd-safe v7.2.4
[INFO] [stderr]     Checking zstd v0.13.3
[INFO] [stderr]     Checking tokio-rustls v0.26.4
[INFO] [stderr]     Checking hyper-rustls v0.27.9
[INFO] [stderr]     Checking reqwest v0.12.28
[INFO] [stderr]     Checking git2 v0.20.4
[INFO] [stderr]     Checking better-bitbucket-search v0.6.1 (/opt/rustwide/workdir)
[INFO] [stdout] error: #[derive(RustEmbed)] folder '/opt/rustwide/workdir/web/dist/' does not exist. cwd: '/opt/rustwide/workdir'
[INFO] [stdout]   --> src/server.rs:35:1
[INFO] [stdout]    |
[INFO] [stdout] 35 | / #[folder = "web/dist/"]
[INFO] [stdout] 36 | | struct Assets;
[INFO] [stdout]    | |______________^
[INFO] [stdout] 
[INFO] [stdout] 
[INFO] [stdout] error: #[derive(RustEmbed)] folder '/opt/rustwide/workdir/web/dist/' does not exist. cwd: '/opt/rustwide/workdir'
[INFO] [stdout]   --> src/server.rs:35:1
[INFO] [stdout]    |
[INFO] [stdout] 35 | / #[folder = "web/dist/"]
[INFO] [stdout] 36 | | struct Assets;
[INFO] [stdout]    | |______________^
[INFO] [stdout] 
[INFO] [stdout] 
[INFO] [stdout] error[E0599]: no associated function or constant named `get` found for struct `Assets` in the current scope
[INFO] [stdout]    --> src/server.rs:299:25
[INFO] [stdout]     |
[INFO] [stdout]  36 | struct Assets;
[INFO] [stdout]     | ------------- associated function or constant `get` not found for this struct
[INFO] [stdout] ...
[INFO] [stdout] 299 |     let asset = Assets::get(path).or_else(|| Assets::get("index.html"));
[INFO] [stdout]     |                         ^^^ associated function or constant not found in `Assets`
[INFO] [stdout]     |
[INFO] [stdout]     = help: items from traits can only be used if the trait is implemented and in scope
[INFO] [stdout]     = note: the following traits define an item `get`, perhaps you need to implement one of them:
[INFO] [stdout]             candidate #1: `Embed`
[INFO] [stdout]             candidate #2: `SliceIndex`
[INFO] [stdout]             candidate #3: `dbus::arg::msgarg::Get`
[INFO] [stdout]             candidate #4: `dbus::blocking::generated_org_freedesktop_standard_interfaces::Properties`
[INFO] [stdout]             candidate #5: `dbus::ffidisp::stdintf::org_freedesktop_dbus::Properties`
[INFO] [stdout]             candidate #6: `icu_collections::codepointtrie::cptrie::TypedCodePointTrie`
[INFO] [stdout]             candidate #7: `icu_properties::names::PropertyEnumToValueNameLookup`
[INFO] [stdout]             candidate #8: `icu_provider::baked::DataStore`
[INFO] [stdout]             candidate #9: `rustls::server::server_conn::StoresServerSessions`
[INFO] [stdout]             candidate #10: `toml_parser::source::SourceIndex`
[INFO] [stdout] 
[INFO] [stdout] 
[INFO] [stdout] error[E0599]: no associated function or constant named `get` found for struct `Assets` in the current scope
[INFO] [stdout]    --> src/server.rs:299:54
[INFO] [stdout]     |
[INFO] [stdout]  36 | struct Assets;
[INFO] [stdout]     | ------------- associated function or constant `get` not found for this struct
[INFO] [stdout] ...
[INFO] [stdout] 299 |     let asset = Assets::get(path).or_else(|| Assets::get("index.html"));
[INFO] [stdout]     |                                                      ^^^ associated function or constant not found in `Assets`
[INFO] [stdout]     |
[INFO] [stdout]     = help: items from traits can only be used if the trait is implemented and in scope
[INFO] [stdout]     = note: the following traits define an item `get`, perhaps you need to implement one of them:
[INFO] [stdout]             candidate #1: `Embed`
[INFO] [stdout]             candidate #2: `SliceIndex`
[INFO] [stdout]             candidate #3: `dbus::arg::msgarg::Get`
[INFO] [stdout]             candidate #4: `dbus::blocking::generated_org_freedesktop_standard_interfaces::Properties`
[INFO] [stdout]             candidate #5: `dbus::ffidisp::stdintf::org_freedesktop_dbus::Properties`
[INFO] [stdout]             candidate #6: `icu_collections::codepointtrie::cptrie::TypedCodePointTrie`
[INFO] [stdout]             candidate #7: `icu_properties::names::PropertyEnumToValueNameLookup`
[INFO] [stdout]             candidate #8: `icu_provider::baked::DataStore`
[INFO] [stdout]             candidate #9: `rustls::server::server_conn::StoresServerSessions`
[INFO] [stdout]             candidate #10: `toml_parser::source::SourceIndex`
[INFO] [stdout] 
[INFO] [stdout] 
[INFO] [stdout] error[E0599]: no associated function or constant named `get` found for struct `Assets` in the current scope
[INFO] [stdout]    --> src/server.rs:299:25
[INFO] [stdout]     |
[INFO] [stdout]  36 | struct Assets;
[INFO] [stdout]     | ------------- associated function or constant `get` not found for this struct
[INFO] [stdout] ...
[INFO] [stdout] 299 |     let asset = Assets::get(path).or_else(|| Assets::get("index.html"));
[INFO] [stdout]     |                         ^^^ associated function or constant not found in `Assets`
[INFO] [stdout]     |
[INFO] [stdout]     = help: items from traits can only be used if the trait is implemented and in scope
[INFO] [stdout]     = note: the following traits define an item `get`, perhaps you need to implement one of them:
[INFO] [stdout]             candidate #1: `Embed`
[INFO] [stdout]             candidate #2: `SliceIndex`
[INFO] [stdout]             candidate #3: `dbus::arg::msgarg::Get`
[INFO] [stdout]             candidate #4: `dbus::blocking::generated_org_freedesktop_standard_interfaces::Properties`
[INFO] [stdout]             candidate #5: `dbus::ffidisp::stdintf::org_freedesktop_dbus::Properties`
[INFO] [stdout]             candidate #6: `icu_collections::codepointtrie::cptrie::TypedCodePointTrie`
[INFO] [stdout]             candidate #7: `icu_properties::names::PropertyEnumToValueNameLookup`
[INFO] [stdout]             candidate #8: `icu_provider::baked::DataStore`
[INFO] [stdout]             candidate #9: `rustls::server::server_conn::StoresServerSessions`
[INFO] [stdout]             candidate #10: `toml_parser::source::SourceIndex`
[INFO] [stdout] 
[INFO] [stdout] 
[INFO] [stdout] error[E0599]: no associated function or constant named `get` found for struct `Assets` in the current scope
[INFO] [stdout]    --> src/server.rs:299:54
[INFO] [stdout]     |
[INFO] [stdout]  36 | struct Assets;
[INFO] [stdout]     | ------------- associated function or constant `get` not found for this struct
[INFO] [stdout] ...
[INFO] [stdout] 299 |     let asset = Assets::get(path).or_else(|| Assets::get("index.html"));
[INFO] [stdout]     |                                                      ^^^ associated function or constant not found in `Assets`
[INFO] [stdout]     |
[INFO] [stdout]     = help: items from traits can only be used if the trait is implemented and in scope
[INFO] [stdout]     = note: the following traits define an item `get`, perhaps you need to implement one of them:
[INFO] [stdout]             candidate #1: `Embed`
[INFO] [stdout]             candidate #2: `SliceIndex`
[INFO] [stdout]             candidate #3: `dbus::arg::msgarg::Get`
[INFO] [stdout]             candidate #4: `dbus::blocking::generated_org_freedesktop_standard_interfaces::Properties`
[INFO] [stdout]             candidate #5: `dbus::ffidisp::stdintf::org_freedesktop_dbus::Properties`
[INFO] [stdout]             candidate #6: `icu_collections::codepointtrie::cptrie::TypedCodePointTrie`
[INFO] [stdout]             candidate #7: `icu_properties::names::PropertyEnumToValueNameLookup`
[INFO] [stdout]             candidate #8: `icu_provider::baked::DataStore`
[INFO] [stdout]             candidate #9: `rustls::server::server_conn::StoresServerSessions`
[INFO] [stdout]             candidate #10: `toml_parser::source::SourceIndex`
[INFO] [stdout] 
[INFO] [stdout] 
[INFO] [stdout] For more information about this error, try `rustc --explain E0599`.
[INFO] [stdout] 
[INFO] [stderr] error: could not compile `better-bitbucket-search` (lib) due to 3 previous errors
[INFO] [stderr] warning: build failed, waiting for other jobs to finish...
[INFO] [stdout] For more information about this error, try `rustc --explain E0599`.
[INFO] [stdout] 
[INFO] [stderr] error: could not compile `better-bitbucket-search` (lib test) due to 3 previous errors
[INFO] running `Command { std: "docker" "inspect" "7369dfc887b051be7a9959359e6d9129fecedb0094cc4eabf6dd9664bea15941", kill_on_drop: false }`
[INFO] running `Command { std: "docker" "rm" "-f" "7369dfc887b051be7a9959359e6d9129fecedb0094cc4eabf6dd9664bea15941", kill_on_drop: false }`
[INFO] [stdout] 7369dfc887b051be7a9959359e6d9129fecedb0094cc4eabf6dd9664bea15941
