[INFO] cloning repository https://github.com/kkollsga/kglite-visual
[INFO] running `Command { std: "git" "-c" "credential.helper=" "-c" "credential.helper=/workspace/cargo-home/bin/git-credential-null" "clone" "--bare" "https://github.com/kkollsga/kglite-visual" "/workspace/cache/git-repos/https%3A%2F%2Fgithub.com%2Fkkollsga%2Fkglite-visual", kill_on_drop: false }`
[INFO] [stderr] Cloning into bare repository '/workspace/cache/git-repos/https%3A%2F%2Fgithub.com%2Fkkollsga%2Fkglite-visual'...
[INFO] running `Command { std: "git" "rev-parse" "HEAD", kill_on_drop: false }`
[INFO] [stdout] ed1c1145f85c333c6421a649edb26f08d312854a
[INFO] checking kkollsga/kglite-visual against 3154cc1a3e6424e44f438a95007d043ed5ceaaf6+rustflags=-Znext-solver=coherence for pr-133502-30
[INFO] running `Command { std: "git" "clone" "/workspace/cache/git-repos/https%3A%2F%2Fgithub.com%2Fkkollsga%2Fkglite-visual" "/workspace/builds/worker-2-tc1/source", kill_on_drop: false }`
[INFO] [stderr] Cloning into '/workspace/builds/worker-2-tc1/source'...
[INFO] [stderr] done.
[INFO] started tweaking git repo https://github.com/kkollsga/kglite-visual
[INFO] finished tweaking git repo https://github.com/kkollsga/kglite-visual
[INFO] tweaked toml for git repo https://github.com/kkollsga/kglite-visual written to /workspace/builds/worker-2-tc1/source/Cargo.toml
[INFO] validating manifest of git repo https://github.com/kkollsga/kglite-visual on toolchain 3154cc1a3e6424e44f438a95007d043ed5ceaaf6
[INFO] running `Command { std: CARGO_HOME="/workspace/cargo-home" RUSTUP_HOME="/workspace/rustup-home" "/workspace/cargo-home/bin/cargo" "+3154cc1a3e6424e44f438a95007d043ed5ceaaf6" "metadata" "--manifest-path" "Cargo.toml" "--no-deps", kill_on_drop: false }`
[INFO] crate git repo https://github.com/kkollsga/kglite-visual already has a lockfile, it will not be regenerated
[INFO] running `Command { std: CARGO_HOME="/workspace/cargo-home" RUSTUP_HOME="/workspace/rustup-home" "/workspace/cargo-home/bin/cargo" "+3154cc1a3e6424e44f438a95007d043ed5ceaaf6" "fetch" "--manifest-path" "Cargo.toml", kill_on_drop: false }`
[INFO] [stderr]     Updating crates.io index
[INFO] [stderr]  Downloading crates ...
[INFO] [stderr]   Downloaded pyo3-build-config v0.29.2
[INFO] [stderr]   Downloaded hash32 v0.2.1
[INFO] [stderr]   Downloaded pyo3-macros v0.29.2
[INFO] [stderr]   Downloaded atomic-polyfill v1.0.3
[INFO] [stderr]   Downloaded pdqselect v0.1.0
[INFO] [stderr]   Downloaded hash32 v0.1.1
[INFO] [stderr]   Downloaded as-slice v0.1.5
[INFO] [stderr]   Downloaded stacker v0.1.25
[INFO] [stderr]   Downloaded i_float v1.16.0
[INFO] [stderr]   Downloaded pyo3-ffi v0.29.2
[INFO] [stderr]   Downloaded geo-traits v0.3.0
[INFO] [stderr]   Downloaded sif-itree v0.4.1
[INFO] [stderr]   Downloaded float_next_after v2.0.0
[INFO] [stderr]   Downloaded fs2 v0.4.3
[INFO] [stderr]   Downloaded libredox v0.1.21
[INFO] [stderr]   Downloaded ts-rs-macros v12.0.1
[INFO] [stderr]   Downloaded font-types v0.12.4
[INFO] [stderr]   Downloaded rstar v0.8.4
[INFO] [stderr]   Downloaded generic-array v0.13.3
[INFO] [stderr]   Downloaded csv-core v0.1.13
[INFO] [stderr]   Downloaded imagesize v0.15.0
[INFO] [stderr]   Downloaded generic-array v0.12.4
[INFO] [stderr]   Downloaded psm v0.1.32
[INFO] [stderr]   Downloaded i_tree v0.18.0
[INFO] [stderr]   Downloaded i_shape v1.18.0
[INFO] [stderr]   Downloaded i_key_sort v0.10.3
[INFO] [stderr]   Downloaded sse-stream v0.2.5
[INFO] [stderr]   Downloaded rmcp-macros v3.1.4
[INFO] [stderr]   Downloaded rstar v0.12.2
[INFO] [stderr]   Downloaded rstar v0.11.0
[INFO] [stderr]   Downloaded rstar v0.9.3
[INFO] [stderr]   Downloaded zstd-safe v8.0.0
[INFO] [stderr]   Downloaded geo-types v0.7.20
[INFO] [stderr]   Downloaded rstar v0.13.0
[INFO] [stderr]   Downloaded shellexpand v3.1.2
[INFO] [stderr]   Downloaded ts-rs v12.0.1
[INFO] [stderr]   Downloaded zstd v0.14.0
[INFO] [stderr]   Downloaded heapless v0.7.17
[INFO] [stderr]   Downloaded rstar v0.10.0
[INFO] [stderr]   Downloaded heapless v0.6.1
[INFO] [stderr]   Downloaded geographiclib-rs v0.2.7
[INFO] [stderr]   Downloaded libbz2-rs-sys v0.2.5
[INFO] [stderr]   Downloaded resvg v0.48.1
[INFO] [stderr]   Downloaded ar_archive_writer v0.5.3
[INFO] [stderr]   Downloaded pyo3-macros-backend v0.29.2
[INFO] [stderr]   Downloaded fontdb v0.24.0
[INFO] [stderr]   Downloaded usvg v0.48.1
[INFO] [stderr]   Downloaded geojson v1.0.0
[INFO] [stderr]   Downloaded wkt v0.14.0
[INFO] [stderr]   Downloaded i_overlay v4.5.2
[INFO] [stderr]   Downloaded harfrust v0.12.0
[INFO] [stderr]   Downloaded object v0.39.1
[INFO] [stderr]   Downloaded geo v0.33.1
[INFO] [stderr]   Downloaded robust v1.2.0
[INFO] [stderr]   Downloaded rmcp v3.1.4
[INFO] [stderr]   Downloaded zstd-sys v2.1.0+zstd.1.5.7
[INFO] [stderr]   Downloaded csv v1.4.0
[INFO] [stderr]   Downloaded pyo3 v0.29.2
[INFO] [stderr]   Downloaded kglite v0.19.6
[INFO] running `Command { std: "docker" "create" "-v" "/var/lib/crater-agent-workspace/builds/worker-2-tc1/source:/opt/rustwide/workdir:ro,Z" "-v" "/var/lib/crater-agent-workspace/builds/worker-2-tc1/target:/opt/rustwide/target:rw,Z" "-v" "/var/lib/crater-agent-workspace/cargo-home:/opt/rustwide/cargo-home:ro,Z" "-v" "/var/lib/crater-agent-workspace/rustup-home:/opt/rustwide/rustup-home:ro,Z" "-m" "1610612736" "--network" "none" "ghcr.io/rust-lang/crates-build-env/linux@sha256:77db811e55d90add9212f6832c23229e3de5f1c1f9905e8cb07319ea15df73ac" "sleep" "infinity", kill_on_drop: false }`
[INFO] [stdout] 9cdca3dcb42052a5c7363db08951ea4b400239d0e8da80a1434ee666fc8d7c99
[INFO] running `Command { std: "docker" "start" "9cdca3dcb42052a5c7363db08951ea4b400239d0e8da80a1434ee666fc8d7c99", kill_on_drop: false }`
[INFO] running `Command { std: "docker" "inspect" "9cdca3dcb42052a5c7363db08951ea4b400239d0e8da80a1434ee666fc8d7c99", kill_on_drop: false }`
[INFO] running `Command { std: "docker" "exec" "-e" "SOURCE_DIR=/opt/rustwide/workdir" "-e" "CARGO_HOME=/opt/rustwide/cargo-home" "-e" "RUSTUP_HOME=/opt/rustwide/rustup-home" "-e" "CARGO_TARGET_DIR=/opt/rustwide/target" "-w" "/opt/rustwide/workdir" "--user" "0:0" "9cdca3dcb42052a5c7363db08951ea4b400239d0e8da80a1434ee666fc8d7c99" "/opt/rustwide/cargo-home/bin/cargo" "+3154cc1a3e6424e44f438a95007d043ed5ceaaf6" "metadata" "--no-deps" "--format-version=1", kill_on_drop: false }`
[INFO] running `Command { std: "docker" "inspect" "9cdca3dcb42052a5c7363db08951ea4b400239d0e8da80a1434ee666fc8d7c99", kill_on_drop: false }`
[INFO] running `Command { std: "docker" "exec" "-e" "SOURCE_DIR=/opt/rustwide/workdir" "-e" "CARGO_HOME=/opt/rustwide/cargo-home" "-e" "RUSTUP_HOME=/opt/rustwide/rustup-home" "-e" "CARGO_TARGET_DIR=/opt/rustwide/target" "-e" "CARGO_INCREMENTAL=0" "-e" "RUST_BACKTRACE=full" "-e" "RUSTFLAGS=--cap-lints=forbid -Znext-solver=coherence" "-e" "RUSTDOCFLAGS=--cap-lints=forbid" "-w" "/opt/rustwide/workdir" "--user" "0:0" "9cdca3dcb42052a5c7363db08951ea4b400239d0e8da80a1434ee666fc8d7c99" "/opt/rustwide/cargo-home/bin/cargo" "+3154cc1a3e6424e44f438a95007d043ed5ceaaf6" "check" "--frozen" "--all" "--all-targets" "--message-format=json", kill_on_drop: false }`
[INFO] [stderr]    Compiling proc-macro2 v1.0.107
[INFO] [stderr]    Compiling quote v1.0.47
[INFO] [stderr]    Compiling unicode-ident v1.0.24
[INFO] [stderr]    Compiling libc v0.2.189
[INFO] [stderr]     Checking cfg-if v1.0.4
[INFO] [stderr]    Compiling serde_core v1.0.229
[INFO] [stderr]     Checking stable_deref_trait v1.2.1
[INFO] [stderr]     Checking smallvec v1.15.2
[INFO] [stderr]     Checking memchr v2.8.3
[INFO] [stderr]    Compiling libm v0.2.16
[INFO] [stderr]     Checking itoa v1.0.18
[INFO] [stderr]     Checking log v0.4.34
[INFO] [stderr]     Checking typenum v1.20.1
[INFO] [stderr]    Compiling version_check v0.9.5
[INFO] [stderr]    Compiling serde v1.0.229
[INFO] [stderr]    Compiling thiserror v2.0.20
[INFO] [stderr]    Compiling autocfg v1.5.1
[INFO] [stderr]    Compiling find-msvc-tools v0.1.11
[INFO] [stderr]    Compiling crossbeam-utils v0.8.22
[INFO] [stderr]    Compiling shlex v2.0.1
[INFO] [stderr]     Checking once_cell v1.21.4
[INFO] [stderr]    Compiling crossbeam-epoch v0.9.20
[INFO] [stderr]    Compiling crossbeam-deque v0.8.7
[INFO] [stderr]    Compiling rayon-core v1.13.0
[INFO] [stderr]    Compiling zmij v1.0.23
[INFO] [stderr]     Checking byteorder v1.5.0
[INFO] [stderr]    Compiling heapless v0.8.0
[INFO] [stderr]     Checking either v1.18.0
[INFO] [stderr]     Checking rand_core v0.10.1
[INFO] [stderr]     Checking simd-adler32 v0.3.10
[INFO] [stderr]    Compiling object v0.39.1
[INFO] [stderr]    Compiling getrandom v0.4.3
[INFO] [stderr]     Checking hash32 v0.3.1
[INFO] [stderr]     Checking cpufeatures v0.3.1
[INFO] [stderr]    Compiling num-traits v0.2.19
[INFO] [stderr]     Checking bitflags v2.13.1
[INFO] [stderr]    Compiling pkg-config v0.3.34
[INFO] [stderr]     Checking adler2 v2.0.1
[INFO] [stderr]    Compiling crc32fast v1.5.1
[INFO] [stderr]    Compiling serde_json v1.0.151
[INFO] [stderr]    Compiling syn v3.0.4
[INFO] [stderr]    Compiling syn v2.0.119
[INFO] [stderr]     Checking tinyvec_macros v0.1.1
[INFO] [stderr]     Checking arrayvec v0.7.8
[INFO] [stderr]     Checking miniz_oxide v0.9.1
[INFO] [stderr]    Compiling slotmap v1.1.1
[INFO] [stderr]     Checking const-oid v0.10.2
[INFO] [stderr]     Checking hybrid-array v0.4.14
[INFO] [stderr]     Checking float-cmp v0.9.0
[INFO] [stderr]     Checking polycool v0.4.0
[INFO] [stderr]     Checking strict-num v0.1.1
[INFO] [stderr]     Checking i_float v1.16.0
[INFO] [stderr]     Checking chacha20 v0.10.2
[INFO] [stderr]     Checking same-file v1.0.6
[INFO] [stderr]     Checking arrayref v0.3.9
[INFO] [stderr]    Compiling rustix v1.1.4
[INFO] [stderr]     Checking roxmltree v0.20.0
[INFO] [stderr]     Checking iana-time-zone v0.1.65
[INFO] [stderr]    Compiling zstd-safe v8.0.0
[INFO] [stderr]     Checking ryu v1.0.23
[INFO] [stderr]     Checking equivalent v1.0.2
[INFO] [stderr]    Compiling thiserror v1.0.69
[INFO] [stderr]     Checking hashbrown v0.17.1
[INFO] [stderr]     Checking rayon v1.12.0
[INFO] [stderr]     Checking i_shape v1.18.0
[INFO] [stderr]     Checking walkdir v2.5.0
[INFO] [stderr]     Checking flate2 v1.1.10
[INFO] [stderr]     Checking kurbo v0.13.1
[INFO] [stderr]     Checking miniz_oxide v0.8.9
[INFO] [stderr]     Checking aho-corasick v1.1.5
[INFO] [stderr]     Checking fontconfig-parser v0.5.8
[INFO] [stderr]     Checking fdeflate v0.3.7
[INFO] [stderr]     Checking crypto-common v0.2.2
[INFO] [stderr]    Compiling jobserver v0.1.35
[INFO] [stderr]     Checking block-buffer v0.12.1
[INFO] [stderr]     Checking memmap2 v0.9.11
[INFO] [stderr]     Checking rand v0.10.2
[INFO] [stderr]     Checking siphasher v1.0.3
[INFO] [stderr]     Checking regex-syntax v0.8.11
[INFO] [stderr]     Checking i_tree v0.18.0
[INFO] [stderr]    Compiling cc v1.4.4
[INFO] [stderr]     Checking linux-raw-sys v0.12.1
[INFO] [stderr]     Checking approx v0.5.1
[INFO] [stderr]     Checking base64 v0.23.1
[INFO] [stderr]     Checking foldhash v0.1.5
[INFO] [stderr]     Checking png v0.18.1
[INFO] [stderr]     Checking svgtypes v0.16.1
[INFO] [stderr]     Checking geographiclib-rs v0.2.7
[INFO] [stderr]     Checking hashbrown v0.15.5
[INFO] [stderr]     Checking roxmltree v0.21.1
[INFO] [stderr]     Checking csv-core v0.1.13
[INFO] [stderr]     Checking rand_pcg v0.10.2
[INFO] [stderr]     Checking simplecss v0.2.2
[INFO] [stderr]     Checking unicode-vo v0.1.0
[INFO] [stderr]     Checking xmlwriter v0.1.0
[INFO] [stderr]     Checking fixedbitset v0.5.7
[INFO] [stderr]     Checking float_next_after v2.0.0
[INFO] [stderr]     Checking digest v0.11.3
[INFO] [stderr]     Checking sif-itree v0.4.1
[INFO] [stderr]     Checking pico-args v0.5.0
[INFO] [stderr]     Checking data-url v0.3.2
[INFO] [stderr]     Checking robust v1.2.0
[INFO] [stderr]    Compiling termcolor v1.4.1
[INFO] [stderr]     Checking sha2 v0.11.0
[INFO] [stderr]     Checking libbz2-rs-sys v0.2.5
[INFO] [stderr]     Checking fastrand v2.5.0
[INFO] [stderr]     Checking tinyvec v1.12.0
[INFO] [stderr]     Checking indexmap v2.14.1
[INFO] [stderr]     Checking unicode-bidi v0.3.18
[INFO] [stderr]     Checking unicode-script v0.5.8
[INFO] [stderr]     Checking imagesize v0.15.0
[INFO] [stderr]     Checking csv v1.4.0
[INFO] [stderr]     Checking fontdb v0.24.0
[INFO] [stderr]     Checking rstar v0.13.0
[INFO] [stderr]     Checking fs2 v0.4.3
[INFO] [stderr]     Checking rustc-hash v2.1.3
[INFO] [stderr]     Checking bzip2 v0.6.1
[INFO] [stderr]     Checking pin-project-lite v0.2.17
[INFO] [stderr]     Checking bytes v1.12.1
[INFO] [stderr]     Checking futures-core v0.3.34
[INFO] [stderr]     Checking futures-sink v0.3.34
[INFO] [stderr]     Checking errno v0.3.14
[INFO] [stderr]     Checking futures-channel v0.3.34
[INFO] [stderr]     Checking mio v1.2.2
[INFO] [stderr]     Checking signal-hook-registry v1.4.8
[INFO] [stderr]     Checking socket2 v0.6.5
[INFO] [stderr]    Compiling generic-array v0.14.9
[INFO] [stderr]    Compiling zerocopy v0.8.56
[INFO] [stderr]    Compiling getrandom v0.3.4
[INFO] [stderr]     Checking regex-automata v0.4.18
[INFO] [stderr]     Checking futures-task v0.3.34
[INFO] [stderr]     Checking litemap v0.8.3
[INFO] [stderr]     Checking writeable v0.6.4
[INFO] [stderr]     Checking futures-io v0.3.34
[INFO] [stderr]     Checking slab v0.4.12
[INFO] [stderr]    Compiling icu_properties_data v2.3.0
[INFO] [stderr]     Checking utf8_iter v1.0.4
[INFO] [stderr]    Compiling httparse v1.10.1
[INFO] [stderr]    Compiling icu_normalizer_data v2.3.0
[INFO] [stderr]     Checking i_key_sort v0.10.3
[INFO] [stderr]    Compiling unicase v2.9.0
[INFO] [stderr]     Checking rand_core v0.9.5
[INFO] [stderr]     Checking http v1.5.0
[INFO] [stderr]     Checking tracing-core v0.1.36
[INFO] [stderr]    Compiling mime_guess v2.0.5
[INFO] [stderr]     Checking tower-service v0.3.3
[INFO] [stderr]    Compiling zstd-sys v2.1.0+zstd.1.5.7
[INFO] [stderr]    Compiling stacker v0.1.25
[INFO] [stderr]     Checking i_overlay v4.5.2
[INFO] [stderr]    Compiling option-ext v0.2.0
[INFO] [stderr]    Compiling strsim v0.11.1
[INFO] [stderr]     Checking percent-encoding v2.3.2
[INFO] [stderr]    Compiling heck v0.5.0
[INFO] [stderr]     Checking crypto-common v0.1.6
[INFO] [stderr]     Checking block-buffer v0.10.4
[INFO] [stderr]     Checking tempfile v3.27.0
[INFO] [stderr]    Compiling ident_case v1.0.1
[INFO] [stderr]     Checking digest v0.10.7
[INFO] [stderr]     Checking form_urlencoded v1.2.2
[INFO] [stderr]    Compiling dirs-sys v0.5.0
[INFO] [stderr]     Checking cpufeatures v0.2.17
[INFO] [stderr]    Compiling ref-cast v1.0.27
[INFO] [stderr]     Checking utf8parse v0.2.2
[INFO] [stderr]     Checking anstyle-parse v1.0.0
[INFO] [stderr]     Checking sha1 v0.10.7
[INFO] [stderr]    Compiling dirs v6.0.0
[INFO] [stderr]     Checking data-encoding v2.11.1
[INFO] [stderr]     Checking sync_wrapper v1.0.2
[INFO] [stderr]     Checking is_terminal_polyfill v1.70.2
[INFO] [stderr]    Compiling mime v0.3.17
[INFO] [stderr]     Checking tower-layer v0.3.3
[INFO] [stderr]     Checking anstyle v1.0.14
[INFO] [stderr]     Checking http-body v1.1.0
[INFO] [stderr]     Checking http-body-util v0.1.5
[INFO] [stderr]     Checking anstyle-query v1.1.5
[INFO] [stderr]     Checking httpdate v1.0.3
[INFO] [stderr]     Checking colorchoice v1.0.5
[INFO] [stderr]     Checking atomic-waker v1.1.2
[INFO] [stderr]    Compiling target-lexicon v0.13.5
[INFO] [stderr]    Compiling darling_core v0.24.1
[INFO] [stderr]    Compiling serde_derive_internals v0.30.0
[INFO] [stderr]     Checking anstream v1.0.0
[INFO] [stderr]    Compiling shellexpand v3.1.2
[INFO] [stderr]     Checking clap_lex v1.1.0
[INFO] [stderr]     Checking dyn-clone v1.0.20
[INFO] [stderr]    Compiling rmcp v3.1.4
[INFO] [stderr]     Checking rust-embed-utils v8.12.0
[INFO] [stderr]     Checking clap_builder v4.6.6
[INFO] [stderr]     Checking serde_path_to_error v0.1.20
[INFO] [stderr]     Checking uuid v1.26.0
[INFO] [stderr]     Checking regex v1.13.1
[INFO] [stderr]     Checking matchit v0.8.4
[INFO] [stderr]     Checking base64 v0.22.1
[INFO] [stderr]    Compiling pastey v0.2.3
[INFO] [stderr]    Compiling ar_archive_writer v0.5.3
[INFO] [stderr]    Compiling kglite-visual-cli v0.1.19 (/opt/rustwide/workdir/crates/kglite-visual-cli)
[INFO] [stderr]    Compiling synstructure v0.13.2
[INFO] [stderr]    Compiling pyo3-build-config v0.29.2
[INFO] [stderr] warning: kglite-visual-cli@0.1.19: frontend/dist/index.html is missing — the embedded bundle will be empty or this build will fail. Run `make frontend-build` first.
[INFO] [stderr]    Compiling pyo3-macros-backend v0.29.2
[INFO] [stderr]    Compiling psm v0.1.32
[INFO] [stderr]    Compiling serde_derive v1.0.229
[INFO] [stderr]    Compiling thiserror-impl v2.0.20
[INFO] [stderr]    Compiling bytemuck_derive v1.12.0
[INFO] [stderr]    Compiling zerovec-derive v0.11.6
[INFO] [stderr]    Compiling displaydoc v0.2.7
[INFO] [stderr]    Compiling tokio-macros v2.7.2
[INFO] [stderr]    Compiling thiserror-impl v1.0.69
[INFO] [stderr]    Compiling ts-rs-macros v12.0.1
[INFO] [stderr]    Compiling zerofrom-derive v0.1.7
[INFO] [stderr]    Compiling yoke-derive v0.8.2
[INFO] [stderr]     Checking tokio v1.53.1
[INFO] [stderr]    Compiling futures-macro v0.3.34
[INFO] [stderr]     Checking ppv-lite86 v0.2.21
[INFO] [stderr]     Checking bytemuck v1.25.2
[INFO] [stderr]    Compiling tracing-attributes v0.1.31
[INFO] [stderr]     Checking rand_chacha v0.9.0
[INFO] [stderr]     Checking font-types v0.12.4
[INFO] [stderr]     Checking tiny-skia-path v0.12.0
[INFO] [stderr]     Checking cobs v0.3.0
[INFO] [stderr]     Checking rgb v0.8.53
[INFO] [stderr]     Checking futures-util v0.3.34
[INFO] [stderr]     Checking read-fonts v0.41.0
[INFO] [stderr]     Checking rand v0.9.5
[INFO] [stderr]    Compiling ref-cast-impl v1.0.27
[INFO] [stderr]     Checking tiny-skia v0.12.0
[INFO] [stderr]     Checking ts-rs v12.0.1
[INFO] [stderr]    Compiling schemars_derive v1.2.2
[INFO] [stderr]    Compiling rust-embed-impl v8.12.0
[INFO] [stderr]     Checking zerofrom v0.1.8
[INFO] [stderr]     Checking tungstenite v0.29.0
[INFO] [stderr]     Checking yoke v0.8.3
[INFO] [stderr]    Compiling async-trait v0.1.92
[INFO] [stderr]    Compiling darling_macro v0.24.1
[INFO] [stderr]     Checking zerovec v0.11.8
[INFO] [stderr]     Checking zerotrie v0.2.5
[INFO] [stderr]     Checking tracing v0.1.44
[INFO] [stderr]    Compiling darling v0.24.1
[INFO] [stderr]     Checking axum-core v0.5.6
[INFO] [stderr]    Compiling clap_derive v4.6.4
[INFO] [stderr]    Compiling pyo3-ffi v0.29.2
[INFO] [stderr]     Checking tinystr v0.8.4
[INFO] [stderr]     Checking potential_utf v0.1.6
[INFO] [stderr]     Checking rust-embed v8.12.0
[INFO] [stderr]     Checking icu_locale_core v2.3.0
[INFO] [stderr]     Checking icu_collections v2.3.0
[INFO] [stderr]    Compiling pyo3 v0.29.2
[INFO] [stderr]    Compiling rmcp-macros v3.1.4
[INFO] [stderr]    Compiling pyo3-macros v0.29.2
[INFO] [stderr]     Checking rstar v0.12.2
[INFO] [stderr]     Checking chrono v0.4.45
[INFO] [stderr]     Checking postcard v1.1.3
[INFO] [stderr]     Checking petgraph v0.8.3
[INFO] [stderr]     Checking serde_urlencoded v0.7.1
[INFO] [stderr]     Checking icu_provider v2.3.1
[INFO] [stderr]     Checking geo-types v0.7.20
[INFO] [stderr]     Checking clap v4.6.6
[INFO] [stderr]     Checking icu_properties v2.3.0
[INFO] [stderr]     Checking icu_normalizer v2.3.0
[INFO] [stderr]     Checking zstd v0.14.0
[INFO] [stderr]     Checking futures-executor v0.3.34
[INFO] [stderr]     Checking sse-stream v0.2.5
[INFO] [stderr]     Checking futures v0.3.34
[INFO] [stderr]     Checking geo-traits v0.3.0
[INFO] [stderr]     Checking geojson v1.0.0
[INFO] [stderr]     Checking geo v0.33.1
[INFO] [stderr]     Checking schemars v1.2.2
[INFO] [stderr]     Checking wkt v0.14.0
[INFO] [stderr]     Checking hyper v1.11.1
[INFO] [stderr]     Checking tokio-util v0.7.19
[INFO] [stderr]     Checking tokio-stream v0.1.19
[INFO] [stderr]     Checking tower v0.5.3
[INFO] [stderr]     Checking tokio-tungstenite v0.29.0
[INFO] [stderr]     Checking idna_adapter v1.2.2
[INFO] [stderr]     Checking idna v1.1.0
[INFO] [stderr]     Checking url v2.5.8
[INFO] [stderr]     Checking hyper-util v0.1.20
[INFO] [stderr]     Checking axum v0.8.9
[INFO] [stderr]     Checking webbrowser v1.2.4
[INFO] [stderr]     Checking harfrust v0.12.0
[INFO] [stderr]     Checking skrifa v0.44.0
[INFO] [stderr]     Checking kglite v0.19.6
[INFO] [stderr]     Checking usvg v0.48.1
[INFO] [stderr]     Checking resvg v0.48.1
[INFO] [stderr]     Checking kglite-visual-core v0.1.19 (/opt/rustwide/workdir/crates/kglite-visual-core)
[INFO] [stderr] warning: failed to parse serde attribute
[INFO] [stderr]   | 
[INFO] [stderr]   | deny_unknown_fields 
[INFO] [stderr]   | 
[INFO] [stderr]   = note: ts-rs failed to parse this attribute. It will be ignored.
[INFO] [stderr] warning: failed to parse serde attribute
[INFO] [stderr]   | 
[INFO] [stderr]   | deny_unknown_fields 
[INFO] [stderr]   | 
[INFO] [stderr]   = note: ts-rs failed to parse this attribute. It will be ignored.
[INFO] [stderr] warning: failed to parse serde attribute
[INFO] [stderr]   | 
[INFO] [stderr]   | deny_unknown_fields 
[INFO] [stderr]   | 
[INFO] [stderr]   = note: ts-rs failed to parse this attribute. It will be ignored.
[INFO] [stderr] warning: failed to parse serde attribute
[INFO] [stderr]   | 
[INFO] [stderr]   | deny_unknown_fields 
[INFO] [stderr]   | 
[INFO] [stderr]   = note: ts-rs failed to parse this attribute. It will be ignored.
[INFO] [stderr] warning: failed to parse serde attribute
[INFO] [stderr]   | 
[INFO] [stderr]   | deny_unknown_fields 
[INFO] [stderr]   | 
[INFO] [stderr]   = note: ts-rs failed to parse this attribute. It will be ignored.
[INFO] [stderr] warning: failed to parse serde attribute
[INFO] [stderr]   | 
[INFO] [stderr]   | deny_unknown_fields 
[INFO] [stderr]   | 
[INFO] [stderr]   = note: ts-rs failed to parse this attribute. It will be ignored.
[INFO] [stderr] warning: failed to parse serde attribute
[INFO] [stderr]   | 
[INFO] [stderr]   | deny_unknown_fields 
[INFO] [stderr]   | 
[INFO] [stderr]   = note: ts-rs failed to parse this attribute. It will be ignored.
[INFO] [stderr] warning: failed to parse serde attribute
[INFO] [stderr]   | 
[INFO] [stderr]   | deny_unknown_fields 
[INFO] [stderr]   | 
[INFO] [stderr]   = note: ts-rs failed to parse this attribute. It will be ignored.
[INFO] [stderr] warning: failed to parse serde attribute
[INFO] [stderr]   | 
[INFO] [stderr]   | deserialize_with = "required_option"
[INFO] [stderr]   | 
[INFO] [stderr]   = note: ts-rs failed to parse this attribute. It will be ignored.
[INFO] [stderr] warning: failed to parse serde attribute
[INFO] [stderr]   | 
[INFO] [stderr]   | deserialize_with = "required_option"
[INFO] [stderr]   | 
[INFO] [stderr]   = note: ts-rs failed to parse this attribute. It will be ignored.
[INFO] [stderr] warning: failed to parse serde attribute
[INFO] [stderr]   | 
[INFO] [stderr]   | deserialize_with = "required_option"
[INFO] [stderr]   | 
[INFO] [stderr]   = note: ts-rs failed to parse this attribute. It will be ignored.
[INFO] [stderr] warning: failed to parse serde attribute
[INFO] [stderr]   | 
[INFO] [stderr]   | deserialize_with = "required_option"
[INFO] [stderr]   | 
[INFO] [stderr]   = note: ts-rs failed to parse this attribute. It will be ignored.
[INFO] [stderr] warning: failed to parse serde attribute
[INFO] [stderr]   | 
[INFO] [stderr]   | deserialize_with = "required_option"
[INFO] [stderr]   | 
[INFO] [stderr]   = note: ts-rs failed to parse this attribute. It will be ignored.
[INFO] [stderr] warning: failed to parse serde attribute
[INFO] [stderr]   | 
[INFO] [stderr]   | deserialize_with = "required_option"
[INFO] [stderr]   | 
[INFO] [stderr]   = note: ts-rs failed to parse this attribute. It will be ignored.
[INFO] [stderr] warning: failed to parse serde attribute
[INFO] [stderr]   | 
[INFO] [stderr]   | deserialize_with = "present_value"
[INFO] [stderr]   | 
[INFO] [stderr]   = note: ts-rs failed to parse this attribute. It will be ignored.
[INFO] [stderr] warning: failed to parse serde attribute
[INFO] [stderr]   | 
[INFO] [stderr]   | deserialize_with = "present_value"
[INFO] [stderr]   | 
[INFO] [stderr]   = note: ts-rs failed to parse this attribute. It will be ignored.
[INFO] [stderr] warning: failed to parse serde attribute
[INFO] [stderr]   | 
[INFO] [stderr]   | deserialize_with = "required_option"
[INFO] [stderr]   | 
[INFO] [stderr]   = note: ts-rs failed to parse this attribute. It will be ignored.
[INFO] [stderr] warning: failed to parse serde attribute
[INFO] [stderr]   | 
[INFO] [stderr]   | deserialize_with = "required_option"
[INFO] [stderr]   | 
[INFO] [stderr]   = note: ts-rs failed to parse this attribute. It will be ignored.
[INFO] [stderr] warning: failed to parse serde attribute
[INFO] [stderr]   | 
[INFO] [stderr]   | deserialize_with = "required_option"
[INFO] [stderr]   | 
[INFO] [stderr]   = note: ts-rs failed to parse this attribute. It will be ignored.
[INFO] [stderr] warning: failed to parse serde attribute
[INFO] [stderr]   | 
[INFO] [stderr]   | deserialize_with = "required_option"
[INFO] [stderr]   | 
[INFO] [stderr]   = note: ts-rs failed to parse this attribute. It will be ignored.
[INFO] [stderr] warning: failed to parse serde attribute
[INFO] [stderr]   | 
[INFO] [stderr]   | deserialize_with = "present_value"
[INFO] [stderr]   | 
[INFO] [stderr]   = note: ts-rs failed to parse this attribute. It will be ignored.
[INFO] [stderr] warning: failed to parse serde attribute
[INFO] [stderr]   | 
[INFO] [stderr]   | deserialize_with = "present_value"
[INFO] [stderr]   | 
[INFO] [stderr]   = note: ts-rs failed to parse this attribute. It will be ignored.
[INFO] [stderr] warning: failed to parse serde attribute
[INFO] [stderr]   | 
[INFO] [stderr]   | deserialize_with = "required_option"
[INFO] [stderr]   | 
[INFO] [stderr]   = note: ts-rs failed to parse this attribute. It will be ignored.
[INFO] [stderr] warning: failed to parse serde attribute
[INFO] [stderr]   | 
[INFO] [stderr]   | deserialize_with = "required_option"
[INFO] [stderr]   | 
[INFO] [stderr]   = note: ts-rs failed to parse this attribute. It will be ignored.
[INFO] [stderr] warning: failed to parse serde attribute
[INFO] [stderr]   | 
[INFO] [stderr]   | deserialize_with = "required_option"
[INFO] [stderr]   | 
[INFO] [stderr]   = note: ts-rs failed to parse this attribute. It will be ignored.
[INFO] [stderr] warning: failed to parse serde attribute
[INFO] [stderr]   | 
[INFO] [stderr]   | deserialize_with = "required_option"
[INFO] [stderr]   | 
[INFO] [stderr]   = note: ts-rs failed to parse this attribute. It will be ignored.
[INFO] [stderr] warning: failed to parse serde attribute
[INFO] [stderr]   | 
[INFO] [stderr]   | try_from = "AppearanceInput"
[INFO] [stderr]   | 
[INFO] [stderr]   = note: ts-rs failed to parse this attribute. It will be ignored.
[INFO] [stderr] warning: failed to parse serde attribute
[INFO] [stderr]   | 
[INFO] [stderr]   | try_from = "AppearanceInput"
[INFO] [stderr]   | 
[INFO] [stderr]   = note: ts-rs failed to parse this attribute. It will be ignored.
[INFO] [stderr] warning: failed to parse serde attribute
[INFO] [stderr]   | 
[INFO] [stderr]   | deny_unknown_fields 
[INFO] [stderr]   | 
[INFO] [stderr]   = note: ts-rs failed to parse this attribute. It will be ignored.
[INFO] [stderr] warning: failed to parse serde attribute
[INFO] [stderr]   | 
[INFO] [stderr]   | deny_unknown_fields 
[INFO] [stderr]   | 
[INFO] [stderr]   = note: ts-rs failed to parse this attribute. It will be ignored.
[INFO] [stdout] error: #[derive(RustEmbed)] folder '/opt/rustwide/workdir/crates/kglite-visual-cli/../../frontend/dist' does not exist. cwd: '/opt/rustwide/workdir'
[INFO] [stdout]   --> crates/kglite-visual-cli/src/assets.rs:21:1
[INFO] [stdout]    |
[INFO] [stdout] 21 | / #[folder = "$CARGO_MANIFEST_DIR/../../frontend/dist"]
[INFO] [stdout] 22 | | struct Assets;
[INFO] [stdout]    | |______________^
[INFO] [stdout] 
[INFO] [stdout] 
[INFO] [stdout] error: #[derive(RustEmbed)] folder '/opt/rustwide/workdir/crates/kglite-visual-cli/../../frontend/dist' does not exist. cwd: '/opt/rustwide/workdir'
[INFO] [stdout]   --> crates/kglite-visual-cli/src/assets.rs:21:1
[INFO] [stdout]    |
[INFO] [stdout] 21 | / #[folder = "$CARGO_MANIFEST_DIR/../../frontend/dist"]
[INFO] [stdout] 22 | | struct Assets;
[INFO] [stdout]    | |______________^
[INFO] [stdout] 
[INFO] [stdout] 
[INFO] [stdout] error[E0599]: no associated function or constant named `get` found for struct `Assets` in the current scope
[INFO] [stdout]   --> crates/kglite-visual-cli/src/assets.rs:36:33
[INFO] [stdout]    |
[INFO] [stdout] 22 | struct Assets;
[INFO] [stdout]    | ------------- associated function or constant `get` not found for this struct
[INFO] [stdout] ...
[INFO] [stdout] 36 |     if let Some(file) = Assets::get(path) {
[INFO] [stdout]    |                                 ^^^ associated function or constant not found in `Assets`
[INFO] [stdout]    |
[INFO] [stdout]    = help: items from traits can only be used if the trait is implemented and in scope
[INFO] [stdout]    = note: the following traits define an item `get`, perhaps you need to implement one of them:
[INFO] [stdout]            candidate #1: `Embed`
[INFO] [stdout]            candidate #2: `SliceIndex`
[INFO] [stdout]            candidate #3: `harfrust::hb::cache::AtomicStorage`
[INFO] [stdout]            candidate #4: `icu_collections::codepointtrie::cptrie::TypedCodePointTrie`
[INFO] [stdout]            candidate #5: `icu_properties::names::PropertyEnumToValueNameLookup`
[INFO] [stdout]            candidate #6: `icu_provider::baked::DataStore`
[INFO] [stdout]            candidate #7: `kglite::graph::blueprint::expr::Bindings`
[INFO] [stdout] 
[INFO] [stdout] 
[INFO] [stdout] error[E0599]: no associated function or constant named `get` found for struct `Assets` in the current scope
[INFO] [stdout]   --> crates/kglite-visual-cli/src/assets.rs:48:19
[INFO] [stdout]    |
[INFO] [stdout] 22 | struct Assets;
[INFO] [stdout]    | ------------- associated function or constant `get` not found for this struct
[INFO] [stdout] ...
[INFO] [stdout] 48 |     match Assets::get("index.html") {
[INFO] [stdout]    |                   ^^^ associated function or constant not found in `Assets`
[INFO] [stdout]    |
[INFO] [stdout]    = help: items from traits can only be used if the trait is implemented and in scope
[INFO] [stdout]    = note: the following traits define an item `get`, perhaps you need to implement one of them:
[INFO] [stdout]            candidate #1: `Embed`
[INFO] [stdout]            candidate #2: `SliceIndex`
[INFO] [stdout]            candidate #3: `harfrust::hb::cache::AtomicStorage`
[INFO] [stdout]            candidate #4: `icu_collections::codepointtrie::cptrie::TypedCodePointTrie`
[INFO] [stdout]            candidate #5: `icu_properties::names::PropertyEnumToValueNameLookup`
[INFO] [stdout]            candidate #6: `icu_provider::baked::DataStore`
[INFO] [stdout]            candidate #7: `kglite::graph::blueprint::expr::Bindings`
[INFO] [stdout] 
[INFO] [stdout] 
[INFO] [stdout] error[E0599]: no associated function or constant named `get` found for struct `Assets` in the current scope
[INFO] [stdout]   --> crates/kglite-visual-cli/src/assets.rs:36:33
[INFO] [stdout]    |
[INFO] [stdout] 22 | struct Assets;
[INFO] [stdout]    | ------------- associated function or constant `get` not found for this struct
[INFO] [stdout] ...
[INFO] [stdout] 36 |     if let Some(file) = Assets::get(path) {
[INFO] [stdout]    |                                 ^^^ associated function or constant not found in `Assets`
[INFO] [stdout]    |
[INFO] [stdout]    = help: items from traits can only be used if the trait is implemented and in scope
[INFO] [stdout]    = note: the following traits define an item `get`, perhaps you need to implement one of them:
[INFO] [stdout]            candidate #1: `Embed`
[INFO] [stdout]            candidate #2: `SliceIndex`
[INFO] [stdout]            candidate #3: `harfrust::hb::cache::AtomicStorage`
[INFO] [stdout]            candidate #4: `icu_collections::codepointtrie::cptrie::TypedCodePointTrie`
[INFO] [stdout]            candidate #5: `icu_properties::names::PropertyEnumToValueNameLookup`
[INFO] [stdout]            candidate #6: `icu_provider::baked::DataStore`
[INFO] [stdout]            candidate #7: `kglite::graph::blueprint::expr::Bindings`
[INFO] [stdout] 
[INFO] [stdout] 
[INFO] [stdout] error[E0599]: no associated function or constant named `get` found for struct `Assets` in the current scope
[INFO] [stdout]   --> crates/kglite-visual-cli/src/assets.rs:48:19
[INFO] [stdout]    |
[INFO] [stdout] 22 | struct Assets;
[INFO] [stdout]    | ------------- associated function or constant `get` not found for this struct
[INFO] [stdout] ...
[INFO] [stdout] 48 |     match Assets::get("index.html") {
[INFO] [stdout]    |                   ^^^ associated function or constant not found in `Assets`
[INFO] [stdout]    |
[INFO] [stdout]    = help: items from traits can only be used if the trait is implemented and in scope
[INFO] [stdout]    = note: the following traits define an item `get`, perhaps you need to implement one of them:
[INFO] [stdout]            candidate #1: `Embed`
[INFO] [stdout]            candidate #2: `SliceIndex`
[INFO] [stdout]            candidate #3: `harfrust::hb::cache::AtomicStorage`
[INFO] [stdout]            candidate #4: `icu_collections::codepointtrie::cptrie::TypedCodePointTrie`
[INFO] [stdout]            candidate #5: `icu_properties::names::PropertyEnumToValueNameLookup`
[INFO] [stdout]            candidate #6: `icu_provider::baked::DataStore`
[INFO] [stdout]            candidate #7: `kglite::graph::blueprint::expr::Bindings`
[INFO] [stdout] 
[INFO] [stdout] 
[INFO] [stdout] error[E0599]: no associated function or constant named `iter` found for struct `Assets` in the current scope
[INFO] [stdout]   --> crates/kglite-visual-cli/src/assets.rs:99:13
[INFO] [stdout]    |
[INFO] [stdout] 22 | struct Assets;
[INFO] [stdout]    | ------------- associated function or constant `iter` not found for this struct
[INFO] [stdout] ...
[INFO] [stdout] 99 |     Assets::iter().count()
[INFO] [stdout]    |             ^^^^ associated function or constant not found in `Assets`
[INFO] [stdout]    |
[INFO] [stdout]    = help: items from traits can only be used if the trait is implemented and in scope
[INFO] [stdout]    = note: the following traits define an item `iter`, perhaps you need to implement one of them:
[INFO] [stdout]            candidate #1: `Embed`
[INFO] [stdout]            candidate #2: `bitflags::traits::Flags`
[INFO] [stdout]            candidate #3: `petgraph::visit::traversal::Walker`
[INFO] [stdout] 
[INFO] [stdout] 
[INFO] [stdout] error[E0599]: no associated function or constant named `iter` found for struct `Assets` in the current scope
[INFO] [stdout]   --> crates/kglite-visual-cli/src/assets.rs:99:13
[INFO] [stdout]    |
[INFO] [stdout] 22 | struct Assets;
[INFO] [stdout]    | ------------- associated function or constant `iter` not found for this struct
[INFO] [stdout] ...
[INFO] [stdout] 99 |     Assets::iter().count()
[INFO] [stdout]    |             ^^^^ associated function or constant not found in `Assets`
[INFO] [stdout]    |
[INFO] [stdout]    = help: items from traits can only be used if the trait is implemented and in scope
[INFO] [stdout]    = note: the following traits define an item `iter`, perhaps you need to implement one of them:
[INFO] [stdout]            candidate #1: `Embed`
[INFO] [stdout]            candidate #2: `bitflags::traits::Flags`
[INFO] [stdout]            candidate #3: `petgraph::visit::traversal::Walker`
[INFO] [stdout] 
[INFO] [stdout] 
[INFO] [stdout] For more information about this error, try `rustc --explain E0599`.
[INFO] [stdout] 
[INFO] [stderr] warning: kglite-visual-cli@0.1.19: frontend/dist/index.html is missing — the embedded bundle will be empty or this build will fail. Run `make frontend-build` first.
[INFO] [stderr] error: could not compile `kglite-visual-cli` (lib) due to 4 previous errors
[INFO] [stderr] warning: build failed, waiting for other jobs to finish...
[INFO] [stdout] For more information about this error, try `rustc --explain E0599`.
[INFO] [stdout] 
[INFO] [stderr] warning: kglite-visual-cli@0.1.19: frontend/dist/index.html is missing — the embedded bundle will be empty or this build will fail. Run `make frontend-build` first.
[INFO] [stderr] error: could not compile `kglite-visual-cli` (lib test) due to 4 previous errors
[INFO] running `Command { std: "docker" "inspect" "9cdca3dcb42052a5c7363db08951ea4b400239d0e8da80a1434ee666fc8d7c99", kill_on_drop: false }`
[INFO] running `Command { std: "docker" "rm" "-f" "9cdca3dcb42052a5c7363db08951ea4b400239d0e8da80a1434ee666fc8d7c99", kill_on_drop: false }`
[INFO] [stdout] 9cdca3dcb42052a5c7363db08951ea4b400239d0e8da80a1434ee666fc8d7c99
