[INFO] cloning repository https://github.com/kiwiworks/moa
[INFO] running `Command { std: "git" "-c" "credential.helper=" "-c" "credential.helper=/workspace/cargo-home/bin/git-credential-null" "clone" "--bare" "https://github.com/kiwiworks/moa" "/workspace/cache/git-repos/https%3A%2F%2Fgithub.com%2Fkiwiworks%2Fmoa", kill_on_drop: false }`
[INFO] [stderr] Cloning into bare repository '/workspace/cache/git-repos/https%3A%2F%2Fgithub.com%2Fkiwiworks%2Fmoa'...
[INFO] running `Command { std: "git" "rev-parse" "HEAD", kill_on_drop: false }`
[INFO] [stdout] c5f6ad89093bfd74ed9b9f3f4560071923170859
[INFO] checking kiwiworks/moa against 3154cc1a3e6424e44f438a95007d043ed5ceaaf6+rustflags=-Znext-solver=coherence for pr-133502-30
[INFO] running `Command { std: "git" "clone" "/workspace/cache/git-repos/https%3A%2F%2Fgithub.com%2Fkiwiworks%2Fmoa" "/workspace/builds/worker-2-tc1/source", kill_on_drop: false }`
[INFO] [stderr] Cloning into '/workspace/builds/worker-2-tc1/source'...
[INFO] [stderr] done.
[INFO] removed /workspace/builds/worker-2-tc1/source/rust-toolchain.toml
[INFO] started tweaking git repo https://github.com/kiwiworks/moa
[INFO] finished tweaking git repo https://github.com/kiwiworks/moa
[INFO] tweaked toml for git repo https://github.com/kiwiworks/moa written to /workspace/builds/worker-2-tc1/source/Cargo.toml
[INFO] validating manifest of git repo https://github.com/kiwiworks/moa on toolchain 3154cc1a3e6424e44f438a95007d043ed5ceaaf6
[INFO] running `Command { std: CARGO_HOME="/workspace/cargo-home" RUSTUP_HOME="/workspace/rustup-home" "/workspace/cargo-home/bin/cargo" "+3154cc1a3e6424e44f438a95007d043ed5ceaaf6" "metadata" "--manifest-path" "Cargo.toml" "--no-deps", kill_on_drop: false }`
[INFO] crate git repo https://github.com/kiwiworks/moa already has a lockfile, it will not be regenerated
[INFO] running `Command { std: CARGO_HOME="/workspace/cargo-home" RUSTUP_HOME="/workspace/rustup-home" "/workspace/cargo-home/bin/cargo" "+3154cc1a3e6424e44f438a95007d043ed5ceaaf6" "fetch" "--manifest-path" "Cargo.toml", kill_on_drop: false }`
[INFO] [stderr]     Updating crates.io index
[INFO] [stderr]     Updating git repository `https://github.com/oxideai/mlx-rs`
[INFO] [stderr]     Updating git submodule `https://github.com/ml-explore/mlx-c.git`
[INFO] [stderr]  Downloading crates ...
[INFO] [stderr]   Downloaded wildmatch v2.6.1
[INFO] [stderr]   Downloaded poem-openapi-derive v5.1.16
[INFO] [stderr]   Downloaded rfc7239 v0.1.3
[INFO] [stderr]   Downloaded futures_codec v0.5.0
[INFO] [stderr]   Downloaded poem-derive v3.1.12
[INFO] [stderr]   Downloaded sse-codec v0.3.3
[INFO] [stderr]   Downloaded sqlite-vec v0.1.9
[INFO] [stderr]   Downloaded ureq-proto v0.4.2
[INFO] [stderr]   Downloaded poem v3.1.12
[INFO] [stderr]   Downloaded ureq v3.0.12
[INFO] [stderr]   Downloaded cookie_store v0.21.1
[INFO] [stderr]   Downloaded toktrie_hf_tokenizers v1.7.6
[INFO] [stderr]   Downloaded toktrie v1.7.6
[INFO] [stderr]   Downloaded poem-openapi v5.1.16
[INFO] [stderr]   Downloaded sysinfo v0.39.3
[INFO] [stderr]   Downloaded minijinja-contrib v2.21.0
[INFO] [stderr]   Downloaded mach-sys v0.5.4
[INFO] [stderr]   Downloaded minijinja v2.21.0
[INFO] [stderr]   Downloaded referencing v0.29.1
[INFO] [stderr]   Downloaded derivre v0.3.12
[INFO] [stderr]   Downloaded fluent-uri v0.3.2
[INFO] [stderr]   Downloaded llguidance v1.7.6
[INFO] running `Command { std: "docker" "create" "-v" "/var/lib/crater-agent-workspace/builds/worker-2-tc1/source:/opt/rustwide/workdir:ro,Z" "-v" "/var/lib/crater-agent-workspace/builds/worker-2-tc1/target:/opt/rustwide/target:rw,Z" "-v" "/var/lib/crater-agent-workspace/cargo-home:/opt/rustwide/cargo-home:ro,Z" "-v" "/var/lib/crater-agent-workspace/rustup-home:/opt/rustwide/rustup-home:ro,Z" "-m" "1610612736" "--network" "none" "ghcr.io/rust-lang/crates-build-env/linux@sha256:77db811e55d90add9212f6832c23229e3de5f1c1f9905e8cb07319ea15df73ac" "sleep" "infinity", kill_on_drop: false }`
[INFO] [stdout] bcf77c5a333005b6c7fceeb9c6ca7639b2cf0cd479324bd923a71bae31662749
[INFO] running `Command { std: "docker" "start" "bcf77c5a333005b6c7fceeb9c6ca7639b2cf0cd479324bd923a71bae31662749", kill_on_drop: false }`
[INFO] running `Command { std: "docker" "inspect" "bcf77c5a333005b6c7fceeb9c6ca7639b2cf0cd479324bd923a71bae31662749", kill_on_drop: false }`
[INFO] running `Command { std: "docker" "exec" "-e" "SOURCE_DIR=/opt/rustwide/workdir" "-e" "CARGO_HOME=/opt/rustwide/cargo-home" "-e" "RUSTUP_HOME=/opt/rustwide/rustup-home" "-e" "CARGO_TARGET_DIR=/opt/rustwide/target" "-w" "/opt/rustwide/workdir" "--user" "0:0" "bcf77c5a333005b6c7fceeb9c6ca7639b2cf0cd479324bd923a71bae31662749" "/opt/rustwide/cargo-home/bin/cargo" "+3154cc1a3e6424e44f438a95007d043ed5ceaaf6" "metadata" "--no-deps" "--format-version=1", kill_on_drop: false }`
[INFO] running `Command { std: "docker" "inspect" "bcf77c5a333005b6c7fceeb9c6ca7639b2cf0cd479324bd923a71bae31662749", kill_on_drop: false }`
[INFO] running `Command { std: "docker" "exec" "-e" "SOURCE_DIR=/opt/rustwide/workdir" "-e" "CARGO_HOME=/opt/rustwide/cargo-home" "-e" "RUSTUP_HOME=/opt/rustwide/rustup-home" "-e" "CARGO_TARGET_DIR=/opt/rustwide/target" "-e" "CARGO_INCREMENTAL=0" "-e" "RUST_BACKTRACE=full" "-e" "RUSTFLAGS=--cap-lints=forbid -Znext-solver=coherence" "-e" "RUSTDOCFLAGS=--cap-lints=forbid" "-w" "/opt/rustwide/workdir" "--user" "0:0" "bcf77c5a333005b6c7fceeb9c6ca7639b2cf0cd479324bd923a71bae31662749" "/opt/rustwide/cargo-home/bin/cargo" "+3154cc1a3e6424e44f438a95007d043ed5ceaaf6" "check" "--frozen" "--all" "--all-targets" "--message-format=json", kill_on_drop: false }`
[INFO] [stderr]    Compiling quote v1.0.45
[INFO] [stderr]    Compiling libc v0.2.186
[INFO] [stderr]     Checking memchr v2.8.1
[INFO] [stderr]    Compiling serde v1.0.228
[INFO] [stderr]    Compiling serde_json v1.0.150
[INFO] [stderr]    Compiling time-macros v0.2.27
[INFO] [stderr]    Compiling cc v1.2.63
[INFO] [stderr]     Checking http v1.4.2
[INFO] [stderr]     Checking log v0.4.32
[INFO] [stderr]     Checking rustls-pki-types v1.14.1
[INFO] [stderr]    Compiling rustls v0.23.28
[INFO] [stderr]     Checking simd-adler32 v0.3.9
[INFO] [stderr]    Compiling syn v2.0.117
[INFO] [stderr]     Checking miniz_oxide v0.8.9
[INFO] [stderr]     Checking webpki-roots v1.0.7
[INFO] [stderr]     Checking webpki-roots v0.26.11
[INFO] [stderr]     Checking rustls-pemfile v2.2.0
[INFO] [stderr]    Compiling zerocopy v0.8.52
[INFO] [stderr]     Checking flate2 v1.1.9
[INFO] [stderr]     Checking ureq-proto v0.4.2
[INFO] [stderr]     Checking futures-io v0.3.32
[INFO] [stderr]     Checking bitflags v2.13.0
[INFO] [stderr]     Checking time v0.3.47
[INFO] [stderr]     Checking generic-array v0.14.7
[INFO] [stderr]    Compiling winnow v1.0.3
[INFO] [stderr]     Checking aho-corasick v1.1.4
[INFO] [stderr]     Checking errno v0.3.14
[INFO] [stderr]     Checking socket2 v0.6.4
[INFO] [stderr]     Checking signal-hook-registry v1.4.8
[INFO] [stderr]     Checking mio v1.2.1
[INFO] [stderr]    Compiling ring v0.17.14
[INFO] [stderr]     Checking getrandom v0.2.17
[INFO] [stderr]     Checking getrandom v0.4.3
[INFO] [stderr]     Checking crypto-common v0.1.7
[INFO] [stderr]     Checking block-buffer v0.10.4
[INFO] [stderr]    Compiling libsqlite3-sys v0.30.1
[INFO] [stderr]     Checking uuid v1.23.4
[INFO] [stderr]     Checking getrandom v0.3.4
[INFO] [stderr]     Checking rand_core v0.9.5
[INFO] [stderr]     Checking digest v0.10.7
[INFO] [stderr]    Compiling sqlite-vec v0.1.9
[INFO] [stderr]     Checking regex-automata v0.4.14
[INFO] [stderr]    Compiling toml_parser v1.1.2+spec-1.1.0
[INFO] [stderr]     Checking sha1 v0.10.6
[INFO] [stderr]     Checking http-body v1.0.1
[INFO] [stderr]     Checking fallible-iterator v0.3.0
[INFO] [stderr]    Compiling toml_edit v0.25.12+spec-1.1.0
[INFO] [stderr]     Checking fallible-streaming-iterator v0.1.9
[INFO] [stderr]    Compiling nix v0.30.1
[INFO] [stderr]     Checking futures-channel v0.3.32
[INFO] [stderr]    Compiling multer v3.1.0
[INFO] [stderr]    Compiling proc-macro-crate v3.5.0
[INFO] [stderr]    Compiling darling_core v0.20.11
[INFO] [stderr]     Checking data-encoding v2.11.0
[INFO] [stderr]    Compiling num-traits v0.2.19
[INFO] [stderr]    Compiling convert_case v0.10.0
[INFO] [stderr]     Checking rustix v1.1.4
[INFO] [stderr]     Checking ahash v0.8.12
[INFO] [stderr]     Checking hashbrown v0.14.5
[INFO] [stderr]     Checking ppv-lite86 v0.2.21
[INFO] [stderr]     Checking rustls-webpki v0.103.13
[INFO] [stderr]     Checking rand_chacha v0.9.0
[INFO] [stderr]    Compiling serde_derive v1.0.228
[INFO] [stderr]    Compiling thiserror-impl v2.0.18
[INFO] [stderr]    Compiling tokio-macros v2.7.0
[INFO] [stderr]    Compiling tracing-attributes v0.1.31
[INFO] [stderr]     Checking tokio v1.52.3
[INFO] [stderr]    Compiling futures-macro v0.3.32
[INFO] [stderr]     Checking tracing v0.1.44
[INFO] [stderr]     Checking thiserror v2.0.18
[INFO] [stderr]     Checking hashlink v0.9.1
[INFO] [stderr]     Checking rand v0.9.4
[INFO] [stderr]    Compiling darling_macro v0.20.11
[INFO] [stderr]     Checking futures-util v0.3.32
[INFO] [stderr]     Checking parking_lot_core v0.9.12
[INFO] [stderr]     Checking headers-core v0.3.0
[INFO] [stderr]    Compiling bytes v1.11.1
[INFO] [stderr]     Checking tungstenite v0.27.0
[INFO] [stderr]     Checking fastrand v2.4.1
[INFO] [stderr]    Compiling derive_more-impl v2.1.1
[INFO] [stderr]     Checking tempfile v3.27.0
[INFO] [stderr]     Checking headers v0.4.1
[INFO] [stderr]     Checking parking_lot v0.12.5
[INFO] [stderr]     Checking rfc7239 v0.1.3
[INFO] [stderr]    Compiling darling v0.20.11
[INFO] [stderr]    Compiling regex v1.12.4
[INFO] [stderr]    Compiling poem-derive v3.1.12
[INFO] [stderr]     Checking moa-inference v0.21.0 (/opt/rustwide/workdir/crates/inference)
[INFO] [stderr]     Checking ureq v3.0.12
[INFO] [stderr]     Checking quick-xml v0.36.2
[INFO] [stderr]     Checking serde_yaml v0.9.34+deprecated
[INFO] [stderr]     Checking futures_codec v0.5.0
[INFO] [stderr]     Checking sse-codec v0.3.3
[INFO] [stderr]     Checking serde_urlencoded v0.7.1
[INFO] [stderr]     Checking tokio-util v0.7.18
[INFO] [stderr]     Checking moa-kernel v0.21.0 (/opt/rustwide/workdir/crates/kernel)
[INFO] [stderr]     Checking tokio-tungstenite v0.27.0
[INFO] [stderr]     Checking http-body-util v0.1.3
[INFO] [stderr]     Checking moa-registry v0.21.0 (/opt/rustwide/workdir/crates/registry)
[INFO] [stderr]     Checking moa-net v0.21.0 (/opt/rustwide/workdir/crates/net)
[INFO] [stderr]     Checking moa-store v0.21.0 (/opt/rustwide/workdir/crates/store)
[INFO] [stderr]     Checking moa-adk v0.21.0 (/opt/rustwide/workdir/crates/adk)
[INFO] [stderr]     Checking h2 v0.4.15
[INFO] [stderr]     Checking moa-download v0.21.0 (/opt/rustwide/workdir/crates/download)
[INFO] [stderr]     Checking tokio-stream v0.1.18
[INFO] [stderr]     Checking either v1.16.0
[INFO] [stderr]     Checking wildmatch v2.6.1
[INFO] [stderr]    Compiling poem-openapi-derive v5.1.16
[INFO] [stderr]     Checking itertools v0.14.0
[INFO] [stderr]     Checking moa-registry-hf v0.21.0 (/opt/rustwide/workdir/crates/registry-hf)
[INFO] [stderr]     Checking derive_more v2.1.1
[INFO] [stderr]     Checking matchers v0.2.0
[INFO] [stderr]     Checking tracing-log v0.2.0
[INFO] [stderr]     Checking moa-active-memory v0.21.0 (/opt/rustwide/workdir/crates/active-memory)
[INFO] [stderr]     Checking tracing-subscriber v0.3.23
[INFO] [stderr]     Checking memo-map v0.3.3
[INFO] [stderr]     Checking minijinja v2.21.0
[INFO] [stderr]    Compiling moa-inference-mlx v0.21.0 (/opt/rustwide/workdir/crates/inference-mlx)
[INFO] [stderr]     Checking moa-inference-core v0.21.0 (/opt/rustwide/workdir/crates/inference-core)
[INFO] [stderr]     Checking rusqlite v0.32.1
[INFO] [stderr]     Checking moa-kernel-sqlite v0.21.0 (/opt/rustwide/workdir/crates/kernel-sqlite)
[INFO] [stderr]     Checking hyper v1.10.1
[INFO] [stderr]     Checking minijinja-contrib v2.21.0
[INFO] [stderr]     Checking hyper-util v0.1.20
[INFO] [stdout] error[E0432]: unresolved import `super::kv_quant`
[INFO] [stdout]   --> crates/inference-mlx/src/ar/warm.rs:7:12
[INFO] [stdout]    |
[INFO] [stdout]  7 | use super::kv_quant::RunCache;
[INFO] [stdout]    |            ^^^^^^^^ could not find `kv_quant` in `super`
[INFO] [stdout]    |
[INFO] [stdout] note: found an item that was configured out
[INFO] [stdout]   --> crates/inference-mlx/src/ar/mod.rs:41:5
[INFO] [stdout]    |
[INFO] [stdout] 40 | #[cfg(mlx_metal)]
[INFO] [stdout]    |       --------- the item is gated here
[INFO] [stdout] 41 | mod kv_quant; // AR-only 4-bit KV cache for long-context decode (M31 D31.3)
[INFO] [stdout]    |     ^^^^^^^^
[INFO] [stdout] 
[INFO] [stdout] 
[INFO] [stdout] error[E0432]: unresolved import `super::weights`
[INFO] [stdout]   --> crates/inference-mlx/src/ar/warm.rs:8:12
[INFO] [stdout]    |
[INFO] [stdout]  8 | use super::weights::Decoder;
[INFO] [stdout]    |            ^^^^^^^ could not find `weights` in `super`
[INFO] [stdout]    |
[INFO] [stdout] note: found an item that was configured out
[INFO] [stdout]   --> crates/inference-mlx/src/ar/mod.rs:88:5
[INFO] [stdout]    |
[INFO] [stdout] 87 | #[cfg(mlx_metal)]
[INFO] [stdout]    |       --------- the item is gated here
[INFO] [stdout] 88 | mod weights;
[INFO] [stdout]    |     ^^^^^^^
[INFO] [stdout] 
[INFO] [stdout] 
[INFO] [stdout] error[E0432]: unresolved import `crate::kv`
[INFO] [stdout]   --> crates/inference-mlx/src/ar/warm.rs:9:12
[INFO] [stdout]    |
[INFO] [stdout]  9 | use crate::kv::DeltaState;
[INFO] [stdout]    |            ^^ could not find `kv` in the crate root
[INFO] [stdout]    |
[INFO] [stdout] note: found an item that was configured out
[INFO] [stdout]   --> crates/inference-mlx/src/lib.rs:32:5
[INFO] [stdout]    |
[INFO] [stdout] 31 | #[cfg(mlx_metal)]
[INFO] [stdout]    |       --------- the item is gated here
[INFO] [stdout] 32 | mod kv; // family-agnostic causal KV cache + attention seam (sibling to `quant`)
[INFO] [stdout]    |     ^^
[INFO] [stdout] 
[INFO] [stdout] 
[INFO] [stdout] error[E0432]: unresolved import `mlx_rs`
[INFO] [stdout]  --> crates/inference-mlx/src/ar/run_cache.rs:6:5
[INFO] [stdout]   |
[INFO] [stdout] 6 | use mlx_rs::Array;
[INFO] [stdout]   |     ^^^^^^ use of unresolved module or unlinked crate `mlx_rs`
[INFO] [stdout]   |
[INFO] [stdout]   = help: if you wanted to use a crate named `mlx_rs`, use `cargo add mlx_rs` to add it to your `Cargo.toml`
[INFO] [stdout] 
[INFO] [stdout] 
[INFO] [stdout] error[E0432]: unresolved import `super::kv_quant`
[INFO] [stdout]   --> crates/inference-mlx/src/ar/run_cache.rs:8:12
[INFO] [stdout]    |
[INFO] [stdout]  8 | use super::kv_quant::QuantKvCache;
[INFO] [stdout]    |            ^^^^^^^^ could not find `kv_quant` in `super`
[INFO] [stdout]    |
[INFO] [stdout] note: found an item that was configured out
[INFO] [stdout]   --> crates/inference-mlx/src/ar/mod.rs:41:5
[INFO] [stdout]    |
[INFO] [stdout] 40 | #[cfg(mlx_metal)]
[INFO] [stdout]    |       --------- the item is gated here
[INFO] [stdout] 41 | mod kv_quant; // AR-only 4-bit KV cache for long-context decode (M31 D31.3)
[INFO] [stdout]    |     ^^^^^^^^
[INFO] [stdout] 
[INFO] [stdout] 
[INFO] [stdout] error[E0432]: unresolved import `super::kv_quant`
[INFO] [stdout]   --> crates/inference-mlx/src/ar/warm.rs:7:12
[INFO] [stdout]    |
[INFO] [stdout]  7 | use super::kv_quant::RunCache;
[INFO] [stdout]    |            ^^^^^^^^ could not find `kv_quant` in `super`
[INFO] [stdout]    |
[INFO] [stdout] note: found an item that was configured out
[INFO] [stdout]   --> crates/inference-mlx/src/ar/mod.rs:41:5
[INFO] [stdout]    |
[INFO] [stdout] 40 | #[cfg(mlx_metal)]
[INFO] [stdout]    |       --------- the item is gated here
[INFO] [stdout] 41 | mod kv_quant; // AR-only 4-bit KV cache for long-context decode (M31 D31.3)
[INFO] [stdout]    |     ^^^^^^^^
[INFO] [stdout] 
[INFO] [stdout] 
[INFO] [stdout] error[E0432]: unresolved import `crate::kv`
[INFO] [stdout]   --> crates/inference-mlx/src/ar/run_cache.rs:9:12
[INFO] [stdout]    |
[INFO] [stdout]  9 | use crate::kv::{AttnCache, AttnParams, DeltaState, KvCache};
[INFO] [stdout]    |            ^^ could not find `kv` in the crate root
[INFO] [stdout]    |
[INFO] [stdout] note: found an item that was configured out
[INFO] [stdout]   --> crates/inference-mlx/src/lib.rs:32:5
[INFO] [stdout]    |
[INFO] [stdout] 31 | #[cfg(mlx_metal)]
[INFO] [stdout]    |       --------- the item is gated here
[INFO] [stdout] 32 | mod kv; // family-agnostic causal KV cache + attention seam (sibling to `quant`)
[INFO] [stdout]    |     ^^
[INFO] [stdout] 
[INFO] [stdout] 
[INFO] [stdout] error[E0432]: unresolved import `super::weights`
[INFO] [stdout]   --> crates/inference-mlx/src/ar/warm.rs:8:12
[INFO] [stdout]    |
[INFO] [stdout]  8 | use super::weights::Decoder;
[INFO] [stdout]    |            ^^^^^^^ could not find `weights` in `super`
[INFO] [stdout]    |
[INFO] [stdout] note: found an item that was configured out
[INFO] [stdout]   --> crates/inference-mlx/src/ar/mod.rs:88:5
[INFO] [stdout]    |
[INFO] [stdout] 87 | #[cfg(mlx_metal)]
[INFO] [stdout]    |       --------- the item is gated here
[INFO] [stdout] 88 | mod weights;
[INFO] [stdout]    |     ^^^^^^^
[INFO] [stdout] 
[INFO] [stdout] 
[INFO] [stdout] error[E0432]: unresolved import `crate::kv`
[INFO] [stdout]   --> crates/inference-mlx/src/ar/warm.rs:9:12
[INFO] [stdout]    |
[INFO] [stdout]  9 | use crate::kv::DeltaState;
[INFO] [stdout]    |            ^^ could not find `kv` in the crate root
[INFO] [stdout]    |
[INFO] [stdout] note: found an item that was configured out
[INFO] [stdout]   --> crates/inference-mlx/src/lib.rs:32:5
[INFO] [stdout]    |
[INFO] [stdout] 31 | #[cfg(mlx_metal)]
[INFO] [stdout]    |       --------- the item is gated here
[INFO] [stdout] 32 | mod kv; // family-agnostic causal KV cache + attention seam (sibling to `quant`)
[INFO] [stdout]    |     ^^
[INFO] [stdout] 
[INFO] [stdout] 
[INFO] [stdout] error[E0432]: unresolved import `super::super::kv_quant`
[INFO] [stdout]   --> crates/inference-mlx/src/ar/warm_tests.rs:7:19
[INFO] [stdout]    |
[INFO] [stdout]  7 | use super::super::kv_quant::RunCache;
[INFO] [stdout]    |                   ^^^^^^^^ could not find `kv_quant` in `super`
[INFO] [stdout]    |
[INFO] [stdout] note: found an item that was configured out
[INFO] [stdout]   --> crates/inference-mlx/src/ar/mod.rs:41:5
[INFO] [stdout]    |
[INFO] [stdout] 40 | #[cfg(mlx_metal)]
[INFO] [stdout]    |       --------- the item is gated here
[INFO] [stdout] 41 | mod kv_quant; // AR-only 4-bit KV cache for long-context decode (M31 D31.3)
[INFO] [stdout]    |     ^^^^^^^^
[INFO] [stdout] 
[INFO] [stdout] 
[INFO] [stdout] error[E0432]: unresolved import `mlx_rs`
[INFO] [stdout]  --> crates/inference-mlx/src/ar/run_cache.rs:6:5
[INFO] [stdout]   |
[INFO] [stdout] 6 | use mlx_rs::Array;
[INFO] [stdout]   |     ^^^^^^ use of unresolved module or unlinked crate `mlx_rs`
[INFO] [stdout]   |
[INFO] [stdout]   = help: if you wanted to use a crate named `mlx_rs`, use `cargo add mlx_rs` to add it to your `Cargo.toml`
[INFO] [stdout] 
[INFO] [stdout] 
[INFO] [stdout] error[E0432]: unresolved import `super::kv_quant`
[INFO] [stdout]   --> crates/inference-mlx/src/ar/run_cache.rs:8:12
[INFO] [stdout]    |
[INFO] [stdout]  8 | use super::kv_quant::QuantKvCache;
[INFO] [stdout]    |            ^^^^^^^^ could not find `kv_quant` in `super`
[INFO] [stdout]    |
[INFO] [stdout] note: found an item that was configured out
[INFO] [stdout]   --> crates/inference-mlx/src/ar/mod.rs:41:5
[INFO] [stdout]    |
[INFO] [stdout] 40 | #[cfg(mlx_metal)]
[INFO] [stdout]    |       --------- the item is gated here
[INFO] [stdout] 41 | mod kv_quant; // AR-only 4-bit KV cache for long-context decode (M31 D31.3)
[INFO] [stdout]    |     ^^^^^^^^
[INFO] [stdout] 
[INFO] [stdout] 
[INFO] [stdout] error[E0432]: unresolved import `crate::kv`
[INFO] [stdout]   --> crates/inference-mlx/src/ar/run_cache.rs:9:12
[INFO] [stdout]    |
[INFO] [stdout]  9 | use crate::kv::{AttnCache, AttnParams, DeltaState, KvCache};
[INFO] [stdout]    |            ^^ could not find `kv` in the crate root
[INFO] [stdout]    |
[INFO] [stdout] note: found an item that was configured out
[INFO] [stdout]   --> crates/inference-mlx/src/lib.rs:32:5
[INFO] [stdout]    |
[INFO] [stdout] 31 | #[cfg(mlx_metal)]
[INFO] [stdout]    |       --------- the item is gated here
[INFO] [stdout] 32 | mod kv; // family-agnostic causal KV cache + attention seam (sibling to `quant`)
[INFO] [stdout]    |     ^^
[INFO] [stdout] 
[INFO] [stdout] 
[INFO] [stdout] error[E0433]: cannot find `tokenizer` in `serving`
[INFO] [stdout]    --> crates/inference-mlx/src/prompt/render_tests.rs:215:31
[INFO] [stdout]     |
[INFO] [stdout] 215 |     let tok = crate::serving::tokenizer::Tokenizer::load(&dir).expect("tokenizer");
[INFO] [stdout]     |                               ^^^^^^^^^ could not find `tokenizer` in `serving`
[INFO] [stdout]     |
[INFO] [stdout] note: found an item that was configured out
[INFO] [stdout]    --> crates/inference-mlx/src/serving/mod.rs:19:9
[INFO] [stdout]     |
[INFO] [stdout]  18 | #[cfg(mlx_metal)]
[INFO] [stdout]     |       --------- the item is gated here
[INFO] [stdout]  19 | pub mod tokenizer;
[INFO] [stdout]     |         ^^^^^^^^^
[INFO] [stdout] help: there is an enum variant `registry::ArtifactKind::Tokenizer`; try using the variant's enum
[INFO] [stdout]     |
[INFO] [stdout] 215 -     let tok = crate::serving::tokenizer::Tokenizer::load(&dir).expect("tokenizer");
[INFO] [stdout] 215 +     let tok = registry::ArtifactKind::load(&dir).expect("tokenizer");
[INFO] [stdout]     |
[INFO] [stdout] 
[INFO] [stdout] 
[INFO] [stderr]     Checking poem v3.1.12
[INFO] [stdout] error[E0425]: cannot find value `GENERATION_OPENER_MAX` in module `crate::ar`
[INFO] [stdout]    --> crates/inference-mlx/src/prompt/render_tests.rs:227:37
[INFO] [stdout]     |
[INFO] [stdout] 227 |             shortfall <= crate::ar::GENERATION_OPENER_MAX,
[INFO] [stdout]     |                                     ^^^^^^^^^^^^^^^^^^^^^ not found in `crate::ar`
[INFO] [stdout]     |
[INFO] [stdout] note: found an item that was configured out
[INFO] [stdout]    --> crates/inference-mlx/src/ar/mod.rs:39:22
[INFO] [stdout]     |
[INFO] [stdout]  38 | #[cfg(all(mlx_metal, test))]
[INFO] [stdout]     |           --------- the item is gated here
[INFO] [stdout]  39 | pub(crate) use warm::GENERATION_OPENER_MAX; // the render-layer invariant test pins templates to it
[INFO] [stdout]     |                      ^^^^^^^^^^^^^^^^^^^^^
[INFO] [stdout] note: constant `crate::ar::warm::GENERATION_OPENER_MAX` exists but is inaccessible
[INFO] [stdout]    --> crates/inference-mlx/src/ar/warm.rs:72:1
[INFO] [stdout]     |
[INFO] [stdout]  72 | pub(crate) const GENERATION_OPENER_MAX: usize = 12;
[INFO] [stdout]     | ^^^^^^^^^^^^^^^^^^^^^^^^^^^^^^^^^^^^^^^^^^^^^^^^^^^ not accessible
[INFO] [stdout] 
[INFO] [stdout] 
[INFO] [stdout] For more information about this error, try `rustc --explain E0432`.
[INFO] [stdout] 
[INFO] [stdout] Some errors have detailed explanations: E0425, E0432, E0433.
[INFO] [stdout] 
[INFO] [stdout] For more information about an error, try `rustc --explain E0425`.
[INFO] [stdout] 
[INFO] [stderr] error: could not compile `moa-inference-mlx` (lib test) due to 9 previous errors
[INFO] [stderr] warning: build failed, waiting for other jobs to finish...
[INFO] [stderr] error: could not compile `moa-inference-mlx` (lib) due to 6 previous errors
[INFO] running `Command { std: "docker" "inspect" "bcf77c5a333005b6c7fceeb9c6ca7639b2cf0cd479324bd923a71bae31662749", kill_on_drop: false }`
[INFO] running `Command { std: "docker" "rm" "-f" "bcf77c5a333005b6c7fceeb9c6ca7639b2cf0cd479324bd923a71bae31662749", kill_on_drop: false }`
[INFO] [stdout] bcf77c5a333005b6c7fceeb9c6ca7639b2cf0cd479324bd923a71bae31662749
