[INFO] cloning repository https://github.com/kirkiano/vennstore
[INFO] running `Command { std: "git" "-c" "credential.helper=" "-c" "credential.helper=/workspace/cargo-home/bin/git-credential-null" "clone" "--bare" "https://github.com/kirkiano/vennstore" "/workspace/cache/git-repos/https%3A%2F%2Fgithub.com%2Fkirkiano%2Fvennstore", kill_on_drop: false }`
[INFO] [stderr] Cloning into bare repository '/workspace/cache/git-repos/https%3A%2F%2Fgithub.com%2Fkirkiano%2Fvennstore'...
[INFO] running `Command { std: "git" "rev-parse" "HEAD", kill_on_drop: false }`
[INFO] [stdout] 5fd32d70202d03a13e6490d3841014d56240d644
[INFO] checking kirkiano/vennstore against 3154cc1a3e6424e44f438a95007d043ed5ceaaf6+rustflags=-Znext-solver=coherence for pr-133502-30
[INFO] running `Command { std: "git" "clone" "/workspace/cache/git-repos/https%3A%2F%2Fgithub.com%2Fkirkiano%2Fvennstore" "/workspace/builds/worker-1-tc1/source", kill_on_drop: false }`
[INFO] [stderr] Cloning into '/workspace/builds/worker-1-tc1/source'...
[INFO] [stderr] done.
[INFO] started tweaking git repo https://github.com/kirkiano/vennstore
[INFO] finished tweaking git repo https://github.com/kirkiano/vennstore
[INFO] tweaked toml for git repo https://github.com/kirkiano/vennstore written to /workspace/builds/worker-1-tc1/source/Cargo.toml
[INFO] validating manifest of git repo https://github.com/kirkiano/vennstore on toolchain 3154cc1a3e6424e44f438a95007d043ed5ceaaf6
[INFO] running `Command { std: CARGO_HOME="/workspace/cargo-home" RUSTUP_HOME="/workspace/rustup-home" "/workspace/cargo-home/bin/cargo" "+3154cc1a3e6424e44f438a95007d043ed5ceaaf6" "metadata" "--manifest-path" "Cargo.toml" "--no-deps", kill_on_drop: false }`
[INFO] crate git repo https://github.com/kirkiano/vennstore already has a lockfile, it will not be regenerated
[INFO] running `Command { std: CARGO_HOME="/workspace/cargo-home" RUSTUP_HOME="/workspace/rustup-home" "/workspace/cargo-home/bin/cargo" "+3154cc1a3e6424e44f438a95007d043ed5ceaaf6" "fetch" "--manifest-path" "Cargo.toml", kill_on_drop: false }`
[INFO] [stderr]  Downloading crates ...
[INFO] [stderr]   Downloaded proc-macro2 v1.0.97
[INFO] [stderr]   Downloaded thiserror-impl v2.0.14
[INFO] [stderr]   Downloaded thiserror v2.0.14
[INFO] running `Command { std: "docker" "create" "-v" "/var/lib/crater-agent-workspace/builds/worker-1-tc1/source:/opt/rustwide/workdir:ro,Z" "-v" "/var/lib/crater-agent-workspace/builds/worker-1-tc1/target:/opt/rustwide/target:rw,Z" "-v" "/var/lib/crater-agent-workspace/cargo-home:/opt/rustwide/cargo-home:ro,Z" "-v" "/var/lib/crater-agent-workspace/rustup-home:/opt/rustwide/rustup-home:ro,Z" "-m" "1610612736" "--network" "none" "ghcr.io/rust-lang/crates-build-env/linux@sha256:77db811e55d90add9212f6832c23229e3de5f1c1f9905e8cb07319ea15df73ac" "sleep" "infinity", kill_on_drop: false }`
[INFO] [stdout] 783bd66843d198496b314a48ab9e85e03340e00840c5efc829944cbbbd788a23
[INFO] running `Command { std: "docker" "start" "783bd66843d198496b314a48ab9e85e03340e00840c5efc829944cbbbd788a23", kill_on_drop: false }`
[INFO] running `Command { std: "docker" "inspect" "783bd66843d198496b314a48ab9e85e03340e00840c5efc829944cbbbd788a23", kill_on_drop: false }`
[INFO] running `Command { std: "docker" "exec" "-e" "SOURCE_DIR=/opt/rustwide/workdir" "-e" "CARGO_HOME=/opt/rustwide/cargo-home" "-e" "RUSTUP_HOME=/opt/rustwide/rustup-home" "-e" "CARGO_TARGET_DIR=/opt/rustwide/target" "-w" "/opt/rustwide/workdir" "--user" "0:0" "783bd66843d198496b314a48ab9e85e03340e00840c5efc829944cbbbd788a23" "/opt/rustwide/cargo-home/bin/cargo" "+3154cc1a3e6424e44f438a95007d043ed5ceaaf6" "metadata" "--no-deps" "--format-version=1", kill_on_drop: false }`
[INFO] running `Command { std: "docker" "inspect" "783bd66843d198496b314a48ab9e85e03340e00840c5efc829944cbbbd788a23", kill_on_drop: false }`
[INFO] running `Command { std: "docker" "exec" "-e" "SOURCE_DIR=/opt/rustwide/workdir" "-e" "CARGO_HOME=/opt/rustwide/cargo-home" "-e" "RUSTUP_HOME=/opt/rustwide/rustup-home" "-e" "CARGO_TARGET_DIR=/opt/rustwide/target" "-e" "CARGO_INCREMENTAL=0" "-e" "RUST_BACKTRACE=full" "-e" "RUSTFLAGS=--cap-lints=forbid -Znext-solver=coherence" "-e" "RUSTDOCFLAGS=--cap-lints=forbid" "-w" "/opt/rustwide/workdir" "--user" "0:0" "783bd66843d198496b314a48ab9e85e03340e00840c5efc829944cbbbd788a23" "/opt/rustwide/cargo-home/bin/cargo" "+3154cc1a3e6424e44f438a95007d043ed5ceaaf6" "check" "--frozen" "--all" "--all-targets" "--message-format=json", kill_on_drop: false }`
[INFO] [stderr]    Compiling proc-macro2 v1.0.97
[INFO] [stderr]    Compiling libc v0.2.175
[INFO] [stderr]    Compiling thiserror v2.0.14
[INFO] [stderr]     Checking is_terminal_polyfill v1.70.1
[INFO] [stderr]    Compiling libsqlite3-sys v0.35.0
[INFO] [stderr]     Checking anstyle-query v1.1.4
[INFO] [stderr]     Checking anstyle v1.0.11
[INFO] [stderr]     Checking clap_lex v0.7.5
[INFO] [stderr]     Checking sha1 v0.10.6
[INFO] [stderr]     Checking anstream v0.6.20
[INFO] [stderr]     Checking rusqlite v0.37.0
[INFO] [stderr]     Checking clap_builder v4.5.44
[INFO] [stderr]    Compiling quote v1.0.40
[INFO] [stderr]     Checking dirs-sys v0.5.0
[INFO] [stderr]    Compiling syn v2.0.104
[INFO] [stderr]     Checking dirs v6.0.0
[INFO] [stderr]     Checking util v0.1.0 (/opt/rustwide/workdir/util)
[INFO] [stderr]    Compiling thiserror-impl v2.0.14
[INFO] [stderr]    Compiling clap_derive v4.5.45
[INFO] [stderr]     Checking vs v0.1.0 (/opt/rustwide/workdir/vs)
[INFO] [stdout] warning: unused import: `util::Filename`
[INFO] [stdout]  --> vs/src/root2.rs:3:5
[INFO] [stdout]   |
[INFO] [stdout] 3 | use util::Filename;
[INFO] [stdout]   |     ^^^^^^^^^^^^^^
[INFO] [stdout]   |
[INFO] [stdout]   = note: `#[warn(unused_imports)]` (part of `#[warn(unused)]`) on by default
[INFO] [stdout] 
[INFO] [stdout] 
[INFO] [stdout] warning: unused import: `util::Filename`
[INFO] [stdout]  --> vs/src/root2.rs:3:5
[INFO] [stdout]   |
[INFO] [stdout] 3 | use util::Filename;
[INFO] [stdout]   |     ^^^^^^^^^^^^^^
[INFO] [stdout]   |
[INFO] [stdout]   = note: `#[warn(unused_imports)]` (part of `#[warn(unused)]`) on by default
[INFO] [stdout] 
[INFO] [stdout] 
[INFO] [stderr]     Checking clap v4.5.45
[INFO] [stdout] warning: field `sqlite` is never read
[INFO] [stdout]   --> vs/src/sqlite_tree2/struc.rs:13:16
[INFO] [stdout]    |
[INFO] [stdout] 11 | pub struct SqliteFileTree2 {
[INFO] [stdout]    |            --------------- field in this struct
[INFO] [stdout] 12 |     pub(super) root: RootPath2,
[INFO] [stdout] 13 |     pub(super) sqlite: Connection,
[INFO] [stdout]    |                ^^^^^^
[INFO] [stdout]    |
[INFO] [stdout]    = note: `SqliteFileTree2` has a derived impl for the trait `Debug`, but this is intentionally ignored during dead code analysis
[INFO] [stdout]    = note: `#[warn(dead_code)]` (part of `#[warn(unused)]`) on by default
[INFO] [stdout] 
[INFO] [stdout] 
[INFO] [stdout] warning: field `sqlite` is never read
[INFO] [stdout]   --> vs/src/sqlite_tree2/struc.rs:13:16
[INFO] [stdout]    |
[INFO] [stdout] 11 | pub struct SqliteFileTree2 {
[INFO] [stdout]    |            --------------- field in this struct
[INFO] [stdout] 12 |     pub(super) root: RootPath2,
[INFO] [stdout] 13 |     pub(super) sqlite: Connection,
[INFO] [stdout]    |                ^^^^^^
[INFO] [stdout]    |
[INFO] [stdout]    = note: `SqliteFileTree2` has a derived impl for the trait `Debug`, but this is intentionally ignored during dead code analysis
[INFO] [stdout]    = note: `#[warn(dead_code)]` (part of `#[warn(unused)]`) on by default
[INFO] [stdout] 
[INFO] [stdout] 
[INFO] [stderr]     Checking vs-cmdline v0.1.0 (/opt/rustwide/workdir/vs-cmdline)
[INFO] [stdout] error[E0277]: the trait bound `SqliteFileTree2: Store` is not satisfied
[INFO] [stdout]   --> vs-cmdline/src/main.rs:17:26
[INFO] [stdout]    |
[INFO] [stdout] 17 |     if let Err(e) = exec(&sft, cmd) { println!("{}", e); }
[INFO] [stdout]    |                     ---- ^^^^ the trait `util::has::Has<Tree>` is not implemented for `SqliteFileTree2`
[INFO] [stdout]    |                     |
[INFO] [stdout]    |                     required by a bound introduced by this call
[INFO] [stdout]    |
[INFO] [stdout] help: the trait `Has<Tree>` is not implemented for `SqliteFileTree2`
[INFO] [stdout]       but trait `Has<Tree2>` is implemented for it
[INFO] [stdout]   --> vs/src/sqlite_tree2/struc.rs:37:1
[INFO] [stdout]    |
[INFO] [stdout] 37 | impl Has<Tree2> for SqliteFileTree2 {
[INFO] [stdout]    | ^^^^^^^^^^^^^^^^^^^^^^^^^^^^^^^^^^^
[INFO] [stdout]    = help: for that trait implementation, expected `Tree2`, found `Tree`
[INFO] [stdout]    = note: required for `SqliteFileTree2` to implement `Store`
[INFO] [stdout] note: required by a bound in `vs_cmdline::exec`
[INFO] [stdout]   --> vs-cmdline/src/exec.rs:9:16
[INFO] [stdout]    |
[INFO] [stdout]  9 | pub fn exec<S: Store>(s: &S, c: Command) -> Result<()> {
[INFO] [stdout]    |                ^^^^^ required by this bound in `exec`
[INFO] [stdout] 
[INFO] [stdout] 
[INFO] [stdout] error[E0277]: the trait bound `SqliteFileTree2: Store` is not satisfied
[INFO] [stdout]   --> vs-cmdline/src/main.rs:17:26
[INFO] [stdout]    |
[INFO] [stdout] 17 |     if let Err(e) = exec(&sft, cmd) { println!("{}", e); }
[INFO] [stdout]    |                     ---- ^^^^ unsatisfied trait bound
[INFO] [stdout]    |                     |
[INFO] [stdout]    |                     required by a bound introduced by this call
[INFO] [stdout]    |
[INFO] [stdout]    = help: the trait `vs::traits::Insert<util::path::proper_path_buf::ProperPathBuf, util::path::filename::Filename, vs::Error>` is not implemented for `SqliteFileTree2`
[INFO] [stdout]    = help: the following other types implement trait `vs::traits::Insert<T, R, E>`:
[INFO] [stdout]              `SqliteFileTree` implements `Insert<(Filename, Tag), (), Error>`
[INFO] [stdout]              `SqliteFileTree` implements `Insert<ProperPathBuf, Filename, Error>`
[INFO] [stdout]              `SqliteFileTree` implements `vs::traits::Insert<vs::Tag, vs::Tag, vs::sqlite_tree::error::Error>`
[INFO] [stdout]              `Tree` implements `Insert<ProperPathBuf, Filename, Error>`
[INFO] [stdout]              `rusqlite::Connection` implements `vs::traits::Insert<(util::path::filename::Filename, vs::Tag), (), vs::sqlite::error::Error>`
[INFO] [stdout]              `rusqlite::Connection` implements `Insert<Filename, Filename, Error>`
[INFO] [stdout]              `rusqlite::Connection` implements `vs::traits::Insert<vs::Tag, vs::Tag, vs::sqlite::error::Error>`
[INFO] [stdout]    = note: required for `SqliteFileTree2` to implement `Store`
[INFO] [stdout] note: required by a bound in `vs_cmdline::exec`
[INFO] [stdout]   --> vs-cmdline/src/exec.rs:9:16
[INFO] [stdout]    |
[INFO] [stdout]  9 | pub fn exec<S: Store>(s: &S, c: Command) -> Result<()> {
[INFO] [stdout]    |                ^^^^^ required by this bound in `exec`
[INFO] [stdout]    = note: the full name for the type has been written to '/opt/rustwide/target/debug/build/vs-cmdline/461e55432083a030/out/vs_cmdline-461e55432083a030.long-type-9381817687170614046.txt'
[INFO] [stdout]    = note: consider using `--verbose` to print the full type name to the console
[INFO] [stdout] 
[INFO] [stdout] 
[INFO] [stdout] error[E0277]: the trait bound `SqliteFileTree2: Store` is not satisfied
[INFO] [stdout]   --> vs-cmdline/src/main.rs:17:26
[INFO] [stdout]    |
[INFO] [stdout] 17 |     if let Err(e) = exec(&sft, cmd) { println!("{}", e); }
[INFO] [stdout]    |                     ---- ^^^^ the trait `vs::traits::Insert<(util::path::filename::Filename, vs::Tag), (), vs::Error>` is not implemented for `SqliteFileTree2`
[INFO] [stdout]    |                     |
[INFO] [stdout]    |                     required by a bound introduced by this call
[INFO] [stdout]    |
[INFO] [stdout]    = help: the following other types implement trait `vs::traits::Insert<T, R, E>`:
[INFO] [stdout]              `SqliteFileTree` implements `Insert<(Filename, Tag), (), Error>`
[INFO] [stdout]              `SqliteFileTree` implements `Insert<ProperPathBuf, Filename, Error>`
[INFO] [stdout]              `SqliteFileTree` implements `vs::traits::Insert<vs::Tag, vs::Tag, vs::sqlite_tree::error::Error>`
[INFO] [stdout]              `Tree` implements `Insert<ProperPathBuf, Filename, Error>`
[INFO] [stdout]              `rusqlite::Connection` implements `vs::traits::Insert<(util::path::filename::Filename, vs::Tag), (), vs::sqlite::error::Error>`
[INFO] [stdout]              `rusqlite::Connection` implements `Insert<Filename, Filename, Error>`
[INFO] [stdout]              `rusqlite::Connection` implements `vs::traits::Insert<vs::Tag, vs::Tag, vs::sqlite::error::Error>`
[INFO] [stdout]    = note: required for `SqliteFileTree2` to implement `Store`
[INFO] [stdout] note: required by a bound in `vs_cmdline::exec`
[INFO] [stdout]   --> vs-cmdline/src/exec.rs:9:16
[INFO] [stdout]    |
[INFO] [stdout]  9 | pub fn exec<S: Store>(s: &S, c: Command) -> Result<()> {
[INFO] [stdout]    |                ^^^^^ required by this bound in `exec`
[INFO] [stdout]    = note: the full name for the type has been written to '/opt/rustwide/target/debug/build/vs-cmdline/461e55432083a030/out/vs_cmdline-461e55432083a030.long-type-9381817687170614046.txt'
[INFO] [stdout]    = note: consider using `--verbose` to print the full type name to the console
[INFO] [stdout] 
[INFO] [stdout] 
[INFO] [stdout] error[E0277]: the trait bound `SqliteFileTree2: Store` is not satisfied
[INFO] [stdout]   --> vs-cmdline/src/main.rs:17:26
[INFO] [stdout]    |
[INFO] [stdout] 17 |     if let Err(e) = exec(&sft, cmd) { println!("{}", e); }
[INFO] [stdout]    |                     ---- ^^^^ the trait `Lookup<vs::Tag, HashSet<util::path::filename::Filename>, vs::Error>` is not implemented for `SqliteFileTree2`
[INFO] [stdout]    |                     |
[INFO] [stdout]    |                     required by a bound introduced by this call
[INFO] [stdout]    |
[INFO] [stdout]    = help: the following other types implement trait `Lookup<T, R, E>`:
[INFO] [stdout]              `SqliteFileTree` implements `Lookup<util::path::filename::Filename, HashSet<vs::Tag>, vs::sqlite_tree::error::Error>`
[INFO] [stdout]              `SqliteFileTree` implements `Lookup<vs::Tag, HashSet<util::path::filename::Filename>, vs::sqlite_tree::error::Error>`
[INFO] [stdout]              `Staging` implements `Lookup<(), Vec<PathBuf>, std::io::Error>`
[INFO] [stdout]              `Staging` implements `Lookup<util::path::filename::Filename, PathBuf, vs::Error>`
[INFO] [stdout]              `Tree2` implements `Lookup<(), Vec<PathBuf>, std::io::Error>`
[INFO] [stdout]              `rusqlite::Connection` implements `Lookup<util::path::filename::Filename, HashSet<vs::Tag>, vs::sqlite::error::Error>`
[INFO] [stdout]              `rusqlite::Connection` implements `Lookup<vs::Tag, HashSet<util::path::filename::Filename>, vs::sqlite::error::Error>`
[INFO] [stdout]    = note: required for `SqliteFileTree2` to implement `Store`
[INFO] [stdout] note: required by a bound in `vs_cmdline::exec`
[INFO] [stdout]   --> vs-cmdline/src/exec.rs:9:16
[INFO] [stdout]    |
[INFO] [stdout]  9 | pub fn exec<S: Store>(s: &S, c: Command) -> Result<()> {
[INFO] [stdout]    |                ^^^^^ required by this bound in `exec`
[INFO] [stdout] 
[INFO] [stdout] 
[INFO] [stdout] error[E0277]: the trait bound `SqliteFileTree2: Store` is not satisfied
[INFO] [stdout]   --> vs-cmdline/src/main.rs:17:26
[INFO] [stdout]    |
[INFO] [stdout] 17 |     if let Err(e) = exec(&sft, cmd) { println!("{}", e); }
[INFO] [stdout]    |                     ---- ^^^^ the trait `Lookup<util::path::filename::Filename, HashSet<vs::Tag>, vs::Error>` is not implemented for `SqliteFileTree2`
[INFO] [stdout]    |                     |
[INFO] [stdout]    |                     required by a bound introduced by this call
[INFO] [stdout]    |
[INFO] [stdout]    = help: the following other types implement trait `Lookup<T, R, E>`:
[INFO] [stdout]              `SqliteFileTree` implements `Lookup<util::path::filename::Filename, HashSet<vs::Tag>, vs::sqlite_tree::error::Error>`
[INFO] [stdout]              `SqliteFileTree` implements `Lookup<vs::Tag, HashSet<util::path::filename::Filename>, vs::sqlite_tree::error::Error>`
[INFO] [stdout]              `Staging` implements `Lookup<(), Vec<PathBuf>, std::io::Error>`
[INFO] [stdout]              `Staging` implements `Lookup<util::path::filename::Filename, PathBuf, vs::Error>`
[INFO] [stdout]              `Tree2` implements `Lookup<(), Vec<PathBuf>, std::io::Error>`
[INFO] [stdout]              `rusqlite::Connection` implements `Lookup<util::path::filename::Filename, HashSet<vs::Tag>, vs::sqlite::error::Error>`
[INFO] [stdout]              `rusqlite::Connection` implements `Lookup<vs::Tag, HashSet<util::path::filename::Filename>, vs::sqlite::error::Error>`
[INFO] [stdout]    = note: required for `SqliteFileTree2` to implement `Store`
[INFO] [stdout] note: required by a bound in `vs_cmdline::exec`
[INFO] [stdout]   --> vs-cmdline/src/exec.rs:9:16
[INFO] [stdout]    |
[INFO] [stdout]  9 | pub fn exec<S: Store>(s: &S, c: Command) -> Result<()> {
[INFO] [stdout]    |                ^^^^^ required by this bound in `exec`
[INFO] [stdout] 
[INFO] [stdout] 
[INFO] [stdout] error[E0277]: the trait bound `SqliteFileTree2: Store` is not satisfied
[INFO] [stdout]   --> vs-cmdline/src/main.rs:17:26
[INFO] [stdout]    |
[INFO] [stdout] 17 |     if let Err(e) = exec(&sft, cmd) { println!("{}", e); }
[INFO] [stdout]    |                     ---- ^^^^ unsatisfied trait bound
[INFO] [stdout]    |                     |
[INFO] [stdout]    |                     required by a bound introduced by this call
[INFO] [stdout]    |
[INFO] [stdout]    = help: the trait `vs::traits::Remove<util::path::filename::Filename, util::path::proper_path_buf::ProperPathBuf, vs::Error>` is not implemented for `SqliteFileTree2`
[INFO] [stdout] help: the following other types implement trait `vs::traits::Remove<T, D, E>`
[INFO] [stdout]   --> vs/src/sqlite_tree/impls/file.rs:21:1
[INFO] [stdout]    |
[INFO] [stdout] 21 | impl Remove<Filename, ProperPathBuf, Error> for SqliteFileTree {
[INFO] [stdout]    | ^^^^^^^^^^^^^^^^^^^^^^^^^^^^^^^^^^^^^^^^^^^^^^^^^^^^^^^^^^^^^^ `SqliteFileTree` implements `Remove<Filename, ProperPathBuf, Error>`
[INFO] [stdout]    |
[INFO] [stdout]   ::: vs/src/tree/impls.rs:58:1
[INFO] [stdout]    |
[INFO] [stdout] 58 | impl Remove<Filename, ProperPathBuf, Error> for Tree {
[INFO] [stdout]    | ^^^^^^^^^^^^^^^^^^^^^^^^^^^^^^^^^^^^^^^^^^^^^^^^^^^^ `Tree` implements `Remove<Filename, ProperPathBuf, Error>`
[INFO] [stdout]    = note: required for `SqliteFileTree2` to implement `Store`
[INFO] [stdout] note: required by a bound in `vs_cmdline::exec`
[INFO] [stdout]   --> vs-cmdline/src/exec.rs:9:16
[INFO] [stdout]    |
[INFO] [stdout]  9 | pub fn exec<S: Store>(s: &S, c: Command) -> Result<()> {
[INFO] [stdout]    |                ^^^^^ required by this bound in `exec`
[INFO] [stdout]    = note: the full name for the type has been written to '/opt/rustwide/target/debug/build/vs-cmdline/461e55432083a030/out/vs_cmdline-461e55432083a030.long-type-2151008982485035798.txt'
[INFO] [stdout]    = note: consider using `--verbose` to print the full type name to the console
[INFO] [stdout] 
[INFO] [stdout] 
[INFO] [stdout] For more information about this error, try `rustc --explain E0277`.
[INFO] [stdout] 
[INFO] [stdout] error[E0277]: the trait bound `SqliteFileTree2: Store` is not satisfied
[INFO] [stdout]   --> vs-cmdline/src/main.rs:17:26
[INFO] [stdout]    |
[INFO] [stdout] 17 |     if let Err(e) = exec(&sft, cmd) { println!("{}", e); }
[INFO] [stdout]    |                     ---- ^^^^ the trait `util::has::Has<Tree>` is not implemented for `SqliteFileTree2`
[INFO] [stdout]    |                     |
[INFO] [stdout]    |                     required by a bound introduced by this call
[INFO] [stdout]    |
[INFO] [stdout] help: the trait `Has<Tree>` is not implemented for `SqliteFileTree2`
[INFO] [stdout]       but trait `Has<Tree2>` is implemented for it
[INFO] [stdout]   --> vs/src/sqlite_tree2/struc.rs:37:1
[INFO] [stdout]    |
[INFO] [stdout] 37 | impl Has<Tree2> for SqliteFileTree2 {
[INFO] [stdout]    | ^^^^^^^^^^^^^^^^^^^^^^^^^^^^^^^^^^^
[INFO] [stdout]    = help: for that trait implementation, expected `Tree2`, found `Tree`
[INFO] [stdout]    = note: required for `SqliteFileTree2` to implement `Store`
[INFO] [stdout] note: required by a bound in `vs_cmdline::exec`
[INFO] [stdout]   --> vs-cmdline/src/exec.rs:9:16
[INFO] [stdout]    |
[INFO] [stdout]  9 | pub fn exec<S: Store>(s: &S, c: Command) -> Result<()> {
[INFO] [stdout]    |                ^^^^^ required by this bound in `exec`
[INFO] [stdout] 
[INFO] [stdout] 
[INFO] [stdout] error[E0277]: the trait bound `SqliteFileTree2: Store` is not satisfied
[INFO] [stdout]   --> vs-cmdline/src/main.rs:17:26
[INFO] [stdout]    |
[INFO] [stdout] 17 |     if let Err(e) = exec(&sft, cmd) { println!("{}", e); }
[INFO] [stdout]    |                     ---- ^^^^ unsatisfied trait bound
[INFO] [stdout]    |                     |
[INFO] [stdout]    |                     required by a bound introduced by this call
[INFO] [stdout]    |
[INFO] [stdout]    = help: the trait `vs::traits::Insert<util::path::proper_path_buf::ProperPathBuf, util::path::filename::Filename, vs::Error>` is not implemented for `SqliteFileTree2`
[INFO] [stdout]    = help: the following other types implement trait `vs::traits::Insert<T, R, E>`:
[INFO] [stdout]              `SqliteFileTree` implements `Insert<(Filename, Tag), (), Error>`
[INFO] [stdout]              `SqliteFileTree` implements `Insert<ProperPathBuf, Filename, Error>`
[INFO] [stdout]              `SqliteFileTree` implements `vs::traits::Insert<vs::Tag, vs::Tag, vs::sqlite_tree::error::Error>`
[INFO] [stdout]              `Tree` implements `Insert<ProperPathBuf, Filename, Error>`
[INFO] [stdout]              `rusqlite::Connection` implements `vs::traits::Insert<(util::path::filename::Filename, vs::Tag), (), vs::sqlite::error::Error>`
[INFO] [stdout]              `rusqlite::Connection` implements `Insert<Filename, Filename, Error>`
[INFO] [stdout]              `rusqlite::Connection` implements `vs::traits::Insert<vs::Tag, vs::Tag, vs::sqlite::error::Error>`
[INFO] [stdout]    = note: required for `SqliteFileTree2` to implement `Store`
[INFO] [stdout] note: required by a bound in `vs_cmdline::exec`
[INFO] [stdout]   --> vs-cmdline/src/exec.rs:9:16
[INFO] [stdout]    |
[INFO] [stdout]  9 | pub fn exec<S: Store>(s: &S, c: Command) -> Result<()> {
[INFO] [stdout]    |                ^^^^^ required by this bound in `exec`
[INFO] [stdout]    = note: the full name for the type has been written to '/opt/rustwide/target/debug/build/vs-cmdline/4c6be6dd07ea75fa/out/vs_cmdline-4c6be6dd07ea75fa.long-type-16206366674667300574.txt'
[INFO] [stdout]    = note: consider using `--verbose` to print the full type name to the console
[INFO] [stdout] 
[INFO] [stdout] 
[INFO] [stdout] error[E0277]: the trait bound `SqliteFileTree2: Store` is not satisfied
[INFO] [stdout]   --> vs-cmdline/src/main.rs:17:26
[INFO] [stdout]    |
[INFO] [stdout] 17 |     if let Err(e) = exec(&sft, cmd) { println!("{}", e); }
[INFO] [stdout]    |                     ---- ^^^^ the trait `vs::traits::Insert<(util::path::filename::Filename, vs::Tag), (), vs::Error>` is not implemented for `SqliteFileTree2`
[INFO] [stdout]    |                     |
[INFO] [stdout]    |                     required by a bound introduced by this call
[INFO] [stdout]    |
[INFO] [stdout]    = help: the following other types implement trait `vs::traits::Insert<T, R, E>`:
[INFO] [stdout]              `SqliteFileTree` implements `Insert<(Filename, Tag), (), Error>`
[INFO] [stdout]              `SqliteFileTree` implements `Insert<ProperPathBuf, Filename, Error>`
[INFO] [stdout]              `SqliteFileTree` implements `vs::traits::Insert<vs::Tag, vs::Tag, vs::sqlite_tree::error::Error>`
[INFO] [stdout]              `Tree` implements `Insert<ProperPathBuf, Filename, Error>`
[INFO] [stdout]              `rusqlite::Connection` implements `vs::traits::Insert<(util::path::filename::Filename, vs::Tag), (), vs::sqlite::error::Error>`
[INFO] [stdout]              `rusqlite::Connection` implements `Insert<Filename, Filename, Error>`
[INFO] [stdout]              `rusqlite::Connection` implements `vs::traits::Insert<vs::Tag, vs::Tag, vs::sqlite::error::Error>`
[INFO] [stdout]    = note: required for `SqliteFileTree2` to implement `Store`
[INFO] [stdout] note: required by a bound in `vs_cmdline::exec`
[INFO] [stdout]   --> vs-cmdline/src/exec.rs:9:16
[INFO] [stdout]    |
[INFO] [stdout]  9 | pub fn exec<S: Store>(s: &S, c: Command) -> Result<()> {
[INFO] [stdout]    |                ^^^^^ required by this bound in `exec`
[INFO] [stdout]    = note: the full name for the type has been written to '/opt/rustwide/target/debug/build/vs-cmdline/4c6be6dd07ea75fa/out/vs_cmdline-4c6be6dd07ea75fa.long-type-16206366674667300574.txt'
[INFO] [stdout]    = note: consider using `--verbose` to print the full type name to the console
[INFO] [stdout] 
[INFO] [stdout] 
[INFO] [stdout] error[E0277]: the trait bound `SqliteFileTree2: Store` is not satisfied
[INFO] [stdout]   --> vs-cmdline/src/main.rs:17:26
[INFO] [stdout]    |
[INFO] [stdout] 17 |     if let Err(e) = exec(&sft, cmd) { println!("{}", e); }
[INFO] [stdout]    |                     ---- ^^^^ the trait `Lookup<vs::Tag, HashSet<util::path::filename::Filename>, vs::Error>` is not implemented for `SqliteFileTree2`
[INFO] [stdout]    |                     |
[INFO] [stdout]    |                     required by a bound introduced by this call
[INFO] [stdout]    |
[INFO] [stdout]    = help: the following other types implement trait `Lookup<T, R, E>`:
[INFO] [stdout]              `SqliteFileTree` implements `Lookup<util::path::filename::Filename, HashSet<vs::Tag>, vs::sqlite_tree::error::Error>`
[INFO] [stdout]              `SqliteFileTree` implements `Lookup<vs::Tag, HashSet<util::path::filename::Filename>, vs::sqlite_tree::error::Error>`
[INFO] [stdout]              `Staging` implements `Lookup<(), Vec<PathBuf>, std::io::Error>`
[INFO] [stdout]              `Staging` implements `Lookup<util::path::filename::Filename, PathBuf, vs::Error>`
[INFO] [stdout]              `Tree2` implements `Lookup<(), Vec<PathBuf>, std::io::Error>`
[INFO] [stdout]              `rusqlite::Connection` implements `Lookup<util::path::filename::Filename, HashSet<vs::Tag>, vs::sqlite::error::Error>`
[INFO] [stdout]              `rusqlite::Connection` implements `Lookup<vs::Tag, HashSet<util::path::filename::Filename>, vs::sqlite::error::Error>`
[INFO] [stdout]    = note: required for `SqliteFileTree2` to implement `Store`
[INFO] [stdout] note: required by a bound in `vs_cmdline::exec`
[INFO] [stdout]   --> vs-cmdline/src/exec.rs:9:16
[INFO] [stdout]    |
[INFO] [stdout]  9 | pub fn exec<S: Store>(s: &S, c: Command) -> Result<()> {
[INFO] [stdout]    |                ^^^^^ required by this bound in `exec`
[INFO] [stdout] 
[INFO] [stdout] 
[INFO] [stdout] error[E0277]: the trait bound `SqliteFileTree2: Store` is not satisfied
[INFO] [stdout]   --> vs-cmdline/src/main.rs:17:26
[INFO] [stdout]    |
[INFO] [stdout] 17 |     if let Err(e) = exec(&sft, cmd) { println!("{}", e); }
[INFO] [stdout]    |                     ---- ^^^^ the trait `Lookup<util::path::filename::Filename, HashSet<vs::Tag>, vs::Error>` is not implemented for `SqliteFileTree2`
[INFO] [stdout]    |                     |
[INFO] [stdout]    |                     required by a bound introduced by this call
[INFO] [stdout]    |
[INFO] [stdout]    = help: the following other types implement trait `Lookup<T, R, E>`:
[INFO] [stdout]              `SqliteFileTree` implements `Lookup<util::path::filename::Filename, HashSet<vs::Tag>, vs::sqlite_tree::error::Error>`
[INFO] [stdout]              `SqliteFileTree` implements `Lookup<vs::Tag, HashSet<util::path::filename::Filename>, vs::sqlite_tree::error::Error>`
[INFO] [stdout]              `Staging` implements `Lookup<(), Vec<PathBuf>, std::io::Error>`
[INFO] [stdout]              `Staging` implements `Lookup<util::path::filename::Filename, PathBuf, vs::Error>`
[INFO] [stdout]              `Tree2` implements `Lookup<(), Vec<PathBuf>, std::io::Error>`
[INFO] [stdout]              `rusqlite::Connection` implements `Lookup<util::path::filename::Filename, HashSet<vs::Tag>, vs::sqlite::error::Error>`
[INFO] [stdout]              `rusqlite::Connection` implements `Lookup<vs::Tag, HashSet<util::path::filename::Filename>, vs::sqlite::error::Error>`
[INFO] [stdout]    = note: required for `SqliteFileTree2` to implement `Store`
[INFO] [stdout] note: required by a bound in `vs_cmdline::exec`
[INFO] [stdout]   --> vs-cmdline/src/exec.rs:9:16
[INFO] [stdout]    |
[INFO] [stdout]  9 | pub fn exec<S: Store>(s: &S, c: Command) -> Result<()> {
[INFO] [stdout]    |                ^^^^^ required by this bound in `exec`
[INFO] [stdout] 
[INFO] [stdout] 
[INFO] [stdout] error[E0277]: the trait bound `SqliteFileTree2: Store` is not satisfied
[INFO] [stdout]   --> vs-cmdline/src/main.rs:17:26
[INFO] [stdout]    |
[INFO] [stdout] 17 |     if let Err(e) = exec(&sft, cmd) { println!("{}", e); }
[INFO] [stdout]    |                     ---- ^^^^ unsatisfied trait bound
[INFO] [stdout]    |                     |
[INFO] [stdout]    |                     required by a bound introduced by this call
[INFO] [stdout]    |
[INFO] [stdout]    = help: the trait `vs::traits::Remove<util::path::filename::Filename, util::path::proper_path_buf::ProperPathBuf, vs::Error>` is not implemented for `SqliteFileTree2`
[INFO] [stdout] help: the following other types implement trait `vs::traits::Remove<T, D, E>`
[INFO] [stdout]   --> vs/src/sqlite_tree/impls/file.rs:21:1
[INFO] [stdout]    |
[INFO] [stdout] 21 | impl Remove<Filename, ProperPathBuf, Error> for SqliteFileTree {
[INFO] [stdout]    | ^^^^^^^^^^^^^^^^^^^^^^^^^^^^^^^^^^^^^^^^^^^^^^^^^^^^^^^^^^^^^^ `SqliteFileTree` implements `Remove<Filename, ProperPathBuf, Error>`
[INFO] [stdout]    |
[INFO] [stdout]   ::: vs/src/tree/impls.rs:58:1
[INFO] [stdout]    |
[INFO] [stdout] 58 | impl Remove<Filename, ProperPathBuf, Error> for Tree {
[INFO] [stdout]    | ^^^^^^^^^^^^^^^^^^^^^^^^^^^^^^^^^^^^^^^^^^^^^^^^^^^^ `Tree` implements `Remove<Filename, ProperPathBuf, Error>`
[INFO] [stdout]    = note: required for `SqliteFileTree2` to implement `Store`
[INFO] [stdout] note: required by a bound in `vs_cmdline::exec`
[INFO] [stdout]   --> vs-cmdline/src/exec.rs:9:16
[INFO] [stdout]    |
[INFO] [stdout]  9 | pub fn exec<S: Store>(s: &S, c: Command) -> Result<()> {
[INFO] [stdout]    |                ^^^^^ required by this bound in `exec`
[INFO] [stdout]    = note: the full name for the type has been written to '/opt/rustwide/target/debug/build/vs-cmdline/4c6be6dd07ea75fa/out/vs_cmdline-4c6be6dd07ea75fa.long-type-4076225670909241572.txt'
[INFO] [stdout]    = note: consider using `--verbose` to print the full type name to the console
[INFO] [stdout] 
[INFO] [stdout] 
[INFO] [stdout] For more information about this error, try `rustc --explain E0277`.
[INFO] [stdout] 
[INFO] [stderr] error: could not compile `vs-cmdline` (bin "vs-cmdline") due to 6 previous errors
[INFO] [stderr] warning: build failed, waiting for other jobs to finish...
[INFO] [stderr] error: could not compile `vs-cmdline` (bin "vs-cmdline" test) due to 6 previous errors
[INFO] running `Command { std: "docker" "inspect" "783bd66843d198496b314a48ab9e85e03340e00840c5efc829944cbbbd788a23", kill_on_drop: false }`
[INFO] running `Command { std: "docker" "rm" "-f" "783bd66843d198496b314a48ab9e85e03340e00840c5efc829944cbbbd788a23", kill_on_drop: false }`
[INFO] [stdout] 783bd66843d198496b314a48ab9e85e03340e00840c5efc829944cbbbd788a23
