[INFO] cloning repository https://github.com/kill-ux/rt
[INFO] running `Command { std: "git" "-c" "credential.helper=" "-c" "credential.helper=/workspace/cargo-home/bin/git-credential-null" "clone" "--bare" "https://github.com/kill-ux/rt" "/workspace/cache/git-repos/https%3A%2F%2Fgithub.com%2Fkill-ux%2Frt", kill_on_drop: false }`
[INFO] [stderr] Cloning into bare repository '/workspace/cache/git-repos/https%3A%2F%2Fgithub.com%2Fkill-ux%2Frt'...
[INFO] running `Command { std: "git" "rev-parse" "HEAD", kill_on_drop: false }`
[INFO] [stdout] 6fd02bb4f010ce01cba6d2ed176010b99e840e54
[INFO] checking kill-ux/rt against 3154cc1a3e6424e44f438a95007d043ed5ceaaf6 for pr-133502-30
[INFO] running `Command { std: "git" "clone" "/workspace/cache/git-repos/https%3A%2F%2Fgithub.com%2Fkill-ux%2Frt" "/workspace/builds/worker-7-tc2/source", kill_on_drop: false }`
[INFO] [stderr] Cloning into '/workspace/builds/worker-7-tc2/source'...
[INFO] [stderr] done.
[INFO] started tweaking git repo https://github.com/kill-ux/rt
[INFO] finished tweaking git repo https://github.com/kill-ux/rt
[INFO] tweaked toml for git repo https://github.com/kill-ux/rt written to /workspace/builds/worker-7-tc2/source/Cargo.toml
[INFO] validating manifest of git repo https://github.com/kill-ux/rt on toolchain 3154cc1a3e6424e44f438a95007d043ed5ceaaf6
[INFO] running `Command { std: CARGO_HOME="/workspace/cargo-home" RUSTUP_HOME="/workspace/rustup-home" "/workspace/cargo-home/bin/cargo" "+3154cc1a3e6424e44f438a95007d043ed5ceaaf6" "metadata" "--manifest-path" "Cargo.toml" "--no-deps", kill_on_drop: false }`
[INFO] crate git repo https://github.com/kill-ux/rt already has a lockfile, it will not be regenerated
[INFO] running `Command { std: CARGO_HOME="/workspace/cargo-home" RUSTUP_HOME="/workspace/rustup-home" "/workspace/cargo-home/bin/cargo" "+3154cc1a3e6424e44f438a95007d043ed5ceaaf6" "fetch" "--manifest-path" "Cargo.toml", kill_on_drop: false }`
[INFO] running `Command { std: "docker" "create" "-v" "/var/lib/crater-agent-workspace/builds/worker-7-tc2/source:/opt/rustwide/workdir:ro,Z" "-v" "/var/lib/crater-agent-workspace/builds/worker-7-tc2/target:/opt/rustwide/target:rw,Z" "-v" "/var/lib/crater-agent-workspace/cargo-home:/opt/rustwide/cargo-home:ro,Z" "-v" "/var/lib/crater-agent-workspace/rustup-home:/opt/rustwide/rustup-home:ro,Z" "-m" "1610612736" "--network" "none" "ghcr.io/rust-lang/crates-build-env/linux@sha256:77db811e55d90add9212f6832c23229e3de5f1c1f9905e8cb07319ea15df73ac" "sleep" "infinity", kill_on_drop: false }`
[INFO] [stdout] 69b5ad49838dfcb9f54dc4495b204f321c44d166c750c25d09a6b943ebcc8491
[INFO] running `Command { std: "docker" "start" "69b5ad49838dfcb9f54dc4495b204f321c44d166c750c25d09a6b943ebcc8491", kill_on_drop: false }`
[INFO] running `Command { std: "docker" "inspect" "69b5ad49838dfcb9f54dc4495b204f321c44d166c750c25d09a6b943ebcc8491", kill_on_drop: false }`
[INFO] running `Command { std: "docker" "exec" "-e" "SOURCE_DIR=/opt/rustwide/workdir" "-e" "CARGO_HOME=/opt/rustwide/cargo-home" "-e" "RUSTUP_HOME=/opt/rustwide/rustup-home" "-e" "CARGO_TARGET_DIR=/opt/rustwide/target" "-w" "/opt/rustwide/workdir" "--user" "0:0" "69b5ad49838dfcb9f54dc4495b204f321c44d166c750c25d09a6b943ebcc8491" "/opt/rustwide/cargo-home/bin/cargo" "+3154cc1a3e6424e44f438a95007d043ed5ceaaf6" "metadata" "--no-deps" "--format-version=1", kill_on_drop: false }`
[INFO] running `Command { std: "docker" "inspect" "69b5ad49838dfcb9f54dc4495b204f321c44d166c750c25d09a6b943ebcc8491", kill_on_drop: false }`
[INFO] running `Command { std: "docker" "exec" "-e" "SOURCE_DIR=/opt/rustwide/workdir" "-e" "CARGO_HOME=/opt/rustwide/cargo-home" "-e" "RUSTUP_HOME=/opt/rustwide/rustup-home" "-e" "CARGO_TARGET_DIR=/opt/rustwide/target" "-e" "CARGO_INCREMENTAL=0" "-e" "RUST_BACKTRACE=full" "-e" "RUSTFLAGS=--cap-lints=forbid" "-e" "RUSTDOCFLAGS=--cap-lints=forbid" "-w" "/opt/rustwide/workdir" "--user" "0:0" "69b5ad49838dfcb9f54dc4495b204f321c44d166c750c25d09a6b943ebcc8491" "/opt/rustwide/cargo-home/bin/cargo" "+3154cc1a3e6424e44f438a95007d043ed5ceaaf6" "check" "--frozen" "--all" "--all-targets" "--message-format=json", kill_on_drop: false }`
[INFO] [stderr]     Checking rt v0.1.0 (/opt/rustwide/workdir)
[INFO] [stdout] error[E0369]: cannot subtract `{float}` from `HitRecord`
[INFO] [stdout]   --> tests/intersection_tests.rs:22:20
[INFO] [stdout]    |
[INFO] [stdout] 22 |         assert!((t - 4.0).abs() < 0.000_001);
[INFO] [stdout]    |                  - ^ --- {float}
[INFO] [stdout]    |                  |
[INFO] [stdout]    |                  HitRecord
[INFO] [stdout]    |
[INFO] [stdout] note: `HitRecord` does not implement `Sub<{float}>`
[INFO] [stdout]   --> src/crates/objects/mod.rs:4:1
[INFO] [stdout]    |
[INFO] [stdout]  4 | pub struct HitRecord {
[INFO] [stdout]    | ^^^^^^^^^^^^^^^^^^^^ `HitRecord` is defined in another crate
[INFO] [stdout] 
[INFO] [stdout] 
[INFO] [stdout] error[E0369]: binary operation `==` cannot be applied to type `Option<HitRecord>`
[INFO] [stdout]   --> tests/intersection_tests.rs:33:9
[INFO] [stdout]    |
[INFO] [stdout] 33 |         assert_eq!(hit, None);
[INFO] [stdout]    |         ^^^^^^^^^^^^^^^^^^^^^
[INFO] [stdout]    |         |
[INFO] [stdout]    |         Option<HitRecord>
[INFO] [stdout]    |         Option<_>
[INFO] [stdout]    |
[INFO] [stdout] note: `Option<HitRecord>` does not implement `PartialEq<Option<_>>`
[INFO] [stdout]   --> /rustc/3154cc1a3e6424e44f438a95007d043ed5ceaaf6/library/core/src/option.rs:598:0
[INFO] [stdout]    |
[INFO] [stdout]    = note: `Option<HitRecord>` is defined in another crate
[INFO] [stdout] 
[INFO] [stdout] 
[INFO] [stdout] error[E0277]: `Option<HitRecord>` doesn't implement `Debug`
[INFO] [stdout]   --> tests/intersection_tests.rs:33:9
[INFO] [stdout]    |
[INFO] [stdout] 33 |         assert_eq!(hit, None);
[INFO] [stdout]    |         ^^^^^^^^^^^^^^^^^^^^^ the trait `Debug` is not implemented for `Option<HitRecord>`
[INFO] [stdout]    |
[INFO] [stdout] help: the trait `Debug` is conditionally implemented for `Option<T>`
[INFO] [stdout]   --> /rustc/3154cc1a3e6424e44f438a95007d043ed5ceaaf6/library/core/src/option.rs:592:15
[INFO] [stdout]   ::: /rustc/3154cc1a3e6424e44f438a95007d043ed5ceaaf6/library/core/src/option.rs:598:16
[INFO] [stdout]    |
[INFO] [stdout]    = note: unsatisfied requirement introduced here: `_: Debug`
[INFO] [stdout] 
[INFO] [stdout] 
[INFO] [stdout] error[E0369]: cannot subtract `{float}` from `HitRecord`
[INFO] [stdout]   --> tests/intersection_tests.rs:50:20
[INFO] [stdout]    |
[INFO] [stdout] 50 |         assert!((t - 1.0).abs() < 0.000_001);
[INFO] [stdout]    |                  - ^ --- {float}
[INFO] [stdout]    |                  |
[INFO] [stdout]    |                  HitRecord
[INFO] [stdout]    |
[INFO] [stdout] note: `HitRecord` does not implement `Sub<{float}>`
[INFO] [stdout]   --> src/crates/objects/mod.rs:4:1
[INFO] [stdout]    |
[INFO] [stdout]  4 | pub struct HitRecord {
[INFO] [stdout]    | ^^^^^^^^^^^^^^^^^^^^ `HitRecord` is defined in another crate
[INFO] [stdout] 
[INFO] [stdout] 
[INFO] [stdout] error[E0369]: cannot subtract `{float}` from `HitRecord`
[INFO] [stdout]   --> tests/intersection_tests.rs:69:20
[INFO] [stdout]    |
[INFO] [stdout] 69 |         assert!((t - 9.0).abs() < 0.000_001);
[INFO] [stdout]    |                  - ^ --- {float}
[INFO] [stdout]    |                  |
[INFO] [stdout]    |                  HitRecord
[INFO] [stdout]    |
[INFO] [stdout] note: `HitRecord` does not implement `Sub<{float}>`
[INFO] [stdout]   --> src/crates/objects/mod.rs:4:1
[INFO] [stdout]    |
[INFO] [stdout]  4 | pub struct HitRecord {
[INFO] [stdout]    | ^^^^^^^^^^^^^^^^^^^^ `HitRecord` is defined in another crate
[INFO] [stdout] 
[INFO] [stdout] 
[INFO] [stdout] Some errors have detailed explanations: E0277, E0369.
[INFO] [stdout] 
[INFO] [stdout] For more information about an error, try `rustc --explain E0277`.
[INFO] [stdout] 
[INFO] [stderr] error: could not compile `rt` (test "intersection_tests") due to 5 previous errors
[INFO] running `Command { std: "docker" "inspect" "69b5ad49838dfcb9f54dc4495b204f321c44d166c750c25d09a6b943ebcc8491", kill_on_drop: false }`
[INFO] running `Command { std: "docker" "rm" "-f" "69b5ad49838dfcb9f54dc4495b204f321c44d166c750c25d09a6b943ebcc8491", kill_on_drop: false }`
[INFO] [stdout] 69b5ad49838dfcb9f54dc4495b204f321c44d166c750c25d09a6b943ebcc8491
