[INFO] cloning repository https://github.com/khionu/broadway-rs
[INFO] running `Command { std: "git" "-c" "credential.helper=" "-c" "credential.helper=/workspace/cargo-home/bin/git-credential-null" "clone" "--bare" "https://github.com/khionu/broadway-rs" "/workspace/cache/git-repos/https%3A%2F%2Fgithub.com%2Fkhionu%2Fbroadway-rs", kill_on_drop: false }`
[INFO] [stderr] Cloning into bare repository '/workspace/cache/git-repos/https%3A%2F%2Fgithub.com%2Fkhionu%2Fbroadway-rs'...
[INFO] running `Command { std: "git" "rev-parse" "HEAD", kill_on_drop: false }`
[INFO] [stdout] 4993b99a6a32f30af20fc08689c5ed38f30a25d2
[INFO] checking khionu/broadway-rs against 3154cc1a3e6424e44f438a95007d043ed5ceaaf6+rustflags=-Znext-solver=coherence for pr-133502-30
[INFO] running `Command { std: "git" "clone" "/workspace/cache/git-repos/https%3A%2F%2Fgithub.com%2Fkhionu%2Fbroadway-rs" "/workspace/builds/worker-2-tc1/source", kill_on_drop: false }`
[INFO] [stderr] Cloning into '/workspace/builds/worker-2-tc1/source'...
[INFO] [stderr] done.
[INFO] removed /workspace/builds/worker-2-tc1/source/rust-toolchain.toml
[INFO] started tweaking git repo https://github.com/khionu/broadway-rs
[INFO] finished tweaking git repo https://github.com/khionu/broadway-rs
[INFO] tweaked toml for git repo https://github.com/khionu/broadway-rs written to /workspace/builds/worker-2-tc1/source/Cargo.toml
[INFO] validating manifest of git repo https://github.com/khionu/broadway-rs on toolchain 3154cc1a3e6424e44f438a95007d043ed5ceaaf6
[INFO] running `Command { std: CARGO_HOME="/workspace/cargo-home" RUSTUP_HOME="/workspace/rustup-home" "/workspace/cargo-home/bin/cargo" "+3154cc1a3e6424e44f438a95007d043ed5ceaaf6" "metadata" "--manifest-path" "Cargo.toml" "--no-deps", kill_on_drop: false }`
[INFO] crate git repo https://github.com/khionu/broadway-rs already has a lockfile, it will not be regenerated
[INFO] running `Command { std: CARGO_HOME="/workspace/cargo-home" RUSTUP_HOME="/workspace/rustup-home" "/workspace/cargo-home/bin/cargo" "+3154cc1a3e6424e44f438a95007d043ed5ceaaf6" "fetch" "--manifest-path" "Cargo.toml", kill_on_drop: false }`
[INFO] running `Command { std: "docker" "create" "-v" "/var/lib/crater-agent-workspace/builds/worker-2-tc1/source:/opt/rustwide/workdir:ro,Z" "-v" "/var/lib/crater-agent-workspace/builds/worker-2-tc1/target:/opt/rustwide/target:rw,Z" "-v" "/var/lib/crater-agent-workspace/cargo-home:/opt/rustwide/cargo-home:ro,Z" "-v" "/var/lib/crater-agent-workspace/rustup-home:/opt/rustwide/rustup-home:ro,Z" "-m" "1610612736" "--network" "none" "ghcr.io/rust-lang/crates-build-env/linux@sha256:77db811e55d90add9212f6832c23229e3de5f1c1f9905e8cb07319ea15df73ac" "sleep" "infinity", kill_on_drop: false }`
[INFO] [stdout] 8f8cc3f7c07abb6485ce3f87afc64174ffc03e065585e7c914c260101f3c9113
[INFO] running `Command { std: "docker" "start" "8f8cc3f7c07abb6485ce3f87afc64174ffc03e065585e7c914c260101f3c9113", kill_on_drop: false }`
[INFO] running `Command { std: "docker" "inspect" "8f8cc3f7c07abb6485ce3f87afc64174ffc03e065585e7c914c260101f3c9113", kill_on_drop: false }`
[INFO] running `Command { std: "docker" "exec" "-e" "SOURCE_DIR=/opt/rustwide/workdir" "-e" "CARGO_HOME=/opt/rustwide/cargo-home" "-e" "RUSTUP_HOME=/opt/rustwide/rustup-home" "-e" "CARGO_TARGET_DIR=/opt/rustwide/target" "-w" "/opt/rustwide/workdir" "--user" "0:0" "8f8cc3f7c07abb6485ce3f87afc64174ffc03e065585e7c914c260101f3c9113" "/opt/rustwide/cargo-home/bin/cargo" "+3154cc1a3e6424e44f438a95007d043ed5ceaaf6" "metadata" "--no-deps" "--format-version=1", kill_on_drop: false }`
[INFO] running `Command { std: "docker" "inspect" "8f8cc3f7c07abb6485ce3f87afc64174ffc03e065585e7c914c260101f3c9113", kill_on_drop: false }`
[INFO] running `Command { std: "docker" "exec" "-e" "SOURCE_DIR=/opt/rustwide/workdir" "-e" "CARGO_HOME=/opt/rustwide/cargo-home" "-e" "RUSTUP_HOME=/opt/rustwide/rustup-home" "-e" "CARGO_TARGET_DIR=/opt/rustwide/target" "-e" "CARGO_INCREMENTAL=0" "-e" "RUST_BACKTRACE=full" "-e" "RUSTFLAGS=--cap-lints=forbid -Znext-solver=coherence" "-e" "RUSTDOCFLAGS=--cap-lints=forbid" "-w" "/opt/rustwide/workdir" "--user" "0:0" "8f8cc3f7c07abb6485ce3f87afc64174ffc03e065585e7c914c260101f3c9113" "/opt/rustwide/cargo-home/bin/cargo" "+3154cc1a3e6424e44f438a95007d043ed5ceaaf6" "check" "--frozen" "--all" "--all-targets" "--message-format=json", kill_on_drop: false }`
[INFO] [stderr]    Compiling syn v2.0.117
[INFO] [stderr]    Compiling variadics_please v1.1.0
[INFO] [stderr]     Checking broadway v0.0.1 (/opt/rustwide/workdir)
[INFO] [stdout] error[E0532]: expected tuple struct or tuple variant, found unit variant `TypeKind::FnPtr`
[INFO] [stdout]   --> src/lib.rs:80:13
[INFO] [stdout]    |
[INFO] [stdout] 80 |         let TypeKind::FnPtr(f) = &self.ty.kind else {
[INFO] [stdout]    |             ^^^^^^^^^^^^^^^^^^ help: use this syntax instead: `TypeKind::FnPtr`
[INFO] [stdout]    |
[INFO] [stdout]   --> /rustc/3154cc1a3e6424e44f438a95007d043ed5ceaaf6/library/core/src/mem/type_info.rs:106:4
[INFO] [stdout]    |
[INFO] [stdout]    = note: `TypeKind::FnPtr` defined here
[INFO] [stdout] 
[INFO] [stdout] 
[INFO] [stdout] error[E0532]: expected tuple struct or tuple variant, found unit variant `TypeKind::FnPtr`
[INFO] [stdout]   --> src/lib.rs:80:13
[INFO] [stdout]    |
[INFO] [stdout] 80 |         let TypeKind::FnPtr(f) = &self.ty.kind else {
[INFO] [stdout]    |             ^^^^^^^^^^^^^^^^^^ help: use this syntax instead: `TypeKind::FnPtr`
[INFO] [stdout]    |
[INFO] [stdout]   --> /rustc/3154cc1a3e6424e44f438a95007d043ed5ceaaf6/library/core/src/mem/type_info.rs:106:4
[INFO] [stdout]    |
[INFO] [stdout]    = note: `TypeKind::FnPtr` defined here
[INFO] [stdout] 
[INFO] [stdout] 
[INFO] [stdout] error[E0616]: field `output` of struct `core::mem::type_info::FnPtr` is private
[INFO] [stdout]    --> src/lib.rs:100:31
[INFO] [stdout]     |
[INFO] [stdout] 100 |             if window[0].ty().output == *wanted {
[INFO] [stdout]     |                               ^^^^^^ private field
[INFO] [stdout]     |
[INFO] [stdout] help: a method `output` also exists, call it with parentheses
[INFO] [stdout]     |
[INFO] [stdout] 100 |             if window[0].ty().output() == *wanted {
[INFO] [stdout]     |                                     ++
[INFO] [stdout] 
[INFO] [stdout] 
[INFO] [stdout] error[E0616]: field `output` of struct `core::mem::type_info::FnPtr` is private
[INFO] [stdout]    --> src/lib.rs:162:36
[INFO] [stdout]     |
[INFO] [stdout] 162 |                     if target.ty().output.eq(&current_arg.ty()) {
[INFO] [stdout]     |                                    ^^^^^^ private field
[INFO] [stdout]     |
[INFO] [stdout] help: a method `output` also exists, call it with parentheses
[INFO] [stdout]     |
[INFO] [stdout] 162 |                     if target.ty().output().eq(&current_arg.ty()) {
[INFO] [stdout]     |                                          ++
[INFO] [stdout] 
[INFO] [stdout] 
[INFO] [stdout] error[E0616]: field `inputs` of struct `core::mem::type_info::FnPtr` is private
[INFO] [stdout]    --> src/lib.rs:220:30
[INFO] [stdout]     |
[INFO] [stdout] 220 |             let len = p.ty().inputs.len();
[INFO] [stdout]     |                              ^^^^^^ private field
[INFO] [stdout]     |
[INFO] [stdout] help: a method `inputs` also exists, call it with parentheses
[INFO] [stdout]     |
[INFO] [stdout] 220 |             let len = p.ty().inputs().len();
[INFO] [stdout]     |                                    ++
[INFO] [stdout] 
[INFO] [stdout] 
[INFO] [stdout] error[E0616]: field `inputs` of struct `core::mem::type_info::FnPtr` is private
[INFO] [stdout]    --> src/lib.rs:224:32
[INFO] [stdout]     |
[INFO] [stdout] 224 |                     ty: p.ty().inputs[i],
[INFO] [stdout]     |                                ^^^^^^ private field
[INFO] [stdout]     |
[INFO] [stdout] help: a method `inputs` also exists, call it with parentheses
[INFO] [stdout]     |
[INFO] [stdout] 224 |                     ty: p.ty().inputs()[i],
[INFO] [stdout]     |                                      ++
[INFO] [stdout] 
[INFO] [stdout] 
[INFO] [stdout] error[E0616]: field `output` of struct `core::mem::type_info::FnPtr` is private
[INFO] [stdout]    --> src/lib.rs:100:31
[INFO] [stdout]     |
[INFO] [stdout] 100 |             if window[0].ty().output == *wanted {
[INFO] [stdout]     |                               ^^^^^^ private field
[INFO] [stdout]     |
[INFO] [stdout] help: a method `output` also exists, call it with parentheses
[INFO] [stdout]     |
[INFO] [stdout] 100 |             if window[0].ty().output() == *wanted {
[INFO] [stdout]     |                                     ++
[INFO] [stdout] 
[INFO] [stdout] 
[INFO] [stdout] error[E0616]: field `output` of struct `core::mem::type_info::FnPtr` is private
[INFO] [stdout]    --> src/lib.rs:162:36
[INFO] [stdout]     |
[INFO] [stdout] 162 |                     if target.ty().output.eq(&current_arg.ty()) {
[INFO] [stdout]     |                                    ^^^^^^ private field
[INFO] [stdout]     |
[INFO] [stdout] help: a method `output` also exists, call it with parentheses
[INFO] [stdout]     |
[INFO] [stdout] 162 |                     if target.ty().output().eq(&current_arg.ty()) {
[INFO] [stdout]     |                                          ++
[INFO] [stdout] 
[INFO] [stdout] 
[INFO] [stdout] error[E0616]: field `inputs` of struct `core::mem::type_info::FnPtr` is private
[INFO] [stdout]    --> src/lib.rs:220:30
[INFO] [stdout]     |
[INFO] [stdout] 220 |             let len = p.ty().inputs.len();
[INFO] [stdout]     |                              ^^^^^^ private field
[INFO] [stdout]     |
[INFO] [stdout] help: a method `inputs` also exists, call it with parentheses
[INFO] [stdout]     |
[INFO] [stdout] 220 |             let len = p.ty().inputs().len();
[INFO] [stdout]     |                                    ++
[INFO] [stdout] 
[INFO] [stdout] 
[INFO] [stdout] error[E0616]: field `inputs` of struct `core::mem::type_info::FnPtr` is private
[INFO] [stdout]    --> src/lib.rs:224:32
[INFO] [stdout]     |
[INFO] [stdout] 224 |                     ty: p.ty().inputs[i],
[INFO] [stdout]     |                                ^^^^^^ private field
[INFO] [stdout]     |
[INFO] [stdout] help: a method `inputs` also exists, call it with parentheses
[INFO] [stdout]     |
[INFO] [stdout] 224 |                     ty: p.ty().inputs()[i],
[INFO] [stdout]     |                                      ++
[INFO] [stdout] 
[INFO] [stdout] 
[INFO] [stdout] Some errors have detailed explanations: E0532, E0616.
[INFO] [stdout] 
[INFO] [stderr] error: could not compile `broadway` (lib test) due to 5 previous errors
[INFO] [stdout] For more information about an error, try `rustc --explain E0532`.
[INFO] [stdout] 
[INFO] [stderr] warning: build failed, waiting for other jobs to finish...
[INFO] [stdout] Some errors have detailed explanations: E0532, E0616.
[INFO] [stdout] 
[INFO] [stdout] For more information about an error, try `rustc --explain E0532`.
[INFO] [stdout] 
[INFO] [stderr] error: could not compile `broadway` (lib) due to 5 previous errors
[INFO] running `Command { std: "docker" "inspect" "8f8cc3f7c07abb6485ce3f87afc64174ffc03e065585e7c914c260101f3c9113", kill_on_drop: false }`
[INFO] running `Command { std: "docker" "rm" "-f" "8f8cc3f7c07abb6485ce3f87afc64174ffc03e065585e7c914c260101f3c9113", kill_on_drop: false }`
[INFO] [stdout] 8f8cc3f7c07abb6485ce3f87afc64174ffc03e065585e7c914c260101f3c9113
