[INFO] cloning repository https://github.com/kevjamco/pg_surface
[INFO] running `Command { std: "git" "-c" "credential.helper=" "-c" "credential.helper=/workspace/cargo-home/bin/git-credential-null" "clone" "--bare" "https://github.com/kevjamco/pg_surface" "/workspace/cache/git-repos/https%3A%2F%2Fgithub.com%2Fkevjamco%2Fpg_surface", kill_on_drop: false }`
[INFO] [stderr] Cloning into bare repository '/workspace/cache/git-repos/https%3A%2F%2Fgithub.com%2Fkevjamco%2Fpg_surface'...
[INFO] running `Command { std: "git" "rev-parse" "HEAD", kill_on_drop: false }`
[INFO] [stdout] 2ac68987d9fcf4b4e5e8a5ab66e268656671c17b
[INFO] checking kevjamco/pg_surface against 3154cc1a3e6424e44f438a95007d043ed5ceaaf6+rustflags=-Znext-solver=coherence for pr-133502-30
[INFO] running `Command { std: "git" "clone" "/workspace/cache/git-repos/https%3A%2F%2Fgithub.com%2Fkevjamco%2Fpg_surface" "/workspace/builds/worker-1-tc1/source", kill_on_drop: false }`
[INFO] [stderr] Cloning into '/workspace/builds/worker-1-tc1/source'...
[INFO] [stderr] done.
[INFO] removed /workspace/builds/worker-1-tc1/source/.cargo/config.toml
[INFO] started tweaking git repo https://github.com/kevjamco/pg_surface
[INFO] finished tweaking git repo https://github.com/kevjamco/pg_surface
[INFO] tweaked toml for git repo https://github.com/kevjamco/pg_surface written to /workspace/builds/worker-1-tc1/source/Cargo.toml
[INFO] validating manifest of git repo https://github.com/kevjamco/pg_surface on toolchain 3154cc1a3e6424e44f438a95007d043ed5ceaaf6
[INFO] running `Command { std: CARGO_HOME="/workspace/cargo-home" RUSTUP_HOME="/workspace/rustup-home" "/workspace/cargo-home/bin/cargo" "+3154cc1a3e6424e44f438a95007d043ed5ceaaf6" "metadata" "--manifest-path" "Cargo.toml" "--no-deps", kill_on_drop: false }`
[INFO] crate git repo https://github.com/kevjamco/pg_surface already has a lockfile, it will not be regenerated
[INFO] running `Command { std: CARGO_HOME="/workspace/cargo-home" RUSTUP_HOME="/workspace/rustup-home" "/workspace/cargo-home/bin/cargo" "+3154cc1a3e6424e44f438a95007d043ed5ceaaf6" "fetch" "--manifest-path" "Cargo.toml", kill_on_drop: false }`
[INFO] [stderr]     Updating git repository `https://github.com/georust/gdal`
[INFO] [stderr]     Updating git submodule `https://github.com/OSGeo/gdal`
[INFO] [stderr]     Updating crates.io index
[INFO] [stderr]     Blocking waiting for file lock on package cache
[INFO] [stderr]  Downloading crates ...
[INFO] [stderr]   Downloaded windows-numerics v0.3.1
[INFO] [stderr]   Downloaded pgrx-tests v0.19.2
[INFO] [stderr]   Downloaded windows-future v0.3.2
[INFO] [stderr]   Downloaded cargo-platform v0.3.3
[INFO] [stderr]   Downloaded unescape v0.1.0
[INFO] [stderr]   Downloaded supports-color v3.0.2
[INFO] [stderr]   Downloaded is_ci v1.2.0
[INFO] [stderr]   Downloaded multiversion v0.8.0
[INFO] [stderr]   Downloaded windows-threading v0.2.1
[INFO] [stderr]   Downloaded pathsearch v0.2.0
[INFO] [stderr]   Downloaded multiversion-macros v0.8.0
[INFO] [stderr]   Downloaded codepage v0.1.2
[INFO] [stderr]   Downloaded cee-scape v0.2.0
[INFO] [stderr]   Downloaded enum-map-derive v0.17.0
[INFO] [stderr]   Downloaded approx v0.5.1
[INFO] [stderr]   Downloaded windows-collections v0.3.2
[INFO] [stderr]   Downloaded clap-cargo v0.18.3
[INFO] [stderr]   Downloaded pgrx-pg-config v0.19.2
[INFO] [stderr]   Downloaded whoami v2.1.3
[INFO] [stderr]   Downloaded wasi v0.14.7+wasi-0.2.4
[INFO] [stderr]   Downloaded owo-colors v4.4.0
[INFO] [stderr]   Downloaded target-features v0.1.6
[INFO] [stderr]   Downloaded convert_case v0.11.0
[INFO] [stderr]   Downloaded pgrx-bindgen v0.19.2
[INFO] [stderr]   Downloaded toml_datetime v0.7.5+spec-1.1.0
[INFO] [stderr]   Downloaded enum-map v2.7.3
[INFO] [stderr]   Downloaded postgres v0.19.14
[INFO] [stderr]   Downloaded hybrid-array v0.4.15
[INFO] [stderr]   Downloaded pgrx-macros v0.19.2
[INFO] [stderr]   Downloaded cargo_metadata v0.23.1
[INFO] [stderr]   Downloaded objc2-system-configuration v0.3.2
[INFO] [stderr]   Downloaded cargo_toml v0.22.3
[INFO] [stderr]   Downloaded serde_cbor v0.11.2
[INFO] [stderr]   Downloaded half v1.8.3
[INFO] [stderr]   Downloaded geo-types v0.7.20
[INFO] [stderr]   Downloaded tinyvec v1.13.2
[INFO] [stderr]   Downloaded toml v1.1.5+spec-1.1.0
[INFO] [stderr]   Downloaded eyre v0.6.14
[INFO] [stderr]   Downloaded toml v0.9.12+spec-1.1.0
[INFO] [stderr]   Downloaded objc2-open-directory v0.3.2
[INFO] [stderr]   Downloaded pgrx-sql-entity-graph v0.19.2
[INFO] [stderr]   Downloaded sysinfo v0.39.6
[INFO] [stderr]   Downloaded unicode-normalization v0.1.25
[INFO] [stderr]   Downloaded ntapi v0.4.3
[INFO] [stderr]   Downloaded objc2-io-kit v0.3.2
[INFO] [stderr]   Downloaded pgrx v0.19.2
[INFO] [stderr]   Downloaded encoding_rs v0.8.40
[INFO] [stderr]   Downloaded pgrx-pg-sys v0.19.2
[INFO] [stderr]   Downloaded windows v0.62.2
[INFO] running `Command { std: "docker" "create" "-v" "/var/lib/crater-agent-workspace/builds/worker-1-tc1/source:/opt/rustwide/workdir:ro,Z" "-v" "/var/lib/crater-agent-workspace/builds/worker-1-tc1/target:/opt/rustwide/target:rw,Z" "-v" "/var/lib/crater-agent-workspace/cargo-home:/opt/rustwide/cargo-home:ro,Z" "-v" "/var/lib/crater-agent-workspace/rustup-home:/opt/rustwide/rustup-home:ro,Z" "-m" "1610612736" "--network" "none" "ghcr.io/rust-lang/crates-build-env/linux@sha256:77db811e55d90add9212f6832c23229e3de5f1c1f9905e8cb07319ea15df73ac" "sleep" "infinity", kill_on_drop: false }`
[INFO] [stdout] a5ea61cfc19b5a6cafc3f87c7b8a3364bdb6e2cc68755afb42e289f47b81c8cf
[INFO] running `Command { std: "docker" "start" "a5ea61cfc19b5a6cafc3f87c7b8a3364bdb6e2cc68755afb42e289f47b81c8cf", kill_on_drop: false }`
[INFO] running `Command { std: "docker" "inspect" "a5ea61cfc19b5a6cafc3f87c7b8a3364bdb6e2cc68755afb42e289f47b81c8cf", kill_on_drop: false }`
[INFO] running `Command { std: "docker" "exec" "-e" "SOURCE_DIR=/opt/rustwide/workdir" "-e" "CARGO_HOME=/opt/rustwide/cargo-home" "-e" "RUSTUP_HOME=/opt/rustwide/rustup-home" "-e" "CARGO_TARGET_DIR=/opt/rustwide/target" "-w" "/opt/rustwide/workdir" "--user" "0:0" "a5ea61cfc19b5a6cafc3f87c7b8a3364bdb6e2cc68755afb42e289f47b81c8cf" "/opt/rustwide/cargo-home/bin/cargo" "+3154cc1a3e6424e44f438a95007d043ed5ceaaf6" "metadata" "--no-deps" "--format-version=1", kill_on_drop: false }`
[INFO] running `Command { std: "docker" "inspect" "a5ea61cfc19b5a6cafc3f87c7b8a3364bdb6e2cc68755afb42e289f47b81c8cf", kill_on_drop: false }`
[INFO] running `Command { std: "docker" "exec" "-e" "SOURCE_DIR=/opt/rustwide/workdir" "-e" "CARGO_HOME=/opt/rustwide/cargo-home" "-e" "RUSTUP_HOME=/opt/rustwide/rustup-home" "-e" "CARGO_TARGET_DIR=/opt/rustwide/target" "-e" "CARGO_INCREMENTAL=0" "-e" "RUST_BACKTRACE=full" "-e" "RUSTFLAGS=--cap-lints=forbid -Znext-solver=coherence" "-e" "RUSTDOCFLAGS=--cap-lints=forbid" "-w" "/opt/rustwide/workdir" "--user" "0:0" "a5ea61cfc19b5a6cafc3f87c7b8a3364bdb6e2cc68755afb42e289f47b81c8cf" "/opt/rustwide/cargo-home/bin/cargo" "+3154cc1a3e6424e44f438a95007d043ed5ceaaf6" "check" "--frozen" "--all" "--all-targets" "--message-format=json", kill_on_drop: false }`
[INFO] [stderr]    Compiling proc-macro2 v1.0.107
[INFO] [stderr]    Compiling stable_deref_trait v1.2.1
[INFO] [stderr]    Compiling serde_core v1.0.229
[INFO] [stderr]    Compiling icu_properties_data v2.3.0
[INFO] [stderr]    Compiling icu_normalizer_data v2.3.0
[INFO] [stderr]    Compiling serde v1.0.229
[INFO] [stderr]    Compiling glob v0.3.4
[INFO] [stderr]    Compiling prettyplease v0.2.37
[INFO] [stderr]    Compiling zmij v1.0.23
[INFO] [stderr]    Compiling quote v1.0.47
[INFO] [stderr]    Compiling libc v0.2.189
[INFO] [stderr]    Compiling eyre v0.6.14
[INFO] [stderr]    Compiling aho-corasick v1.1.5
[INFO] [stderr]    Compiling litemap v0.8.3
[INFO] [stderr]    Compiling minimal-lexical v0.2.1
[INFO] [stderr]    Compiling writeable v0.6.4
[INFO] [stderr]    Compiling regex-syntax v0.8.11
[INFO] [stderr]    Compiling libloading v0.8.9
[INFO] [stderr]    Compiling utf8_iter v1.0.4
[INFO] [stderr]    Compiling bindgen v0.72.1
[INFO] [stderr]    Compiling either v1.18.0
[INFO] [stderr]    Compiling anyhow v1.0.104
[INFO] [stderr]    Compiling rustc-hash v2.1.3
[INFO] [stderr]    Compiling nom v7.1.3
[INFO] [stderr]    Compiling bitflags v2.13.1
[INFO] [stderr]    Compiling shlex v1.3.0
[INFO] [stderr]    Compiling clang-sys v1.9.1
[INFO] [stderr]    Compiling itertools v0.13.0
[INFO] [stderr]     Checking rand_core v0.10.1
[INFO] [stderr]     Checking typenum v1.20.1
[INFO] [stderr]    Compiling smallvec v1.16.0
[INFO] [stderr]    Compiling getrandom v0.4.3
[INFO] [stderr]    Compiling toml_parser v1.1.3+spec-1.1.0
[INFO] [stderr]    Compiling indenter v0.3.4
[INFO] [stderr]    Compiling once_cell v1.21.4
[INFO] [stderr]    Compiling find-msvc-tools v0.1.12
[INFO] [stderr]    Compiling toml_writer v1.1.2+spec-1.1.0
[INFO] [stderr]    Compiling winnow v0.7.15
[INFO] [stderr]    Compiling cc v1.4.5
[INFO] [stderr]    Compiling syn v3.0.5
[INFO] [stderr]    Compiling syn v2.0.119
[INFO] [stderr]     Checking hybrid-array v0.4.15
[INFO] [stderr]    Compiling is_ci v1.2.0
[INFO] [stderr]    Compiling percent-encoding v2.3.2
[INFO] [stderr]    Compiling serde_json v1.0.151
[INFO] [stderr]     Checking cmov v0.5.4
[INFO] [stderr]    Compiling form_urlencoded v1.2.2
[INFO] [stderr]    Compiling supports-color v3.0.2
[INFO] [stderr]     Checking ctutils v0.4.2
[INFO] [stderr]     Checking const-oid v0.10.2
[INFO] [stderr]    Compiling owo-colors v4.4.0
[INFO] [stderr]     Checking crypto-common v0.2.2
[INFO] [stderr]     Checking block-buffer v0.12.1
[INFO] [stderr]    Compiling pathsearch v0.2.0
[INFO] [stderr]     Checking cpufeatures v0.3.1
[INFO] [stderr]     Checking unicode-ident v1.0.24
[INFO] [stderr]    Compiling foldhash v0.1.5
[INFO] [stderr]    Compiling same-file v1.0.6
[INFO] [stderr]    Compiling indexmap v2.14.2
[INFO] [stderr]    Compiling walkdir v2.5.0
[INFO] [stderr]    Compiling hashbrown v0.15.5
[INFO] [stderr]     Checking tinyvec v1.13.2
[INFO] [stderr]     Checking bytes v1.12.1
[INFO] [stderr]    Compiling fixedbitset v0.5.7
[INFO] [stderr]    Compiling libm v0.2.16
[INFO] [stderr]    Compiling cexpr v0.6.0
[INFO] [stderr]    Compiling regex-automata v0.4.18
[INFO] [stderr]     Checking digest v0.11.3
[INFO] [stderr]    Compiling cee-scape v0.2.0
[INFO] [stderr]     Checking unicode-normalization v0.1.25
[INFO] [stderr]    Compiling convert_case v0.11.0
[INFO] [stderr]     Checking chacha20 v0.10.2
[INFO] [stderr]    Compiling petgraph v0.8.3
[INFO] [stderr]    Compiling num-traits v0.2.19
[INFO] [stderr]     Checking unicode-bidi v0.3.18
[INFO] [stderr]    Compiling radium v0.7.0
[INFO] [stderr]    Compiling serde_spanned v1.1.1
[INFO] [stderr]    Compiling toml_datetime v0.7.5+spec-1.1.0
[INFO] [stderr]    Compiling toml_datetime v1.1.1+spec-1.1.0
[INFO] [stderr]    Compiling unescape v0.1.0
[INFO] [stderr]    Compiling toml v0.9.12+spec-1.1.0
[INFO] [stderr]     Checking unicode-properties v0.1.4
[INFO] [stderr]     Checking winnow v1.0.4
[INFO] [stderr]     Checking unicode-segmentation v1.13.3
[INFO] [stderr]    Compiling toml v1.1.5+spec-1.1.0
[INFO] [stderr]     Checking rand v0.10.2
[INFO] [stderr]     Checking hmac v0.13.0
[INFO] [stderr]     Checking stringprep v0.1.5
[INFO] [stderr]     Checking sha2 v0.11.0
[INFO] [stderr]     Checking md-5 v0.11.0
[INFO] [stderr]     Checking mio v1.2.3
[INFO] [stderr]     Checking socket2 v0.6.5
[INFO] [stderr]     Checking fallible-iterator v0.2.0
[INFO] [stderr]     Checking base64 v0.22.1
[INFO] [stderr]    Compiling camino v1.2.5
[INFO] [stderr]     Checking tap v1.0.1
[INFO] [stderr]     Checking byteorder v1.5.0
[INFO] [stderr]     Checking wyz v0.5.1
[INFO] [stderr]     Checking tokio v1.53.1
[INFO] [stderr]     Checking phf_shared v0.13.1
[INFO] [stderr]     Checking parking_lot_core v0.9.12
[INFO] [stderr]     Checking clap_lex v1.1.0
[INFO] [stderr]     Checking postgres-protocol v0.6.12
[INFO] [stderr]    Compiling rustix v1.1.4
[INFO] [stderr]     Checking futures-task v0.3.34
[INFO] [stderr]     Checking funty v2.0.0
[INFO] [stderr]     Checking half v1.8.3
[INFO] [stderr]     Checking futures-util v0.3.34
[INFO] [stderr]     Checking postgres-types v0.2.14
[INFO] [stderr]     Checking phf v0.13.1
[INFO] [stderr]     Checking clap_builder v4.6.6
[INFO] [stderr]     Checking parking_lot v0.12.5
[INFO] [stderr]    Compiling gdal v0.19.0 (https://github.com/georust/gdal?rev=c0a6266#c0a6266b)
[INFO] [stderr]     Checking cargo-platform v0.3.3
[INFO] [stderr]     Checking semver v1.0.28
[INFO] [stderr]     Checking bitvec v1.1.1
[INFO] [stderr]     Checking uuid v1.26.0
[INFO] [stderr]     Checking whoami v2.1.3
[INFO] [stderr]     Checking linux-raw-sys v0.12.1
[INFO] [stderr]     Checking seahash v4.1.0
[INFO] [stderr]     Checking log v0.4.34
[INFO] [stderr]    Compiling regex v1.13.1
[INFO] [stderr]     Checking chrono v0.4.45
[INFO] [stderr]     Checking sysinfo v0.39.6
[INFO] [stderr]     Checking shlex v2.0.1
[INFO] [stderr]    Compiling synstructure v0.13.2
[INFO] [stderr]    Compiling zerovec-derive v0.11.6
[INFO] [stderr]    Compiling displaydoc v0.2.7
[INFO] [stderr]    Compiling thiserror-impl v2.0.20
[INFO] [stderr]    Compiling serde_derive v1.0.229
[INFO] [stderr]    Compiling clap_derive v4.6.4
[INFO] [stderr]    Compiling async-trait v0.1.92
[INFO] [stderr]    Compiling zerofrom-derive v0.1.7
[INFO] [stderr]    Compiling yoke-derive v0.8.2
[INFO] [stderr]    Compiling enum-map-derive v0.17.0
[INFO] [stderr]     Checking enum-map v2.7.3
[INFO] [stderr]     Checking tempfile v3.27.0
[INFO] [stderr]     Checking thiserror v2.0.20
[INFO] [stderr]    Compiling pgrx-sql-entity-graph v0.19.2
[INFO] [stderr]     Checking geo-types v0.7.20
[INFO] [stderr]    Compiling zerofrom v0.1.8
[INFO] [stderr]    Compiling yoke v0.8.3
[INFO] [stderr]     Checking zerovec v0.11.8
[INFO] [stderr]     Checking zerotrie v0.2.5
[INFO] [stderr]     Checking tinystr v0.8.4
[INFO] [stderr]     Checking potential_utf v0.1.6
[INFO] [stderr]     Checking clap v4.6.6
[INFO] [stderr]     Checking icu_collections v2.3.0
[INFO] [stderr]     Checking icu_locale_core v2.3.0
[INFO] [stderr]     Checking tokio-util v0.7.19
[INFO] [stderr]     Checking tokio-postgres v0.7.18
[INFO] [stderr]    Compiling icu_provider v2.3.1
[INFO] [stderr]    Compiling icu_properties v2.3.0
[INFO] [stderr]    Compiling icu_normalizer v2.3.0
[INFO] [stderr]    Compiling cargo_toml v0.22.3
[INFO] [stderr]     Checking serde_cbor v0.11.2
[INFO] [stderr]     Checking cargo_metadata v0.23.1
[INFO] [stderr]    Compiling idna_adapter v1.2.2
[INFO] [stderr]    Compiling idna v1.1.0
[INFO] [stderr]     Checking postgres v0.19.14
[INFO] [stderr]    Compiling url v2.5.8
[INFO] [stderr]     Checking clap-cargo v0.18.3
[INFO] [stderr]     Checking pgrx-pg-config v0.19.2
[INFO] [stderr]    Compiling pgrx-macros v0.19.2
[INFO] [stderr]    Compiling pgrx-bindgen v0.19.2
[INFO] [stderr]    Compiling gdal-sys v0.12.0 (https://github.com/georust/gdal?rev=c0a6266#c0a6266b)
[INFO] [stderr]    Compiling pgrx-pg-sys v0.19.2
[INFO] [stderr] error: failed to run custom build command for `pgrx-pg-sys v0.19.2`
[INFO] [stderr] note: To improve backtraces for build dependencies, set the CARGO_PROFILE_DEV_BUILD_OVERRIDE_DEBUG=true environment variable to enable debug information generation.
[INFO] [stderr] 
[INFO] [stderr] Caused by:
[INFO] [stderr]   process didn't exit successfully: `/opt/rustwide/target/debug/build/pgrx-pg-sys/bf6a945999fab184/out/build_script_bindgen` (exit status: 1)
[INFO] [stderr]   --- stdout
[INFO] [stderr]   cargo:rustc-check-cfg=cfg(docsrs)
[INFO] [stderr]   cargo:rerun-if-env-changed=DOCS_RS
[INFO] [stderr]   cargo:rerun-if-env-changed=PGRX_BUILD_VERBOSE
[INFO] [stderr]   cargo:rerun-if-env-changed=PGRX_PG_CONFIG_PATH
[INFO] [stderr]   cargo:rerun-if-env-changed=PGRX_PG_CONFIG_AS_ENV
[INFO] [stderr]   cargo:rerun-if-env-changed=LLVM_CONFIG_PATH
[INFO] [stderr]   cargo:rerun-if-env-changed=LIBCLANG_PATH
[INFO] [stderr]   cargo:rerun-if-env-changed=LIBCLANG_STATIC_PATH
[INFO] [stderr]   cargo:rerun-if-env-changed=BINDGEN_EXTRA_CLANG_ARGS
[INFO] [stderr]   cargo:rerun-if-env-changed=BINDGEN_EXTRA_CLANG_ARGS_x86_64-unknown-linux-gnu
[INFO] [stderr]   cargo:rerun-if-env-changed=BINDGEN_EXTRA_CLANG_ARGS_x86_64_unknown_linux_gnu
[INFO] [stderr]   cargo:rerun-if-env-changed=PGRX_PG_SYS_GENERATE_BINDINGS_FOR_RELEASE
[INFO] [stderr]   cargo:rerun-if-changed=include
[INFO] [stderr]   cargo:rerun-if-changed=pgrx-cshim.c
[INFO] [stderr]   cargo:rerun-if-env-changed=PGRX_PG_SYS_GENERATE_BINDINGS_FOR_RELEASE
[INFO] [stderr] 
[INFO] [stderr]   --- stderr
[INFO] [stderr]   build_paths=BuildPaths { manifest_dir: "/opt/rustwide/cargo-home/registry/src/index.crates.io-1949cf8c6b5b557f/pgrx-pg-sys-0.19.2", out_dir: "/opt/rustwide/target/debug/build/pgrx-pg-sys/01daea1204db4b92/out", src_dir: "/opt/rustwide/cargo-home/registry/src/index.crates.io-1949cf8c6b5b557f/pgrx-pg-sys-0.19.2/src/include", shim_src: "/opt/rustwide/cargo-home/registry/src/index.crates.io-1949cf8c6b5b557f/pgrx-pg-sys-0.19.2/pgrx-cshim.c", shim_dst: "/opt/rustwide/target/debug/build/pgrx-pg-sys/01daea1204db4b92/out/pgrx-cshim.c" }
[INFO] [stderr]   Error: $PGRX_HOME does not exist
[INFO] [stderr] 
[INFO] [stderr]   Location:
[INFO] [stderr]       /opt/rustwide/cargo-home/registry/src/index.crates.io-1949cf8c6b5b557f/pgrx-pg-config-0.19.2/src/lib.rs:602:28
[INFO] [stderr] 
[INFO] [stderr]   Stack backtrace:
[INFO] [stderr]      0: <eyre::DefaultHandler>::default_with
[INFO] [stderr]      1: <<eyre::DefaultHandler>::default_with as core::ops::function::Fn<(&dyn core::error::Error,)>>::call
[INFO] [stderr]      2: eyre::capture_handler
[INFO] [stderr]      3: <eyre::Report>::from_std::<core::io::error::Error>
[INFO] [stderr]      4: <eyre::Report as core::convert::From<core::io::error::Error>>::from
[INFO] [stderr]      5: <core::result::Result<pgrx_pg_config::Pgrx, eyre::Report> as core::ops::try_trait::FromResidual<core::result::Result<!, core::io::error::Error>>>::from_residual
[INFO] [stderr]      6: <pgrx_pg_config::Pgrx>::from_config
[INFO] [stderr]      7: pgrx_bindgen::detect_pg_config
[INFO] [stderr]      8: pgrx_bindgen::build::main
[INFO] [stderr]      9: <fn() -> core::result::Result<(), eyre::Report> as core::ops::function::FnOnce<()>>::call_once
[INFO] [stderr]     10: std::sys::backtrace::__rust_begin_short_backtrace::<fn() -> core::result::Result<(), eyre::Report>, core::result::Result<(), eyre::Report>>
[INFO] [stderr]     11: std::rt::lang_start::<core::result::Result<(), eyre::Report>>::{closure#0}
[INFO] [stderr]     12: <&dyn core::ops::function::Fn<(), Output = i32> + core::marker::Sync + core::panic::unwind_safe::RefUnwindSafe as core::ops::function::FnOnce<()>>::call_once
[INFO] [stderr]                at /rustc/3154cc1a3e6424e44f438a95007d043ed5ceaaf6/library/core/src/ops/function.rs:287:21
[INFO] [stderr]     13: std::panicking::catch_unwind::do_call::<&dyn core::ops::function::Fn<(), Output = i32> + core::marker::Sync + core::panic::unwind_safe::RefUnwindSafe, i32>
[INFO] [stderr]                at /rustc/3154cc1a3e6424e44f438a95007d043ed5ceaaf6/library/std/src/panicking.rs:573:43
[INFO] [stderr]     14: std::panicking::catch_unwind::<i32, &dyn core::ops::function::Fn<(), Output = i32> + core::marker::Sync + core::panic::unwind_safe::RefUnwindSafe>
[INFO] [stderr]                at /rustc/3154cc1a3e6424e44f438a95007d043ed5ceaaf6/library/std/src/panicking.rs:541:19
[INFO] [stderr]     15: std::panic::catch_unwind::<&dyn core::ops::function::Fn<(), Output = i32> + core::marker::Sync + core::panic::unwind_safe::RefUnwindSafe, i32>
[INFO] [stderr]                at /rustc/3154cc1a3e6424e44f438a95007d043ed5ceaaf6/library/std/src/panic.rs:359:14
[INFO] [stderr]     16: std::rt::lang_start_internal::{closure#0}
[INFO] [stderr]                at /rustc/3154cc1a3e6424e44f438a95007d043ed5ceaaf6/library/std/src/rt.rs:175:24
[INFO] [stderr]     17: std::panicking::catch_unwind::do_call::<std::rt::lang_start_internal::{closure#0}, isize>
[INFO] [stderr]                at /rustc/3154cc1a3e6424e44f438a95007d043ed5ceaaf6/library/std/src/panicking.rs:573:43
[INFO] [stderr]     18: std::panicking::catch_unwind::<isize, std::rt::lang_start_internal::{closure#0}>
[INFO] [stderr]                at /rustc/3154cc1a3e6424e44f438a95007d043ed5ceaaf6/library/std/src/panicking.rs:541:19
[INFO] [stderr]     19: std::panic::catch_unwind::<std::rt::lang_start_internal::{closure#0}, isize>
[INFO] [stderr]                at /rustc/3154cc1a3e6424e44f438a95007d043ed5ceaaf6/library/std/src/panic.rs:359:14
[INFO] [stderr]     20: std::rt::lang_start_internal
[INFO] [stderr]                at /rustc/3154cc1a3e6424e44f438a95007d043ed5ceaaf6/library/std/src/rt.rs:171:5
[INFO] [stderr]     21: std::rt::lang_start::<core::result::Result<(), eyre::Report>>
[INFO] [stderr]     22: main
[INFO] [stderr]     23: <unknown>
[INFO] [stderr]     24: __libc_start_main
[INFO] [stderr]     25: _start
[INFO] [stderr] 
[INFO] [stderr] warning: build failed, waiting for other jobs to finish...
[INFO] [stderr] error: failed to run custom build command for `gdal-sys v0.12.0 (https://github.com/georust/gdal?rev=c0a6266#c0a6266b)`
[INFO] [stderr] note: To improve backtraces for build dependencies, set the CARGO_PROFILE_DEV_BUILD_OVERRIDE_DEBUG=true environment variable to enable debug information generation.
[INFO] [stderr] 
[INFO] [stderr] Caused by:
[INFO] [stderr]   process didn't exit successfully: `/opt/rustwide/target/debug/build/gdal-sys/12ab7fa1047627cc/out/build_script_build` (exit status: 101)
[INFO] [stderr]   --- stdout
[INFO] [stderr]   cargo:rerun-if-env-changed=DOCS_RS
[INFO] [stderr]   cargo:rerun-if-env-changed=GDAL_STATIC
[INFO] [stderr]   cargo:rerun-if-env-changed=GDAL_DYNAMIC
[INFO] [stderr]   cargo:rerun-if-env-changed=GDAL_INCLUDE_DIR
[INFO] [stderr]   cargo:rerun-if-env-changed=GDAL_LIB_DIR
[INFO] [stderr]   cargo:rerun-if-env-changed=GDAL_HOME
[INFO] [stderr]   cargo:rerun-if-env-changed=GDAL_VERSION
[INFO] [stderr]   cargo:rerun-if-env-changed=GDAL_NO_PKG_CONFIG
[INFO] [stderr]   cargo:rerun-if-env-changed=PKG_CONFIG_x86_64-unknown-linux-gnu
[INFO] [stderr]   cargo:rerun-if-env-changed=PKG_CONFIG_x86_64_unknown_linux_gnu
[INFO] [stderr]   cargo:rerun-if-env-changed=HOST_PKG_CONFIG
[INFO] [stderr]   cargo:rerun-if-env-changed=PKG_CONFIG
[INFO] [stderr]   cargo:rerun-if-env-changed=PKG_CONFIG_PATH_x86_64-unknown-linux-gnu
[INFO] [stderr]   cargo:rerun-if-env-changed=PKG_CONFIG_PATH_x86_64_unknown_linux_gnu
[INFO] [stderr]   cargo:rerun-if-env-changed=HOST_PKG_CONFIG_PATH
[INFO] [stderr]   cargo:rerun-if-env-changed=PKG_CONFIG_PATH
[INFO] [stderr]   cargo:rerun-if-env-changed=PKG_CONFIG_LIBDIR_x86_64-unknown-linux-gnu
[INFO] [stderr]   cargo:rerun-if-env-changed=PKG_CONFIG_LIBDIR_x86_64_unknown_linux_gnu
[INFO] [stderr]   cargo:rerun-if-env-changed=HOST_PKG_CONFIG_LIBDIR
[INFO] [stderr]   cargo:rerun-if-env-changed=PKG_CONFIG_LIBDIR
[INFO] [stderr]   cargo:rerun-if-env-changed=PKG_CONFIG_SYSROOT_DIR_x86_64-unknown-linux-gnu
[INFO] [stderr]   cargo:rerun-if-env-changed=PKG_CONFIG_SYSROOT_DIR_x86_64_unknown_linux_gnu
[INFO] [stderr]   cargo:rerun-if-env-changed=HOST_PKG_CONFIG_SYSROOT_DIR
[INFO] [stderr]   cargo:rerun-if-env-changed=PKG_CONFIG_SYSROOT_DIR
[INFO] [stderr] 
[INFO] [stderr]   --- stderr
[INFO] [stderr]   wrapper.h:5:10: fatal error: 'cpl_atomic_ops.h' file not found
[INFO] [stderr] 
[INFO] [stderr]   thread 'main' (2414) panicked at /opt/rustwide/cargo-home/git/checkouts/gdal-3b51095beae5b4fc/c0a6266/gdal-sys/build.rs:40:10:
[INFO] [stderr]   Unable to generate bindings: ClangDiagnostic("wrapper.h:5:10: fatal error: 'cpl_atomic_ops.h' file not found\n")
[INFO] [stderr]   stack backtrace:
[INFO] [stderr]      0:     0x57970158bb51 - std[3164a59e47d3bde]::backtrace_rs::backtrace::libunwind::trace
[INFO] [stderr]                                  at /rustc/3154cc1a3e6424e44f438a95007d043ed5ceaaf6/library/std/src/../../backtrace/src/backtrace/libunwind.rs:117:9
[INFO] [stderr]      1:     0x57970158bb51 - std[3164a59e47d3bde]::backtrace_rs::backtrace::trace_unsynchronized::<std[3164a59e47d3bde]::sys::backtrace::_print_fmt::{closure#1}>
[INFO] [stderr]                                  at /rustc/3154cc1a3e6424e44f438a95007d043ed5ceaaf6/library/std/src/../../backtrace/src/backtrace/mod.rs:66:14
[INFO] [stderr]      2:     0x57970158bb51 - std[3164a59e47d3bde]::sys::backtrace::_print_fmt
[INFO] [stderr]                                  at /rustc/3154cc1a3e6424e44f438a95007d043ed5ceaaf6/library/std/src/sys/backtrace.rs:74:9
[INFO] [stderr]      3:     0x57970158bb51 - <<std[3164a59e47d3bde]::sys::backtrace::BacktraceLock>::print::DisplayBacktrace as core[934024a1e6126fb4]::fmt::Display>::fmt
[INFO] [stderr]                                  at /rustc/3154cc1a3e6424e44f438a95007d043ed5ceaaf6/library/std/src/sys/backtrace.rs:44:26
[INFO] [stderr]      4:     0x5797015a205a - <core[934024a1e6126fb4]::fmt::rt::Argument>::fmt
[INFO] [stderr]                                  at /rustc/3154cc1a3e6424e44f438a95007d043ed5ceaaf6/library/core/src/fmt/rt.rs:152:76
[INFO] [stderr]      5:     0x5797015a205a - core[934024a1e6126fb4]::fmt::write
[INFO] [stderr]      6:     0x579701590abc - core[934024a1e6126fb4]::io::write::default_write_fmt::<std[3164a59e47d3bde]::sys::stdio::unix::Stderr>
[INFO] [stderr]                                  at /rustc/3154cc1a3e6424e44f438a95007d043ed5ceaaf6/library/core/src/io/write.rs:402:11
[INFO] [stderr]      7:     0x579701590abc - <std[3164a59e47d3bde]::sys::stdio::unix::Stderr as core[934024a1e6126fb4]::io::write::Write>::write_fmt
[INFO] [stderr]                                  at /rustc/3154cc1a3e6424e44f438a95007d043ed5ceaaf6/library/core/src/io/write.rs:335:13
[INFO] [stderr]      8:     0x5797015663b6 - <std[3164a59e47d3bde]::sys::backtrace::BacktraceLock>::print
[INFO] [stderr]                                  at /rustc/3154cc1a3e6424e44f438a95007d043ed5ceaaf6/library/std/src/sys/backtrace.rs:47:9
[INFO] [stderr]      9:     0x5797015663b6 - std[3164a59e47d3bde]::panicking::default_hook::{closure#0}
[INFO] [stderr]                                  at /rustc/3154cc1a3e6424e44f438a95007d043ed5ceaaf6/library/std/src/panicking.rs:289:27
[INFO] [stderr]     10:     0x579701583001 - std[3164a59e47d3bde]::panicking::default_hook
[INFO] [stderr]                                  at /rustc/3154cc1a3e6424e44f438a95007d043ed5ceaaf6/library/std/src/panicking.rs:316:9
[INFO] [stderr]     11:     0x57970158332b - std[3164a59e47d3bde]::panicking::panic_with_hook
[INFO] [stderr]                                  at /rustc/3154cc1a3e6424e44f438a95007d043ed5ceaaf6/library/std/src/panicking.rs:811:13
[INFO] [stderr]     12:     0x579701566462 - std[3164a59e47d3bde]::panicking::panic_handler::{closure#0}
[INFO] [stderr]                                  at /rustc/3154cc1a3e6424e44f438a95007d043ed5ceaaf6/library/std/src/panicking.rs:685:13
[INFO] [stderr]     13:     0x57970155efe9 - std[3164a59e47d3bde]::sys::backtrace::__rust_end_short_backtrace::<std[3164a59e47d3bde]::panicking::panic_handler::{closure#0}, !>
[INFO] [stderr]                                  at /rustc/3154cc1a3e6424e44f438a95007d043ed5ceaaf6/library/std/src/sys/backtrace.rs:182:18
[INFO] [stderr]     14:     0x57970156705d - __rustc[2e7b49d4226056d3]::rust_begin_unwind
[INFO] [stderr]                                  at /rustc/3154cc1a3e6424e44f438a95007d043ed5ceaaf6/library/std/src/panicking.rs:676:5
[INFO] [stderr]     15:     0x5797015a28fc - core[934024a1e6126fb4]::panicking::panic_fmt
[INFO] [stderr]                                  at /rustc/3154cc1a3e6424e44f438a95007d043ed5ceaaf6/library/core/src/panicking.rs:80:14
[INFO] [stderr]     16:     0x5797015a2652 - core[934024a1e6126fb4]::result::unwrap_failed
[INFO] [stderr]                                  at /rustc/3154cc1a3e6424e44f438a95007d043ed5ceaaf6/library/core/src/result.rs:1866:5
[INFO] [stderr]     17:     0x579700ee9aeb - <core[934024a1e6126fb4]::result::Result<bindgen[7c23672aa61b0eea]::Bindings, bindgen[7c23672aa61b0eea]::BindgenError>>::expect
[INFO] [stderr]     18:     0x579700ee6e4b - build_script_build[7f29f8bcbcfb9ba9]::write_bindings
[INFO] [stderr]     19:     0x579700ee92da - build_script_build[7f29f8bcbcfb9ba9]::main
[INFO] [stderr]     20:     0x579700eebba3 - <fn() as core[934024a1e6126fb4]::ops::function::FnOnce<()>>::call_once
[INFO] [stderr]     21:     0x579700ee673e - std[3164a59e47d3bde]::sys::backtrace::__rust_begin_short_backtrace::<fn(), ()>
[INFO] [stderr]     22:     0x579700ee6749 - std[3164a59e47d3bde]::rt::lang_start::<()>::{closure#0}
[INFO] [stderr]     23:     0x579701582368 - <&dyn core[934024a1e6126fb4]::ops::function::Fn<(), Output = i32> + core[934024a1e6126fb4]::marker::Sync + core[934024a1e6126fb4]::panic::unwind_safe::RefUnwindSafe as core[934024a1e6126fb4]::ops::function::FnOnce<()>>::call_once
[INFO] [stderr]                                  at /rustc/3154cc1a3e6424e44f438a95007d043ed5ceaaf6/library/core/src/ops/function.rs:287:21
[INFO] [stderr]     24:     0x579701582368 - std[3164a59e47d3bde]::panicking::catch_unwind::do_call::<&dyn core[934024a1e6126fb4]::ops::function::Fn<(), Output = i32> + core[934024a1e6126fb4]::marker::Sync + core[934024a1e6126fb4]::panic::unwind_safe::RefUnwindSafe, i32>
[INFO] [stderr]                                  at /rustc/3154cc1a3e6424e44f438a95007d043ed5ceaaf6/library/std/src/panicking.rs:573:43
[INFO] [stderr]     25:     0x579701582368 - std[3164a59e47d3bde]::panicking::catch_unwind::<i32, &dyn core[934024a1e6126fb4]::ops::function::Fn<(), Output = i32> + core[934024a1e6126fb4]::marker::Sync + core[934024a1e6126fb4]::panic::unwind_safe::RefUnwindSafe>
[INFO] [stderr]                                  at /rustc/3154cc1a3e6424e44f438a95007d043ed5ceaaf6/library/std/src/panicking.rs:541:19
[INFO] [stderr]     26:     0x579701582368 - std[3164a59e47d3bde]::panic::catch_unwind::<&dyn core[934024a1e6126fb4]::ops::function::Fn<(), Output = i32> + core[934024a1e6126fb4]::marker::Sync + core[934024a1e6126fb4]::panic::unwind_safe::RefUnwindSafe, i32>
[INFO] [stderr]                                  at /rustc/3154cc1a3e6424e44f438a95007d043ed5ceaaf6/library/std/src/panic.rs:359:14
[INFO] [stderr]     27:     0x579701582368 - std[3164a59e47d3bde]::rt::lang_start_internal::{closure#0}
[INFO] [stderr]                                  at /rustc/3154cc1a3e6424e44f438a95007d043ed5ceaaf6/library/std/src/rt.rs:175:24
[INFO] [stderr]     28:     0x579701582368 - std[3164a59e47d3bde]::panicking::catch_unwind::do_call::<std[3164a59e47d3bde]::rt::lang_start_internal::{closure#0}, isize>
[INFO] [stderr]                                  at /rustc/3154cc1a3e6424e44f438a95007d043ed5ceaaf6/library/std/src/panicking.rs:573:43
[INFO] [stderr]     29:     0x579701582368 - std[3164a59e47d3bde]::panicking::catch_unwind::<isize, std[3164a59e47d3bde]::rt::lang_start_internal::{closure#0}>
[INFO] [stderr]                                  at /rustc/3154cc1a3e6424e44f438a95007d043ed5ceaaf6/library/std/src/panicking.rs:541:19
[INFO] [stderr]     30:     0x579701582368 - std[3164a59e47d3bde]::panic::catch_unwind::<std[3164a59e47d3bde]::rt::lang_start_internal::{closure#0}, isize>
[INFO] [stderr]                                  at /rustc/3154cc1a3e6424e44f438a95007d043ed5ceaaf6/library/std/src/panic.rs:359:14
[INFO] [stderr]     31:     0x579701582368 - std[3164a59e47d3bde]::rt::lang_start_internal
[INFO] [stderr]                                  at /rustc/3154cc1a3e6424e44f438a95007d043ed5ceaaf6/library/std/src/rt.rs:171:5
[INFO] [stderr]     32:     0x579700ee6641 - std[3164a59e47d3bde]::rt::lang_start::<()>
[INFO] [stderr]     33:     0x579700eebe75 - main
[INFO] [stderr]     34:     0x7b998845b601 - <unknown>
[INFO] [stderr]     35:     0x7b998845b718 - __libc_start_main
[INFO] [stderr]     36:     0x579700ee5515 - _start
[INFO] [stderr]     37:                0x0 - <unknown>
[INFO] running `Command { std: "docker" "inspect" "a5ea61cfc19b5a6cafc3f87c7b8a3364bdb6e2cc68755afb42e289f47b81c8cf", kill_on_drop: false }`
[INFO] running `Command { std: "docker" "rm" "-f" "a5ea61cfc19b5a6cafc3f87c7b8a3364bdb6e2cc68755afb42e289f47b81c8cf", kill_on_drop: false }`
[INFO] [stdout] a5ea61cfc19b5a6cafc3f87c7b8a3364bdb6e2cc68755afb42e289f47b81c8cf
