[INFO] cloning repository https://github.com/kerogenesis/ActiveAnticheatDecoder
[INFO] running `Command { std: "git" "-c" "credential.helper=" "-c" "credential.helper=/workspace/cargo-home/bin/git-credential-null" "clone" "--bare" "https://github.com/kerogenesis/ActiveAnticheatDecoder" "/workspace/cache/git-repos/https%3A%2F%2Fgithub.com%2Fkerogenesis%2FActiveAnticheatDecoder", kill_on_drop: false }`
[INFO] [stderr] Cloning into bare repository '/workspace/cache/git-repos/https%3A%2F%2Fgithub.com%2Fkerogenesis%2FActiveAnticheatDecoder'...
[INFO] running `Command { std: "git" "rev-parse" "HEAD", kill_on_drop: false }`
[INFO] [stdout] 0ead8566c4947acbfecffc1c2a7b39414d823982
[INFO] checking kerogenesis/ActiveAnticheatDecoder against 3154cc1a3e6424e44f438a95007d043ed5ceaaf6 for pr-133502-30
[INFO] running `Command { std: "git" "clone" "/workspace/cache/git-repos/https%3A%2F%2Fgithub.com%2Fkerogenesis%2FActiveAnticheatDecoder" "/workspace/builds/worker-2-tc2/source", kill_on_drop: false }`
[INFO] [stderr] Cloning into '/workspace/builds/worker-2-tc2/source'...
[INFO] [stderr] done.
[INFO] removed /workspace/builds/worker-2-tc2/source/.cargo/config.toml
[INFO] started tweaking git repo https://github.com/kerogenesis/ActiveAnticheatDecoder
[INFO] finished tweaking git repo https://github.com/kerogenesis/ActiveAnticheatDecoder
[INFO] tweaked toml for git repo https://github.com/kerogenesis/ActiveAnticheatDecoder written to /workspace/builds/worker-2-tc2/source/Cargo.toml
[INFO] validating manifest of git repo https://github.com/kerogenesis/ActiveAnticheatDecoder on toolchain 3154cc1a3e6424e44f438a95007d043ed5ceaaf6
[INFO] running `Command { std: CARGO_HOME="/workspace/cargo-home" RUSTUP_HOME="/workspace/rustup-home" "/workspace/cargo-home/bin/cargo" "+3154cc1a3e6424e44f438a95007d043ed5ceaaf6" "metadata" "--manifest-path" "Cargo.toml" "--no-deps", kill_on_drop: false }`
[INFO] crate git repo https://github.com/kerogenesis/ActiveAnticheatDecoder already has a lockfile, it will not be regenerated
[INFO] running `Command { std: CARGO_HOME="/workspace/cargo-home" RUSTUP_HOME="/workspace/rustup-home" "/workspace/cargo-home/bin/cargo" "+3154cc1a3e6424e44f438a95007d043ed5ceaaf6" "fetch" "--manifest-path" "Cargo.toml", kill_on_drop: false }`
[INFO] [stderr]     Blocking waiting for file lock on package cache
[INFO] [stderr]     Blocking waiting for file lock on package cache
[INFO] running `Command { std: "docker" "create" "-v" "/var/lib/crater-agent-workspace/builds/worker-2-tc2/source:/opt/rustwide/workdir:ro,Z" "-v" "/var/lib/crater-agent-workspace/builds/worker-2-tc2/target:/opt/rustwide/target:rw,Z" "-v" "/var/lib/crater-agent-workspace/cargo-home:/opt/rustwide/cargo-home:ro,Z" "-v" "/var/lib/crater-agent-workspace/rustup-home:/opt/rustwide/rustup-home:ro,Z" "-m" "1610612736" "--network" "none" "ghcr.io/rust-lang/crates-build-env/linux@sha256:77db811e55d90add9212f6832c23229e3de5f1c1f9905e8cb07319ea15df73ac" "sleep" "infinity", kill_on_drop: false }`
[INFO] [stdout] c9fdd7e8a81ca72a670f8447c733ca9d33ce5b6bb4d8503971c9b4fe5313c654
[INFO] running `Command { std: "docker" "start" "c9fdd7e8a81ca72a670f8447c733ca9d33ce5b6bb4d8503971c9b4fe5313c654", kill_on_drop: false }`
[INFO] running `Command { std: "docker" "inspect" "c9fdd7e8a81ca72a670f8447c733ca9d33ce5b6bb4d8503971c9b4fe5313c654", kill_on_drop: false }`
[INFO] running `Command { std: "docker" "exec" "-e" "SOURCE_DIR=/opt/rustwide/workdir" "-e" "CARGO_HOME=/opt/rustwide/cargo-home" "-e" "RUSTUP_HOME=/opt/rustwide/rustup-home" "-e" "CARGO_TARGET_DIR=/opt/rustwide/target" "-w" "/opt/rustwide/workdir" "--user" "0:0" "c9fdd7e8a81ca72a670f8447c733ca9d33ce5b6bb4d8503971c9b4fe5313c654" "/opt/rustwide/cargo-home/bin/cargo" "+3154cc1a3e6424e44f438a95007d043ed5ceaaf6" "metadata" "--no-deps" "--format-version=1", kill_on_drop: false }`
[INFO] running `Command { std: "docker" "inspect" "c9fdd7e8a81ca72a670f8447c733ca9d33ce5b6bb4d8503971c9b4fe5313c654", kill_on_drop: false }`
[INFO] running `Command { std: "docker" "exec" "-e" "SOURCE_DIR=/opt/rustwide/workdir" "-e" "CARGO_HOME=/opt/rustwide/cargo-home" "-e" "RUSTUP_HOME=/opt/rustwide/rustup-home" "-e" "CARGO_TARGET_DIR=/opt/rustwide/target" "-e" "CARGO_INCREMENTAL=0" "-e" "RUST_BACKTRACE=full" "-e" "RUSTFLAGS=--cap-lints=forbid" "-e" "RUSTDOCFLAGS=--cap-lints=forbid" "-w" "/opt/rustwide/workdir" "--user" "0:0" "c9fdd7e8a81ca72a670f8447c733ca9d33ce5b6bb4d8503971c9b4fe5313c654" "/opt/rustwide/cargo-home/bin/cargo" "+3154cc1a3e6424e44f438a95007d043ed5ceaaf6" "check" "--frozen" "--all" "--all-targets" "--message-format=json", kill_on_drop: false }`
[INFO] [stderr]    Compiling crossbeam-utils v0.8.23
[INFO] [stderr]     Checking typenum v1.20.1
[INFO] [stderr]    Compiling crossbeam-epoch v0.9.21
[INFO] [stderr]    Compiling unicode-ident v1.0.26
[INFO] [stderr]    Compiling crossbeam-deque v0.8.8
[INFO] [stderr]     Checking windows-link v0.2.1
[INFO] [stderr]     Checking const-oid v0.10.2
[INFO] [stderr]     Checking obfstr v0.4.6
[INFO] [stderr]    Compiling thiserror v2.0.21
[INFO] [stderr]    Compiling camino v1.2.6
[INFO] [stderr]     Checking aa_shared v1.8.0 (/opt/rustwide/workdir/src/shared)
[INFO] [stderr]     Checking cpufeatures v0.3.1
[INFO] [stderr]    Compiling num-traits v0.2.19
[INFO] [stderr]     Checking either v1.18.0
[INFO] [stderr]    Compiling decoder v1.8.0 (/opt/rustwide/workdir)
[INFO] [stderr]     Checking cfg-if v1.0.5
[INFO] [stderr]     Checking windows-sys v0.61.2
[INFO] [stderr]    Compiling aa_proxy v1.8.0 (/opt/rustwide/workdir/src/proxy)
[INFO] [stdout] warning: unused import: `Stdio`
[INFO] [stdout]   --> build.rs:13:29
[INFO] [stdout]    |
[INFO] [stdout] 13 | use std::process::{Command, Stdio};
[INFO] [stdout]    |                             ^^^^^
[INFO] [stdout]    |
[INFO] [stdout]    = note: `#[warn(unused_imports)]` (part of `#[warn(unused)]`) on by default
[INFO] [stdout] 
[INFO] [stdout] 
[INFO] [stderr]    Compiling proc-macro2 v1.0.107
[INFO] [stderr] warning: decoder@1.8.0: proxy DLL is x86-only, embedding an empty placeholder for x86_64-unknown-linux-gnu
[INFO] [stderr] warning: aa_proxy@1.8.0: aa_proxy exports support x86 only
[INFO] [stderr]    Compiling quote v1.0.47
[INFO] [stderr]     Checking rayon-core v1.13.0
[INFO] [stderr]    Compiling syn v3.0.6
[INFO] [stderr]     Checking num-integer v0.1.47
[INFO] [stderr]     Checking num-bigint v0.5.1
[INFO] [stderr]     Checking rayon v1.12.0
[INFO] [stderr]     Checking hybrid-array v0.4.15
[INFO] [stderr]     Checking crypto-common v0.2.2
[INFO] [stderr]     Checking block-buffer v0.12.1
[INFO] [stderr]    Compiling thiserror-impl v2.0.21
[INFO] [stderr]     Checking digest v0.11.3
[INFO] [stderr]     Checking sha1 v0.11.0
[INFO] [stdout] warning: unused import: `crate::image::parse_image`
[INFO] [stdout]    --> src/proxy/proxy.rs:264:9
[INFO] [stdout]     |
[INFO] [stdout] 264 |     use crate::image::parse_image;
[INFO] [stdout]     |         ^^^^^^^^^^^^^^^^^^^^^^^^^
[INFO] [stdout]     |
[INFO] [stdout]     = note: `#[warn(unused_imports)]` (part of `#[warn(unused)]`) on by default
[INFO] [stdout] 
[INFO] [stdout] 
[INFO] [stdout] error[E0433]: cannot find `windows` in `os`
[INFO] [stdout]   --> src/system/ui.rs:21:18
[INFO] [stdout]    |
[INFO] [stdout] 21 |     use std::os::windows::ffi::OsStringExt;
[INFO] [stdout]    |                  ^^^^^^^ could not find `windows` in `os`
[INFO] [stdout]    |
[INFO] [stdout] note: found an item that was configured out
[INFO] [stdout]   --> /rustc/3154cc1a3e6424e44f438a95007d043ed5ceaaf6/library/std/src/os/mod.rs:62:4
[INFO] [stdout]    |
[INFO] [stdout]    = note: the item is gated behind the `windows` feature
[INFO] [stdout] 
[INFO] [stdout] 
[INFO] [stdout] error[E0433]: cannot find `windows` in `os`
[INFO] [stdout]    --> src/system/ui.rs:180:18
[INFO] [stdout]     |
[INFO] [stdout] 180 |     use std::os::windows::ffi::OsStringExt;
[INFO] [stdout]     |                  ^^^^^^^ could not find `windows` in `os`
[INFO] [stdout]     |
[INFO] [stdout] note: found an item that was configured out
[INFO] [stdout]    --> /rustc/3154cc1a3e6424e44f438a95007d043ed5ceaaf6/library/std/src/os/mod.rs:62:4
[INFO] [stdout]     |
[INFO] [stdout]     = note: the item is gated behind the `windows` feature
[INFO] [stdout] 
[INFO] [stdout] 
[INFO] [stdout] error[E0433]: cannot find `windows` in `os`
[INFO] [stdout]   --> src/system/ui.rs:21:18
[INFO] [stdout]    |
[INFO] [stdout] 21 |     use std::os::windows::ffi::OsStringExt;
[INFO] [stdout]    |                  ^^^^^^^ could not find `windows` in `os`
[INFO] [stdout]    |
[INFO] [stdout] note: found an item that was configured out
[INFO] [stdout]   --> /rustc/3154cc1a3e6424e44f438a95007d043ed5ceaaf6/library/std/src/os/mod.rs:62:4
[INFO] [stdout]    |
[INFO] [stdout]    = note: the item is gated behind the `windows` feature
[INFO] [stdout] 
[INFO] [stdout] 
[INFO] [stdout] error[E0433]: cannot find `windows` in `os`
[INFO] [stdout]    --> src/system/ui.rs:180:18
[INFO] [stdout]     |
[INFO] [stdout] 180 |     use std::os::windows::ffi::OsStringExt;
[INFO] [stdout]     |                  ^^^^^^^ could not find `windows` in `os`
[INFO] [stdout]     |
[INFO] [stdout] note: found an item that was configured out
[INFO] [stdout]    --> /rustc/3154cc1a3e6424e44f438a95007d043ed5ceaaf6/library/std/src/os/mod.rs:62:4
[INFO] [stdout]     |
[INFO] [stdout]     = note: the item is gated behind the `windows` feature
[INFO] [stdout] 
[INFO] [stdout] 
[INFO] [stdout] error[E0599]: no associated function or constant named `from_wide` found for struct `OsString` in the current scope
[INFO] [stdout]    --> src/system/ui.rs:167:34
[INFO] [stdout]     |
[INFO] [stdout] 167 |             let text = OsString::from_wide(std::slice::from_raw_parts(raw, wide_len(raw)));
[INFO] [stdout]     |                                  ^^^^^^^^^ associated function or constant not found in `OsString`
[INFO] [stdout]     |
[INFO] [stdout] note: if you're trying to build a new `OsString` consider using one of the following associated functions:
[INFO] [stdout]       OsString::new
[INFO] [stdout]       OsString::from_encoded_bytes_unchecked
[INFO] [stdout]       OsString::with_capacity
[INFO] [stdout]    --> /rustc/3154cc1a3e6424e44f438a95007d043ed5ceaaf6/library/std/src/ffi/os_str.rs:134:4
[INFO] [stdout] help: there is an associated function `from_iter` with a similar name
[INFO] [stdout]     |
[INFO] [stdout] 167 -             let text = OsString::from_wide(std::slice::from_raw_parts(raw, wide_len(raw)));
[INFO] [stdout] 167 +             let text = OsString::from_iter(std::slice::from_raw_parts(raw, wide_len(raw)));
[INFO] [stdout]     |
[INFO] [stdout] 
[INFO] [stdout] 
[INFO] [stdout] error[E0599]: no associated function or constant named `from_wide` found for struct `OsString` in the current scope
[INFO] [stdout]    --> src/system/ui.rs:215:34
[INFO] [stdout]     |
[INFO] [stdout] 215 |             let text = OsString::from_wide(&buffer[..length]);
[INFO] [stdout]     |                                  ^^^^^^^^^ associated function or constant not found in `OsString`
[INFO] [stdout]     |
[INFO] [stdout] note: if you're trying to build a new `OsString` consider using one of the following associated functions:
[INFO] [stdout]       OsString::new
[INFO] [stdout]       OsString::from_encoded_bytes_unchecked
[INFO] [stdout]       OsString::with_capacity
[INFO] [stdout]    --> /rustc/3154cc1a3e6424e44f438a95007d043ed5ceaaf6/library/std/src/ffi/os_str.rs:134:4
[INFO] [stdout] help: there is an associated function `from_iter` with a similar name
[INFO] [stdout]     |
[INFO] [stdout] 215 -             let text = OsString::from_wide(&buffer[..length]);
[INFO] [stdout] 215 +             let text = OsString::from_iter(&buffer[..length]);
[INFO] [stdout]     |
[INFO] [stdout] 
[INFO] [stdout] 
[INFO] [stdout] error[E0599]: no associated function or constant named `from_wide` found for struct `OsString` in the current scope
[INFO] [stdout]    --> src/system/ui.rs:167:34
[INFO] [stdout]     |
[INFO] [stdout] 167 |             let text = OsString::from_wide(std::slice::from_raw_parts(raw, wide_len(raw)));
[INFO] [stdout]     |                                  ^^^^^^^^^ associated function or constant not found in `OsString`
[INFO] [stdout]     |
[INFO] [stdout] note: if you're trying to build a new `OsString` consider using one of the following associated functions:
[INFO] [stdout]       OsString::new
[INFO] [stdout]       OsString::from_encoded_bytes_unchecked
[INFO] [stdout]       OsString::with_capacity
[INFO] [stdout]    --> /rustc/3154cc1a3e6424e44f438a95007d043ed5ceaaf6/library/std/src/ffi/os_str.rs:134:4
[INFO] [stdout] help: there is an associated function `from_iter` with a similar name
[INFO] [stdout]     |
[INFO] [stdout] 167 -             let text = OsString::from_wide(std::slice::from_raw_parts(raw, wide_len(raw)));
[INFO] [stdout] 167 +             let text = OsString::from_iter(std::slice::from_raw_parts(raw, wide_len(raw)));
[INFO] [stdout]     |
[INFO] [stdout] 
[INFO] [stdout] 
[INFO] [stdout] error[E0599]: no associated function or constant named `from_wide` found for struct `OsString` in the current scope
[INFO] [stdout]    --> src/system/ui.rs:215:34
[INFO] [stdout]     |
[INFO] [stdout] 215 |             let text = OsString::from_wide(&buffer[..length]);
[INFO] [stdout]     |                                  ^^^^^^^^^ associated function or constant not found in `OsString`
[INFO] [stdout]     |
[INFO] [stdout] note: if you're trying to build a new `OsString` consider using one of the following associated functions:
[INFO] [stdout]       OsString::new
[INFO] [stdout]       OsString::from_encoded_bytes_unchecked
[INFO] [stdout]       OsString::with_capacity
[INFO] [stdout]    --> /rustc/3154cc1a3e6424e44f438a95007d043ed5ceaaf6/library/std/src/ffi/os_str.rs:134:4
[INFO] [stdout] help: there is an associated function `from_iter` with a similar name
[INFO] [stdout]     |
[INFO] [stdout] 215 -             let text = OsString::from_wide(&buffer[..length]);
[INFO] [stdout] 215 +             let text = OsString::from_iter(&buffer[..length]);
[INFO] [stdout]     |
[INFO] [stdout] 
[INFO] [stdout] 
[INFO] [stdout] Some errors have detailed explanations: E0433, E0599.
[INFO] [stdout] 
[INFO] [stdout] For more information about an error, try `rustc --explain E0433`.
[INFO] [stdout] 
[INFO] [stdout] Some errors have detailed explanations: E0433, E0599.
[INFO] [stdout] 
[INFO] [stdout] For more information about an error, try `rustc --explain E0433`.
[INFO] [stdout] 
[INFO] [stderr] warning: decoder@1.8.0: proxy DLL is x86-only, embedding an empty placeholder for x86_64-unknown-linux-gnu
[INFO] [stderr] error: could not compile `decoder` (lib test) due to 4 previous errors
[INFO] [stderr] warning: build failed, waiting for other jobs to finish...
[INFO] [stderr] warning: decoder@1.8.0: proxy DLL is x86-only, embedding an empty placeholder for x86_64-unknown-linux-gnu
[INFO] [stderr] error: could not compile `decoder` (lib) due to 4 previous errors
[INFO] running `Command { std: "docker" "inspect" "c9fdd7e8a81ca72a670f8447c733ca9d33ce5b6bb4d8503971c9b4fe5313c654", kill_on_drop: false }`
[INFO] running `Command { std: "docker" "rm" "-f" "c9fdd7e8a81ca72a670f8447c733ca9d33ce5b6bb4d8503971c9b4fe5313c654", kill_on_drop: false }`
[INFO] [stdout] c9fdd7e8a81ca72a670f8447c733ca9d33ce5b6bb4d8503971c9b4fe5313c654
