[INFO] cloning repository https://github.com/kent8192/phemius
[INFO] running `Command { std: "git" "-c" "credential.helper=" "-c" "credential.helper=/workspace/cargo-home/bin/git-credential-null" "clone" "--bare" "https://github.com/kent8192/phemius" "/workspace/cache/git-repos/https%3A%2F%2Fgithub.com%2Fkent8192%2Fphemius", kill_on_drop: false }`
[INFO] [stderr] Cloning into bare repository '/workspace/cache/git-repos/https%3A%2F%2Fgithub.com%2Fkent8192%2Fphemius'...
[INFO] running `Command { std: "git" "rev-parse" "HEAD", kill_on_drop: false }`
[INFO] [stdout] 198624323bbf8710083d8e1d8becdb22230a7dcb
[INFO] checking kent8192/phemius against 3154cc1a3e6424e44f438a95007d043ed5ceaaf6+rustflags=-Znext-solver=coherence for pr-133502-30
[INFO] running `Command { std: "git" "clone" "/workspace/cache/git-repos/https%3A%2F%2Fgithub.com%2Fkent8192%2Fphemius" "/workspace/builds/worker-5-tc1/source", kill_on_drop: false }`
[INFO] [stderr] Cloning into '/workspace/builds/worker-5-tc1/source'...
[INFO] [stderr] done.
[INFO] removed /workspace/builds/worker-5-tc1/source/rust-toolchain.toml
[INFO] started tweaking git repo https://github.com/kent8192/phemius
[INFO] finished tweaking git repo https://github.com/kent8192/phemius
[INFO] tweaked toml for git repo https://github.com/kent8192/phemius written to /workspace/builds/worker-5-tc1/source/Cargo.toml
[INFO] validating manifest of git repo https://github.com/kent8192/phemius on toolchain 3154cc1a3e6424e44f438a95007d043ed5ceaaf6
[INFO] running `Command { std: CARGO_HOME="/workspace/cargo-home" RUSTUP_HOME="/workspace/rustup-home" "/workspace/cargo-home/bin/cargo" "+3154cc1a3e6424e44f438a95007d043ed5ceaaf6" "metadata" "--manifest-path" "Cargo.toml" "--no-deps", kill_on_drop: false }`
[INFO] crate git repo https://github.com/kent8192/phemius already has a lockfile, it will not be regenerated
[INFO] running `Command { std: CARGO_HOME="/workspace/cargo-home" RUSTUP_HOME="/workspace/rustup-home" "/workspace/cargo-home/bin/cargo" "+3154cc1a3e6424e44f438a95007d043ed5ceaaf6" "fetch" "--manifest-path" "Cargo.toml", kill_on_drop: false }`
[INFO] [stderr]     Updating crates.io index
[INFO] [stderr]  Downloading crates ...
[INFO] [stderr]   Downloaded libyaml-rs v0.3.0
[INFO] [stderr]   Downloaded type1-encoding-parser v0.1.1
[INFO] [stderr]   Downloaded postscript v0.14.1
[INFO] [stderr]   Downloaded adobe-cmap-parser v0.4.1
[INFO] [stderr]   Downloaded eventsource-stream v0.2.3
[INFO] [stderr]   Downloaded rustyline v18.0.1
[INFO] [stderr]   Downloaded cff-parser v0.2.0
[INFO] [stderr]   Downloaded markup5ever_rcdom v0.38.0+unofficial
[INFO] [stderr]   Downloaded xml5ever v0.38.0
[INFO] [stderr]   Downloaded yaml_serde v0.10.7
[INFO] [stderr]   Downloaded pdf-extract v0.12.0
[INFO] [stderr]   Downloaded euclid v0.20.14
[INFO] [stderr]   Downloaded pom v1.1.0
[INFO] [stderr]   Downloaded htmd v0.5.5
[INFO] [stderr]   Downloaded tokio v1.51.4
[INFO] running `Command { std: "docker" "create" "-v" "/var/lib/crater-agent-workspace/builds/worker-5-tc1/source:/opt/rustwide/workdir:ro,Z" "-v" "/var/lib/crater-agent-workspace/builds/worker-5-tc1/target:/opt/rustwide/target:rw,Z" "-v" "/var/lib/crater-agent-workspace/cargo-home:/opt/rustwide/cargo-home:ro,Z" "-v" "/var/lib/crater-agent-workspace/rustup-home:/opt/rustwide/rustup-home:ro,Z" "-m" "1610612736" "--network" "none" "ghcr.io/rust-lang/crates-build-env/linux@sha256:77db811e55d90add9212f6832c23229e3de5f1c1f9905e8cb07319ea15df73ac" "sleep" "infinity", kill_on_drop: false }`
[INFO] [stdout] b80e3f4ce162494e4ff219c634d8187e56e3edda26ef153c7c3d707c10fbef11
[INFO] running `Command { std: "docker" "start" "b80e3f4ce162494e4ff219c634d8187e56e3edda26ef153c7c3d707c10fbef11", kill_on_drop: false }`
[INFO] running `Command { std: "docker" "inspect" "b80e3f4ce162494e4ff219c634d8187e56e3edda26ef153c7c3d707c10fbef11", kill_on_drop: false }`
[INFO] running `Command { std: "docker" "exec" "-e" "SOURCE_DIR=/opt/rustwide/workdir" "-e" "CARGO_HOME=/opt/rustwide/cargo-home" "-e" "RUSTUP_HOME=/opt/rustwide/rustup-home" "-e" "CARGO_TARGET_DIR=/opt/rustwide/target" "-w" "/opt/rustwide/workdir" "--user" "0:0" "b80e3f4ce162494e4ff219c634d8187e56e3edda26ef153c7c3d707c10fbef11" "/opt/rustwide/cargo-home/bin/cargo" "+3154cc1a3e6424e44f438a95007d043ed5ceaaf6" "metadata" "--no-deps" "--format-version=1", kill_on_drop: false }`
[INFO] running `Command { std: "docker" "inspect" "b80e3f4ce162494e4ff219c634d8187e56e3edda26ef153c7c3d707c10fbef11", kill_on_drop: false }`
[INFO] running `Command { std: "docker" "exec" "-e" "SOURCE_DIR=/opt/rustwide/workdir" "-e" "CARGO_HOME=/opt/rustwide/cargo-home" "-e" "RUSTUP_HOME=/opt/rustwide/rustup-home" "-e" "CARGO_TARGET_DIR=/opt/rustwide/target" "-e" "CARGO_INCREMENTAL=0" "-e" "RUST_BACKTRACE=full" "-e" "RUSTFLAGS=--cap-lints=forbid -Znext-solver=coherence" "-e" "RUSTDOCFLAGS=--cap-lints=forbid" "-w" "/opt/rustwide/workdir" "--user" "0:0" "b80e3f4ce162494e4ff219c634d8187e56e3edda26ef153c7c3d707c10fbef11" "/opt/rustwide/cargo-home/bin/cargo" "+3154cc1a3e6424e44f438a95007d043ed5ceaaf6" "check" "--frozen" "--all" "--all-targets" "--message-format=json", kill_on_drop: false }`
[INFO] [stderr]    Compiling libc v0.2.189
[INFO] [stderr]    Compiling aws-lc-rs v1.18.0
[INFO] [stderr]     Checking generic-array v0.14.7
[INFO] [stderr]     Checking errno v0.3.14
[INFO] [stderr]     Checking mio v1.2.2
[INFO] [stderr]     Checking socket2 v0.6.5
[INFO] [stderr]     Checking phf_shared v0.13.1
[INFO] [stderr]    Compiling string_cache_codegen v0.6.1
[INFO] [stderr]    Compiling zerovec-derive v0.11.6
[INFO] [stderr]    Compiling displaydoc v0.2.7
[INFO] [stderr]    Compiling serde_derive v1.0.229
[INFO] [stderr]    Compiling tokio-macros v2.7.2
[INFO] [stderr]     Checking parking_lot_core v0.9.12
[INFO] [stderr]     Checking new_debug_unreachable v1.0.6
[INFO] [stderr]    Compiling phf_macros v0.13.1
[INFO] [stderr]    Compiling futures-macro v0.3.34
[INFO] [stderr]     Checking signal-hook-registry v1.4.8
[INFO] [stderr]     Checking precomputed-hash v0.1.1
[INFO] [stderr]    Compiling rustls v0.23.43
[INFO] [stderr]    Compiling getrandom v0.4.3
[INFO] [stderr]    Compiling rustix v1.1.4
[INFO] [stderr]     Checking tendril v0.5.1
[INFO] [stderr]    Compiling io-lifetimes v3.0.1
[INFO] [stderr]    Compiling io-lifetimes v2.0.4
[INFO] [stderr]     Checking parking_lot v0.12.5
[INFO] [stderr]     Checking tinyvec v1.12.0
[INFO] [stderr]    Compiling web_atoms v0.2.6
[INFO] [stderr]     Checking futures-channel v0.3.34
[INFO] [stderr]    Compiling io-extras v0.19.0
[INFO] [stderr]    Compiling nix v0.31.3
[INFO] [stderr]     Checking tokio v1.51.4
[INFO] [stderr]    Compiling num-traits v0.2.19
[INFO] [stderr]     Checking phf v0.13.1
[INFO] [stderr]    Compiling thiserror-impl v2.0.20
[INFO] [stderr]     Checking pom v1.1.0
[INFO] [stderr]     Checking unicode-bidi v0.3.18
[INFO] [stderr]    Compiling cap-primitives v4.0.3
[INFO] [stderr]     Checking crypto-common v0.1.7
[INFO] [stderr]     Checking block-padding v0.3.3
[INFO] [stderr]     Checking block-buffer v0.10.4
[INFO] [stderr]     Checking unicode-properties v0.1.4
[INFO] [stderr]     Checking zerotrie v0.2.5
[INFO] [stderr]     Checking inout v0.1.4
[INFO] [stderr]     Checking unicode-normalization v0.1.25
[INFO] [stderr]    Compiling aho-corasick v1.1.5
[INFO] [stderr]     Checking cipher v0.4.4
[INFO] [stderr]     Checking digest v0.10.7
[INFO] [stderr]     Checking rustls-native-certs v0.8.4
[INFO] [stderr]     Checking futures-util v0.3.34
[INFO] [stderr]     Checking sha2 v0.10.9
[INFO] [stderr]     Checking md-5 v0.10.6
[INFO] [stderr]     Checking ecb v0.1.2
[INFO] [stderr]     Checking cbc v0.1.2
[INFO] [stderr]     Checking aes v0.8.4
[INFO] [stderr]     Checking rand v0.10.2
[INFO] [stderr]     Checking flate2 v1.1.9
[INFO] [stderr]     Checking encoding_rs v0.8.35
[INFO] [stderr]     Checking weezl v0.1.12
[INFO] [stderr]    Compiling unicode-general-category v1.1.0
[INFO] [stderr]    Compiling jobserver v0.1.35
[INFO] [stderr]     Checking futures-sink v0.3.34
[INFO] [stderr]     Checking stringprep v0.1.5
[INFO] [stderr]     Checking rangemap v1.8.0
[INFO] [stderr]     Checking ttf-parser v0.25.1
[INFO] [stderr]     Checking zerovec v0.11.8
[INFO] [stderr]    Compiling cc v1.4.4
[INFO] [stderr]     Checking ambient-authority v0.0.2
[INFO] [stderr]    Compiling cap-std v4.0.3
[INFO] [stderr]     Checking maybe-owned v0.3.4
[INFO] [stderr]     Checking clap_builder v4.6.6
[INFO] [stderr]     Checking nom v7.1.3
[INFO] [stderr]    Compiling clap_derive v4.6.4
[INFO] [stderr]     Checking dirs-sys v0.5.0
[INFO] [stderr]     Checking serde_json v1.0.151
[INFO] [stderr]     Checking euclid v0.20.14
[INFO] [stderr]     Checking tinystr v0.8.4
[INFO] [stderr]     Checking potential_utf v0.1.6
[INFO] [stderr]     Checking thiserror v2.0.20
[INFO] [stderr]    Compiling regex-automata v0.4.18
[INFO] [stderr]     Checking icu_locale_core v2.3.0
[INFO] [stderr]     Checking icu_collections v2.3.0
[INFO] [stderr]    Compiling rstest_macros v0.26.1
[INFO] [stderr]     Checking type1-encoding-parser v0.1.1
[INFO] [stderr]    Compiling cmake v0.1.58
[INFO] [stderr]     Checking adobe-cmap-parser v0.4.1
[INFO] [stderr]     Checking serde_spanned v1.1.1
[INFO] [stderr]     Checking toml_datetime v1.1.1+spec-1.1.0
[INFO] [stderr]     Checking libyaml-rs v0.3.0
[INFO] [stderr]     Checking postscript v0.14.1
[INFO] [stderr]     Checking cff-parser v0.2.0
[INFO] [stderr]     Checking toml v1.1.4+spec-1.1.0
[INFO] [stderr]     Checking icu_provider v2.3.1
[INFO] [stderr]     Checking eventsource-stream v0.2.3
[INFO] [stderr]     Checking directories v6.0.0
[INFO] [stderr]     Checking process-wrap v9.1.0
[INFO] [stderr]     Checking uuid v1.24.1
[INFO] [stderr]     Checking similar v2.7.0
[INFO] [stderr]    Compiling relative-path v1.9.3
[INFO] [stderr]     Checking icu_normalizer v2.3.0
[INFO] [stderr]     Checking icu_properties v2.3.0
[INFO] [stderr]     Checking futures-timer v3.0.4
[INFO] [stderr]    Compiling aws-lc-sys v0.44.0
[INFO] [stderr]     Checking rustyline v18.0.1
[INFO] [stderr]     Checking serde v1.0.229
[INFO] [stderr]     Checking rustix-linux-procfs v0.1.1
[INFO] [stderr]     Checking fs-set-times v0.20.3
[INFO] [stderr]     Checking lopdf v0.42.0
[INFO] [stderr]     Checking clap v4.6.6
[INFO] [stderr]     Checking string_cache v0.9.0
[INFO] [stderr]     Checking yaml_serde v0.10.7
[INFO] [stderr]     Checking idna_adapter v1.2.2
[INFO] [stderr]    Compiling regex v1.13.1
[INFO] [stderr]     Checking idna v1.1.0
[INFO] [stderr]     Checking url v2.5.8
[INFO] [stderr]     Checking markup5ever v0.38.0
[INFO] [stderr]     Checking xml5ever v0.38.0
[INFO] [stderr]     Checking html5ever v0.38.0
[INFO] [stderr]     Checking hyper v1.11.0
[INFO] [stderr]     Checking tower v0.5.3
[INFO] [stderr]     Checking markup5ever_rcdom v0.38.0+unofficial
[INFO] [stderr]     Checking tokio-util v0.7.19
[INFO] [stderr]     Checking htmd v0.5.5
[INFO] [stderr]     Checking tower-http v0.6.11
[INFO] [stderr]     Checking hyper-util v0.1.20
[INFO] [stderr]     Checking rstest v0.26.1
[INFO] [stderr]     Checking pdf-extract v0.12.0
[INFO] [stderr]     Checking rustls-webpki v0.103.15
[INFO] [stderr]     Checking tokio-rustls v0.26.4
[INFO] [stderr]     Checking rustls-platform-verifier v0.7.0
[INFO] [stderr]     Checking hyper-rustls v0.27.9
[INFO] [stderr]     Checking reqwest v0.13.4
[INFO] [stderr]     Checking phemius v0.1.0 (/opt/rustwide/workdir)
[INFO] [stdout] error[E0425]: cannot find function `renameatx_np` in crate `libc`
[INFO] [stdout]     --> src/journal.rs:972:15
[INFO] [stdout]      |
[INFO] [stdout]  972 |         libc::renameatx_np(
[INFO] [stdout]      |               ^^^^^^^^^^^^ not found in `libc`
[INFO] [stdout]      |
[INFO] [stdout] note: similarly named function `renameat` defined here
[INFO] [stdout]     --> /opt/rustwide/cargo-home/registry/src/index.crates.io-1949cf8c6b5b557f/libc-0.2.189/src/unix/mod.rs:1060:5
[INFO] [stdout]      |
[INFO] [stdout] 1060 | /     pub fn renameat(
[INFO] [stdout] 1061 | |         olddirfd: c_int,
[INFO] [stdout] 1062 | |         oldpath: *const c_char,
[INFO] [stdout] 1063 | |         newdirfd: c_int,
[INFO] [stdout] 1064 | |         newpath: *const c_char,
[INFO] [stdout] 1065 | |     ) -> c_int;
[INFO] [stdout]      | |_______________^
[INFO] [stdout] help: a function with a similar name exists
[INFO] [stdout]      |
[INFO] [stdout]  972 -         libc::renameatx_np(
[INFO] [stdout]  972 +         libc::renameat(
[INFO] [stdout]      |
[INFO] [stdout] 
[INFO] [stdout] 
[INFO] [stdout] error[E0425]: cannot find value `RENAME_EXCL` in crate `libc`
[INFO] [stdout]    --> src/journal.rs:977:19
[INFO] [stdout]     |
[INFO] [stdout] 977 |             libc::RENAME_EXCL,
[INFO] [stdout]     |                   ^^^^^^^^^^^ not found in `libc`
[INFO] [stdout] 
[INFO] [stdout] 
[INFO] [stdout] error[E0425]: cannot find function `renamex_np` in crate `libc`
[INFO] [stdout]    --> src/project.rs:416:33
[INFO] [stdout]     |
[INFO] [stdout] 416 |     let result = unsafe { libc::renamex_np(from.as_ptr(), to.as_ptr(), libc::RENAME_EXCL) };
[INFO] [stdout]     |                                 ^^^^^^^^^^ not found in `libc`
[INFO] [stdout] 
[INFO] [stdout] 
[INFO] [stdout] error[E0425]: cannot find value `RENAME_EXCL` in crate `libc`
[INFO] [stdout]    --> src/project.rs:416:78
[INFO] [stdout]     |
[INFO] [stdout] 416 |     let result = unsafe { libc::renamex_np(from.as_ptr(), to.as_ptr(), libc::RENAME_EXCL) };
[INFO] [stdout]     |                                                                              ^^^^^^^^^^^ not found in `libc`
[INFO] [stdout] 
[INFO] [stdout] 
[INFO] [stdout] error[E0425]: cannot find function `renameatx_np` in crate `libc`
[INFO] [stdout]     --> src/journal.rs:972:15
[INFO] [stdout]      |
[INFO] [stdout]  972 |         libc::renameatx_np(
[INFO] [stdout]      |               ^^^^^^^^^^^^ not found in `libc`
[INFO] [stdout]      |
[INFO] [stdout] note: similarly named function `renameat` defined here
[INFO] [stdout]     --> /opt/rustwide/cargo-home/registry/src/index.crates.io-1949cf8c6b5b557f/libc-0.2.189/src/unix/mod.rs:1060:5
[INFO] [stdout]      |
[INFO] [stdout] 1060 | /     pub fn renameat(
[INFO] [stdout] 1061 | |         olddirfd: c_int,
[INFO] [stdout] 1062 | |         oldpath: *const c_char,
[INFO] [stdout] 1063 | |         newdirfd: c_int,
[INFO] [stdout] 1064 | |         newpath: *const c_char,
[INFO] [stdout] 1065 | |     ) -> c_int;
[INFO] [stdout]      | |_______________^
[INFO] [stdout] help: a function with a similar name exists
[INFO] [stdout]      |
[INFO] [stdout]  972 -         libc::renameatx_np(
[INFO] [stdout]  972 +         libc::renameat(
[INFO] [stdout]      |
[INFO] [stdout] 
[INFO] [stdout] 
[INFO] [stdout] error[E0425]: cannot find value `RENAME_EXCL` in crate `libc`
[INFO] [stdout]    --> src/journal.rs:977:19
[INFO] [stdout]     |
[INFO] [stdout] 977 |             libc::RENAME_EXCL,
[INFO] [stdout]     |                   ^^^^^^^^^^^ not found in `libc`
[INFO] [stdout] 
[INFO] [stdout] 
[INFO] [stdout] error[E0425]: cannot find function `renamex_np` in crate `libc`
[INFO] [stdout]    --> src/project.rs:416:33
[INFO] [stdout]     |
[INFO] [stdout] 416 |     let result = unsafe { libc::renamex_np(from.as_ptr(), to.as_ptr(), libc::RENAME_EXCL) };
[INFO] [stdout]     |                                 ^^^^^^^^^^ not found in `libc`
[INFO] [stdout] 
[INFO] [stdout] 
[INFO] [stdout] error[E0425]: cannot find value `RENAME_EXCL` in crate `libc`
[INFO] [stdout]    --> src/project.rs:416:78
[INFO] [stdout]     |
[INFO] [stdout] 416 |     let result = unsafe { libc::renamex_np(from.as_ptr(), to.as_ptr(), libc::RENAME_EXCL) };
[INFO] [stdout]     |                                                                              ^^^^^^^^^^^ not found in `libc`
[INFO] [stdout] 
[INFO] [stdout] 
[INFO] [stdout] For more information about this error, try `rustc --explain E0425`.
[INFO] [stdout] 
[INFO] [stderr] error: could not compile `phemius` (lib) due to 4 previous errors
[INFO] [stderr] warning: build failed, waiting for other jobs to finish...
[INFO] [stdout] For more information about this error, try `rustc --explain E0425`.
[INFO] [stdout] 
[INFO] [stderr] error: could not compile `phemius` (lib test) due to 4 previous errors
[INFO] running `Command { std: "docker" "inspect" "b80e3f4ce162494e4ff219c634d8187e56e3edda26ef153c7c3d707c10fbef11", kill_on_drop: false }`
[INFO] running `Command { std: "docker" "rm" "-f" "b80e3f4ce162494e4ff219c634d8187e56e3edda26ef153c7c3d707c10fbef11", kill_on_drop: false }`
[INFO] [stdout] b80e3f4ce162494e4ff219c634d8187e56e3edda26ef153c7c3d707c10fbef11
