[INFO] cloning repository https://github.com/kenianbei/plurimus
[INFO] running `Command { std: "git" "-c" "credential.helper=" "-c" "credential.helper=/workspace/cargo-home/bin/git-credential-null" "clone" "--bare" "https://github.com/kenianbei/plurimus" "/workspace/cache/git-repos/https%3A%2F%2Fgithub.com%2Fkenianbei%2Fplurimus", kill_on_drop: false }`
[INFO] [stderr] Cloning into bare repository '/workspace/cache/git-repos/https%3A%2F%2Fgithub.com%2Fkenianbei%2Fplurimus'...
[INFO] running `Command { std: "git" "rev-parse" "HEAD", kill_on_drop: false }`
[INFO] [stdout] 82cc14c82b855f0a517bc485842d4d4fd9c5f026
[INFO] checking kenianbei/plurimus against 3154cc1a3e6424e44f438a95007d043ed5ceaaf6+rustflags=-Znext-solver=coherence for pr-133502-30
[INFO] running `Command { std: "git" "clone" "/workspace/cache/git-repos/https%3A%2F%2Fgithub.com%2Fkenianbei%2Fplurimus" "/workspace/builds/worker-5-tc1/source", kill_on_drop: false }`
[INFO] [stderr] Cloning into '/workspace/builds/worker-5-tc1/source'...
[INFO] [stderr] done.
[INFO] removed /workspace/builds/worker-5-tc1/source/.cargo/config.toml
[INFO] removed /workspace/builds/worker-5-tc1/source/rust-toolchain.toml
[INFO] started tweaking git repo https://github.com/kenianbei/plurimus
[INFO] removed 9 missing examples
[INFO] finished tweaking git repo https://github.com/kenianbei/plurimus
[INFO] tweaked toml for git repo https://github.com/kenianbei/plurimus written to /workspace/builds/worker-5-tc1/source/Cargo.toml
[INFO] validating manifest of git repo https://github.com/kenianbei/plurimus on toolchain 3154cc1a3e6424e44f438a95007d043ed5ceaaf6
[INFO] running `Command { std: CARGO_HOME="/workspace/cargo-home" RUSTUP_HOME="/workspace/rustup-home" "/workspace/cargo-home/bin/cargo" "+3154cc1a3e6424e44f438a95007d043ed5ceaaf6" "metadata" "--manifest-path" "Cargo.toml" "--no-deps", kill_on_drop: false }`
[INFO] crate git repo https://github.com/kenianbei/plurimus already has a lockfile, it will not be regenerated
[INFO] running `Command { std: CARGO_HOME="/workspace/cargo-home" RUSTUP_HOME="/workspace/rustup-home" "/workspace/cargo-home/bin/cargo" "+3154cc1a3e6424e44f438a95007d043ed5ceaaf6" "fetch" "--manifest-path" "Cargo.toml", kill_on_drop: false }`
[INFO] [stderr] warning: unused workspace dependency `bevy_reflect`
[INFO] [stderr]    --> Cargo.toml:177:1
[INFO] [stderr]     |
[INFO] [stderr] 177 | bevy_reflect = "0.19"
[INFO] [stderr]     | ^^^^^^^^^^^^
[INFO] [stderr]     |
[INFO] [stderr]     = note: `cargo::unused_workspace_dependencies` is set to `warn` by default
[INFO] [stderr] help: consider removing the workspace dependency `bevy_reflect`
[INFO] [stderr] warning: unused workspace dependency `bevy_shader`
[INFO] [stderr]    --> Cargo.toml:179:1
[INFO] [stderr]     |
[INFO] [stderr] 179 | bevy_shader = "0.19"
[INFO] [stderr]     | ^^^^^^^^^^^
[INFO] [stderr]     |
[INFO] [stderr] help: consider removing the workspace dependency `bevy_shader`
[INFO] [stderr] warning: workspace (manifest) generated 2 warnings
[INFO] [stderr]     Updating crates.io index
[INFO] [stderr]  Downloading crates ...
[INFO] [stderr]   Downloaded tui-scrollview v0.6.7
[INFO] [stderr]   Downloaded rustc-std-workspace-core v1.0.1
[INFO] [stderr]   Downloaded ratatui-textarea v0.9.2
[INFO] [stderr]   Downloaded encase_derive_impl v0.12.0
[INFO] [stderr]   Downloaded encase_derive v0.12.0
[INFO] [stderr]   Downloaded encase v0.12.0
[INFO] [stderr]   Downloaded ratzilla v0.3.1
[INFO] [stderr]   Downloaded beamterm-unicode v1.0.0
[INFO] [stderr]   Downloaded beamterm-renderer v1.0.0
[INFO] [stderr]   Downloaded beamterm-core v1.0.0
[INFO] [stderr]   Downloaded beamterm-data v1.0.0
[INFO] [stderr]   Downloaded bevy_ui v0.19.0
[INFO] [stderr]   Downloaded icu_locale_data v2.2.0
[INFO] [stderr]   Downloaded icu_locale v2.2.0
[INFO] [stderr]   Downloaded icu_segmenter_data v2.2.0
[INFO] [stderr]   Downloaded icu_segmenter v2.2.0
[INFO] [stderr]   Downloaded bevy_sprite v0.19.0
[INFO] [stderr]   Downloaded bevy_a11y v0.19.0
[INFO] [stderr]   Downloaded bevy_pbr v0.19.0
[INFO] running `Command { std: "docker" "create" "-v" "/var/lib/crater-agent-workspace/builds/worker-5-tc1/source:/opt/rustwide/workdir:ro,Z" "-v" "/var/lib/crater-agent-workspace/builds/worker-5-tc1/target:/opt/rustwide/target:rw,Z" "-v" "/var/lib/crater-agent-workspace/cargo-home:/opt/rustwide/cargo-home:ro,Z" "-v" "/var/lib/crater-agent-workspace/rustup-home:/opt/rustwide/rustup-home:ro,Z" "-m" "1610612736" "--network" "none" "ghcr.io/rust-lang/crates-build-env/linux@sha256:77db811e55d90add9212f6832c23229e3de5f1c1f9905e8cb07319ea15df73ac" "sleep" "infinity", kill_on_drop: false }`
[INFO] [stdout] 6d41598ae5a8074a0fc4ccc40a0c21b401192f49a2e74928a014d20e8baa068d
[INFO] running `Command { std: "docker" "start" "6d41598ae5a8074a0fc4ccc40a0c21b401192f49a2e74928a014d20e8baa068d", kill_on_drop: false }`
[INFO] running `Command { std: "docker" "inspect" "6d41598ae5a8074a0fc4ccc40a0c21b401192f49a2e74928a014d20e8baa068d", kill_on_drop: false }`
[INFO] running `Command { std: "docker" "exec" "-e" "SOURCE_DIR=/opt/rustwide/workdir" "-e" "CARGO_HOME=/opt/rustwide/cargo-home" "-e" "RUSTUP_HOME=/opt/rustwide/rustup-home" "-e" "CARGO_TARGET_DIR=/opt/rustwide/target" "-w" "/opt/rustwide/workdir" "--user" "0:0" "6d41598ae5a8074a0fc4ccc40a0c21b401192f49a2e74928a014d20e8baa068d" "/opt/rustwide/cargo-home/bin/cargo" "+3154cc1a3e6424e44f438a95007d043ed5ceaaf6" "metadata" "--no-deps" "--format-version=1", kill_on_drop: false }`
[INFO] running `Command { std: "docker" "inspect" "6d41598ae5a8074a0fc4ccc40a0c21b401192f49a2e74928a014d20e8baa068d", kill_on_drop: false }`
[INFO] running `Command { std: "docker" "exec" "-e" "SOURCE_DIR=/opt/rustwide/workdir" "-e" "CARGO_HOME=/opt/rustwide/cargo-home" "-e" "RUSTUP_HOME=/opt/rustwide/rustup-home" "-e" "CARGO_TARGET_DIR=/opt/rustwide/target" "-e" "CARGO_INCREMENTAL=0" "-e" "RUST_BACKTRACE=full" "-e" "RUSTFLAGS=--cap-lints=forbid -Znext-solver=coherence" "-e" "RUSTDOCFLAGS=--cap-lints=forbid" "-w" "/opt/rustwide/workdir" "--user" "0:0" "6d41598ae5a8074a0fc4ccc40a0c21b401192f49a2e74928a014d20e8baa068d" "/opt/rustwide/cargo-home/bin/cargo" "+3154cc1a3e6424e44f438a95007d043ed5ceaaf6" "check" "--frozen" "--all" "--all-targets" "--message-format=json", kill_on_drop: false }`
[INFO] [stderr] warning: unused workspace dependency `bevy_reflect`
[INFO] [stderr]    --> Cargo.toml:177:1
[INFO] [stderr]     |
[INFO] [stderr] 177 | bevy_reflect = "0.19"
[INFO] [stderr]     | ^^^^^^^^^^^^
[INFO] [stderr]     |
[INFO] [stderr]     = note: `cargo::unused_workspace_dependencies` is set to `warn` by default
[INFO] [stderr] help: consider removing the workspace dependency `bevy_reflect`
[INFO] [stderr] warning: unused workspace dependency `bevy_shader`
[INFO] [stderr]    --> Cargo.toml:179:1
[INFO] [stderr]     |
[INFO] [stderr] 179 | bevy_shader = "0.19"
[INFO] [stderr]     | ^^^^^^^^^^^
[INFO] [stderr]     |
[INFO] [stderr] help: consider removing the workspace dependency `bevy_shader`
[INFO] [stderr] warning: workspace (manifest) generated 2 warnings
[INFO] [stderr]    Compiling thiserror v2.0.19
[INFO] [stderr]     Checking hashbrown v0.17.1
[INFO] [stderr]    Compiling syn v2.0.119
[INFO] [stderr]    Compiling syn v3.0.3
[INFO] [stderr]     Checking futures-core v0.3.33
[INFO] [stderr]     Checking futures-io v0.3.33
[INFO] [stderr]    Compiling num-traits v0.2.19
[INFO] [stderr]     Checking const_panic v0.2.15
[INFO] [stderr]     Checking uuid v1.24.0
[INFO] [stderr]     Checking futures-lite v2.6.1
[INFO] [stderr]     Checking async-channel v2.5.0
[INFO] [stderr]    Compiling nix v0.31.3
[INFO] [stderr]     Checking either v1.17.0
[INFO] [stderr]     Checking crossbeam-channel v0.5.16
[INFO] [stderr]     Checking indexmap v2.14.0
[INFO] [stderr]     Checking itertools v0.14.0
[INFO] [stderr]     Checking async-executor v1.14.0
[INFO] [stderr]    Compiling rustix v1.1.4
[INFO] [stderr]     Checking rand_distr v0.6.0
[INFO] [stderr]     Checking linux-raw-sys v0.12.1
[INFO] [stderr]    Compiling rustversion v1.0.23
[INFO] [stderr]    Compiling heck v0.5.0
[INFO] [stderr]     Checking unicode-segmentation v1.13.3
[INFO] [stderr]     Checking ryu v1.0.23
[INFO] [stderr]     Checking lru v0.18.2
[INFO] [stderr]    Compiling ident_case v1.0.1
[INFO] [stderr]    Compiling strsim v0.11.1
[INFO] [stderr]    Compiling instability v0.3.13
[INFO] [stderr]    Compiling indoc v2.0.7
[INFO] [stderr]     Checking unicode-truncate v2.0.1
[INFO] [stderr]     Checking deranged v0.5.8
[INFO] [stderr]     Checking num-conv v0.2.2
[INFO] [stderr]     Checking powerfmt v0.2.0
[INFO] [stderr]     Checking time-core v0.1.9
[INFO] [stderr]     Checking console v0.16.4
[INFO] [stderr]     Checking similar v2.7.0
[INFO] [stderr]     Checking memchr v2.8.3
[INFO] [stderr]    Compiling zerocopy v0.8.55
[INFO] [stderr]    Compiling find-msvc-tools v0.1.9
[INFO] [stderr]     Checking castaway v0.2.4
[INFO] [stderr]     Checking compact_str v0.9.1
[INFO] [stderr]     Checking aho-corasick v1.1.5
[INFO] [stderr]    Compiling cc v1.4.0
[INFO] [stderr]     Checking time v0.3.55
[INFO] [stderr]     Checking piper v0.2.5
[INFO] [stderr]     Checking blocking v1.6.2
[INFO] [stderr]     Checking futures-task v0.3.33
[INFO] [stderr]     Checking constant_time_eq v0.4.2
[INFO] [stderr]     Checking async-fs v2.2.0
[INFO] [stderr]    Compiling darling_core v0.24.0
[INFO] [stderr]     Checking stackfuture v0.3.1
[INFO] [stderr]     Checking async-broadcast v0.7.2
[INFO] [stderr]     Checking zune-core v0.5.1
[INFO] [stderr]     Checking moxcms v0.8.1
[INFO] [stderr]     Checking euclid v0.22.14
[INFO] [stderr]     Checking zune-jpeg v0.5.15
[INFO] [stderr]     Checking regex-automata v0.4.16
[INFO] [stderr]     Checking guillotiere v0.6.2
[INFO] [stderr]     Checking writeable v0.6.3
[INFO] [stderr]     Checking litemap v0.8.2
[INFO] [stderr]    Compiling icu_properties_data v2.2.0
[INFO] [stderr]    Compiling icu_locale_data v2.2.0
[INFO] [stderr]    Compiling bevy_macro_utils v0.19.1
[INFO] [stderr]    Compiling encase_derive_impl v0.12.0
[INFO] [stderr]    Compiling bevy_ecs_macro_logic v0.19.1
[INFO] [stderr]    Compiling synstructure v0.13.2
[INFO] [stderr]    Compiling blake3 v1.8.5
[INFO] [stderr]     Checking matchers v0.2.0
[INFO] [stderr]    Compiling icu_normalizer_data v2.2.0
[INFO] [stderr]    Compiling icu_segmenter_data v2.2.0
[INFO] [stderr]     Checking hashbrown v0.15.5
[INFO] [stderr]     Checking ash v0.38.0+1.3.281
[INFO] [stderr]     Checking accesskit v0.24.1
[INFO] [stderr]     Checking regex v1.13.1
[INFO] [stderr]     Checking ordered-float v5.3.0
[INFO] [stderr]    Compiling wgpu-core v29.0.4
[INFO] [stderr]     Checking errno v0.3.14
[INFO] [stderr]    Compiling wgpu v29.0.4
[INFO] [stderr]    Compiling signal-hook v0.3.18
[INFO] [stderr]     Checking signal-hook-registry v1.4.8
[INFO] [stderr]     Checking serde_json v1.0.151
[INFO] [stderr]     Checking mio v1.2.2
[INFO] [stderr]     Checking signal-hook-mio v0.2.5
[INFO] [stderr]    Compiling thiserror-impl v2.0.19
[INFO] [stderr]    Compiling serde_derive v1.0.229
[INFO] [stderr]    Compiling displaydoc v0.2.7
[INFO] [stderr]    Compiling bytemuck_derive v1.11.0
[INFO] [stderr]    Compiling derive_more-impl v2.1.1
[INFO] [stderr]    Compiling encase_derive v0.12.0
[INFO] [stderr]    Compiling assert_type_match v0.1.1
[INFO] [stderr]    Compiling variadics_please v1.1.0
[INFO] [stderr]    Compiling bevy_reflect_derive v0.19.1
[INFO] [stderr]    Compiling bevy_ecs_macros v0.19.1
[INFO] [stderr]    Compiling bevy_derive v0.19.1
[INFO] [stderr]    Compiling strum_macros v0.28.0
[INFO] [stderr]     Checking encase v0.12.0
[INFO] [stderr]     Checking kasuari v0.4.12
[INFO] [stderr]    Compiling darling_macro v0.24.0
[INFO] [stderr]     Checking bytemuck v1.25.2
[INFO] [stderr]     Checking bitflags v2.13.1
[INFO] [stderr]     Checking glam v0.32.1
[INFO] [stderr]     Checking ctrlc v3.5.2
[INFO] [stderr]    Compiling darling v0.24.0
[INFO] [stderr]     Checking line-clipping v0.3.8
[INFO] [stderr]     Checking tempfile v3.27.0
[INFO] [stderr]     Checking insta v1.48.0
[INFO] [stderr]    Compiling tracing-attributes v0.1.31
[INFO] [stderr]     Checking serde v1.0.229
[INFO] [stderr]    Compiling zerocopy-derive v0.8.55
[INFO] [stderr]     Checking wgpu-types v29.0.4
[INFO] [stderr]     Checking bevy_platform v0.19.1
[INFO] [stderr]     Checking bevy_utils v0.19.1
[INFO] [stderr]     Checking smol_str v0.2.2
[INFO] [stderr]     Checking polling v3.11.0
[INFO] [stderr]    Compiling futures-macro v0.3.33
[INFO] [stderr]     Checking async-io v2.6.0
[INFO] [stderr]     Checking ron v0.12.2
[INFO] [stderr]    Compiling zerofrom-derive v0.1.7
[INFO] [stderr]    Compiling bevy_asset_macros v0.19.1
[INFO] [stderr]    Compiling yoke-derive v0.8.2
[INFO] [stderr]     Checking strum v0.28.0
[INFO] [stderr]     Checking ratatui-core v0.1.2
[INFO] [stderr]     Checking png v0.18.1
[INFO] [stderr]     Checking ratatui-widgets v0.3.2
[INFO] [stderr]     Checking derive_more v2.1.1
[INFO] [stderr]     Checking bevy_reflect v0.19.1
[INFO] [stderr]     Checking bevy_tasks v0.19.1
[INFO] [stderr]    Compiling zerovec-derive v0.11.3
[INFO] [stderr]     Checking tui-scrollview v0.6.7
[INFO] [stderr]     Checking ratatui-textarea v0.9.2
[INFO] [stderr]     Checking image v0.25.10
[INFO] [stderr]     Checking futures-util v0.3.33
[INFO] [stderr]     Checking hexasphere v18.0.0
[INFO] [stderr]    Compiling bevy_encase_derive v0.19.1
[INFO] [stderr]     Checking font-types v0.11.3
[INFO] [stderr]     Checking read-fonts v0.39.2
[INFO] [stderr]     Checking bevy_ecs v0.19.1
[INFO] [stderr]     Checking bevy_math v0.19.1
[INFO] [stderr]     Checking tracing v0.1.44
[INFO] [stderr]     Checking tracing-subscriber v0.3.23
[INFO] [stderr]     Checking spirv v0.4.0+sdk-1.4.341.0
[INFO] [stderr]     Checking font-types v0.12.2
[INFO] [stderr]     Checking read-fonts v0.41.0
[INFO] [stderr]     Checking gpu-descriptor-types v0.2.0
[INFO] [stderr]     Checking gpu-descriptor v0.3.2
[INFO] [stderr]     Checking gpu-allocator v0.28.0
[INFO] [stderr]    Compiling bevy_material_macros v0.19.1
[INFO] [stderr]     Checking harfrust v0.6.2
[INFO] [stderr]     Checking fontique v0.9.0
[INFO] [stderr]     Checking skrifa v0.42.1
[INFO] [stderr]     Checking half v2.7.1
[INFO] [stderr]     Checking bevy_color v0.19.1
[INFO] [stderr]     Checking zerofrom v0.1.8
[INFO] [stderr]     Checking naga v29.0.4
[INFO] [stderr]     Checking yoke v0.8.3
[INFO] [stderr]     Checking zerovec v0.11.6
[INFO] [stderr]     Checking tinystr v0.8.3
[INFO] [stderr]     Checking potential_utf v0.1.5
[INFO] [stderr]     Checking icu_locale_core v2.2.0
[INFO] [stderr]     Checking zerotrie v0.2.4
[INFO] [stderr]     Checking icu_collections v2.2.0
[INFO] [stderr]    Compiling bevy_render_macros v0.19.1
[INFO] [stderr]    Compiling gltf-derive v1.4.1
[INFO] [stderr]     Checking crossterm v0.29.0
[INFO] [stderr]     Checking icu_provider v2.2.0
[INFO] [stderr]     Checking icu_locale v2.2.0
[INFO] [stderr]     Checking icu_properties v2.2.0
[INFO] [stderr]     Checking icu_normalizer v2.2.0
[INFO] [stderr]     Checking ratatui-crossterm v0.1.2
[INFO] [stderr]     Checking icu_segmenter v2.2.0
[INFO] [stderr]     Checking parley_data v0.9.0
[INFO] [stderr]     Checking parley v0.9.0
[INFO] [stderr]     Checking skrifa v0.44.0
[INFO] [stderr]     Checking gltf-json v1.4.1
[INFO] [stderr]     Checking bevy_app v0.19.1
[INFO] [stderr]     Checking bevy_time v0.19.1
[INFO] [stderr]     Checking bevy_input v0.19.1
[INFO] [stderr]     Checking plurimus_core v0.8.0 (/opt/rustwide/workdir/crates/plurimus_core)
[INFO] [stderr]     Checking bevy_diagnostic v0.19.1
[INFO] [stderr]     Checking bevy_transform v0.19.1
[INFO] [stderr]     Checking bevy_log v0.19.1
[INFO] [stderr]     Checking bevy_asset v0.19.1
[INFO] [stderr]     Checking swash v0.2.10
[INFO] [stderr]     Checking bevy_a11y v0.19.0
[INFO] [stderr]     Checking bevy_clipboard v0.19.1
[INFO] [stderr]     Checking gltf v1.4.1
[INFO] [stderr]     Checking plurimus_2d v0.8.0 (/opt/rustwide/workdir/crates/plurimus_2d)
[INFO] [stderr]     Checking wgpu-naga-bridge v29.0.4
[INFO] [stderr]     Checking naga_oil v0.22.0
[INFO] [stderr]     Checking wgpu-hal v29.0.4
[INFO] [stderr]     Checking bevy_window v0.19.1
[INFO] [stderr]     Checking plurimus_term v0.8.0 (/opt/rustwide/workdir/crates/plurimus_term)
[INFO] [stderr]     Checking plurimus_crossterm v0.8.0 (/opt/rustwide/workdir/crates/plurimus_crossterm)
[INFO] [stderr]     Checking plurimus_web v0.8.0 (/opt/rustwide/workdir/crates/plurimus_web)
[INFO] [stderr]     Checking plurimus v0.8.0 (/opt/rustwide/workdir)
[INFO] [stderr]     Checking wgpu-core-deps-windows-linux-android v29.0.4
[INFO] [stderr]     Checking bevy_input_focus v0.19.1
[INFO] [stderr]     Checking plurimus_test v0.8.0 (/opt/rustwide/workdir/crates/plurimus_test)
[INFO] [stderr]     Checking plurimus_ui v0.8.0 (/opt/rustwide/workdir/crates/plurimus_ui)
[INFO] [stderr]     Checking bevy_image v0.19.1
[INFO] [stderr]     Checking bevy_mesh v0.19.1
[INFO] [stderr]     Checking bevy_shader v0.19.1
[INFO] [stderr]     Checking plurimus_widgets v0.8.0 (/opt/rustwide/workdir/crates/plurimus_widgets)
[INFO] [stderr]     Checking bevy_text v0.19.1
[INFO] [stderr]     Checking bevy_camera v0.19.1
[INFO] [stderr]     Checking bevy_material v0.19.1
[INFO] [stderr]     Checking bevy_sprite v0.19.0
[INFO] [stderr]     Checking bevy_light v0.19.1
[INFO] [stderr]     Checking bevy_world_serialization v0.19.1
[INFO] [stderr]     Checking bevy_ui v0.19.0
[INFO] [stderr]     Checking bevy_render v0.19.1
[INFO] [stderr]     Checking bevy_gltf v0.19.1
[INFO] [stderr]     Checking plurimus_bui v0.8.0 (/opt/rustwide/workdir/crates/plurimus_bui)
[INFO] [stderr]     Checking bevy_core_pipeline v0.19.1
[INFO] [stderr]     Checking bevy_pbr v0.19.0
[INFO] [stderr]     Checking plurimus_3d v0.8.0 (/opt/rustwide/workdir/crates/plurimus_3d)
[INFO] [stdout] error[E0433]: cannot find `ui` in `plurimus`
[INFO] [stdout]   --> examples/tabs/main.rs:27:15
[INFO] [stdout]    |
[INFO] [stdout] 27 | use plurimus::ui::bevy_input_focus::{FocusCause, InputFocus};
[INFO] [stdout]    |               ^^ could not find `ui` in `plurimus`
[INFO] [stdout]    |
[INFO] [stdout] note: found an item that was configured out
[INFO] [stdout]   --> src/lib.rs:12:24
[INFO] [stdout]    |
[INFO] [stdout] 11 | #[cfg(feature = "ui")]
[INFO] [stdout]    |       -------------- the item is gated behind the `ui` feature
[INFO] [stdout] 12 | pub use plurimus_ui as ui;
[INFO] [stdout]    |                        ^^
[INFO] [stdout] 
[INFO] [stdout] 
[INFO] [stdout] error[E0433]: cannot find `ui` in `plurimus`
[INFO] [stdout]   --> examples/table/main.rs:36:15
[INFO] [stdout]    |
[INFO] [stdout] 36 | use plurimus::ui::bevy_input_focus::InputFocus;
[INFO] [stdout]    |               ^^ could not find `ui` in `plurimus`
[INFO] [stdout]    |
[INFO] [stdout] note: found an item that was configured out
[INFO] [stdout]   --> src/lib.rs:12:24
[INFO] [stdout]    |
[INFO] [stdout] 11 | #[cfg(feature = "ui")]
[INFO] [stdout]    |       -------------- the item is gated behind the `ui` feature
[INFO] [stdout] 12 | pub use plurimus_ui as ui;
[INFO] [stdout]    |                        ^^
[INFO] [stdout] 
[INFO] [stdout] 
[INFO] [stdout] error[E0433]: cannot find `widgets` in `plurimus`
[INFO] [stdout]   --> examples/tabs/main.rs:29:15
[INFO] [stdout]    |
[INFO] [stdout] 29 | use plurimus::widgets::ratatui_widgets::borders::BorderType;
[INFO] [stdout]    |               ^^^^^^^ could not find `widgets` in `plurimus`
[INFO] [stdout]    |
[INFO] [stdout] note: found an item that was configured out
[INFO] [stdout]   --> src/lib.rs:14:29
[INFO] [stdout]    |
[INFO] [stdout] 13 | #[cfg(feature = "widgets")]
[INFO] [stdout]    |       ------------------- the item is gated behind the `widgets` feature
[INFO] [stdout] 14 | pub use plurimus_widgets as widgets;
[INFO] [stdout]    |                             ^^^^^^^
[INFO] [stdout] 
[INFO] [stdout] 
[INFO] [stdout] error[E0433]: cannot find `widgets` in `plurimus`
[INFO] [stdout]   --> examples/tabs/main.rs:30:15
[INFO] [stdout]    |
[INFO] [stdout] 30 | use plurimus::widgets::ratatui_widgets::paragraph::Paragraph;
[INFO] [stdout]    |               ^^^^^^^ could not find `widgets` in `plurimus`
[INFO] [stdout]    |
[INFO] [stdout] note: found an item that was configured out
[INFO] [stdout]   --> src/lib.rs:14:29
[INFO] [stdout]    |
[INFO] [stdout] 13 | #[cfg(feature = "widgets")]
[INFO] [stdout]    |       ------------------- the item is gated behind the `widgets` feature
[INFO] [stdout] 14 | pub use plurimus_widgets as widgets;
[INFO] [stdout]    |                             ^^^^^^^
[INFO] [stdout] 
[INFO] [stdout] 
[INFO] [stdout] error[E0432]: unresolved import `plurimus::ui`
[INFO] [stdout]   --> examples/tabs/main.rs:28:15
[INFO] [stdout]    |
[INFO] [stdout] 28 | use plurimus::ui::{Checked, UiLabel, ValueChange};
[INFO] [stdout]    |               ^^ could not find `ui` in `plurimus`
[INFO] [stdout]    |
[INFO] [stdout] note: found an item that was configured out
[INFO] [stdout]   --> src/lib.rs:12:24
[INFO] [stdout]    |
[INFO] [stdout] 11 | #[cfg(feature = "ui")]
[INFO] [stdout]    |       -------------- the item is gated behind the `ui` feature
[INFO] [stdout] 12 | pub use plurimus_ui as ui;
[INFO] [stdout]    |                        ^^
[INFO] [stdout] 
[INFO] [stdout] 
[INFO] [stdout] error[E0432]: unresolved import `plurimus::widgets`
[INFO] [stdout]   --> examples/tabs/main.rs:31:15
[INFO] [stdout]    |
[INFO] [stdout] 31 | use plurimus::widgets::{
[INFO] [stdout]    |               ^^^^^^^ could not find `widgets` in `plurimus`
[INFO] [stdout]    |
[INFO] [stdout] note: found an item that was configured out
[INFO] [stdout]   --> src/lib.rs:14:29
[INFO] [stdout]    |
[INFO] [stdout] 13 | #[cfg(feature = "widgets")]
[INFO] [stdout]    |       ------------------- the item is gated behind the `widgets` feature
[INFO] [stdout] 14 | pub use plurimus_widgets as widgets;
[INFO] [stdout]    |                             ^^^^^^^
[INFO] [stdout] 
[INFO] [stdout] 
[INFO] [stdout] error[E0433]: cannot find `widgets` in `plurimus`
[INFO] [stdout]   --> examples/table/main.rs:38:15
[INFO] [stdout]    |
[INFO] [stdout] 38 | use plurimus::widgets::ratatui_widgets::paragraph::Paragraph;
[INFO] [stdout]    |               ^^^^^^^ could not find `widgets` in `plurimus`
[INFO] [stdout]    |
[INFO] [stdout] note: found an item that was configured out
[INFO] [stdout]   --> src/lib.rs:14:29
[INFO] [stdout]    |
[INFO] [stdout] 13 | #[cfg(feature = "widgets")]
[INFO] [stdout]    |       ------------------- the item is gated behind the `widgets` feature
[INFO] [stdout] 14 | pub use plurimus_widgets as widgets;
[INFO] [stdout]    |                             ^^^^^^^
[INFO] [stdout] 
[INFO] [stdout] 
[INFO] [stdout] error[E0432]: unresolved import `plurimus::ui`
[INFO] [stdout]   --> examples/table/main.rs:37:15
[INFO] [stdout]    |
[INFO] [stdout] 37 | use plurimus::ui::{KeyBinding, ScrollArea, UiStyle, ValueChange};
[INFO] [stdout]    |               ^^ could not find `ui` in `plurimus`
[INFO] [stdout]    |
[INFO] [stdout] note: found an item that was configured out
[INFO] [stdout]   --> src/lib.rs:12:24
[INFO] [stdout]    |
[INFO] [stdout] 11 | #[cfg(feature = "ui")]
[INFO] [stdout]    |       -------------- the item is gated behind the `ui` feature
[INFO] [stdout] 12 | pub use plurimus_ui as ui;
[INFO] [stdout]    |                        ^^
[INFO] [stdout] 
[INFO] [stdout] 
[INFO] [stdout] error[E0432]: unresolved import `plurimus::widgets`
[INFO] [stdout]   --> examples/table/main.rs:39:15
[INFO] [stdout]    |
[INFO] [stdout] 39 | use plurimus::widgets::{
[INFO] [stdout]    |               ^^^^^^^ could not find `widgets` in `plurimus`
[INFO] [stdout]    |
[INFO] [stdout] note: found an item that was configured out
[INFO] [stdout]   --> src/lib.rs:14:29
[INFO] [stdout]    |
[INFO] [stdout] 13 | #[cfg(feature = "widgets")]
[INFO] [stdout]    |       ------------------- the item is gated behind the `widgets` feature
[INFO] [stdout] 14 | pub use plurimus_widgets as widgets;
[INFO] [stdout]    |                             ^^^^^^^
[INFO] [stdout] 
[INFO] [stdout] 
[INFO] [stdout] error[E0432]: unresolved import `plurimus::render2d`
[INFO] [stdout]   --> examples/ratman/game.rs:11:15
[INFO] [stdout]    |
[INFO] [stdout] 11 | use plurimus::render2d::{PixelBlock, Projection2d};
[INFO] [stdout]    |               ^^^^^^^^ could not find `render2d` in `plurimus`
[INFO] [stdout]    |
[INFO] [stdout] note: found an item that was configured out
[INFO] [stdout]   --> src/lib.rs:17:24
[INFO] [stdout]    |
[INFO] [stdout] 16 | #[cfg(feature = "2d")]
[INFO] [stdout]    |       -------------- the item is gated behind the `2d` feature
[INFO] [stdout] 17 | pub use plurimus_2d as render2d;
[INFO] [stdout]    |                        ^^^^^^^^
[INFO] [stdout] 
[INFO] [stdout] 
[INFO] [stdout] error[E0433]: cannot find `widgets` in `plurimus`
[INFO] [stdout]   --> examples/ratman/hud.rs:7:15
[INFO] [stdout]    |
[INFO] [stdout]  7 | use plurimus::widgets::ratatui_widgets::block::{Block, Padding};
[INFO] [stdout]    |               ^^^^^^^ could not find `widgets` in `plurimus`
[INFO] [stdout]    |
[INFO] [stdout] note: found an item that was configured out
[INFO] [stdout]   --> src/lib.rs:14:29
[INFO] [stdout]    |
[INFO] [stdout] 13 | #[cfg(feature = "widgets")]
[INFO] [stdout]    |       ------------------- the item is gated behind the `widgets` feature
[INFO] [stdout] 14 | pub use plurimus_widgets as widgets;
[INFO] [stdout]    |                             ^^^^^^^
[INFO] [stdout] 
[INFO] [stdout] 
[INFO] [stdout] error[E0433]: cannot find `widgets` in `plurimus`
[INFO] [stdout]   --> examples/ratman/hud.rs:8:15
[INFO] [stdout]    |
[INFO] [stdout]  8 | use plurimus::widgets::ratatui_widgets::paragraph::Paragraph;
[INFO] [stdout]    |               ^^^^^^^ could not find `widgets` in `plurimus`
[INFO] [stdout]    |
[INFO] [stdout] note: found an item that was configured out
[INFO] [stdout]   --> src/lib.rs:14:29
[INFO] [stdout]    |
[INFO] [stdout] 13 | #[cfg(feature = "widgets")]
[INFO] [stdout]    |       ------------------- the item is gated behind the `widgets` feature
[INFO] [stdout] 14 | pub use plurimus_widgets as widgets;
[INFO] [stdout]    |                             ^^^^^^^
[INFO] [stdout] 
[INFO] [stdout] 
[INFO] [stdout] error[E0432]: unresolved import `plurimus::render2d`
[INFO] [stdout]   --> examples/ratman/ghosts.rs:8:15
[INFO] [stdout]    |
[INFO] [stdout]  8 | use plurimus::render2d::PixelBlock;
[INFO] [stdout]    |               ^^^^^^^^ could not find `render2d` in `plurimus`
[INFO] [stdout]    |
[INFO] [stdout] note: found an item that was configured out
[INFO] [stdout]   --> src/lib.rs:17:24
[INFO] [stdout]    |
[INFO] [stdout] 16 | #[cfg(feature = "2d")]
[INFO] [stdout]    |       -------------- the item is gated behind the `2d` feature
[INFO] [stdout] 17 | pub use plurimus_2d as render2d;
[INFO] [stdout]    |                        ^^^^^^^^
[INFO] [stdout] 
[INFO] [stdout] 
[INFO] [stdout] error[E0432]: unresolved import `plurimus::render2d`
[INFO] [stdout]   --> examples/ratman/maze.rs:8:15
[INFO] [stdout]    |
[INFO] [stdout]  8 | use plurimus::render2d::PixelBlock;
[INFO] [stdout]    |               ^^^^^^^^ could not find `render2d` in `plurimus`
[INFO] [stdout]    |
[INFO] [stdout] note: found an item that was configured out
[INFO] [stdout]   --> src/lib.rs:17:24
[INFO] [stdout]    |
[INFO] [stdout] 16 | #[cfg(feature = "2d")]
[INFO] [stdout]    |       -------------- the item is gated behind the `2d` feature
[INFO] [stdout] 17 | pub use plurimus_2d as render2d;
[INFO] [stdout]    |                        ^^^^^^^^
[INFO] [stdout] 
[INFO] [stdout] 
[INFO] [stdout] error[E0432]: unresolved import `plurimus::render2d`
[INFO] [stdout]   --> examples/ratman/walls.rs:10:15
[INFO] [stdout]    |
[INFO] [stdout] 10 | use plurimus::render2d::PixelBlock;
[INFO] [stdout]    |               ^^^^^^^^ could not find `render2d` in `plurimus`
[INFO] [stdout]    |
[INFO] [stdout] note: found an item that was configured out
[INFO] [stdout]   --> src/lib.rs:17:24
[INFO] [stdout]    |
[INFO] [stdout] 16 | #[cfg(feature = "2d")]
[INFO] [stdout]    |       -------------- the item is gated behind the `2d` feature
[INFO] [stdout] 17 | pub use plurimus_2d as render2d;
[INFO] [stdout]    |                        ^^^^^^^^
[INFO] [stdout] 
[INFO] [stdout] 
[INFO] [stdout] error[E0432]: unresolved import `plurimus::render2d`
[INFO] [stdout]   --> examples/ratman/main.rs:22:15
[INFO] [stdout]    |
[INFO] [stdout] 22 | use plurimus::render2d::Plugin2d;
[INFO] [stdout]    |               ^^^^^^^^ could not find `render2d` in `plurimus`
[INFO] [stdout]    |
[INFO] [stdout] note: found an item that was configured out
[INFO] [stdout]   --> src/lib.rs:17:24
[INFO] [stdout]    |
[INFO] [stdout] 16 | #[cfg(feature = "2d")]
[INFO] [stdout]    |       -------------- the item is gated behind the `2d` feature
[INFO] [stdout] 17 | pub use plurimus_2d as render2d;
[INFO] [stdout]    |                        ^^^^^^^^
[INFO] [stdout] 
[INFO] [stdout] 
[INFO] [stdout] error[E0432]: unresolved import `plurimus::widgets`
[INFO] [stdout]   --> examples/ratman/main.rs:23:15
[INFO] [stdout]    |
[INFO] [stdout] 23 | use plurimus::widgets::WidgetsPlugin;
[INFO] [stdout]    |               ^^^^^^^ could not find `widgets` in `plurimus`
[INFO] [stdout]    |
[INFO] [stdout] note: found an item that was configured out
[INFO] [stdout]   --> src/lib.rs:14:29
[INFO] [stdout]    |
[INFO] [stdout] 13 | #[cfg(feature = "widgets")]
[INFO] [stdout]    |       ------------------- the item is gated behind the `widgets` feature
[INFO] [stdout] 14 | pub use plurimus_widgets as widgets;
[INFO] [stdout]    |                             ^^^^^^^
[INFO] [stdout] 
[INFO] [stdout] 
[INFO] [stdout] error[E0432]: unresolved import `plurimus::render3d`
[INFO] [stdout]   --> examples/lander/game.rs:8:15
[INFO] [stdout]    |
[INFO] [stdout]  8 | use plurimus::render3d::{EdgeOverlay, EdgeSource, LuminanceRamp, RAMP_SHADING, Strategy3d};
[INFO] [stdout]    |               ^^^^^^^^ could not find `render3d` in `plurimus`
[INFO] [stdout]    |
[INFO] [stdout] note: found an item that was configured out
[INFO] [stdout]   --> src/lib.rs:20:24
[INFO] [stdout]    |
[INFO] [stdout] 19 | #[cfg(feature = "3d")]
[INFO] [stdout]    |       -------------- the item is gated behind the `3d` feature
[INFO] [stdout] 20 | pub use plurimus_3d as render3d;
[INFO] [stdout]    |                        ^^^^^^^^
[INFO] [stdout] 
[INFO] [stdout] 
[INFO] [stdout] error[E0433]: cannot find `widgets` in `plurimus`
[INFO] [stdout]   --> examples/lander/hud.rs:8:15
[INFO] [stdout]    |
[INFO] [stdout]  8 | use plurimus::widgets::ratatui_widgets::block::Block;
[INFO] [stdout]    |               ^^^^^^^ could not find `widgets` in `plurimus`
[INFO] [stdout]    |
[INFO] [stdout] note: found an item that was configured out
[INFO] [stdout]   --> src/lib.rs:14:29
[INFO] [stdout]    |
[INFO] [stdout] 13 | #[cfg(feature = "widgets")]
[INFO] [stdout]    |       ------------------- the item is gated behind the `widgets` feature
[INFO] [stdout] 14 | pub use plurimus_widgets as widgets;
[INFO] [stdout]    |                             ^^^^^^^
[INFO] [stdout] 
[INFO] [stdout] 
[INFO] [stdout] error[E0433]: cannot find `widgets` in `plurimus`
[INFO] [stdout]   --> examples/lander/hud.rs:9:15
[INFO] [stdout]    |
[INFO] [stdout]  9 | use plurimus::widgets::ratatui_widgets::paragraph::Paragraph;
[INFO] [stdout]    |               ^^^^^^^ could not find `widgets` in `plurimus`
[INFO] [stdout]    |
[INFO] [stdout] note: found an item that was configured out
[INFO] [stdout]   --> src/lib.rs:14:29
[INFO] [stdout]    |
[INFO] [stdout] 13 | #[cfg(feature = "widgets")]
[INFO] [stdout]    |       ------------------- the item is gated behind the `widgets` feature
[INFO] [stdout] 14 | pub use plurimus_widgets as widgets;
[INFO] [stdout]    |                             ^^^^^^^
[INFO] [stdout] 
[INFO] [stdout] 
[INFO] [stdout] error[E0432]: unresolved import `plurimus::ui`
[INFO] [stdout]   --> examples/lander/hud.rs:7:15
[INFO] [stdout]    |
[INFO] [stdout]  7 | use plurimus::ui::{UiArea, UiCamera, UiOrder, UiWidget};
[INFO] [stdout]    |               ^^ could not find `ui` in `plurimus`
[INFO] [stdout]    |
[INFO] [stdout] note: found an item that was configured out
[INFO] [stdout]   --> src/lib.rs:12:24
[INFO] [stdout]    |
[INFO] [stdout] 11 | #[cfg(feature = "ui")]
[INFO] [stdout]    |       -------------- the item is gated behind the `ui` feature
[INFO] [stdout] 12 | pub use plurimus_ui as ui;
[INFO] [stdout]    |                        ^^
[INFO] [stdout] 
[INFO] [stdout] 
[INFO] [stdout] error[E0432]: unresolved import `plurimus::widgets`
[INFO] [stdout]   --> examples/lander/hud.rs:10:15
[INFO] [stdout]    |
[INFO] [stdout] 10 | use plurimus::widgets::{Activate, button};
[INFO] [stdout]    |               ^^^^^^^ could not find `widgets` in `plurimus`
[INFO] [stdout]    |
[INFO] [stdout] note: found an item that was configured out
[INFO] [stdout]   --> src/lib.rs:14:29
[INFO] [stdout]    |
[INFO] [stdout] 13 | #[cfg(feature = "widgets")]
[INFO] [stdout]    |       ------------------- the item is gated behind the `widgets` feature
[INFO] [stdout] 14 | pub use plurimus_widgets as widgets;
[INFO] [stdout]    |                             ^^^^^^^
[INFO] [stdout] 
[INFO] [stdout] 
[INFO] [stdout] error[E0432]: unresolved import `plurimus::render3d`
[INFO] [stdout]   --> examples/lander/scene.rs:15:15
[INFO] [stdout]    |
[INFO] [stdout] 15 | use plurimus::render3d::{DepthReadback, Strategy3d};
[INFO] [stdout]    |               ^^^^^^^^ could not find `render3d` in `plurimus`
[INFO] [stdout]    |
[INFO] [stdout] note: found an item that was configured out
[INFO] [stdout]   --> src/lib.rs:20:24
[INFO] [stdout]    |
[INFO] [stdout] 19 | #[cfg(feature = "3d")]
[INFO] [stdout]    |       -------------- the item is gated behind the `3d` feature
[INFO] [stdout] 20 | pub use plurimus_3d as render3d;
[INFO] [stdout]    |                        ^^^^^^^^
[INFO] [stdout] 
[INFO] [stdout] 
[INFO] [stdout] error[E0432]: unresolved import `plurimus::render3d`
[INFO] [stdout]   --> examples/lander/main.rs:22:15
[INFO] [stdout]    |
[INFO] [stdout] 22 | use plurimus::render3d::{Plugin3d, Render3dPlugins};
[INFO] [stdout]    |               ^^^^^^^^ could not find `render3d` in `plurimus`
[INFO] [stdout]    |
[INFO] [stdout] note: found an item that was configured out
[INFO] [stdout]   --> src/lib.rs:20:24
[INFO] [stdout]    |
[INFO] [stdout] 19 | #[cfg(feature = "3d")]
[INFO] [stdout]    |       -------------- the item is gated behind the `3d` feature
[INFO] [stdout] 20 | pub use plurimus_3d as render3d;
[INFO] [stdout]    |                        ^^^^^^^^
[INFO] [stdout] 
[INFO] [stdout] 
[INFO] [stdout] error[E0432]: unresolved import `plurimus::widgets`
[INFO] [stdout]   --> examples/lander/main.rs:23:15
[INFO] [stdout]    |
[INFO] [stdout] 23 | use plurimus::widgets::WidgetsPlugin;
[INFO] [stdout]    |               ^^^^^^^ could not find `widgets` in `plurimus`
[INFO] [stdout]    |
[INFO] [stdout] note: found an item that was configured out
[INFO] [stdout]   --> src/lib.rs:14:29
[INFO] [stdout]    |
[INFO] [stdout] 13 | #[cfg(feature = "widgets")]
[INFO] [stdout]    |       ------------------- the item is gated behind the `widgets` feature
[INFO] [stdout] 14 | pub use plurimus_widgets as widgets;
[INFO] [stdout]    |                             ^^^^^^^
[INFO] [stdout] 
[INFO] [stdout] 
[INFO] [stdout] error[E0432]: unresolved import `plurimus::render2d`
[INFO] [stdout]   --> examples/pong/game.rs:12:15
[INFO] [stdout]    |
[INFO] [stdout] 12 | use plurimus::render2d::{Glyph, Pixel, Projection2d};
[INFO] [stdout]    |               ^^^^^^^^ could not find `render2d` in `plurimus`
[INFO] [stdout]    |
[INFO] [stdout] note: found an item that was configured out
[INFO] [stdout]   --> src/lib.rs:17:24
[INFO] [stdout]    |
[INFO] [stdout] 16 | #[cfg(feature = "2d")]
[INFO] [stdout]    |       -------------- the item is gated behind the `2d` feature
[INFO] [stdout] 17 | pub use plurimus_2d as render2d;
[INFO] [stdout]    |                        ^^^^^^^^
[INFO] [stdout] 
[INFO] [stdout] 
[INFO] [stdout] error[E0433]: cannot find `widgets` in `plurimus`
[INFO] [stdout]   --> examples/pong/game.rs:15:15
[INFO] [stdout]    |
[INFO] [stdout] 15 | use plurimus::widgets::ratatui_widgets::paragraph::Paragraph;
[INFO] [stdout]    |               ^^^^^^^ could not find `widgets` in `plurimus`
[INFO] [stdout]    |
[INFO] [stdout] note: found an item that was configured out
[INFO] [stdout]   --> src/lib.rs:14:29
[INFO] [stdout]    |
[INFO] [stdout] 13 | #[cfg(feature = "widgets")]
[INFO] [stdout]    |       ------------------- the item is gated behind the `widgets` feature
[INFO] [stdout] 14 | pub use plurimus_widgets as widgets;
[INFO] [stdout]    |                             ^^^^^^^
[INFO] [stdout] 
[INFO] [stdout] 
[INFO] [stdout] error[E0432]: unresolved import `plurimus::ui`
[INFO] [stdout]   --> examples/pong/game.rs:14:15
[INFO] [stdout]    |
[INFO] [stdout] 14 | use plurimus::ui::UiWidget;
[INFO] [stdout]    |               ^^ could not find `ui` in `plurimus`
[INFO] [stdout]    |
[INFO] [stdout] note: found an item that was configured out
[INFO] [stdout]   --> src/lib.rs:12:24
[INFO] [stdout]    |
[INFO] [stdout] 11 | #[cfg(feature = "ui")]
[INFO] [stdout]    |       -------------- the item is gated behind the `ui` feature
[INFO] [stdout] 12 | pub use plurimus_ui as ui;
[INFO] [stdout]    |                        ^^
[INFO] [stdout] 
[INFO] [stdout] 
[INFO] [stdout] error[E0432]: unresolved import `plurimus::render2d`
[INFO] [stdout]   --> examples/pong/main.rs:12:15
[INFO] [stdout]    |
[INFO] [stdout] 12 | use plurimus::render2d::Plugin2d;
[INFO] [stdout]    |               ^^^^^^^^ could not find `render2d` in `plurimus`
[INFO] [stdout]    |
[INFO] [stdout] note: found an item that was configured out
[INFO] [stdout]   --> src/lib.rs:17:24
[INFO] [stdout]    |
[INFO] [stdout] 16 | #[cfg(feature = "2d")]
[INFO] [stdout]    |       -------------- the item is gated behind the `2d` feature
[INFO] [stdout] 17 | pub use plurimus_2d as render2d;
[INFO] [stdout]    |                        ^^^^^^^^
[INFO] [stdout] 
[INFO] [stdout] 
[INFO] [stdout] error[E0432]: unresolved import `plurimus::widgets`
[INFO] [stdout]   --> examples/pong/main.rs:13:15
[INFO] [stdout]    |
[INFO] [stdout] 13 | use plurimus::widgets::WidgetsPlugin;
[INFO] [stdout]    |               ^^^^^^^ could not find `widgets` in `plurimus`
[INFO] [stdout]    |
[INFO] [stdout] note: found an item that was configured out
[INFO] [stdout]   --> src/lib.rs:14:29
[INFO] [stdout]    |
[INFO] [stdout] 13 | #[cfg(feature = "widgets")]
[INFO] [stdout]    |       ------------------- the item is gated behind the `widgets` feature
[INFO] [stdout] 14 | pub use plurimus_widgets as widgets;
[INFO] [stdout]    |                             ^^^^^^^
[INFO] [stdout] 
[INFO] [stdout] 
[INFO] [stdout] Some errors have detailed explanations: E0432, E0433.
[INFO] [stdout] 
[INFO] [stdout] For more information about an error, try `rustc --explain E0432`.
[INFO] [stdout] 
[INFO] [stderr] error: could not compile `plurimus` (example "table") due to 4 previous errors
[INFO] [stderr] warning: build failed, waiting for other jobs to finish...
[INFO] [stdout] error[E0433]: cannot find `ui` in `plurimus`
[INFO] [stdout]   --> examples/widgets/bui/style.rs:9:15
[INFO] [stdout]    |
[INFO] [stdout]  9 | use plurimus::ui::bevy_input_focus::InputFocus;
[INFO] [stdout]    |               ^^ could not find `ui` in `plurimus`
[INFO] [stdout]    |
[INFO] [stdout] note: found an item that was configured out
[INFO] [stdout]   --> src/lib.rs:12:24
[INFO] [stdout]    |
[INFO] [stdout] 11 | #[cfg(feature = "ui")]
[INFO] [stdout]    |       -------------- the item is gated behind the `ui` feature
[INFO] [stdout] 12 | pub use plurimus_ui as ui;
[INFO] [stdout]    |                        ^^
[INFO] [stdout] 
[INFO] [stdout] 
[INFO] [stdout] error[E0432]: unresolved import `plurimus::bui`
[INFO] [stdout]   --> examples/widgets/bui/style.rs:8:15
[INFO] [stdout]    |
[INFO] [stdout]  8 | use plurimus::bui::{ComputedNodeRect, Text};
[INFO] [stdout]    |               ^^^ could not find `bui` in `plurimus`
[INFO] [stdout]    |
[INFO] [stdout] note: found an item that was configured out
[INFO] [stdout]   --> src/lib.rs:10:25
[INFO] [stdout]    |
[INFO] [stdout]  9 | #[cfg(feature = "bevy-ui")]
[INFO] [stdout]    |       ------------------- the item is gated behind the `bevy-ui` feature
[INFO] [stdout] 10 | pub use plurimus_bui as bui;
[INFO] [stdout]    |                         ^^^
[INFO] [stdout] 
[INFO] [stdout] 
[INFO] [stdout] error[E0432]: unresolved import `plurimus::ui`
[INFO] [stdout]   --> examples/widgets/bui/style.rs:10:15
[INFO] [stdout]    |
[INFO] [stdout] 10 | use plurimus::ui::{Checked, Hovered, InteractionDisabled, Pressed, UiLabel};
[INFO] [stdout]    |               ^^ could not find `ui` in `plurimus`
[INFO] [stdout]    |
[INFO] [stdout] note: found an item that was configured out
[INFO] [stdout]   --> src/lib.rs:12:24
[INFO] [stdout]    |
[INFO] [stdout] 11 | #[cfg(feature = "ui")]
[INFO] [stdout]    |       -------------- the item is gated behind the `ui` feature
[INFO] [stdout] 12 | pub use plurimus_ui as ui;
[INFO] [stdout]    |                        ^^
[INFO] [stdout] 
[INFO] [stdout] 
[INFO] [stdout] error[E0432]: unresolved import `plurimus::widgets`
[INFO] [stdout]   --> examples/widgets/bui/style.rs:11:15
[INFO] [stdout]    |
[INFO] [stdout] 11 | use plurimus::widgets::{Button, Checkbox, RadioButton, SliderRange, SliderValue};
[INFO] [stdout]    |               ^^^^^^^ could not find `widgets` in `plurimus`
[INFO] [stdout]    |
[INFO] [stdout] note: found an item that was configured out
[INFO] [stdout]   --> src/lib.rs:14:29
[INFO] [stdout]    |
[INFO] [stdout] 13 | #[cfg(feature = "widgets")]
[INFO] [stdout]    |       ------------------- the item is gated behind the `widgets` feature
[INFO] [stdout] 14 | pub use plurimus_widgets as widgets;
[INFO] [stdout]    |                             ^^^^^^^
[INFO] [stdout] 
[INFO] [stdout] 
[INFO] [stdout] error[E0433]: cannot find `ui` in `plurimus`
[INFO] [stdout]   --> examples/widgets/bui/mod.rs:19:15
[INFO] [stdout]    |
[INFO] [stdout] 19 | use plurimus::ui::bevy_input_focus::tab_navigation::{TabGroup, TabIndex};
[INFO] [stdout]    |               ^^ could not find `ui` in `plurimus`
[INFO] [stdout]    |
[INFO] [stdout] note: found an item that was configured out
[INFO] [stdout]   --> src/lib.rs:12:24
[INFO] [stdout]    |
[INFO] [stdout] 11 | #[cfg(feature = "ui")]
[INFO] [stdout]    |       -------------- the item is gated behind the `ui` feature
[INFO] [stdout] 12 | pub use plurimus_ui as ui;
[INFO] [stdout]    |                        ^^
[INFO] [stdout] 
[INFO] [stdout] 
[INFO] [stdout] error[E0432]: unresolved import `plurimus::bui`
[INFO] [stdout]   --> examples/widgets/bui/mod.rs:16:15
[INFO] [stdout]    |
[INFO] [stdout] 16 | use plurimus::bui::{ComputedNodeRect, Text};
[INFO] [stdout]    |               ^^^ could not find `bui` in `plurimus`
[INFO] [stdout]    |
[INFO] [stdout] note: found an item that was configured out
[INFO] [stdout]   --> src/lib.rs:10:25
[INFO] [stdout]    |
[INFO] [stdout]  9 | #[cfg(feature = "bevy-ui")]
[INFO] [stdout]    |       ------------------- the item is gated behind the `bevy-ui` feature
[INFO] [stdout] 10 | pub use plurimus_bui as bui;
[INFO] [stdout]    |                         ^^^
[INFO] [stdout] 
[INFO] [stdout] 
[INFO] [stdout] error[E0432]: unresolved import `plurimus::ui`
[INFO] [stdout]   --> examples/widgets/bui/mod.rs:20:15
[INFO] [stdout]    |
[INFO] [stdout] 20 | use plurimus::ui::{UiLabel, ValueChange};
[INFO] [stdout]    |               ^^ could not find `ui` in `plurimus`
[INFO] [stdout]    |
[INFO] [stdout] note: found an item that was configured out
[INFO] [stdout]   --> src/lib.rs:12:24
[INFO] [stdout]    |
[INFO] [stdout] 11 | #[cfg(feature = "ui")]
[INFO] [stdout]    |       -------------- the item is gated behind the `ui` feature
[INFO] [stdout] 12 | pub use plurimus_ui as ui;
[INFO] [stdout]    |                        ^^
[INFO] [stdout] 
[INFO] [stdout] 
[INFO] [stdout] error[E0433]: cannot find `ui` in `plurimus`
[INFO] [stdout]   --> examples/widgets/themed.rs:21:15
[INFO] [stdout]    |
[INFO] [stdout] 21 | use plurimus::ui::bevy_input_focus::InputFocus;
[INFO] [stdout]    |               ^^ could not find `ui` in `plurimus`
[INFO] [stdout]    |
[INFO] [stdout] note: found an item that was configured out
[INFO] [stdout]   --> src/lib.rs:12:24
[INFO] [stdout]    |
[INFO] [stdout] 11 | #[cfg(feature = "ui")]
[INFO] [stdout]    |       -------------- the item is gated behind the `ui` feature
[INFO] [stdout] 12 | pub use plurimus_ui as ui;
[INFO] [stdout]    |                        ^^
[INFO] [stdout] 
[INFO] [stdout] 
[INFO] [stdout] error[E0433]: cannot find `ui` in `plurimus`
[INFO] [stdout]   --> examples/widgets/themed.rs:22:15
[INFO] [stdout]    |
[INFO] [stdout] 22 | use plurimus::ui::bevy_input_focus::directional_navigation::DirectionalNavigationMap;
[INFO] [stdout]    |               ^^ could not find `ui` in `plurimus`
[INFO] [stdout]    |
[INFO] [stdout] note: found an item that was configured out
[INFO] [stdout]   --> src/lib.rs:12:24
[INFO] [stdout]    |
[INFO] [stdout] 11 | #[cfg(feature = "ui")]
[INFO] [stdout]    |       -------------- the item is gated behind the `ui` feature
[INFO] [stdout] 12 | pub use plurimus_ui as ui;
[INFO] [stdout]    |                        ^^
[INFO] [stdout] 
[INFO] [stdout] 
[INFO] [stdout] error[E0433]: cannot find `ui` in `plurimus`
[INFO] [stdout]   --> examples/widgets/themed.rs:23:15
[INFO] [stdout]    |
[INFO] [stdout] 23 | use plurimus::ui::bevy_input_focus::tab_navigation::{TabGroup, TabIndex};
[INFO] [stdout]    |               ^^ could not find `ui` in `plurimus`
[INFO] [stdout]    |
[INFO] [stdout] note: found an item that was configured out
[INFO] [stdout]   --> src/lib.rs:12:24
[INFO] [stdout]    |
[INFO] [stdout] 11 | #[cfg(feature = "ui")]
[INFO] [stdout]    |       -------------- the item is gated behind the `ui` feature
[INFO] [stdout] 12 | pub use plurimus_ui as ui;
[INFO] [stdout]    |                        ^^
[INFO] [stdout] 
[INFO] [stdout] 
[INFO] [stdout] error[E0433]: cannot find `ui` in `plurimus`
[INFO] [stdout]   --> examples/widgets/themed.rs:24:15
[INFO] [stdout]    |
[INFO] [stdout] 24 | use plurimus::ui::tui_scrollview::ScrollbarVisibility;
[INFO] [stdout]    |               ^^ could not find `ui` in `plurimus`
[INFO] [stdout]    |
[INFO] [stdout] note: found an item that was configured out
[INFO] [stdout]   --> src/lib.rs:12:24
[INFO] [stdout]    |
[INFO] [stdout] 11 | #[cfg(feature = "ui")]
[INFO] [stdout]    |       -------------- the item is gated behind the `ui` feature
[INFO] [stdout] 12 | pub use plurimus_ui as ui;
[INFO] [stdout]    |                        ^^
[INFO] [stdout] 
[INFO] [stdout] 
[INFO] [stdout] error[E0432]: unresolved import `plurimus::widgets`
[INFO] [stdout]   --> examples/widgets/bui/mod.rs:21:15
[INFO] [stdout]    |
[INFO] [stdout] 21 | use plurimus::widgets::{
[INFO] [stdout]    |               ^^^^^^^ could not find `widgets` in `plurimus`
[INFO] [stdout]    |
[INFO] [stdout] note: found an item that was configured out
[INFO] [stdout]   --> src/lib.rs:14:29
[INFO] [stdout]    |
[INFO] [stdout] 13 | #[cfg(feature = "widgets")]
[INFO] [stdout]    |       ------------------- the item is gated behind the `widgets` feature
[INFO] [stdout] 14 | pub use plurimus_widgets as widgets;
[INFO] [stdout]    |                             ^^^^^^^
[INFO] [stdout] 
[INFO] [stdout] 
[INFO] [stdout] error[E0433]: cannot find `widgets` in `plurimus`
[INFO] [stdout]   --> examples/widgets/themed.rs:26:15
[INFO] [stdout]    |
[INFO] [stdout] 26 | use plurimus::widgets::ratatui_textarea::TextArea;
[INFO] [stdout]    |               ^^^^^^^ could not find `widgets` in `plurimus`
[INFO] [stdout]    |
[INFO] [stdout] note: found an item that was configured out
[INFO] [stdout]   --> src/lib.rs:14:29
[INFO] [stdout]    |
[INFO] [stdout] 13 | #[cfg(feature = "widgets")]
[INFO] [stdout]    |       ------------------- the item is gated behind the `widgets` feature
[INFO] [stdout] 14 | pub use plurimus_widgets as widgets;
[INFO] [stdout]    |                             ^^^^^^^
[INFO] [stdout] 
[INFO] [stdout] 
[INFO] [stdout] error[E0433]: cannot find `widgets` in `plurimus`
[INFO] [stdout]   --> examples/widgets/themed.rs:27:15
[INFO] [stdout]    |
[INFO] [stdout] 27 | use plurimus::widgets::ratatui_widgets::paragraph::Paragraph;
[INFO] [stdout]    |               ^^^^^^^ could not find `widgets` in `plurimus`
[INFO] [stdout]    |
[INFO] [stdout] note: found an item that was configured out
[INFO] [stdout]   --> src/lib.rs:14:29
[INFO] [stdout]    |
[INFO] [stdout] 13 | #[cfg(feature = "widgets")]
[INFO] [stdout]    |       ------------------- the item is gated behind the `widgets` feature
[INFO] [stdout] 14 | pub use plurimus_widgets as widgets;
[INFO] [stdout]    |                             ^^^^^^^
[INFO] [stdout] 
[INFO] [stdout] 
[INFO] [stdout] error[E0433]: cannot find `widgets` in `plurimus`
[INFO] [stdout]   --> examples/widgets/themed.rs:28:15
[INFO] [stdout]    |
[INFO] [stdout] 28 | use plurimus::widgets::ratatui_widgets::scrollbar::ScrollbarOrientation;
[INFO] [stdout]    |               ^^^^^^^ could not find `widgets` in `plurimus`
[INFO] [stdout]    |
[INFO] [stdout] note: found an item that was configured out
[INFO] [stdout]   --> src/lib.rs:14:29
[INFO] [stdout]    |
[INFO] [stdout] 13 | #[cfg(feature = "widgets")]
[INFO] [stdout]    |       ------------------- the item is gated behind the `widgets` feature
[INFO] [stdout] 14 | pub use plurimus_widgets as widgets;
[INFO] [stdout]    |                             ^^^^^^^
[INFO] [stdout] 
[INFO] [stdout] 
[INFO] [stdout] error[E0432]: unresolved import `plurimus::ui`
[INFO] [stdout]   --> examples/widgets/themed.rs:25:15
[INFO] [stdout]    |
[INFO] [stdout] 25 | use plurimus::ui::{Checked, ScrollArea, UiLabel, UiTheme, ValueChange};
[INFO] [stdout]    |               ^^ could not find `ui` in `plurimus`
[INFO] [stdout]    |
[INFO] [stdout] note: found an item that was configured out
[INFO] [stdout]   --> src/lib.rs:12:24
[INFO] [stdout]    |
[INFO] [stdout] 11 | #[cfg(feature = "ui")]
[INFO] [stdout]    |       -------------- the item is gated behind the `ui` feature
[INFO] [stdout] 12 | pub use plurimus_ui as ui;
[INFO] [stdout]    |                        ^^
[INFO] [stdout] 
[INFO] [stdout] 
[INFO] [stdout] error[E0432]: unresolved import `plurimus::widgets`
[INFO] [stdout]   --> examples/widgets/themed.rs:29:15
[INFO] [stdout]    |
[INFO] [stdout] 29 | use plurimus::widgets::{
[INFO] [stdout]    |               ^^^^^^^ could not find `widgets` in `plurimus`
[INFO] [stdout]    |
[INFO] [stdout] note: found an item that was configured out
[INFO] [stdout]   --> src/lib.rs:14:29
[INFO] [stdout]    |
[INFO] [stdout] 13 | #[cfg(feature = "widgets")]
[INFO] [stdout]    |       ------------------- the item is gated behind the `widgets` feature
[INFO] [stdout] 14 | pub use plurimus_widgets as widgets;
[INFO] [stdout]    |                             ^^^^^^^
[INFO] [stdout] 
[INFO] [stdout] 
[INFO] [stdout] error[E0432]: unresolved import `plurimus::bui`
[INFO] [stdout]   --> examples/widgets/main.rs:25:15
[INFO] [stdout]    |
[INFO] [stdout] 25 | use plurimus::bui::BuiPlugin;
[INFO] [stdout]    |               ^^^ could not find `bui` in `plurimus`
[INFO] [stdout]    |
[INFO] [stdout] note: found an item that was configured out
[INFO] [stdout]   --> src/lib.rs:10:25
[INFO] [stdout]    |
[INFO] [stdout]  9 | #[cfg(feature = "bevy-ui")]
[INFO] [stdout]    |       ------------------- the item is gated behind the `bevy-ui` feature
[INFO] [stdout] 10 | pub use plurimus_bui as bui;
[INFO] [stdout]    |                         ^^^
[INFO] [stdout] 
[INFO] [stdout] 
[INFO] [stdout] error[E0433]: cannot find `ui` in `plurimus`
[INFO] [stdout]   --> examples/widgets/main.rs:34:15
[INFO] [stdout]    |
[INFO] [stdout] 34 | use plurimus::ui::bevy_input_focus::InputFocus;
[INFO] [stdout]    |               ^^ could not find `ui` in `plurimus`
[INFO] [stdout]    |
[INFO] [stdout] note: found an item that was configured out
[INFO] [stdout]   --> src/lib.rs:12:24
[INFO] [stdout]    |
[INFO] [stdout] 11 | #[cfg(feature = "ui")]
[INFO] [stdout]    |       -------------- the item is gated behind the `ui` feature
[INFO] [stdout] 12 | pub use plurimus_ui as ui;
[INFO] [stdout]    |                        ^^
[INFO] [stdout] 
[INFO] [stdout] 
[INFO] [stdout] error[E0433]: cannot find `widgets` in `plurimus`
[INFO] [stdout]   --> examples/widgets/main.rs:35:15
[INFO] [stdout]    |
[INFO] [stdout] 35 | use plurimus::widgets::ratatui_widgets::paragraph::Paragraph;
[INFO] [stdout]    |               ^^^^^^^ could not find `widgets` in `plurimus`
[INFO] [stdout]    |
[INFO] [stdout] note: found an item that was configured out
[INFO] [stdout]   --> src/lib.rs:14:29
[INFO] [stdout]    |
[INFO] [stdout] 13 | #[cfg(feature = "widgets")]
[INFO] [stdout]    |       ------------------- the item is gated behind the `widgets` feature
[INFO] [stdout] 14 | pub use plurimus_widgets as widgets;
[INFO] [stdout]    |                             ^^^^^^^
[INFO] [stdout] 
[INFO] [stdout] 
[INFO] [stdout] error[E0432]: unresolved import `plurimus::ui`
[INFO] [stdout]   --> examples/widgets/main.rs:33:15
[INFO] [stdout]    |
[INFO] [stdout] 33 | use plurimus::ui::InteractionDisabled;
[INFO] [stdout]    |               ^^ could not find `ui` in `plurimus`
[INFO] [stdout]    |
[INFO] [stdout] note: found an item that was configured out
[INFO] [stdout]   --> src/lib.rs:12:24
[INFO] [stdout]    |
[INFO] [stdout] 11 | #[cfg(feature = "ui")]
[INFO] [stdout]    |       -------------- the item is gated behind the `ui` feature
[INFO] [stdout] 12 | pub use plurimus_ui as ui;
[INFO] [stdout]    |                        ^^
[INFO] [stdout] 
[INFO] [stdout] 
[INFO] [stdout] error[E0432]: unresolved import `plurimus::widgets`
[INFO] [stdout]   --> examples/widgets/main.rs:36:15
[INFO] [stdout]    |
[INFO] [stdout] 36 | use plurimus::widgets::{
[INFO] [stdout]    |               ^^^^^^^ could not find `widgets` in `plurimus`
[INFO] [stdout]    |
[INFO] [stdout] note: found an item that was configured out
[INFO] [stdout]   --> src/lib.rs:14:29
[INFO] [stdout]    |
[INFO] [stdout] 13 | #[cfg(feature = "widgets")]
[INFO] [stdout]    |       ------------------- the item is gated behind the `widgets` feature
[INFO] [stdout] 14 | pub use plurimus_widgets as widgets;
[INFO] [stdout]    |                             ^^^^^^^
[INFO] [stdout] 
[INFO] [stdout] 
[INFO] [stdout] Some errors have detailed explanations: E0432, E0433.
[INFO] [stdout] 
[INFO] [stdout] For more information about an error, try `rustc --explain E0432`.
[INFO] [stdout] 
[INFO] [stderr] error: could not compile `plurimus` (example "tabs") due to 5 previous errors
[INFO] [stdout] Some errors have detailed explanations: E0432, E0433.
[INFO] [stdout] 
[INFO] [stdout] For more information about an error, try `rustc --explain E0432`.
[INFO] [stdout] 
[INFO] [stderr] error: could not compile `plurimus` (example "pong") due to 5 previous errors
[INFO] [stdout] Some errors have detailed explanations: E0432, E0433.
[INFO] [stdout] 
[INFO] [stdout] For more information about an error, try `rustc --explain E0432`.
[INFO] [stdout] 
[INFO] [stderr] error: could not compile `plurimus` (example "ratman") due to 8 previous errors
[INFO] [stdout] Some errors have detailed explanations: E0432, E0433.
[INFO] [stdout] 
[INFO] [stdout] For more information about an error, try `rustc --explain E0432`.
[INFO] [stdout] 
[INFO] [stderr] error: could not compile `plurimus` (example "lander") due to 8 previous errors
[INFO] [stdout] Some errors have detailed explanations: E0432, E0433.
[INFO] [stdout] 
[INFO] [stdout] For more information about an error, try `rustc --explain E0432`.
[INFO] [stdout] 
[INFO] [stderr] error: could not compile `plurimus` (example "widgets") due to 22 previous errors
[INFO] running `Command { std: "docker" "inspect" "6d41598ae5a8074a0fc4ccc40a0c21b401192f49a2e74928a014d20e8baa068d", kill_on_drop: false }`
[INFO] running `Command { std: "docker" "rm" "-f" "6d41598ae5a8074a0fc4ccc40a0c21b401192f49a2e74928a014d20e8baa068d", kill_on_drop: false }`
[INFO] [stdout] 6d41598ae5a8074a0fc4ccc40a0c21b401192f49a2e74928a014d20e8baa068d
