[INFO] cloning repository https://github.com/kch-space/kiro-proxy
[INFO] running `Command { std: "git" "-c" "credential.helper=" "-c" "credential.helper=/workspace/cargo-home/bin/git-credential-null" "clone" "--bare" "https://github.com/kch-space/kiro-proxy" "/workspace/cache/git-repos/https%3A%2F%2Fgithub.com%2Fkch-space%2Fkiro-proxy", kill_on_drop: false }`
[INFO] [stderr] Cloning into bare repository '/workspace/cache/git-repos/https%3A%2F%2Fgithub.com%2Fkch-space%2Fkiro-proxy'...
[INFO] running `Command { std: "git" "rev-parse" "HEAD", kill_on_drop: false }`
[INFO] [stdout] 2921048a6ae08e4938f3246d1796862166519e1c
[INFO] checking kch-space/kiro-proxy against 3154cc1a3e6424e44f438a95007d043ed5ceaaf6 for pr-133502-30
[INFO] running `Command { std: "git" "clone" "/workspace/cache/git-repos/https%3A%2F%2Fgithub.com%2Fkch-space%2Fkiro-proxy" "/workspace/builds/worker-6-tc2/source", kill_on_drop: false }`
[INFO] [stderr] Cloning into '/workspace/builds/worker-6-tc2/source'...
[INFO] [stderr] done.
[INFO] removed /workspace/builds/worker-6-tc2/source/.cargo/config.toml
[INFO] started tweaking git repo https://github.com/kch-space/kiro-proxy
[INFO] finished tweaking git repo https://github.com/kch-space/kiro-proxy
[INFO] tweaked toml for git repo https://github.com/kch-space/kiro-proxy written to /workspace/builds/worker-6-tc2/source/Cargo.toml
[INFO] validating manifest of git repo https://github.com/kch-space/kiro-proxy on toolchain 3154cc1a3e6424e44f438a95007d043ed5ceaaf6
[INFO] running `Command { std: CARGO_HOME="/workspace/cargo-home" RUSTUP_HOME="/workspace/rustup-home" "/workspace/cargo-home/bin/cargo" "+3154cc1a3e6424e44f438a95007d043ed5ceaaf6" "metadata" "--manifest-path" "Cargo.toml" "--no-deps", kill_on_drop: false }`
[INFO] crate git repo https://github.com/kch-space/kiro-proxy already has a lockfile, it will not be regenerated
[INFO] running `Command { std: CARGO_HOME="/workspace/cargo-home" RUSTUP_HOME="/workspace/rustup-home" "/workspace/cargo-home/bin/cargo" "+3154cc1a3e6424e44f438a95007d043ed5ceaaf6" "fetch" "--manifest-path" "Cargo.toml", kill_on_drop: false }`
[INFO] running `Command { std: "docker" "create" "-v" "/var/lib/crater-agent-workspace/builds/worker-6-tc2/source:/opt/rustwide/workdir:ro,Z" "-v" "/var/lib/crater-agent-workspace/builds/worker-6-tc2/target:/opt/rustwide/target:rw,Z" "-v" "/var/lib/crater-agent-workspace/cargo-home:/opt/rustwide/cargo-home:ro,Z" "-v" "/var/lib/crater-agent-workspace/rustup-home:/opt/rustwide/rustup-home:ro,Z" "-m" "1610612736" "--network" "none" "ghcr.io/rust-lang/crates-build-env/linux@sha256:77db811e55d90add9212f6832c23229e3de5f1c1f9905e8cb07319ea15df73ac" "sleep" "infinity", kill_on_drop: false }`
[INFO] [stdout] 84589b088d687a459056a26f6bf147ae8191249f1e14bf4d6a62503936520d8a
[INFO] running `Command { std: "docker" "start" "84589b088d687a459056a26f6bf147ae8191249f1e14bf4d6a62503936520d8a", kill_on_drop: false }`
[INFO] running `Command { std: "docker" "inspect" "84589b088d687a459056a26f6bf147ae8191249f1e14bf4d6a62503936520d8a", kill_on_drop: false }`
[INFO] running `Command { std: "docker" "exec" "-e" "SOURCE_DIR=/opt/rustwide/workdir" "-e" "CARGO_HOME=/opt/rustwide/cargo-home" "-e" "RUSTUP_HOME=/opt/rustwide/rustup-home" "-e" "CARGO_TARGET_DIR=/opt/rustwide/target" "-w" "/opt/rustwide/workdir" "--user" "0:0" "84589b088d687a459056a26f6bf147ae8191249f1e14bf4d6a62503936520d8a" "/opt/rustwide/cargo-home/bin/cargo" "+3154cc1a3e6424e44f438a95007d043ed5ceaaf6" "metadata" "--no-deps" "--format-version=1", kill_on_drop: false }`
[INFO] running `Command { std: "docker" "inspect" "84589b088d687a459056a26f6bf147ae8191249f1e14bf4d6a62503936520d8a", kill_on_drop: false }`
[INFO] running `Command { std: "docker" "exec" "-e" "SOURCE_DIR=/opt/rustwide/workdir" "-e" "CARGO_HOME=/opt/rustwide/cargo-home" "-e" "RUSTUP_HOME=/opt/rustwide/rustup-home" "-e" "CARGO_TARGET_DIR=/opt/rustwide/target" "-e" "CARGO_INCREMENTAL=0" "-e" "RUST_BACKTRACE=full" "-e" "RUSTFLAGS=--cap-lints=forbid" "-e" "RUSTDOCFLAGS=--cap-lints=forbid" "-w" "/opt/rustwide/workdir" "--user" "0:0" "84589b088d687a459056a26f6bf147ae8191249f1e14bf4d6a62503936520d8a" "/opt/rustwide/cargo-home/bin/cargo" "+3154cc1a3e6424e44f438a95007d043ed5ceaaf6" "check" "--frozen" "--all" "--all-targets" "--message-format=json", kill_on_drop: false }`
[INFO] [stderr]    Compiling openssl-sys v0.9.115
[INFO] [stderr]    Compiling typenum v1.20.0
[INFO] [stderr]     Checking tokio v1.52.3
[INFO] [stderr]     Checking tracing v0.1.44
[INFO] [stderr]     Checking futures-util v0.3.32
[INFO] [stderr]    Compiling openssl v0.10.79
[INFO] [stderr]    Compiling openssl-macros v0.1.1
[INFO] [stderr]     Checking yoke v0.8.2
[INFO] [stderr]     Checking ring v0.17.14
[INFO] [stderr]    Compiling rustls v0.23.40
[INFO] [stderr]    Compiling native-tls v0.2.18
[INFO] [stderr]     Checking serde v1.0.228
[INFO] [stderr]     Checking regex-syntax v0.8.10
[INFO] [stderr]     Checking sha2 v0.10.9
[INFO] [stderr]     Checking serde_json v1.0.149
[INFO] [stderr]     Checking bytemuck v1.25.0
[INFO] [stderr]     Checking dirs-sys v0.4.1
[INFO] [stderr]     Checking serde_path_to_error v0.1.20
[INFO] [stderr]     Checking axum-core v0.5.6
[INFO] [stderr]     Checking dirs v5.0.1
[INFO] [stderr]     Checking clap v4.6.1
[INFO] [stderr]     Checking atomic v0.6.1
[INFO] [stderr]     Checking zerovec v0.11.6
[INFO] [stderr]     Checking zerotrie v0.2.4
[INFO] [stderr]     Checking uuid v1.23.1
[INFO] [stderr]     Checking rust-embed-utils v8.11.0
[INFO] [stderr]     Checking serde_urlencoded v0.7.1
[INFO] [stderr]     Checking chrono v0.4.44
[INFO] [stderr]     Checking tinystr v0.8.3
[INFO] [stderr]     Checking potential_utf v0.1.5
[INFO] [stderr]     Checking icu_collections v2.2.0
[INFO] [stderr]     Checking icu_locale_core v2.2.0
[INFO] [stderr]     Checking regex-automata v0.4.14
[INFO] [stderr]    Compiling generic-array v0.14.7
[INFO] [stderr]     Checking rustls-webpki v0.103.13
[INFO] [stderr]    Compiling crypto-common v0.1.7
[INFO] [stderr]    Compiling block-buffer v0.10.4
[INFO] [stderr]    Compiling digest v0.10.7
[INFO] [stderr]     Checking icu_provider v2.2.0
[INFO] [stderr]     Checking icu_properties v2.2.0
[INFO] [stderr]     Checking icu_normalizer v2.2.0
[INFO] [stderr]    Compiling rust-embed-impl v8.11.0
[INFO] [stderr]     Checking rust-embed v8.11.0
[INFO] [stderr]     Checking matchers v0.2.0
[INFO] [stderr]     Checking futures-executor v0.3.32
[INFO] [stderr]     Checking tracing-subscriber v0.3.23
[INFO] [stderr]     Checking futures v0.3.32
[INFO] [stderr]     Checking idna_adapter v1.2.2
[INFO] [stderr]     Checking idna v1.1.0
[INFO] [stderr]     Checking url v2.5.8
[INFO] [stderr]     Checking tokio-util v0.7.18
[INFO] [stderr]     Checking tower v0.5.3
[INFO] [stderr]     Checking tokio-native-tls v0.3.1
[INFO] [stderr]     Checking tokio-rustls v0.26.4
[INFO] [stderr]     Checking h2 v0.4.14
[INFO] [stderr]     Checking tower-http v0.6.10
[INFO] [stderr]     Checking hyper v1.9.0
[INFO] [stderr]     Checking hyper-util v0.1.20
[INFO] [stderr]     Checking hyper-rustls v0.27.9
[INFO] [stderr]     Checking hyper-tls v0.6.0
[INFO] [stderr]     Checking axum v0.8.9
[INFO] [stderr]     Checking reqwest v0.12.28
[INFO] [stderr]     Checking kiro2cc-proxy v2.8.3 (/opt/rustwide/workdir)
[INFO] [stdout] error: #[derive(RustEmbed)] folder '/opt/rustwide/workdir/admin-ui/dist' does not exist. cwd: '/opt/rustwide/workdir'
[INFO] [stdout]   --> src/admin_ui/router.rs:13:1
[INFO] [stdout]    |
[INFO] [stdout] 13 | / /// 嵌入前端构建产物
[INFO] [stdout] 14 | | #[derive(Embed)]
[INFO] [stdout] 15 | | #[folder = "admin-ui/dist"]
[INFO] [stdout] 16 | | struct Asset;
[INFO] [stdout]    | |_____________^
[INFO] [stdout] 
[INFO] [stdout] 
[INFO] [stdout] error: #[derive(RustEmbed)] folder '/opt/rustwide/workdir/admin-ui/dist' does not exist. cwd: '/opt/rustwide/workdir'
[INFO] [stdout]   --> src/admin_ui/router.rs:13:1
[INFO] [stdout]    |
[INFO] [stdout] 13 | / /// 嵌入前端构建产物
[INFO] [stdout] 14 | | #[derive(Embed)]
[INFO] [stdout] 15 | | #[folder = "admin-ui/dist"]
[INFO] [stdout] 16 | | struct Asset;
[INFO] [stdout]    | |_____________^
[INFO] [stdout] 
[INFO] [stdout] 
[INFO] [stdout] error: #[derive(RustEmbed)] folder '/opt/rustwide/workdir/user-ui/dist' does not exist. cwd: '/opt/rustwide/workdir'
[INFO] [stdout]   --> src/user_ui/router.rs:13:1
[INFO] [stdout]    |
[INFO] [stdout] 13 | / /// 嵌入前端构建产物
[INFO] [stdout] 14 | | #[derive(Embed)]
[INFO] [stdout] 15 | | #[folder = "user-ui/dist"]
[INFO] [stdout] 16 | | struct Asset;
[INFO] [stdout]    | |_____________^
[INFO] [stdout] 
[INFO] [stdout] 
[INFO] [stdout] error: #[derive(RustEmbed)] folder '/opt/rustwide/workdir/user-ui/dist' does not exist. cwd: '/opt/rustwide/workdir'
[INFO] [stdout]   --> src/user_ui/router.rs:13:1
[INFO] [stdout]    |
[INFO] [stdout] 13 | / /// 嵌入前端构建产物
[INFO] [stdout] 14 | | #[derive(Embed)]
[INFO] [stdout] 15 | | #[folder = "user-ui/dist"]
[INFO] [stdout] 16 | | struct Asset;
[INFO] [stdout]    | |_____________^
[INFO] [stdout] 
[INFO] [stdout] 
[INFO] [stdout] error[E0599]: no associated function or constant named `get` found for struct `admin_ui::router::Asset` in the current scope
[INFO] [stdout]   --> src/admin_ui/router.rs:43:35
[INFO] [stdout]    |
[INFO] [stdout] 16 | struct Asset;
[INFO] [stdout]    | ------------ associated function or constant `get` not found for this struct
[INFO] [stdout] ...
[INFO] [stdout] 43 |     if let Some(content) = Asset::get(path) {
[INFO] [stdout]    |                                   ^^^ associated function or constant not found in `admin_ui::router::Asset`
[INFO] [stdout]    |
[INFO] [stdout]    = help: items from traits can only be used if the trait is implemented and in scope
[INFO] [stdout]    = note: the following traits define an item `get`, perhaps you need to implement one of them:
[INFO] [stdout]            candidate #1: `Embed`
[INFO] [stdout]            candidate #2: `SliceIndex`
[INFO] [stdout]            candidate #3: `icu_collections::codepointtrie::cptrie::TypedCodePointTrie`
[INFO] [stdout]            candidate #4: `icu_properties::names::PropertyEnumToValueNameLookup`
[INFO] [stdout]            candidate #5: `icu_provider::baked::DataStore`
[INFO] [stdout]            candidate #6: `rustls::server::server_conn::StoresServerSessions`
[INFO] [stdout] 
[INFO] [stdout] 
[INFO] [stdout] error[E0599]: no associated function or constant named `get` found for struct `admin_ui::router::Asset` in the current scope
[INFO] [stdout]   --> src/admin_ui/router.rs:43:35
[INFO] [stdout]    |
[INFO] [stdout] 16 | struct Asset;
[INFO] [stdout]    | ------------ associated function or constant `get` not found for this struct
[INFO] [stdout] ...
[INFO] [stdout] 43 |     if let Some(content) = Asset::get(path) {
[INFO] [stdout]    |                                   ^^^ associated function or constant not found in `admin_ui::router::Asset`
[INFO] [stdout]    |
[INFO] [stdout]    = help: items from traits can only be used if the trait is implemented and in scope
[INFO] [stdout]    = note: the following traits define an item `get`, perhaps you need to implement one of them:
[INFO] [stdout]            candidate #1: `Embed`
[INFO] [stdout]            candidate #2: `SliceIndex`
[INFO] [stdout]            candidate #3: `icu_collections::codepointtrie::cptrie::TypedCodePointTrie`
[INFO] [stdout]            candidate #4: `icu_properties::names::PropertyEnumToValueNameLookup`
[INFO] [stdout]            candidate #5: `icu_provider::baked::DataStore`
[INFO] [stdout]            candidate #6: `rustls::server::server_conn::StoresServerSessions`
[INFO] [stdout] 
[INFO] [stdout] 
[INFO] [stdout] error[E0599]: no associated function or constant named `get` found for struct `user_ui::router::Asset` in the current scope
[INFO] [stdout]   --> src/user_ui/router.rs:41:35
[INFO] [stdout]    |
[INFO] [stdout] 16 | struct Asset;
[INFO] [stdout]    | ------------ associated function or constant `get` not found for this struct
[INFO] [stdout] ...
[INFO] [stdout] 41 |     if let Some(content) = Asset::get(path) {
[INFO] [stdout]    |                                   ^^^ associated function or constant not found in `user_ui::router::Asset`
[INFO] [stdout]    |
[INFO] [stdout]    = help: items from traits can only be used if the trait is implemented and in scope
[INFO] [stdout]    = note: the following traits define an item `get`, perhaps you need to implement one of them:
[INFO] [stdout]            candidate #1: `Embed`
[INFO] [stdout]            candidate #2: `SliceIndex`
[INFO] [stdout]            candidate #3: `icu_collections::codepointtrie::cptrie::TypedCodePointTrie`
[INFO] [stdout]            candidate #4: `icu_properties::names::PropertyEnumToValueNameLookup`
[INFO] [stdout]            candidate #5: `icu_provider::baked::DataStore`
[INFO] [stdout]            candidate #6: `rustls::server::server_conn::StoresServerSessions`
[INFO] [stdout] 
[INFO] [stdout] 
[INFO] [stdout] error[E0599]: no associated function or constant named `get` found for struct `user_ui::router::Asset` in the current scope
[INFO] [stdout]   --> src/user_ui/router.rs:41:35
[INFO] [stdout]    |
[INFO] [stdout] 16 | struct Asset;
[INFO] [stdout]    | ------------ associated function or constant `get` not found for this struct
[INFO] [stdout] ...
[INFO] [stdout] 41 |     if let Some(content) = Asset::get(path) {
[INFO] [stdout]    |                                   ^^^ associated function or constant not found in `user_ui::router::Asset`
[INFO] [stdout]    |
[INFO] [stdout]    = help: items from traits can only be used if the trait is implemented and in scope
[INFO] [stdout]    = note: the following traits define an item `get`, perhaps you need to implement one of them:
[INFO] [stdout]            candidate #1: `Embed`
[INFO] [stdout]            candidate #2: `SliceIndex`
[INFO] [stdout]            candidate #3: `icu_collections::codepointtrie::cptrie::TypedCodePointTrie`
[INFO] [stdout]            candidate #4: `icu_properties::names::PropertyEnumToValueNameLookup`
[INFO] [stdout]            candidate #5: `icu_provider::baked::DataStore`
[INFO] [stdout]            candidate #6: `rustls::server::server_conn::StoresServerSessions`
[INFO] [stdout] 
[INFO] [stdout] 
[INFO] [stdout] error[E0599]: no associated function or constant named `get` found for struct `admin_ui::router::Asset` in the current scope
[INFO] [stdout]   --> src/admin_ui/router.rs:73:18
[INFO] [stdout]    |
[INFO] [stdout] 16 | struct Asset;
[INFO] [stdout]    | ------------ associated function or constant `get` not found for this struct
[INFO] [stdout] ...
[INFO] [stdout] 73 |     match Asset::get("index.html") {
[INFO] [stdout]    |                  ^^^ associated function or constant not found in `admin_ui::router::Asset`
[INFO] [stdout]    |
[INFO] [stdout]    = help: items from traits can only be used if the trait is implemented and in scope
[INFO] [stdout]    = note: the following traits define an item `get`, perhaps you need to implement one of them:
[INFO] [stdout]            candidate #1: `Embed`
[INFO] [stdout]            candidate #2: `SliceIndex`
[INFO] [stdout]            candidate #3: `icu_collections::codepointtrie::cptrie::TypedCodePointTrie`
[INFO] [stdout]            candidate #4: `icu_properties::names::PropertyEnumToValueNameLookup`
[INFO] [stdout]            candidate #5: `icu_provider::baked::DataStore`
[INFO] [stdout]            candidate #6: `rustls::server::server_conn::StoresServerSessions`
[INFO] [stdout] 
[INFO] [stdout] 
[INFO] [stdout] error[E0599]: no associated function or constant named `get` found for struct `admin_ui::router::Asset` in the current scope
[INFO] [stdout]   --> src/admin_ui/router.rs:73:18
[INFO] [stdout]    |
[INFO] [stdout] 16 | struct Asset;
[INFO] [stdout]    | ------------ associated function or constant `get` not found for this struct
[INFO] [stdout] ...
[INFO] [stdout] 73 |     match Asset::get("index.html") {
[INFO] [stdout]    |                  ^^^ associated function or constant not found in `admin_ui::router::Asset`
[INFO] [stdout]    |
[INFO] [stdout]    = help: items from traits can only be used if the trait is implemented and in scope
[INFO] [stdout]    = note: the following traits define an item `get`, perhaps you need to implement one of them:
[INFO] [stdout]            candidate #1: `Embed`
[INFO] [stdout]            candidate #2: `SliceIndex`
[INFO] [stdout]            candidate #3: `icu_collections::codepointtrie::cptrie::TypedCodePointTrie`
[INFO] [stdout]            candidate #4: `icu_properties::names::PropertyEnumToValueNameLookup`
[INFO] [stdout]            candidate #5: `icu_provider::baked::DataStore`
[INFO] [stdout]            candidate #6: `rustls::server::server_conn::StoresServerSessions`
[INFO] [stdout] 
[INFO] [stdout] 
[INFO] [stdout] error[E0599]: no associated function or constant named `get` found for struct `user_ui::router::Asset` in the current scope
[INFO] [stdout]   --> src/user_ui/router.rs:68:18
[INFO] [stdout]    |
[INFO] [stdout] 16 | struct Asset;
[INFO] [stdout]    | ------------ associated function or constant `get` not found for this struct
[INFO] [stdout] ...
[INFO] [stdout] 68 |     match Asset::get("index.html") {
[INFO] [stdout]    |                  ^^^ associated function or constant not found in `user_ui::router::Asset`
[INFO] [stdout]    |
[INFO] [stdout]    = help: items from traits can only be used if the trait is implemented and in scope
[INFO] [stdout]    = note: the following traits define an item `get`, perhaps you need to implement one of them:
[INFO] [stdout]            candidate #1: `Embed`
[INFO] [stdout]            candidate #2: `SliceIndex`
[INFO] [stdout]            candidate #3: `icu_collections::codepointtrie::cptrie::TypedCodePointTrie`
[INFO] [stdout]            candidate #4: `icu_properties::names::PropertyEnumToValueNameLookup`
[INFO] [stdout]            candidate #5: `icu_provider::baked::DataStore`
[INFO] [stdout]            candidate #6: `rustls::server::server_conn::StoresServerSessions`
[INFO] [stdout] 
[INFO] [stdout] 
[INFO] [stdout] error[E0599]: no associated function or constant named `get` found for struct `user_ui::router::Asset` in the current scope
[INFO] [stdout]   --> src/user_ui/router.rs:68:18
[INFO] [stdout]    |
[INFO] [stdout] 16 | struct Asset;
[INFO] [stdout]    | ------------ associated function or constant `get` not found for this struct
[INFO] [stdout] ...
[INFO] [stdout] 68 |     match Asset::get("index.html") {
[INFO] [stdout]    |                  ^^^ associated function or constant not found in `user_ui::router::Asset`
[INFO] [stdout]    |
[INFO] [stdout]    = help: items from traits can only be used if the trait is implemented and in scope
[INFO] [stdout]    = note: the following traits define an item `get`, perhaps you need to implement one of them:
[INFO] [stdout]            candidate #1: `Embed`
[INFO] [stdout]            candidate #2: `SliceIndex`
[INFO] [stdout]            candidate #3: `icu_collections::codepointtrie::cptrie::TypedCodePointTrie`
[INFO] [stdout]            candidate #4: `icu_properties::names::PropertyEnumToValueNameLookup`
[INFO] [stdout]            candidate #5: `icu_provider::baked::DataStore`
[INFO] [stdout]            candidate #6: `rustls::server::server_conn::StoresServerSessions`
[INFO] [stdout] 
[INFO] [stdout] 
[INFO] [stdout] For more information about this error, try `rustc --explain E0599`.
[INFO] [stdout] 
[INFO] [stderr] error: could not compile `kiro2cc-proxy` (bin "kiro2cc-proxy") due to 6 previous errors
[INFO] [stderr] warning: build failed, waiting for other jobs to finish...
[INFO] [stdout] For more information about this error, try `rustc --explain E0599`.
[INFO] [stdout] 
[INFO] [stderr] error: could not compile `kiro2cc-proxy` (bin "kiro2cc-proxy" test) due to 6 previous errors
[INFO] running `Command { std: "docker" "inspect" "84589b088d687a459056a26f6bf147ae8191249f1e14bf4d6a62503936520d8a", kill_on_drop: false }`
[INFO] running `Command { std: "docker" "rm" "-f" "84589b088d687a459056a26f6bf147ae8191249f1e14bf4d6a62503936520d8a", kill_on_drop: false }`
[INFO] [stdout] 84589b088d687a459056a26f6bf147ae8191249f1e14bf4d6a62503936520d8a
