[INFO] cloning repository https://github.com/karwojda/windmeter
[INFO] running `Command { std: "git" "-c" "credential.helper=" "-c" "credential.helper=/workspace/cargo-home/bin/git-credential-null" "clone" "--bare" "https://github.com/karwojda/windmeter" "/workspace/cache/git-repos/https%3A%2F%2Fgithub.com%2Fkarwojda%2Fwindmeter", kill_on_drop: false }`
[INFO] [stderr] Cloning into bare repository '/workspace/cache/git-repos/https%3A%2F%2Fgithub.com%2Fkarwojda%2Fwindmeter'...
[INFO] running `Command { std: "git" "rev-parse" "HEAD", kill_on_drop: false }`
[INFO] [stdout] 1573754c6ff7993b4f57643e7e7d2bb4fffb815f
[INFO] checking karwojda/windmeter against 3154cc1a3e6424e44f438a95007d043ed5ceaaf6+rustflags=-Znext-solver=coherence for pr-133502-30
[INFO] running `Command { std: "git" "clone" "/workspace/cache/git-repos/https%3A%2F%2Fgithub.com%2Fkarwojda%2Fwindmeter" "/workspace/builds/worker-7-tc1/source", kill_on_drop: false }`
[INFO] [stderr] Cloning into '/workspace/builds/worker-7-tc1/source'...
[INFO] [stderr] done.
[INFO] removed /workspace/builds/worker-7-tc1/source/.cargo/config.toml
[INFO] removed /workspace/builds/worker-7-tc1/source/rust-toolchain.toml
[INFO] started tweaking git repo https://github.com/karwojda/windmeter
[INFO] removed 0 missing tests
[INFO] finished tweaking git repo https://github.com/karwojda/windmeter
[INFO] tweaked toml for git repo https://github.com/karwojda/windmeter written to /workspace/builds/worker-7-tc1/source/Cargo.toml
[INFO] validating manifest of git repo https://github.com/karwojda/windmeter on toolchain 3154cc1a3e6424e44f438a95007d043ed5ceaaf6
[INFO] running `Command { std: CARGO_HOME="/workspace/cargo-home" RUSTUP_HOME="/workspace/rustup-home" "/workspace/cargo-home/bin/cargo" "+3154cc1a3e6424e44f438a95007d043ed5ceaaf6" "metadata" "--manifest-path" "Cargo.toml" "--no-deps", kill_on_drop: false }`
[INFO] crate git repo https://github.com/karwojda/windmeter already has a lockfile, it will not be regenerated
[INFO] running `Command { std: CARGO_HOME="/workspace/cargo-home" RUSTUP_HOME="/workspace/rustup-home" "/workspace/cargo-home/bin/cargo" "+3154cc1a3e6424e44f438a95007d043ed5ceaaf6" "fetch" "--manifest-path" "Cargo.toml", kill_on_drop: false }`
[INFO] [stderr]     Updating crates.io index
[INFO] [stderr]  Downloading crates ...
[INFO] [stderr]   Downloaded defmt v1.1.0
[INFO] [stderr]   Downloaded quote v1.0.45
[INFO] [stderr]   Downloaded panic-probe v1.0.0
[INFO] [stderr]   Downloaded nb v0.1.3
[INFO] [stderr]   Downloaded embassy-executor-macros v0.7.0
[INFO] [stderr]   Downloaded embedded-hal-bus v0.3.0
[INFO] [stderr]   Downloaded futures-core v0.3.32
[INFO] [stderr]   Downloaded as-slice v0.2.1
[INFO] [stderr]   Downloaded rustc_version v0.2.3
[INFO] [stderr]   Downloaded semver-parser v0.7.0
[INFO] [stderr]   Downloaded hex-literal v1.1.0
[INFO] [stderr]   Downloaded embedded-io-async v0.7.0
[INFO] [stderr]   Downloaded futures-sink v0.3.32
[INFO] [stderr]   Downloaded defmt v0.3.100
[INFO] [stderr]   Downloaded embedded-storage-async v0.4.1
[INFO] [stderr]   Downloaded embassy-usb-driver v0.2.2
[INFO] [stderr]   Downloaded embassy-net-driver v0.2.0
[INFO] [stderr]   Downloaded defmt-rtt v1.2.0
[INFO] [stderr]   Downloaded proc-macro-error-attr2 v2.0.0
[INFO] [stderr]   Downloaded volatile-register v0.2.2
[INFO] [stderr]   Downloaded nb v1.1.0
[INFO] [stderr]   Downloaded cortex-m-rt-macros v0.7.5
[INFO] [stderr]   Downloaded defmt-macros v1.1.0
[INFO] [stderr]   Downloaded embassy-executor v0.9.1
[INFO] [stderr]   Downloaded embedded-storage v0.3.1
[INFO] [stderr]   Downloaded embedded-io-async v0.6.1
[INFO] [stderr]   Downloaded block-device-driver v0.2.0
[INFO] [stderr]   Downloaded aligned v0.4.3
[INFO] [stderr]   Downloaded bit_field v0.10.3
[INFO] [stderr]   Downloaded bare-metal v0.2.5
[INFO] [stderr]   Downloaded embedded-test-linker-script v0.1.0
[INFO] [stderr]   Downloaded embassy-executor-timer-queue v0.1.0
[INFO] [stderr]   Downloaded embedded-io v0.7.1
[INFO] [stderr]   Downloaded embassy-time-driver v0.2.2
[INFO] [stderr]   Downloaded embedded-io v0.6.1
[INFO] [stderr]   Downloaded trait-set v0.3.0
[INFO] [stderr]   Downloaded stm32-fmc v0.4.0
[INFO] [stderr]   Downloaded sdio-host v0.9.0
[INFO] [stderr]   Downloaded futures-task v0.3.32
[INFO] [stderr]   Downloaded embedded-hal-nb v1.0.0
[INFO] [stderr]   Downloaded embedded-can v0.4.1
[INFO] [stderr]   Downloaded embassy-time-queue-utils v0.3.2
[INFO] [stderr]   Downloaded embassy-futures v0.1.2
[INFO] [stderr]   Downloaded embassy-embedded-hal v0.6.0
[INFO] [stderr]   Downloaded semver v0.9.0
[INFO] [stderr]   Downloaded semihosting v0.1.25
[INFO] [stderr]   Downloaded embedded-test-macros v0.8.0
[INFO] [stderr]   Downloaded bitbybit v2.0.1
[INFO] [stderr]   Downloaded embassy-hal-internal v0.5.0
[INFO] [stderr]   Downloaded embassy-hal-internal v0.4.0
[INFO] [stderr]   Downloaded proc-macro-error2 v2.0.1
[INFO] [stderr]   Downloaded thiserror-impl v2.0.18
[INFO] [stderr]   Downloaded vcell v0.1.3
[INFO] [stderr]   Downloaded bitfield v0.13.2
[INFO] [stderr]   Downloaded nmea0183 v0.6.0
[INFO] [stderr]   Downloaded embedded-hal v1.0.0
[INFO] [stderr]   Downloaded embedded-hal-async v1.0.0
[INFO] [stderr]   Downloaded embassy-time v0.5.1
[INFO] [stderr]   Downloaded embassy-sync v0.7.2
[INFO] [stderr]   Downloaded embassy-sync v0.8.0
[INFO] [stderr]   Downloaded thiserror v2.0.18
[INFO] [stderr]   Downloaded embedded-sdmmc-types v0.1.0
[INFO] [stderr]   Downloaded cortex-m-rt v0.7.5
[INFO] [stderr]   Downloaded embassy-usb-synopsys-otg v0.3.3
[INFO] [stderr]   Downloaded proc-macro2 v1.0.106
[INFO] [stderr]   Downloaded embedded-hal v0.2.7
[INFO] [stderr]   Downloaded bitflags v2.13.0
[INFO] [stderr]   Downloaded arbitrary-int v2.2.0
[INFO] [stderr]   Downloaded heapless v0.8.0
[INFO] [stderr]   Downloaded memchr v2.8.2
[INFO] [stderr]   Downloaded cortex-m v0.7.7
[INFO] [stderr]   Downloaded regex v1.12.4
[INFO] [stderr]   Downloaded syn v2.0.117
[INFO] [stderr]   Downloaded futures-util v0.3.32
[INFO] [stderr]   Downloaded portable-atomic v1.13.1
[INFO] [stderr]   Downloaded aho-corasick v1.1.4
[INFO] [stderr]   Downloaded embedded-sdmmc v0.10.0
[INFO] [stderr]   Downloaded chrono v0.4.44
[INFO] [stderr]   Downloaded embassy-stm32 v0.6.0
[INFO] [stderr]   Downloaded regex-automata v0.4.14
[INFO] [stderr]   Downloaded embedded-test v0.7.1
[INFO] [stderr]   Downloaded stm32-metapac v21.0.0
[INFO] running `Command { std: "docker" "create" "-v" "/var/lib/crater-agent-workspace/builds/worker-7-tc1/source:/opt/rustwide/workdir:ro,Z" "-v" "/var/lib/crater-agent-workspace/builds/worker-7-tc1/target:/opt/rustwide/target:rw,Z" "-v" "/var/lib/crater-agent-workspace/cargo-home:/opt/rustwide/cargo-home:ro,Z" "-v" "/var/lib/crater-agent-workspace/rustup-home:/opt/rustwide/rustup-home:ro,Z" "-m" "1610612736" "--network" "none" "ghcr.io/rust-lang/crates-build-env/linux@sha256:77db811e55d90add9212f6832c23229e3de5f1c1f9905e8cb07319ea15df73ac" "sleep" "infinity", kill_on_drop: false }`
[INFO] [stdout] 2e92626f6742c32138ae19295338a5219fe5fd7535b40c128e238f29f49ed801
[INFO] running `Command { std: "docker" "start" "2e92626f6742c32138ae19295338a5219fe5fd7535b40c128e238f29f49ed801", kill_on_drop: false }`
[INFO] running `Command { std: "docker" "inspect" "2e92626f6742c32138ae19295338a5219fe5fd7535b40c128e238f29f49ed801", kill_on_drop: false }`
[INFO] running `Command { std: "docker" "exec" "-e" "SOURCE_DIR=/opt/rustwide/workdir" "-e" "CARGO_HOME=/opt/rustwide/cargo-home" "-e" "RUSTUP_HOME=/opt/rustwide/rustup-home" "-e" "CARGO_TARGET_DIR=/opt/rustwide/target" "-w" "/opt/rustwide/workdir" "--user" "0:0" "2e92626f6742c32138ae19295338a5219fe5fd7535b40c128e238f29f49ed801" "/opt/rustwide/cargo-home/bin/cargo" "+3154cc1a3e6424e44f438a95007d043ed5ceaaf6" "metadata" "--no-deps" "--format-version=1", kill_on_drop: false }`
[INFO] running `Command { std: "docker" "inspect" "2e92626f6742c32138ae19295338a5219fe5fd7535b40c128e238f29f49ed801", kill_on_drop: false }`
[INFO] running `Command { std: "docker" "exec" "-e" "SOURCE_DIR=/opt/rustwide/workdir" "-e" "CARGO_HOME=/opt/rustwide/cargo-home" "-e" "RUSTUP_HOME=/opt/rustwide/rustup-home" "-e" "CARGO_TARGET_DIR=/opt/rustwide/target" "-e" "CARGO_INCREMENTAL=0" "-e" "RUST_BACKTRACE=full" "-e" "RUSTFLAGS=--cap-lints=forbid -Znext-solver=coherence" "-e" "RUSTDOCFLAGS=--cap-lints=forbid" "-w" "/opt/rustwide/workdir" "--user" "0:0" "2e92626f6742c32138ae19295338a5219fe5fd7535b40c128e238f29f49ed801" "/opt/rustwide/cargo-home/bin/cargo" "+3154cc1a3e6424e44f438a95007d043ed5ceaaf6" "check" "--frozen" "--all" "--all-targets" "--message-format=json", kill_on_drop: false }`
[INFO] [stderr]    Compiling proc-macro2 v1.0.106
[INFO] [stderr]    Compiling unicode-ident v1.0.24
[INFO] [stderr]    Compiling quote v1.0.45
[INFO] [stderr]    Compiling defmt v1.1.0
[INFO] [stderr]    Compiling thiserror v2.0.18
[INFO] [stderr]    Compiling defmt-macros v1.1.0
[INFO] [stderr]     Checking bitflags v1.3.2
[INFO] [stderr]    Compiling semver-parser v0.7.0
[INFO] [stderr]     Checking critical-section v1.2.0
[INFO] [stderr]    Compiling cortex-m v0.7.7
[INFO] [stderr]     Checking nb v1.1.0
[INFO] [stderr]     Checking stable_deref_trait v1.2.1
[INFO] [stderr]    Compiling cortex-m-rt v0.7.5
[INFO] [stderr]    Compiling semver v0.9.0
[INFO] [stderr]     Checking nb v0.1.3
[INFO] [stderr]     Checking void v1.0.2
[INFO] [stderr]    Compiling strsim v0.11.1
[INFO] [stderr]    Compiling ident_case v1.0.1
[INFO] [stderr]     Checking byteorder v1.5.0
[INFO] [stderr]     Checking embedded-hal v0.2.7
[INFO] [stderr]     Checking embedded-hal v1.0.0
[INFO] [stderr]    Compiling heapless v0.9.3
[INFO] [stderr]    Compiling autocfg v1.5.1
[INFO] [stderr]    Compiling rustc_version v0.2.3
[INFO] [stderr]    Compiling litrs v1.0.0
[INFO] [stderr]     Checking vcell v0.1.3
[INFO] [stderr]     Checking volatile-register v0.2.2
[INFO] [stderr]     Checking hash32 v0.3.1
[INFO] [stderr]    Compiling embassy-time-driver v0.2.2
[INFO] [stderr]     Checking futures-core v0.3.32
[INFO] [stderr]    Compiling bare-metal v0.2.5
[INFO] [stderr]     Checking bitfield v0.13.2
[INFO] [stderr]    Compiling memchr v2.8.2
[INFO] [stderr]    Compiling embedded-hal-async v1.0.0
[INFO] [stderr]    Compiling fnv v1.0.7
[INFO] [stderr]    Compiling embedded-io-async v0.6.1
[INFO] [stderr]    Compiling num-traits v0.2.19
[INFO] [stderr]    Compiling document-features v0.2.12
[INFO] [stderr]     Checking cfg-if v1.0.4
[INFO] [stderr]    Compiling syn v2.0.117
[INFO] [stderr]     Checking embedded-io v0.6.1
[INFO] [stderr]    Compiling proc-macro-error-attr2 v2.0.0
[INFO] [stderr]    Compiling aho-corasick v1.1.4
[INFO] [stderr]    Compiling embassy-sync v0.8.0
[INFO] [stderr]    Compiling regex-syntax v0.8.11
[INFO] [stderr]    Compiling stm32-metapac v21.0.0
[INFO] [stderr]     Checking futures-sink v0.3.32
[INFO] [stderr]     Checking embassy-executor-timer-queue v0.1.0
[INFO] [stderr]    Compiling portable-atomic v1.13.1
[INFO] [stderr]    Compiling embassy-hal-internal v0.4.0
[INFO] [stderr]    Compiling embedded-test-linker-script v0.1.0
[INFO] [stderr]    Compiling syn v1.0.109
[INFO] [stderr]    Compiling embassy-time-queue-utils v0.3.2
[INFO] [stderr]     Checking as-slice v0.2.1
[INFO] [stderr]     Checking bitflags v2.13.0
[INFO] [stderr]    Compiling heapless v0.8.0
[INFO] [stderr]    Compiling semihosting v0.1.25
[INFO] [stderr]     Checking embedded-storage v0.3.1
[INFO] [stderr]    Compiling embassy-hal-internal v0.5.0
[INFO] [stderr]    Compiling embassy-executor v0.9.1
[INFO] [stderr]     Checking embedded-storage-async v0.4.1
[INFO] [stderr]     Checking aligned v0.4.3
[INFO] [stderr]    Compiling defmt-rtt v1.2.0
[INFO] [stderr]    Compiling embedded-test v0.7.1
[INFO] [stderr]     Checking futures-task v0.3.32
[INFO] [stderr]    Compiling panic-probe v1.0.0
[INFO] [stderr]     Checking embassy-futures v0.1.2
[INFO] [stderr]    Compiling embassy-sync v0.7.2
[INFO] [stderr]     Checking pin-project-lite v0.2.17
[INFO] [stderr]    Compiling libm v0.2.16
[INFO] [stderr]     Checking futures-util v0.3.32
[INFO] [stderr]     Checking block-device-driver v0.2.0
[INFO] [stdout] error: unsupported target; if you need support for this target, please submit an issue at <https://github.com/taiki-e/semihosting>
[INFO] [stdout]    --> /opt/rustwide/cargo-home/registry/src/index.crates.io-1949cf8c6b5b557f/semihosting-0.1.25/src/lib.rs:304:1
[INFO] [stdout]     |
[INFO] [stdout] 304 | / compile_error!(
[INFO] [stdout] 305 | |     "unsupported target; if you need support for this target, \
[INFO] [stdout] 306 | |      please submit an issue at <https://github.com/taiki-e/semihosting>"
[INFO] [stdout] 307 | | );
[INFO] [stdout]     | |_^
[INFO] [stdout] 
[INFO] [stdout] 
[INFO] [stdout] error[E0432]: unresolved import `crate::sys::arch`
[INFO] [stdout]   --> /opt/rustwide/cargo-home/registry/src/index.crates.io-1949cf8c6b5b557f/semihosting-0.1.25/src/sys/errno.rs:7:10
[INFO] [stdout]    |
[INFO] [stdout]  7 |     sys::arch::errno,
[INFO] [stdout]    |          ^^^^ could not find `arch` in `sys`
[INFO] [stdout]    |
[INFO] [stdout] note: found an item that was configured out
[INFO] [stdout]   --> /opt/rustwide/cargo-home/registry/src/index.crates.io-1949cf8c6b5b557f/semihosting-0.1.25/src/sys/mod.rs:31:25
[INFO] [stdout]    |
[INFO] [stdout] 22 |   #[cfg(any(
[INFO] [stdout]    |  __________-
[INFO] [stdout] 23 | |     target_arch = "aarch64",
[INFO] [stdout] 24 | |     target_arch = "arm",
[INFO] [stdout] 25 | |     target_arch = "riscv32",
[INFO] [stdout] ...  |
[INFO] [stdout] 29 | |     all(target_arch = "xtensa", feature = "openocd-semihosting"),
[INFO] [stdout] 30 | | ))]
[INFO] [stdout]    | |_- the item is gated here
[INFO] [stdout] 31 |   use self::arm_compat as arch;
[INFO] [stdout]    |                           ^^^^
[INFO] [stdout] note: found an item that was configured out
[INFO] [stdout]   --> /opt/rustwide/cargo-home/registry/src/index.crates.io-1949cf8c6b5b557f/semihosting-0.1.25/src/sys/mod.rs:61:19
[INFO] [stdout]    |
[INFO] [stdout] 55 |   #[cfg(any(
[INFO] [stdout]    |  __________-
[INFO] [stdout] 56 | |     target_arch = "mips",
[INFO] [stdout] 57 | |     target_arch = "mips32r6",
[INFO] [stdout] 58 | |     target_arch = "mips64",
[INFO] [stdout] 59 | |     target_arch = "mips64r6",
[INFO] [stdout] 60 | | ))]
[INFO] [stdout]    | |_- the item is gated here
[INFO] [stdout] 61 |   use self::mips as arch;
[INFO] [stdout]    |                     ^^^^
[INFO] [stdout] 
[INFO] [stdout] 
[INFO] [stdout] error[E0432]: unresolved import `self::arch`
[INFO] [stdout]   --> /opt/rustwide/cargo-home/registry/src/index.crates.io-1949cf8c6b5b557f/semihosting-0.1.25/src/sys/mod.rs:96:5
[INFO] [stdout]    |
[INFO] [stdout] 96 |     arch::exit,
[INFO] [stdout]    |     ^^^^ could not find `arch` in `self`
[INFO] [stdout]    |
[INFO] [stdout] note: found an item that was configured out
[INFO] [stdout]   --> /opt/rustwide/cargo-home/registry/src/index.crates.io-1949cf8c6b5b557f/semihosting-0.1.25/src/sys/mod.rs:31:25
[INFO] [stdout]    |
[INFO] [stdout] 22 |   #[cfg(any(
[INFO] [stdout]    |  __________-
[INFO] [stdout] 23 | |     target_arch = "aarch64",
[INFO] [stdout] 24 | |     target_arch = "arm",
[INFO] [stdout] 25 | |     target_arch = "riscv32",
[INFO] [stdout] ...  |
[INFO] [stdout] 29 | |     all(target_arch = "xtensa", feature = "openocd-semihosting"),
[INFO] [stdout] 30 | | ))]
[INFO] [stdout]    | |_- the item is gated here
[INFO] [stdout] 31 |   use self::arm_compat as arch;
[INFO] [stdout]    |                           ^^^^
[INFO] [stdout] note: found an item that was configured out
[INFO] [stdout]   --> /opt/rustwide/cargo-home/registry/src/index.crates.io-1949cf8c6b5b557f/semihosting-0.1.25/src/sys/mod.rs:61:19
[INFO] [stdout]    |
[INFO] [stdout] 55 |   #[cfg(any(
[INFO] [stdout]    |  __________-
[INFO] [stdout] 56 | |     target_arch = "mips",
[INFO] [stdout] 57 | |     target_arch = "mips32r6",
[INFO] [stdout] 58 | |     target_arch = "mips64",
[INFO] [stdout] 59 | |     target_arch = "mips64r6",
[INFO] [stdout] 60 | | ))]
[INFO] [stdout]    | |_- the item is gated here
[INFO] [stdout] 61 |   use self::mips as arch;
[INFO] [stdout]    |                     ^^^^
[INFO] [stdout] 
[INFO] [stdout] 
[INFO] [stderr]     Checking chrono v0.4.44
[INFO] [stdout] error[E0433]: cannot find module or crate `arch` in this scope
[INFO] [stdout]    --> /opt/rustwide/cargo-home/registry/src/index.crates.io-1949cf8c6b5b557f/semihosting-0.1.25/src/sys/mod.rs:129:14
[INFO] [stdout]     |
[INFO] [stdout] 129 |     unsafe { arch::close(fd) }
[INFO] [stdout]     |              ^^^^ use of unresolved module or unlinked crate `arch`
[INFO] [stdout]     |
[INFO] [stdout]     = help: if you wanted to use a crate named `arch`, use `cargo add arch` to add it to your `Cargo.toml`
[INFO] [stdout] 
[INFO] [stdout] 
[INFO] [stdout] error[E0433]: cannot find module or crate `arch` in this scope
[INFO] [stdout]    --> /opt/rustwide/cargo-home/registry/src/index.crates.io-1949cf8c6b5b557f/semihosting-0.1.25/src/sys/mod.rs:151:5
[INFO] [stdout]     |
[INFO] [stdout] 151 |     arch::read(fd, buf)
[INFO] [stdout]     |     ^^^^ use of unresolved module or unlinked crate `arch`
[INFO] [stdout]     |
[INFO] [stdout]     = help: if you wanted to use a crate named `arch`, use `cargo add arch` to add it to your `Cargo.toml`
[INFO] [stdout] 
[INFO] [stdout] 
[INFO] [stdout] error[E0433]: cannot find module or crate `arch` in this scope
[INFO] [stdout]    --> /opt/rustwide/cargo-home/registry/src/index.crates.io-1949cf8c6b5b557f/semihosting-0.1.25/src/sys/mod.rs:168:5
[INFO] [stdout]     |
[INFO] [stdout] 168 |     arch::read_uninit(fd, buf)
[INFO] [stdout]     |     ^^^^ use of unresolved module or unlinked crate `arch`
[INFO] [stdout]     |
[INFO] [stdout]     = help: if you wanted to use a crate named `arch`, use `cargo add arch` to add it to your `Cargo.toml`
[INFO] [stdout] 
[INFO] [stdout] 
[INFO] [stdout] error[E0433]: cannot find module or crate `arch` in this scope
[INFO] [stdout]    --> /opt/rustwide/cargo-home/registry/src/index.crates.io-1949cf8c6b5b557f/semihosting-0.1.25/src/sys/mod.rs:188:5
[INFO] [stdout]     |
[INFO] [stdout] 188 |     arch::write(fd, buf)
[INFO] [stdout]     |     ^^^^ use of unresolved module or unlinked crate `arch`
[INFO] [stdout]     |
[INFO] [stdout]     = help: if you wanted to use a crate named `arch`, use `cargo add arch` to add it to your `Cargo.toml`
[INFO] [stdout] 
[INFO] [stdout] 
[INFO] [stdout] Some errors have detailed explanations: E0432, E0433.
[INFO] [stdout] 
[INFO] [stdout] For more information about an error, try `rustc --explain E0432`.
[INFO] [stdout] 
[INFO] [stderr] error: could not compile `semihosting` (lib) due to 7 previous errors
[INFO] [stderr] warning: build failed, waiting for other jobs to finish...
[INFO] running `Command { std: "docker" "inspect" "2e92626f6742c32138ae19295338a5219fe5fd7535b40c128e238f29f49ed801", kill_on_drop: false }`
[INFO] running `Command { std: "docker" "rm" "-f" "2e92626f6742c32138ae19295338a5219fe5fd7535b40c128e238f29f49ed801", kill_on_drop: false }`
[INFO] [stdout] 2e92626f6742c32138ae19295338a5219fe5fd7535b40c128e238f29f49ed801
