[INFO] cloning repository https://github.com/kartinul/savecodex
[INFO] running `Command { std: "git" "-c" "credential.helper=" "-c" "credential.helper=/workspace/cargo-home/bin/git-credential-null" "clone" "--bare" "https://github.com/kartinul/savecodex" "/workspace/cache/git-repos/https%3A%2F%2Fgithub.com%2Fkartinul%2Fsavecodex", kill_on_drop: false }`
[INFO] [stderr] Cloning into bare repository '/workspace/cache/git-repos/https%3A%2F%2Fgithub.com%2Fkartinul%2Fsavecodex'...
[INFO] running `Command { std: "git" "rev-parse" "HEAD", kill_on_drop: false }`
[INFO] [stdout] d573a903b9b6d944d300476a558dd2903d6569fd
[INFO] checking kartinul/savecodex against 3154cc1a3e6424e44f438a95007d043ed5ceaaf6+rustflags=-Znext-solver=coherence for pr-133502-30
[INFO] running `Command { std: "git" "clone" "/workspace/cache/git-repos/https%3A%2F%2Fgithub.com%2Fkartinul%2Fsavecodex" "/workspace/builds/worker-1-tc1/source", kill_on_drop: false }`
[INFO] [stderr] Cloning into '/workspace/builds/worker-1-tc1/source'...
[INFO] [stderr] done.
[INFO] started tweaking git repo https://github.com/kartinul/savecodex
[INFO] finished tweaking git repo https://github.com/kartinul/savecodex
[INFO] tweaked toml for git repo https://github.com/kartinul/savecodex written to /workspace/builds/worker-1-tc1/source/Cargo.toml
[INFO] validating manifest of git repo https://github.com/kartinul/savecodex on toolchain 3154cc1a3e6424e44f438a95007d043ed5ceaaf6
[INFO] running `Command { std: CARGO_HOME="/workspace/cargo-home" RUSTUP_HOME="/workspace/rustup-home" "/workspace/cargo-home/bin/cargo" "+3154cc1a3e6424e44f438a95007d043ed5ceaaf6" "metadata" "--manifest-path" "Cargo.toml" "--no-deps", kill_on_drop: false }`
[INFO] crate git repo https://github.com/kartinul/savecodex already has a lockfile, it will not be regenerated
[INFO] running `Command { std: CARGO_HOME="/workspace/cargo-home" RUSTUP_HOME="/workspace/rustup-home" "/workspace/cargo-home/bin/cargo" "+3154cc1a3e6424e44f438a95007d043ed5ceaaf6" "fetch" "--manifest-path" "Cargo.toml", kill_on_drop: false }`
[INFO] [stderr]     Updating crates.io index
[INFO] [stderr]  Downloading crates ...
[INFO] [stderr]   Downloaded portable-pty v0.8.1
[INFO] [stderr]   Downloaded compression-core v0.4.32
[INFO] [stderr]   Downloaded async-compression v0.4.43
[INFO] [stderr]   Downloaded serial-windows v0.4.0
[INFO] [stderr]   Downloaded serial-core v0.4.0
[INFO] [stderr]   Downloaded serial-unix v0.4.0
[INFO] [stderr]   Downloaded termios v0.2.2
[INFO] [stderr]   Downloaded memoffset v0.6.5
[INFO] [stderr]   Downloaded custom_derive v0.1.7
[INFO] [stderr]   Downloaded compression-codecs v0.4.38
[INFO] [stderr]   Downloaded shell-words v1.1.1
[INFO] [stderr]   Downloaded serial v0.4.0
[INFO] [stderr]   Downloaded ioctl-rs v0.1.6
[INFO] [stderr]   Downloaded shared_library v0.1.9
[INFO] [stderr]   Downloaded natord v1.0.9
[INFO] [stderr]   Downloaded directories v5.0.1
[INFO] [stderr]   Downloaded winreg v0.10.1
[INFO] [stderr]   Downloaded rusttype v0.9.3
[INFO] [stderr]   Downloaded axum-core v0.4.5
[INFO] [stderr]   Downloaded rand_distr v0.2.2
[INFO] [stderr]   Downloaded conv v0.3.3
[INFO] [stderr]   Downloaded simba v0.7.3
[INFO] [stderr]   Downloaded typed-path v0.12.3
[INFO] [stderr]   Downloaded tower-http v0.5.2
[INFO] [stderr]   Downloaded owned_ttf_parser v0.15.2
[INFO] [stderr]   Downloaded ttf-parser v0.15.2
[INFO] [stderr]   Downloaded zip v8.6.0
[INFO] [stderr]   Downloaded axum v0.7.9
[INFO] [stderr]   Downloaded nix v0.25.1
[INFO] [stderr]   Downloaded docx-rs v0.4.22
[INFO] [stderr]   Downloaded bstr v1.13.0
[INFO] [stderr]   Downloaded nalgebra v0.30.1
[INFO] [stderr]   Downloaded imageproc v0.23.1
[INFO] running `Command { std: "docker" "create" "-v" "/var/lib/crater-agent-workspace/builds/worker-1-tc1/source:/opt/rustwide/workdir:ro,Z" "-v" "/var/lib/crater-agent-workspace/builds/worker-1-tc1/target:/opt/rustwide/target:rw,Z" "-v" "/var/lib/crater-agent-workspace/cargo-home:/opt/rustwide/cargo-home:ro,Z" "-v" "/var/lib/crater-agent-workspace/rustup-home:/opt/rustwide/rustup-home:ro,Z" "-m" "1610612736" "--network" "none" "ghcr.io/rust-lang/crates-build-env/linux@sha256:77db811e55d90add9212f6832c23229e3de5f1c1f9905e8cb07319ea15df73ac" "sleep" "infinity", kill_on_drop: false }`
[INFO] [stdout] bd99d44ed660d0dcff2dfd3f491fe6f1068061e8d8a46bbcaf158ff81ab15717
[INFO] running `Command { std: "docker" "start" "bd99d44ed660d0dcff2dfd3f491fe6f1068061e8d8a46bbcaf158ff81ab15717", kill_on_drop: false }`
[INFO] running `Command { std: "docker" "inspect" "bd99d44ed660d0dcff2dfd3f491fe6f1068061e8d8a46bbcaf158ff81ab15717", kill_on_drop: false }`
[INFO] running `Command { std: "docker" "exec" "-e" "SOURCE_DIR=/opt/rustwide/workdir" "-e" "CARGO_HOME=/opt/rustwide/cargo-home" "-e" "RUSTUP_HOME=/opt/rustwide/rustup-home" "-e" "CARGO_TARGET_DIR=/opt/rustwide/target" "-w" "/opt/rustwide/workdir" "--user" "0:0" "bd99d44ed660d0dcff2dfd3f491fe6f1068061e8d8a46bbcaf158ff81ab15717" "/opt/rustwide/cargo-home/bin/cargo" "+3154cc1a3e6424e44f438a95007d043ed5ceaaf6" "metadata" "--no-deps" "--format-version=1", kill_on_drop: false }`
[INFO] running `Command { std: "docker" "inspect" "bd99d44ed660d0dcff2dfd3f491fe6f1068061e8d8a46bbcaf158ff81ab15717", kill_on_drop: false }`
[INFO] running `Command { std: "docker" "exec" "-e" "SOURCE_DIR=/opt/rustwide/workdir" "-e" "CARGO_HOME=/opt/rustwide/cargo-home" "-e" "RUSTUP_HOME=/opt/rustwide/rustup-home" "-e" "CARGO_TARGET_DIR=/opt/rustwide/target" "-e" "CARGO_INCREMENTAL=0" "-e" "RUST_BACKTRACE=full" "-e" "RUSTFLAGS=--cap-lints=forbid -Znext-solver=coherence" "-e" "RUSTDOCFLAGS=--cap-lints=forbid" "-w" "/opt/rustwide/workdir" "--user" "0:0" "bd99d44ed660d0dcff2dfd3f491fe6f1068061e8d8a46bbcaf158ff81ab15717" "/opt/rustwide/cargo-home/bin/cargo" "+3154cc1a3e6424e44f438a95007d043ed5ceaaf6" "check" "--frozen" "--all" "--all-targets" "--message-format=json", kill_on_drop: false }`
[INFO] [stderr]     Checking smallvec v1.15.2
[INFO] [stderr]     Checking bytes v1.12.1
[INFO] [stderr]     Checking errno v0.3.14
[INFO] [stderr]     Checking lock_api v0.4.14
[INFO] [stderr]    Compiling num-traits v0.2.19
[INFO] [stderr]    Compiling tokio-macros v2.7.2
[INFO] [stderr]     Checking mio v1.2.2
[INFO] [stderr]     Checking socket2 v0.6.5
[INFO] [stderr]     Checking signal-hook-registry v1.4.8
[INFO] [stderr]     Checking tracing-core v0.1.36
[INFO] [stderr]     Checking parking_lot_core v0.9.12
[INFO] [stderr]    Compiling crc32fast v1.5.0
[INFO] [stderr]     Checking simd-adler32 v0.3.10
[INFO] [stderr]     Checking adler2 v2.0.1
[INFO] [stderr]     Checking zlib-rs v0.6.7
[INFO] [stderr]     Checking parking_lot v0.12.5
[INFO] [stderr]     Checking miniz_oxide v0.8.9
[INFO] [stderr]     Checking http v1.5.0
[INFO] [stderr]    Compiling zerocopy v0.8.56
[INFO] [stderr]     Checking futures-task v0.3.33
[INFO] [stderr]     Checking tracing v0.1.44
[INFO] [stderr]     Checking hashbrown v0.17.1
[INFO] [stderr]     Checking tokio v1.53.1
[INFO] [stderr]     Checking futures-util v0.3.33
[INFO] [stderr]    Compiling zerocopy-derive v0.8.56
[INFO] [stderr]    Compiling vcpkg v0.2.15
[INFO] [stderr]     Checking typenum v1.20.1
[INFO] [stderr]     Checking http-body v1.1.0
[INFO] [stderr]     Checking indexmap v2.14.0
[INFO] [stderr]     Checking http-body-util v0.1.4
[INFO] [stderr]    Compiling openssl-sys v0.9.117
[INFO] [stderr]     Checking sync_wrapper v1.0.2
[INFO] [stderr]     Checking flate2 v1.1.9
[INFO] [stderr]     Checking bytemuck v1.25.2
[INFO] [stderr]     Checking futures-channel v0.3.33
[INFO] [stderr]     Checking base64 v0.22.1
[INFO] [stderr]     Checking num-integer v0.1.46
[INFO] [stderr]     Checking fdeflate v0.3.7
[INFO] [stderr]     Checking hybrid-array v0.4.14
[INFO] [stderr]     Checking foreign-types-shared v0.1.1
[INFO] [stderr]    Compiling unicase v2.9.0
[INFO] [stderr]    Compiling openssl v0.10.81
[INFO] [stderr]    Compiling zmij v1.0.23
[INFO] [stderr]     Checking ipnet v2.12.1
[INFO] [stderr]    Compiling mime_guess v2.0.5
[INFO] [stderr]     Checking foreign-types v0.3.2
[INFO] [stderr]     Checking icu_normalizer v2.2.0
[INFO] [stderr]     Checking getrandom v0.1.16
[INFO] [stderr]    Compiling openssl-macros v0.1.1
[INFO] [stderr]     Checking aho-corasick v1.1.5
[INFO] [stderr]     Checking encoding_rs v0.8.35
[INFO] [stderr]    Compiling native-tls v0.2.18
[INFO] [stderr]    Compiling serde_json v1.0.151
[INFO] [stderr]    Compiling crossbeam-utils v0.8.22
[INFO] [stderr]    Compiling crypto-common v0.2.2
[INFO] [stderr]    Compiling block-buffer v0.12.1
[INFO] [stderr]     Checking color_quant v1.1.0
[INFO] [stderr]     Checking regex-syntax v0.8.11
[INFO] [stderr]    Compiling const-oid v0.10.2
[INFO] [stderr]     Checking idna_adapter v1.2.2
[INFO] [stderr]     Checking rand_core v0.5.1
[INFO] [stderr]     Checking num-bigint v0.4.8
[INFO] [stderr]     Checking safe_arch v0.7.4
[INFO] [stderr]    Compiling digest v0.11.3
[INFO] [stderr]     Checking num-complex v0.4.6
[INFO] [stderr]     Checking regex-automata v0.4.18
[INFO] [stderr]    Compiling memoffset v0.6.5
[INFO] [stderr]    Compiling matrixmultiply v0.3.11
[INFO] [stderr]    Compiling same-file v1.0.6
[INFO] [stderr]    Compiling cpufeatures v0.3.0
[INFO] [stderr]     Checking openssl-probe v0.2.1
[INFO] [stderr]    Compiling rustversion v1.0.23
[INFO] [stderr]     Checking weezl v0.1.12
[INFO] [stderr]    Compiling cfg-if v1.0.4
[INFO] [stderr]     Checking utf8parse v0.2.2
[INFO] [stderr]    Compiling crossbeam-epoch v0.9.20
[INFO] [stderr]     Checking zune-core v0.5.3
[INFO] [stderr]     Checking anstyle-parse v1.0.0
[INFO] [stderr]    Compiling multer v3.1.0
[INFO] [stderr]     Checking num-rational v0.4.2
[INFO] [stderr]     Checking zune-jpeg v0.5.15
[INFO] [stderr]    Compiling sha2 v0.11.0
[INFO] [stderr]     Checking walkdir v2.5.0
[INFO] [stderr]     Checking wide v0.7.33
[INFO] [stderr]     Checking tokio-util v0.7.19
[INFO] [stderr]     Checking tower v0.5.3
[INFO] [stderr]     Checking idna v1.1.0
[INFO] [stderr]     Checking h2 v0.4.15
[INFO] [stderr]     Checking approx v0.5.1
[INFO] [stderr]     Checking ioctl-rs v0.1.6
[INFO] [stderr]     Checking serial-core v0.4.0
[INFO] [stderr]     Checking termios v0.2.2
[INFO] [stderr]     Checking is_terminal_polyfill v1.70.2
[INFO] [stderr]     Checking fax v0.2.7
[INFO] [stderr]     Checking bumpalo v3.20.3
[INFO] [stderr]    Compiling getrandom v0.4.3
[INFO] [stderr]     Checking anstyle v1.0.14
[INFO] [stderr]    Compiling rustix v1.1.4
[INFO] [stderr]    Compiling anyhow v1.0.104
[INFO] [stderr]     Checking ttf-parser v0.15.2
[INFO] [stderr]    Compiling mime v0.3.17
[INFO] [stderr]     Checking anstyle-query v1.1.5
[INFO] [stderr]     Checking ryu v1.0.23
[INFO] [stderr]     Checking colorchoice v1.0.5
[INFO] [stderr]     Checking compression-core v0.4.32
[INFO] [stderr]     Checking quick-error v2.0.1
[INFO] [stderr]    Compiling thiserror v2.0.20
[INFO] [stderr]     Checking pxfm v0.1.30
[INFO] [stderr]    Compiling crossbeam-deque v0.8.7
[INFO] [stderr]     Checking rawpointer v0.2.1
[INFO] [stderr]     Checking simba v0.7.3
[INFO] [stderr]     Checking ppv-lite86 v0.2.21
[INFO] [stderr]     Checking half v2.7.1
[INFO] [stderr]     Checking tiff v0.11.3
[INFO] [stderr]     Checking rand_chacha v0.2.2
[INFO] [stderr]     Checking rand v0.7.3
[INFO] [stderr]     Checking compression-codecs v0.4.38
[INFO] [stderr]     Checking serde_urlencoded v0.7.1
[INFO] [stderr]     Checking anstream v1.0.0
[INFO] [stderr]     Checking owned_ttf_parser v0.15.2
[INFO] [stderr]     Checking tokio-native-tls v0.3.1
[INFO] [stderr]     Checking zopfli v0.8.3
[INFO] [stderr]     Checking serial-unix v0.4.0
[INFO] [stderr]     Checking url v2.5.8
[INFO] [stderr]    Compiling rust-embed-utils v8.12.0
[INFO] [stderr]     Checking gif v0.14.2
[INFO] [stderr]     Checking png v0.17.16
[INFO] [stderr]     Checking num-iter v0.1.46
[INFO] [stderr]     Checking png v0.18.1
[INFO] [stderr]     Checking axum-core v0.5.6
[INFO] [stderr]    Compiling thiserror-impl v2.0.20
[INFO] [stderr]     Checking bstr v1.13.0
[INFO] [stderr]     Checking moxcms v0.8.1
[INFO] [stderr]     Checking linux-raw-sys v0.12.1
[INFO] [stderr]     Checking zeroize v1.9.0
[INFO] [stderr]     Checking option-ext v0.2.0
[INFO] [stderr]     Checking byteorder-lite v0.1.0
[INFO] [stderr]     Checking clap_lex v1.1.0
[INFO] [stderr]     Checking strsim v0.11.1
[INFO] [stderr]     Checking spin v0.9.9
[INFO] [stderr]    Compiling heck v0.5.0
[INFO] [stderr]     Checking typed-path v0.12.3
[INFO] [stderr]     Checking custom_derive v0.1.7
[INFO] [stderr]     Checking matchit v0.8.4
[INFO] [stderr]     Checking either v1.17.0
[INFO] [stderr]     Checking nix v0.25.1
[INFO] [stderr]     Checking image v0.24.9
[INFO] [stderr]     Checking itertools v0.10.5
[INFO] [stderr]     Checking hyper v1.11.0
[INFO] [stderr]     Checking conv v0.3.3
[INFO] [stderr]     Checking zip v8.6.0
[INFO] [stderr]    Compiling clap_derive v4.6.4
[INFO] [stderr]     Checking clap_builder v4.6.6
[INFO] [stderr]     Checking nalgebra v0.30.1
[INFO] [stderr]     Checking hyper-util v0.1.20
[INFO] [stderr]     Checking dirs-sys v0.4.1
[INFO] [stderr]     Checking rustls-pki-types v1.15.1
[INFO] [stderr]     Checking globset v0.4.20
[INFO] [stderr]     Checking axum-core v0.4.5
[INFO] [stderr]     Checking image v0.25.10
[INFO] [stderr]     Checking tower-http v0.6.11
[INFO] [stderr]     Checking num v0.4.3
[INFO] [stderr]    Compiling rust-embed-impl v8.12.0
[INFO] [stderr]     Checking rand_distr v0.2.2
[INFO] [stderr]     Checking axum v0.8.9
[INFO] [stderr]     Checking hyper-tls v0.6.0
[INFO] [stderr]     Checking filedescriptor v0.8.3
[INFO] [stderr]     Checking serial v0.4.0
[INFO] [stderr]     Checking rusttype v0.9.3
[INFO] [stderr]     Checking async-compression v0.4.43
[INFO] [stderr]     Checking matchers v0.2.0
[INFO] [stderr]     Checking quick-xml v0.41.0
[INFO] [stderr]     Checking serde_path_to_error v0.1.20
[INFO] [stderr]     Checking tracing-log v0.2.0
[INFO] [stderr]     Checking thread_local v1.1.10
[INFO] [stderr]     Checking nu-ansi-term v0.50.3
[INFO] [stderr]     Checking shell-words v1.1.1
[INFO] [stderr]     Checking portable-pty v0.8.1
[INFO] [stderr]     Checking tempfile v3.27.0
[INFO] [stderr]     Checking tracing-subscriber v0.3.23
[INFO] [stderr]     Checking tower-http v0.5.2
[INFO] [stderr]     Checking ignore v0.4.33
[INFO] [stderr]     Checking reqwest v0.12.28
[INFO] [stderr]     Checking clap v4.6.6
[INFO] [stderr]     Checking directories v5.0.1
[INFO] [stderr]     Checking axum v0.7.9
[INFO] [stderr]     Checking hostname v0.4.2
[INFO] [stderr]     Checking natord v1.0.9
[INFO] [stderr]     Checking docx-rs v0.4.22
[INFO] [stderr]     Checking rust-embed v8.12.0
[INFO] [stderr]     Checking imageproc v0.23.1
[INFO] [stderr]     Checking savecodex v1.2.0 (/opt/rustwide/workdir/crates/app)
[INFO] [stdout] error: #[derive(RustEmbed)] folder '/opt/rustwide/workdir/crates/app/../../frontend/dist/' does not exist. cwd: '/opt/rustwide/workdir'
[INFO] [stdout]  --> crates/app/src/embed.rs:6:1
[INFO] [stdout]   |
[INFO] [stdout] 6 | / #[folder = "../../frontend/dist/"]
[INFO] [stdout] 7 | | pub struct Frontend;
[INFO] [stdout]   | |____________________^
[INFO] [stdout] 
[INFO] [stdout] 
[INFO] [stdout] error: #[derive(RustEmbed)] folder '/opt/rustwide/workdir/crates/app/../../frontend/dist/' does not exist. cwd: '/opt/rustwide/workdir'
[INFO] [stdout]  --> crates/app/src/embed.rs:6:1
[INFO] [stdout]   |
[INFO] [stdout] 6 | / #[folder = "../../frontend/dist/"]
[INFO] [stdout] 7 | | pub struct Frontend;
[INFO] [stdout]   | |____________________^
[INFO] [stdout] 
[INFO] [stdout] 
[INFO] [stdout] error[E0599]: no associated function or constant named `get` found for struct `Frontend` in the current scope
[INFO] [stdout]   --> crates/app/src/server.rs:47:21
[INFO] [stdout]    |
[INFO] [stdout] 47 |     match Frontend::get(path) {
[INFO] [stdout]    |                     ^^^ associated function or constant not found in `Frontend`
[INFO] [stdout]    |
[INFO] [stdout]   ::: crates/app/src/embed.rs:7:1
[INFO] [stdout]    |
[INFO] [stdout]  7 | pub struct Frontend;
[INFO] [stdout]    | ------------------- associated function or constant `get` not found for this struct
[INFO] [stdout]    |
[INFO] [stdout]    = help: items from traits can only be used if the trait is implemented and in scope
[INFO] [stdout]    = note: the following traits define an item `get`, perhaps you need to implement one of them:
[INFO] [stdout]            candidate #1: `Embed`
[INFO] [stdout]            candidate #2: `SliceIndex`
[INFO] [stdout]            candidate #3: `icu_collections::codepointtrie::cptrie::TypedCodePointTrie`
[INFO] [stdout]            candidate #4: `icu_properties::names::PropertyEnumToValueNameLookup`
[INFO] [stdout]            candidate #5: `icu_provider::baked::DataStore`
[INFO] [stdout]            candidate #6: `nalgebra::base::indexing::MatrixIndex`
[INFO] [stdout]            candidate #7: `nix::sys::socket::GetSockOpt`
[INFO] [stdout] 
[INFO] [stdout] 
[INFO] [stdout] error[E0599]: no associated function or constant named `get` found for struct `Frontend` in the current scope
[INFO] [stdout]   --> crates/app/src/server.rs:47:21
[INFO] [stdout]    |
[INFO] [stdout] 47 |     match Frontend::get(path) {
[INFO] [stdout]    |                     ^^^ associated function or constant not found in `Frontend`
[INFO] [stdout]    |
[INFO] [stdout]   ::: crates/app/src/embed.rs:7:1
[INFO] [stdout]    |
[INFO] [stdout]  7 | pub struct Frontend;
[INFO] [stdout]    | ------------------- associated function or constant `get` not found for this struct
[INFO] [stdout]    |
[INFO] [stdout]    = help: items from traits can only be used if the trait is implemented and in scope
[INFO] [stdout]    = note: the following traits define an item `get`, perhaps you need to implement one of them:
[INFO] [stdout]            candidate #1: `Embed`
[INFO] [stdout]            candidate #2: `SliceIndex`
[INFO] [stdout]            candidate #3: `icu_collections::codepointtrie::cptrie::TypedCodePointTrie`
[INFO] [stdout]            candidate #4: `icu_properties::names::PropertyEnumToValueNameLookup`
[INFO] [stdout]            candidate #5: `icu_provider::baked::DataStore`
[INFO] [stdout]            candidate #6: `nalgebra::base::indexing::MatrixIndex`
[INFO] [stdout]            candidate #7: `nix::sys::socket::GetSockOpt`
[INFO] [stdout] 
[INFO] [stdout] 
[INFO] [stdout] error[E0599]: no associated function or constant named `get` found for struct `Frontend` in the current scope
[INFO] [stdout]   --> crates/app/src/server.rs:52:33
[INFO] [stdout]    |
[INFO] [stdout] 52 |         None => match Frontend::get("index.html") {
[INFO] [stdout]    |                                 ^^^ associated function or constant not found in `Frontend`
[INFO] [stdout]    |
[INFO] [stdout]   ::: crates/app/src/embed.rs:7:1
[INFO] [stdout]    |
[INFO] [stdout]  7 | pub struct Frontend;
[INFO] [stdout]    | ------------------- associated function or constant `get` not found for this struct
[INFO] [stdout]    |
[INFO] [stdout]    = help: items from traits can only be used if the trait is implemented and in scope
[INFO] [stdout]    = note: the following traits define an item `get`, perhaps you need to implement one of them:
[INFO] [stdout]            candidate #1: `Embed`
[INFO] [stdout]            candidate #2: `SliceIndex`
[INFO] [stdout]            candidate #3: `icu_collections::codepointtrie::cptrie::TypedCodePointTrie`
[INFO] [stdout]            candidate #4: `icu_properties::names::PropertyEnumToValueNameLookup`
[INFO] [stdout]            candidate #5: `icu_provider::baked::DataStore`
[INFO] [stdout]            candidate #6: `nalgebra::base::indexing::MatrixIndex`
[INFO] [stdout]            candidate #7: `nix::sys::socket::GetSockOpt`
[INFO] [stdout] 
[INFO] [stdout] 
[INFO] [stdout] error[E0599]: no associated function or constant named `get` found for struct `Frontend` in the current scope
[INFO] [stdout]   --> crates/app/src/server.rs:52:33
[INFO] [stdout]    |
[INFO] [stdout] 52 |         None => match Frontend::get("index.html") {
[INFO] [stdout]    |                                 ^^^ associated function or constant not found in `Frontend`
[INFO] [stdout]    |
[INFO] [stdout]   ::: crates/app/src/embed.rs:7:1
[INFO] [stdout]    |
[INFO] [stdout]  7 | pub struct Frontend;
[INFO] [stdout]    | ------------------- associated function or constant `get` not found for this struct
[INFO] [stdout]    |
[INFO] [stdout]    = help: items from traits can only be used if the trait is implemented and in scope
[INFO] [stdout]    = note: the following traits define an item `get`, perhaps you need to implement one of them:
[INFO] [stdout]            candidate #1: `Embed`
[INFO] [stdout]            candidate #2: `SliceIndex`
[INFO] [stdout]            candidate #3: `icu_collections::codepointtrie::cptrie::TypedCodePointTrie`
[INFO] [stdout]            candidate #4: `icu_properties::names::PropertyEnumToValueNameLookup`
[INFO] [stdout]            candidate #5: `icu_provider::baked::DataStore`
[INFO] [stdout]            candidate #6: `nalgebra::base::indexing::MatrixIndex`
[INFO] [stdout]            candidate #7: `nix::sys::socket::GetSockOpt`
[INFO] [stdout] 
[INFO] [stdout] 
[INFO] [stdout] For more information about this error, try `rustc --explain E0599`.
[INFO] [stdout] 
[INFO] [stderr] error: could not compile `savecodex` (bin "savecodex") due to 3 previous errors
[INFO] [stderr] warning: build failed, waiting for other jobs to finish...
[INFO] [stdout] For more information about this error, try `rustc --explain E0599`.
[INFO] [stdout] 
[INFO] [stderr] error: could not compile `savecodex` (bin "savecodex" test) due to 3 previous errors
[INFO] running `Command { std: "docker" "inspect" "bd99d44ed660d0dcff2dfd3f491fe6f1068061e8d8a46bbcaf158ff81ab15717", kill_on_drop: false }`
[INFO] running `Command { std: "docker" "rm" "-f" "bd99d44ed660d0dcff2dfd3f491fe6f1068061e8d8a46bbcaf158ff81ab15717", kill_on_drop: false }`
[INFO] [stdout] bd99d44ed660d0dcff2dfd3f491fe6f1068061e8d8a46bbcaf158ff81ab15717
