[INFO] cloning repository https://github.com/karol-szymanowski/dfs
[INFO] running `Command { std: "git" "-c" "credential.helper=" "-c" "credential.helper=/workspace/cargo-home/bin/git-credential-null" "clone" "--bare" "https://github.com/karol-szymanowski/dfs" "/workspace/cache/git-repos/https%3A%2F%2Fgithub.com%2Fkarol-szymanowski%2Fdfs", kill_on_drop: false }`
[INFO] [stderr] Cloning into bare repository '/workspace/cache/git-repos/https%3A%2F%2Fgithub.com%2Fkarol-szymanowski%2Fdfs'...
[INFO] running `Command { std: "git" "rev-parse" "HEAD", kill_on_drop: false }`
[INFO] [stdout] e6b8fb4c28b9b35e87763a6017d1c59234a6f102
[INFO] checking karol-szymanowski/dfs against 3154cc1a3e6424e44f438a95007d043ed5ceaaf6 for pr-133502-30
[INFO] running `Command { std: "git" "clone" "/workspace/cache/git-repos/https%3A%2F%2Fgithub.com%2Fkarol-szymanowski%2Fdfs" "/workspace/builds/worker-6-tc2/source", kill_on_drop: false }`
[INFO] [stderr] Cloning into '/workspace/builds/worker-6-tc2/source'...
[INFO] [stderr] done.
[INFO] removed /workspace/builds/worker-6-tc2/source/.cargo/config.toml
[INFO] started tweaking git repo https://github.com/karol-szymanowski/dfs
[INFO] finished tweaking git repo https://github.com/karol-szymanowski/dfs
[INFO] tweaked toml for git repo https://github.com/karol-szymanowski/dfs written to /workspace/builds/worker-6-tc2/source/Cargo.toml
[INFO] validating manifest of git repo https://github.com/karol-szymanowski/dfs on toolchain 3154cc1a3e6424e44f438a95007d043ed5ceaaf6
[INFO] running `Command { std: CARGO_HOME="/workspace/cargo-home" RUSTUP_HOME="/workspace/rustup-home" "/workspace/cargo-home/bin/cargo" "+3154cc1a3e6424e44f438a95007d043ed5ceaaf6" "metadata" "--manifest-path" "Cargo.toml" "--no-deps", kill_on_drop: false }`
[INFO] crate git repo https://github.com/karol-szymanowski/dfs already has a lockfile, it will not be regenerated
[INFO] running `Command { std: CARGO_HOME="/workspace/cargo-home" RUSTUP_HOME="/workspace/rustup-home" "/workspace/cargo-home/bin/cargo" "+3154cc1a3e6424e44f438a95007d043ed5ceaaf6" "fetch" "--manifest-path" "Cargo.toml", kill_on_drop: false }`
[INFO] [stderr] warning: unused workspace dependency `gfs-chunkserver`
[INFO] [stderr]   --> Cargo.toml:40:25
[INFO] [stderr]    |
[INFO] [stderr] 40 | [workspace.dependencies.gfs-chunkserver]
[INFO] [stderr]    |                         ^^^^^^^^^^^^^^^
[INFO] [stderr]    |
[INFO] [stderr]    = note: `cargo::unused_workspace_dependencies` is set to `warn` by default
[INFO] [stderr] help: consider removing the workspace dependency `gfs-chunkserver`
[INFO] [stderr] warning: unused workspace dependency `gfs-master`
[INFO] [stderr]   --> Cargo.toml:46:25
[INFO] [stderr]    |
[INFO] [stderr] 46 | [workspace.dependencies.gfs-master]
[INFO] [stderr]    |                         ^^^^^^^^^^
[INFO] [stderr]    |
[INFO] [stderr] help: consider removing the workspace dependency `gfs-master`
[INFO] [stderr] warning: unused workspace dependency `serde_yaml`
[INFO] [stderr]   --> Cargo.toml:25:1
[INFO] [stderr]    |
[INFO] [stderr] 25 | serde_yaml = "0.9"
[INFO] [stderr]    | ^^^^^^^^^^
[INFO] [stderr]    |
[INFO] [stderr] help: consider removing the workspace dependency `serde_yaml`
[INFO] [stderr] warning: workspace (manifest) generated 3 warnings
[INFO] running `Command { std: "docker" "create" "-v" "/var/lib/crater-agent-workspace/builds/worker-6-tc2/source:/opt/rustwide/workdir:ro,Z" "-v" "/var/lib/crater-agent-workspace/builds/worker-6-tc2/target:/opt/rustwide/target:rw,Z" "-v" "/var/lib/crater-agent-workspace/cargo-home:/opt/rustwide/cargo-home:ro,Z" "-v" "/var/lib/crater-agent-workspace/rustup-home:/opt/rustwide/rustup-home:ro,Z" "-m" "1610612736" "--network" "none" "ghcr.io/rust-lang/crates-build-env/linux@sha256:77db811e55d90add9212f6832c23229e3de5f1c1f9905e8cb07319ea15df73ac" "sleep" "infinity", kill_on_drop: false }`
[INFO] [stdout] 238dda4bc784d251c3e7e7353fd5c73c09a8e7859cd197af7f527901bc4755ab
[INFO] running `Command { std: "docker" "start" "238dda4bc784d251c3e7e7353fd5c73c09a8e7859cd197af7f527901bc4755ab", kill_on_drop: false }`
[INFO] running `Command { std: "docker" "inspect" "238dda4bc784d251c3e7e7353fd5c73c09a8e7859cd197af7f527901bc4755ab", kill_on_drop: false }`
[INFO] running `Command { std: "docker" "exec" "-e" "SOURCE_DIR=/opt/rustwide/workdir" "-e" "CARGO_HOME=/opt/rustwide/cargo-home" "-e" "RUSTUP_HOME=/opt/rustwide/rustup-home" "-e" "CARGO_TARGET_DIR=/opt/rustwide/target" "-w" "/opt/rustwide/workdir" "--user" "0:0" "238dda4bc784d251c3e7e7353fd5c73c09a8e7859cd197af7f527901bc4755ab" "/opt/rustwide/cargo-home/bin/cargo" "+3154cc1a3e6424e44f438a95007d043ed5ceaaf6" "metadata" "--no-deps" "--format-version=1", kill_on_drop: false }`
[INFO] running `Command { std: "docker" "inspect" "238dda4bc784d251c3e7e7353fd5c73c09a8e7859cd197af7f527901bc4755ab", kill_on_drop: false }`
[INFO] running `Command { std: "docker" "exec" "-e" "SOURCE_DIR=/opt/rustwide/workdir" "-e" "CARGO_HOME=/opt/rustwide/cargo-home" "-e" "RUSTUP_HOME=/opt/rustwide/rustup-home" "-e" "CARGO_TARGET_DIR=/opt/rustwide/target" "-e" "CARGO_INCREMENTAL=0" "-e" "RUST_BACKTRACE=full" "-e" "RUSTFLAGS=--cap-lints=forbid" "-e" "RUSTDOCFLAGS=--cap-lints=forbid" "-w" "/opt/rustwide/workdir" "--user" "0:0" "238dda4bc784d251c3e7e7353fd5c73c09a8e7859cd197af7f527901bc4755ab" "/opt/rustwide/cargo-home/bin/cargo" "+3154cc1a3e6424e44f438a95007d043ed5ceaaf6" "check" "--frozen" "--all" "--all-targets" "--message-format=json", kill_on_drop: false }`
[INFO] [stderr] warning: unused workspace dependency `gfs-chunkserver`
[INFO] [stderr]   --> Cargo.toml:40:25
[INFO] [stderr]    |
[INFO] [stderr] 40 | [workspace.dependencies.gfs-chunkserver]
[INFO] [stderr]    |                         ^^^^^^^^^^^^^^^
[INFO] [stderr]    |
[INFO] [stderr]    = note: `cargo::unused_workspace_dependencies` is set to `warn` by default
[INFO] [stderr] help: consider removing the workspace dependency `gfs-chunkserver`
[INFO] [stderr] warning: unused workspace dependency `gfs-master`
[INFO] [stderr]   --> Cargo.toml:46:25
[INFO] [stderr]    |
[INFO] [stderr] 46 | [workspace.dependencies.gfs-master]
[INFO] [stderr]    |                         ^^^^^^^^^^
[INFO] [stderr]    |
[INFO] [stderr] help: consider removing the workspace dependency `gfs-master`
[INFO] [stderr] warning: unused workspace dependency `serde_yaml`
[INFO] [stderr]   --> Cargo.toml:25:1
[INFO] [stderr]    |
[INFO] [stderr] 25 | serde_yaml = "0.9"
[INFO] [stderr]    | ^^^^^^^^^^
[INFO] [stderr]    |
[INFO] [stderr] help: consider removing the workspace dependency `serde_yaml`
[INFO] [stderr] warning: workspace (manifest) generated 3 warnings
[INFO] [stderr]     Checking parking_lot_core v0.9.12
[INFO] [stderr]    Compiling futures-macro v0.3.34
[INFO] [stderr]     Checking mio v1.2.2
[INFO] [stderr]     Checking tracing v0.1.44
[INFO] [stderr]    Compiling zerocopy-derive v0.8.56
[INFO] [stderr]    Compiling either v1.17.0
[INFO] [stderr]    Compiling anyhow v1.0.104
[INFO] [stderr]    Compiling libc v0.2.189
[INFO] [stderr]     Checking parking_lot v0.12.5
[INFO] [stderr]    Compiling itertools v0.14.0
[INFO] [stderr]    Compiling thiserror-impl v2.0.20
[INFO] [stderr]    Compiling linux-raw-sys v0.12.1
[INFO] [stderr]    Compiling bitflags v2.13.1
[INFO] [stderr]     Checking tokio v1.53.1
[INFO] [stderr]    Compiling bytes v1.12.1
[INFO] [stderr]    Compiling regex-syntax v0.8.11
[INFO] [stderr]     Checking futures-util v0.3.34
[INFO] [stderr]    Compiling getrandom v0.4.3
[INFO] [stderr]    Compiling rustix v1.1.4
[INFO] [stderr]    Compiling pin-project-internal v1.1.13
[INFO] [stderr]     Checking thiserror v2.0.20
[INFO] [stderr]    Compiling async-trait v0.1.92
[INFO] [stderr]     Checking zerocopy v0.8.56
[INFO] [stderr]    Compiling prost-derive v0.13.5
[INFO] [stderr]    Compiling fixedbitset v0.5.7
[INFO] [stderr]    Compiling fastrand v2.5.0
[INFO] [stderr]    Compiling regex-automata v0.4.18
[INFO] [stderr]    Compiling petgraph v0.7.1
[INFO] [stderr]     Checking pin-project v1.1.13
[INFO] [stderr]    Compiling prettyplease v0.2.37
[INFO] [stderr]    Compiling prost v0.13.5
[INFO] [stderr]    Compiling tempfile v3.27.0
[INFO] [stderr]    Compiling prost-types v0.13.5
[INFO] [stderr]    Compiling indexmap v1.9.3
[INFO] [stderr]    Compiling async-stream-impl v0.3.6
[INFO] [stderr]    Compiling multimap v0.10.1
[INFO] [stderr]    Compiling log v0.4.33
[INFO] [stderr]     Checking async-stream v0.3.6
[INFO] [stderr]     Checking axum-core v0.4.5
[INFO] [stderr]    Compiling regex v1.13.1
[INFO] [stderr]     Checking socket2 v0.5.10
[INFO] [stderr]     Checking uuid v1.24.0
[INFO] [stderr]    Compiling prost-build v0.13.5
[INFO] [stderr]    Compiling cc v1.4.3
[INFO] [stderr]     Checking tracing-serde v0.2.0
[INFO] [stderr]     Checking clap_builder v4.6.6
[INFO] [stderr]     Checking tokio-util v0.7.19
[INFO] [stderr]    Compiling tonic-build v0.12.3
[INFO] [stderr]     Checking tokio-stream v0.1.19
[INFO] [stderr]     Checking h2 v0.4.15
[INFO] [stderr]     Checking tower v0.5.3
[INFO] [stderr]    Compiling ring v0.17.14
[INFO] [stderr]     Checking ppv-lite86 v0.2.21
[INFO] [stderr]    Compiling clap_derive v4.6.4
[INFO] [stderr]     Checking matchers v0.2.0
[INFO] [stderr]     Checking tracing-subscriber v0.3.23
[INFO] [stderr]    Compiling pest v2.9.0
[INFO] [stderr]     Checking rand_chacha v0.3.1
[INFO] [stderr]     Checking rand v0.8.7
[INFO] [stderr]    Compiling gfs-proto v0.1.0 (/opt/rustwide/workdir/crates/gfs-proto)
[INFO] [stderr]     Checking axum v0.7.9
[INFO] [stderr]     Checking tower v0.4.13
[INFO] [stderr]    Compiling crossbeam-utils v0.8.22
[INFO] [stderr]     Checking ordered-float v2.10.1
[INFO] [stderr]    Compiling thiserror-impl v1.0.69
[INFO] [stderr]    Compiling serde_derive_internals v0.29.1
[INFO] [stderr]    Compiling pest_meta v2.9.0
[INFO] [stderr]     Checking clap v4.6.6
[INFO] [stderr]    Compiling schemars v0.8.22
[INFO] [stderr]    Compiling k8s-openapi v0.24.0
[INFO] [stderr]     Checking serde-value v0.7.0
[INFO] [stderr]    Compiling schemars_derive v0.8.22
[INFO] [stderr]     Checking chrono v0.4.45
[INFO] [stderr]     Checking jsonptr v0.6.3
[INFO] [stderr]     Checking thiserror v1.0.69
[INFO] [stderr]    Compiling rustls v0.23.43
[INFO] [stderr]    Compiling pest_generator v2.9.0
[INFO] [stderr]    Compiling serde_core v1.0.229
[INFO] [stderr]     Checking dashmap v6.2.1
[INFO] [stderr]    Compiling darling_core v0.20.11
[INFO] [stderr]    Compiling pest_derive v2.9.0
[INFO] [stderr]     Checking rustls-native-certs v0.8.4
[INFO] [stderr]     Checking json-patch v3.0.1
[INFO] [stderr]     Checking rustls-webpki v0.103.14
[INFO] [stderr]     Checking hyper v1.11.0
[INFO] [stderr]    Compiling enum-ordinalize-derive v4.4.2
[INFO] [stderr]     Checking serde_yaml v0.9.34+deprecated
[INFO] [stderr]    Compiling enum-ordinalize v4.4.2
[INFO] [stderr]    Compiling nix v0.29.0
[INFO] [stderr]     Checking jsonpath-rust v0.7.5
[INFO] [stderr]    Compiling serde_json v1.0.151
[INFO] [stderr]     Checking hyper-util v0.1.20
[INFO] [stderr]     Checking rustls-pemfile v2.2.0
[INFO] [stderr]     Checking secrecy v0.10.3
[INFO] [stderr]     Checking tower-http v0.6.11
[INFO] [stderr]    Compiling darling_macro v0.20.11
[INFO] [stderr]     Checking futures v0.3.34
[INFO] [stderr]     Checking instant v0.1.13
[INFO] [stderr]     Checking backoff v0.4.0
[INFO] [stderr]     Checking ahash v0.8.12
[INFO] [stderr]    Compiling darling v0.20.11
[INFO] [stderr]    Compiling educe v0.6.0
[INFO] [stderr]     Checking hostname v0.4.2
[INFO] [stderr]    Compiling fuser v0.15.1
[INFO] [stderr]     Checking page_size v0.6.0
[INFO] [stderr]     Checking bincode v1.3.3
[INFO] [stderr]     Checking hyper-timeout v0.5.2
[INFO] [stderr]     Checking tonic v0.12.3
[INFO] [stderr]     Checking tokio-rustls v0.26.4
[INFO] [stderr]     Checking hyper-rustls v0.27.9
[INFO] [stderr]    Compiling kube-derive v0.98.0
[INFO] [stderr]     Checking gfs-client v0.1.0 (/opt/rustwide/workdir/crates/gfs-client)
[INFO] [stderr]     Checking gfs-chunkserver v0.1.0 (/opt/rustwide/workdir/crates/gfs-chunkserver)
[INFO] [stderr]     Checking gfs-chaos v0.1.0 (/opt/rustwide/workdir/tests/chaos)
[INFO] [stderr]     Checking gfs-bench v0.1.0 (/opt/rustwide/workdir/tests/bench)
[INFO] [stderr]     Checking gfs-fuse v0.1.0 (/opt/rustwide/workdir/crates/gfs-fuse)
[INFO] [stderr]     Checking gfs-cli v0.1.0 (/opt/rustwide/workdir/crates/gfs-cli)
[INFO] [stdout] error[E0050]: method `getattr` has 4 parameters but the declaration in trait `getattr` has 5
[INFO] [stdout]   --> crates/gfs-fuse/src/fs.rs:77:16
[INFO] [stdout]    |
[INFO] [stdout] 77 |     fn getattr(&mut self, _req: &Request<'_>, ino: u64, reply: ReplyAttr) {
[INFO] [stdout]    |                ^^^^^^^^^^^^^^^^^^^^^^^^^^^^^^^^^^^^^^^^^^^^^^^^^^^^^^^^^ expected 5 parameters, found 4
[INFO] [stdout]    |
[INFO] [stdout]    = note: `getattr` from trait: `fn(&mut Self, &fuser::Request<'_>, u64, Option<u64>, ReplyAttr)`
[INFO] [stdout] help: add the missing parameter from the trait
[INFO] [stdout]    |
[INFO] [stdout] 77 |     fn getattr(&mut self, _req: &Request<'_>, ino: u64, reply: ReplyAttr, reply: ReplyAttr) {
[INFO] [stdout]    |                                                                         ++++++++++++++++++
[INFO] [stdout] 
[INFO] [stdout] 
[INFO] [stdout] error[E0433]: cannot find module or crate `libc` in this scope
[INFO] [stdout]   --> crates/gfs-fuse/src/fs.rs:40:29
[INFO] [stdout]    |
[INFO] [stdout] 40 |                 reply.error(libc::ENOENT);
[INFO] [stdout]    |                             ^^^^ use of unresolved module or unlinked crate `libc`
[INFO] [stdout]    |
[INFO] [stdout]    = help: if you wanted to use a crate named `libc`, use `cargo add libc` to add it to your `Cargo.toml`
[INFO] [stdout] 
[INFO] [stdout] 
[INFO] [stdout] error[E0433]: cannot find module or crate `libc` in this scope
[INFO] [stdout]   --> crates/gfs-fuse/src/fs.rs:48:29
[INFO] [stdout]    |
[INFO] [stdout] 48 |                 reply.error(libc::EINVAL);
[INFO] [stdout]    |                             ^^^^ use of unresolved module or unlinked crate `libc`
[INFO] [stdout]    |
[INFO] [stdout]    = help: if you wanted to use a crate named `libc`, use `cargo add libc` to add it to your `Cargo.toml`
[INFO] [stdout] 
[INFO] [stdout] 
[INFO] [stdout] error[E0433]: cannot find module or crate `libc` in this scope
[INFO] [stdout]    --> crates/gfs-fuse/src/fs.rs:112:25
[INFO] [stdout]     |
[INFO] [stdout] 112 |             reply.error(libc::ENOTDIR);
[INFO] [stdout]     |                         ^^^^ use of unresolved module or unlinked crate `libc`
[INFO] [stdout]     |
[INFO] [stdout]     = help: if you wanted to use a crate named `libc`, use `cargo add libc` to add it to your `Cargo.toml`
[INFO] [stdout] 
[INFO] [stdout] 
[INFO] [stdout] error[E0433]: cannot find module or crate `libc` in this scope
[INFO] [stdout]    --> crates/gfs-fuse/src/fs.rs:143:29
[INFO] [stdout]     |
[INFO] [stdout] 143 |                 reply.error(libc::ENOENT);
[INFO] [stdout]     |                             ^^^^ use of unresolved module or unlinked crate `libc`
[INFO] [stdout]     |
[INFO] [stdout]     = help: if you wanted to use a crate named `libc`, use `cargo add libc` to add it to your `Cargo.toml`
[INFO] [stdout] 
[INFO] [stdout] 
[INFO] [stdout] error[E0433]: cannot find module or crate `libc` in this scope
[INFO] [stdout]    --> crates/gfs-fuse/src/fs.rs:157:35
[INFO] [stdout]     |
[INFO] [stdout] 157 |             Err(_) => reply.error(libc::EIO),
[INFO] [stdout]     |                                   ^^^^ use of unresolved module or unlinked crate `libc`
[INFO] [stdout]     |
[INFO] [stdout]     = help: if you wanted to use a crate named `libc`, use `cargo add libc` to add it to your `Cargo.toml`
[INFO] [stdout] 
[INFO] [stdout] 
[INFO] [stdout] error[E0433]: cannot find module or crate `libc` in this scope
[INFO] [stdout]    --> crates/gfs-fuse/src/fs.rs:176:29
[INFO] [stdout]     |
[INFO] [stdout] 176 |                 reply.error(libc::ENOENT);
[INFO] [stdout]     |                             ^^^^ use of unresolved module or unlinked crate `libc`
[INFO] [stdout]     |
[INFO] [stdout]     = help: if you wanted to use a crate named `libc`, use `cargo add libc` to add it to your `Cargo.toml`
[INFO] [stdout] 
[INFO] [stdout] 
[INFO] [stdout] error[E0433]: cannot find module or crate `libc` in this scope
[INFO] [stdout]    --> crates/gfs-fuse/src/fs.rs:191:35
[INFO] [stdout]     |
[INFO] [stdout] 191 |             Err(_) => reply.error(libc::EIO),
[INFO] [stdout]     |                                   ^^^^ use of unresolved module or unlinked crate `libc`
[INFO] [stdout]     |
[INFO] [stdout]     = help: if you wanted to use a crate named `libc`, use `cargo add libc` to add it to your `Cargo.toml`
[INFO] [stdout] 
[INFO] [stdout] 
[INFO] [stdout] error[E0433]: cannot find module or crate `libc` in this scope
[INFO] [stdout]    --> crates/gfs-fuse/src/fs.rs:199:29
[INFO] [stdout]     |
[INFO] [stdout] 199 |                 reply.error(libc::ENOENT);
[INFO] [stdout]     |                             ^^^^ use of unresolved module or unlinked crate `libc`
[INFO] [stdout]     |
[INFO] [stdout]     = help: if you wanted to use a crate named `libc`, use `cargo add libc` to add it to your `Cargo.toml`
[INFO] [stdout] 
[INFO] [stdout] 
[INFO] [stdout] error[E0433]: cannot find module or crate `libc` in this scope
[INFO] [stdout]    --> crates/gfs-fuse/src/fs.rs:207:29
[INFO] [stdout]     |
[INFO] [stdout] 207 |                 reply.error(libc::EINVAL);
[INFO] [stdout]     |                             ^^^^ use of unresolved module or unlinked crate `libc`
[INFO] [stdout]     |
[INFO] [stdout]     = help: if you wanted to use a crate named `libc`, use `cargo add libc` to add it to your `Cargo.toml`
[INFO] [stdout] 
[INFO] [stdout] 
[INFO] [stdout] error[E0433]: cannot find module or crate `libc` in this scope
[INFO] [stdout]    --> crates/gfs-fuse/src/fs.rs:225:35
[INFO] [stdout]     |
[INFO] [stdout] 225 |             Err(_) => reply.error(libc::EIO),
[INFO] [stdout]     |                                   ^^^^ use of unresolved module or unlinked crate `libc`
[INFO] [stdout]     |
[INFO] [stdout]     = help: if you wanted to use a crate named `libc`, use `cargo add libc` to add it to your `Cargo.toml`
[INFO] [stdout] 
[INFO] [stdout] 
[INFO] [stdout] error[E0050]: method `getattr` has 4 parameters but the declaration in trait `getattr` has 5
[INFO] [stdout]   --> crates/gfs-fuse/src/fs.rs:77:16
[INFO] [stdout]    |
[INFO] [stdout] 77 |     fn getattr(&mut self, _req: &Request<'_>, ino: u64, reply: ReplyAttr) {
[INFO] [stdout]    |                ^^^^^^^^^^^^^^^^^^^^^^^^^^^^^^^^^^^^^^^^^^^^^^^^^^^^^^^^^ expected 5 parameters, found 4
[INFO] [stdout]    |
[INFO] [stdout]    = note: `getattr` from trait: `fn(&mut Self, &fuser::Request<'_>, u64, Option<u64>, ReplyAttr)`
[INFO] [stdout] help: add the missing parameter from the trait
[INFO] [stdout]    |
[INFO] [stdout] 77 |     fn getattr(&mut self, _req: &Request<'_>, ino: u64, reply: ReplyAttr, reply: ReplyAttr) {
[INFO] [stdout]    |                                                                         ++++++++++++++++++
[INFO] [stdout] 
[INFO] [stdout] 
[INFO] [stdout] error[E0433]: cannot find module or crate `libc` in this scope
[INFO] [stdout]   --> crates/gfs-fuse/src/fs.rs:40:29
[INFO] [stdout]    |
[INFO] [stdout] 40 |                 reply.error(libc::ENOENT);
[INFO] [stdout]    |                             ^^^^ use of unresolved module or unlinked crate `libc`
[INFO] [stdout]    |
[INFO] [stdout]    = help: if you wanted to use a crate named `libc`, use `cargo add libc` to add it to your `Cargo.toml`
[INFO] [stdout] 
[INFO] [stdout] 
[INFO] [stdout] error[E0433]: cannot find module or crate `libc` in this scope
[INFO] [stdout]   --> crates/gfs-fuse/src/fs.rs:48:29
[INFO] [stdout]    |
[INFO] [stdout] 48 |                 reply.error(libc::EINVAL);
[INFO] [stdout]    |                             ^^^^ use of unresolved module or unlinked crate `libc`
[INFO] [stdout]    |
[INFO] [stdout]    = help: if you wanted to use a crate named `libc`, use `cargo add libc` to add it to your `Cargo.toml`
[INFO] [stdout] 
[INFO] [stdout] 
[INFO] [stdout] error[E0433]: cannot find module or crate `libc` in this scope
[INFO] [stdout]    --> crates/gfs-fuse/src/fs.rs:112:25
[INFO] [stdout]     |
[INFO] [stdout] 112 |             reply.error(libc::ENOTDIR);
[INFO] [stdout]     |                         ^^^^ use of unresolved module or unlinked crate `libc`
[INFO] [stdout]     |
[INFO] [stdout]     = help: if you wanted to use a crate named `libc`, use `cargo add libc` to add it to your `Cargo.toml`
[INFO] [stdout] 
[INFO] [stdout] 
[INFO] [stdout] error[E0433]: cannot find module or crate `libc` in this scope
[INFO] [stdout]    --> crates/gfs-fuse/src/fs.rs:143:29
[INFO] [stdout]     |
[INFO] [stdout] 143 |                 reply.error(libc::ENOENT);
[INFO] [stdout]     |                             ^^^^ use of unresolved module or unlinked crate `libc`
[INFO] [stdout]     |
[INFO] [stdout]     = help: if you wanted to use a crate named `libc`, use `cargo add libc` to add it to your `Cargo.toml`
[INFO] [stdout] 
[INFO] [stdout] 
[INFO] [stdout] error[E0433]: cannot find module or crate `libc` in this scope
[INFO] [stdout]    --> crates/gfs-fuse/src/fs.rs:157:35
[INFO] [stdout]     |
[INFO] [stdout] 157 |             Err(_) => reply.error(libc::EIO),
[INFO] [stdout]     |                                   ^^^^ use of unresolved module or unlinked crate `libc`
[INFO] [stdout]     |
[INFO] [stdout]     = help: if you wanted to use a crate named `libc`, use `cargo add libc` to add it to your `Cargo.toml`
[INFO] [stdout] 
[INFO] [stdout] 
[INFO] [stdout] error[E0433]: cannot find module or crate `libc` in this scope
[INFO] [stdout]    --> crates/gfs-fuse/src/fs.rs:176:29
[INFO] [stdout]     |
[INFO] [stdout] 176 |                 reply.error(libc::ENOENT);
[INFO] [stdout]     |                             ^^^^ use of unresolved module or unlinked crate `libc`
[INFO] [stdout]     |
[INFO] [stdout]     = help: if you wanted to use a crate named `libc`, use `cargo add libc` to add it to your `Cargo.toml`
[INFO] [stdout] 
[INFO] [stdout] 
[INFO] [stdout] error[E0433]: cannot find module or crate `libc` in this scope
[INFO] [stdout]    --> crates/gfs-fuse/src/fs.rs:191:35
[INFO] [stdout]     |
[INFO] [stdout] 191 |             Err(_) => reply.error(libc::EIO),
[INFO] [stdout]     |                                   ^^^^ use of unresolved module or unlinked crate `libc`
[INFO] [stdout]     |
[INFO] [stdout]     = help: if you wanted to use a crate named `libc`, use `cargo add libc` to add it to your `Cargo.toml`
[INFO] [stdout] 
[INFO] [stdout] 
[INFO] [stdout] error[E0433]: cannot find module or crate `libc` in this scope
[INFO] [stdout]    --> crates/gfs-fuse/src/fs.rs:199:29
[INFO] [stdout]     |
[INFO] [stdout] 199 |                 reply.error(libc::ENOENT);
[INFO] [stdout]     |                             ^^^^ use of unresolved module or unlinked crate `libc`
[INFO] [stdout]     |
[INFO] [stdout]     = help: if you wanted to use a crate named `libc`, use `cargo add libc` to add it to your `Cargo.toml`
[INFO] [stdout] 
[INFO] [stdout] 
[INFO] [stdout] error[E0433]: cannot find module or crate `libc` in this scope
[INFO] [stdout]    --> crates/gfs-fuse/src/fs.rs:207:29
[INFO] [stdout]     |
[INFO] [stdout] 207 |                 reply.error(libc::EINVAL);
[INFO] [stdout]     |                             ^^^^ use of unresolved module or unlinked crate `libc`
[INFO] [stdout]     |
[INFO] [stdout]     = help: if you wanted to use a crate named `libc`, use `cargo add libc` to add it to your `Cargo.toml`
[INFO] [stdout] 
[INFO] [stdout] 
[INFO] [stdout] error[E0433]: cannot find module or crate `libc` in this scope
[INFO] [stdout]    --> crates/gfs-fuse/src/fs.rs:225:35
[INFO] [stdout]     |
[INFO] [stdout] 225 |             Err(_) => reply.error(libc::EIO),
[INFO] [stdout]     |                                   ^^^^ use of unresolved module or unlinked crate `libc`
[INFO] [stdout]     |
[INFO] [stdout]     = help: if you wanted to use a crate named `libc`, use `cargo add libc` to add it to your `Cargo.toml`
[INFO] [stdout] 
[INFO] [stdout] 
[INFO] [stdout] Some errors have detailed explanations: E0050, E0433.
[INFO] [stdout] 
[INFO] [stdout] For more information about an error, try `rustc --explain E0050`.
[INFO] [stdout] 
[INFO] [stderr] error: could not compile `gfs-fuse` (bin "gfs-fuse" test) due to 11 previous errors
[INFO] [stderr] warning: build failed, waiting for other jobs to finish...
[INFO] [stdout] Some errors have detailed explanations: E0050, E0433.
[INFO] [stdout] 
[INFO] [stdout] For more information about an error, try `rustc --explain E0050`.
[INFO] [stdout] 
[INFO] [stderr] error: could not compile `gfs-fuse` (bin "gfs-fuse") due to 11 previous errors
[INFO] [stderr] warning: unused dependency `gfs-client`
[INFO] [stderr]  --> tests/chaos/Cargo.toml:7:1
[INFO] [stderr]   |
[INFO] [stderr] 7 | gfs-client = { workspace = true }
[INFO] [stderr]   | ^^^^^^^^^^^^^^^^^^^^^^^^^^^^^^^^^
[INFO] [stderr]   |
[INFO] [stderr]   = note: `cargo::unused_dependencies` is set to `warn` by default
[INFO] [stderr] help: consider removing the dependency on `gfs-client`
[INFO] [stderr] warning: unused dependency `tempfile`
[INFO] [stderr]   --> tests/chaos/Cargo.toml:12:1
[INFO] [stderr]    |
[INFO] [stderr] 12 | tempfile = { workspace = true }
[INFO] [stderr]    | ^^^^^^^^^^^^^^^^^^^^^^^^^^^^^^^
[INFO] [stderr]    |
[INFO] [stderr] help: consider removing the dependency on `tempfile`
[INFO] [stderr] warning: `gfs-chaos` (manifest) generated 2 warnings
[INFO] [stderr] warning: unused dependency `memmap2`
[INFO] [stderr]   --> crates/gfs-chunkserver/Cargo.toml:16:1
[INFO] [stderr]    |
[INFO] [stderr] 16 | memmap2 = { workspace = true }
[INFO] [stderr]    | ^^^^^^^^^^^^^^^^^^^^^^^^^^^^^^
[INFO] [stderr]    |
[INFO] [stderr]    = note: `cargo::unused_dependencies` is set to `warn` by default
[INFO] [stderr] help: consider removing the dependency on `memmap2`
[INFO] [stderr] warning: unused dependency `tempfile`
[INFO] [stderr]   --> crates/gfs-chunkserver/Cargo.toml:26:1
[INFO] [stderr]    |
[INFO] [stderr] 26 | tempfile = { workspace = true }
[INFO] [stderr]    | ^^^^^^^^^^^^^^^^^^^^^^^^^^^^^^^
[INFO] [stderr]    |
[INFO] [stderr] help: consider removing the dependency on `tempfile`
[INFO] [stderr] warning: `gfs-chunkserver` (manifest) generated 2 warnings
[INFO] [stderr] warning: unused dependency `tracing-subscriber`
[INFO] [stderr]   --> crates/gfs-cli/Cargo.toml:14:1
[INFO] [stderr]    |
[INFO] [stderr] 14 | tracing-subscriber = { workspace = true }
[INFO] [stderr]    | ^^^^^^^^^^^^^^^^^^^^^^^^^^^^^^^^^^^^^^^^^
[INFO] [stderr]    |
[INFO] [stderr]    = note: `cargo::unused_dependencies` is set to `warn` by default
[INFO] [stderr] help: consider removing the dependency on `tracing-subscriber`
[INFO] [stderr] warning: `gfs-cli` (manifest) generated 1 warning
[INFO] [stderr] warning: unused dependency `anyhow`
[INFO] [stderr]   --> crates/gfs-client/Cargo.toml:18:1
[INFO] [stderr]    |
[INFO] [stderr] 18 | anyhow = { workspace = true }
[INFO] [stderr]    | ^^^^^^^^^^^^^^^^^^^^^^^^^^^^^
[INFO] [stderr]    |
[INFO] [stderr]    = note: `cargo::unused_dependencies` is set to `warn` by default
[INFO] [stderr] help: consider removing the dependency on `anyhow`
[INFO] [stderr] warning: `gfs-client` (manifest) generated 1 warning
[INFO] [stderr] warning: unused dependency `prost-types`
[INFO] [stderr]  --> crates/gfs-proto/Cargo.toml:8:1
[INFO] [stderr]   |
[INFO] [stderr] 8 | prost-types = { workspace = true }
[INFO] [stderr]   | ^^^^^^^^^^^^^^^^^^^^^^^^^^^^^^^^^^
[INFO] [stderr]   |
[INFO] [stderr]   = note: `cargo::unused_dependencies` is set to `warn` by default
[INFO] [stderr] help: consider removing the dependency on `prost-types`
[INFO] [stderr] warning: unused dependency `uuid`
[INFO] [stderr]   --> crates/gfs-proto/Cargo.toml:12:1
[INFO] [stderr]    |
[INFO] [stderr] 12 | uuid = { workspace = true }
[INFO] [stderr]    | ^^^^^^^^^^^^^^^^^^^^^^^^^^^
[INFO] [stderr]    |
[INFO] [stderr] help: consider removing the dependency on `uuid`
[INFO] [stderr] warning: `gfs-proto` (manifest) generated 2 warnings
[INFO] running `Command { std: "docker" "inspect" "238dda4bc784d251c3e7e7353fd5c73c09a8e7859cd197af7f527901bc4755ab", kill_on_drop: false }`
[INFO] running `Command { std: "docker" "rm" "-f" "238dda4bc784d251c3e7e7353fd5c73c09a8e7859cd197af7f527901bc4755ab", kill_on_drop: false }`
[INFO] [stdout] 238dda4bc784d251c3e7e7353fd5c73c09a8e7859cd197af7f527901bc4755ab
