[INFO] cloning repository https://github.com/kanpachikobou/tsubame-stream
[INFO] running `Command { std: "git" "-c" "credential.helper=" "-c" "credential.helper=/workspace/cargo-home/bin/git-credential-null" "clone" "--bare" "https://github.com/kanpachikobou/tsubame-stream" "/workspace/cache/git-repos/https%3A%2F%2Fgithub.com%2Fkanpachikobou%2Ftsubame-stream", kill_on_drop: false }`
[INFO] [stderr] Cloning into bare repository '/workspace/cache/git-repos/https%3A%2F%2Fgithub.com%2Fkanpachikobou%2Ftsubame-stream'...
[INFO] running `Command { std: "git" "rev-parse" "HEAD", kill_on_drop: false }`
[INFO] [stdout] fa7ee68e07131eca168d11456e195444f9ffb365
[INFO] checking kanpachikobou/tsubame-stream against 3154cc1a3e6424e44f438a95007d043ed5ceaaf6 for pr-133502-30
[INFO] running `Command { std: "git" "clone" "/workspace/cache/git-repos/https%3A%2F%2Fgithub.com%2Fkanpachikobou%2Ftsubame-stream" "/workspace/builds/worker-0-tc2/source", kill_on_drop: false }`
[INFO] [stderr] Cloning into '/workspace/builds/worker-0-tc2/source'...
[INFO] [stderr] done.
[INFO] started tweaking git repo https://github.com/kanpachikobou/tsubame-stream
[INFO] finished tweaking git repo https://github.com/kanpachikobou/tsubame-stream
[INFO] tweaked toml for git repo https://github.com/kanpachikobou/tsubame-stream written to /workspace/builds/worker-0-tc2/source/Cargo.toml
[INFO] validating manifest of git repo https://github.com/kanpachikobou/tsubame-stream on toolchain 3154cc1a3e6424e44f438a95007d043ed5ceaaf6
[INFO] running `Command { std: CARGO_HOME="/workspace/cargo-home" RUSTUP_HOME="/workspace/rustup-home" "/workspace/cargo-home/bin/cargo" "+3154cc1a3e6424e44f438a95007d043ed5ceaaf6" "metadata" "--manifest-path" "Cargo.toml" "--no-deps", kill_on_drop: false }`
[INFO] crate git repo https://github.com/kanpachikobou/tsubame-stream already has a lockfile, it will not be regenerated
[INFO] running `Command { std: CARGO_HOME="/workspace/cargo-home" RUSTUP_HOME="/workspace/rustup-home" "/workspace/cargo-home/bin/cargo" "+3154cc1a3e6424e44f438a95007d043ed5ceaaf6" "fetch" "--manifest-path" "Cargo.toml", kill_on_drop: false }`
[INFO] running `Command { std: "docker" "create" "-v" "/var/lib/crater-agent-workspace/builds/worker-0-tc2/source:/opt/rustwide/workdir:ro,Z" "-v" "/var/lib/crater-agent-workspace/builds/worker-0-tc2/target:/opt/rustwide/target:rw,Z" "-v" "/var/lib/crater-agent-workspace/cargo-home:/opt/rustwide/cargo-home:ro,Z" "-v" "/var/lib/crater-agent-workspace/rustup-home:/opt/rustwide/rustup-home:ro,Z" "-m" "1610612736" "--network" "none" "ghcr.io/rust-lang/crates-build-env/linux@sha256:77db811e55d90add9212f6832c23229e3de5f1c1f9905e8cb07319ea15df73ac" "sleep" "infinity", kill_on_drop: false }`
[INFO] [stdout] c24db10484e9b862588776e1c962e045db55fe40d02520597144ee04d9fc864d
[INFO] running `Command { std: "docker" "start" "c24db10484e9b862588776e1c962e045db55fe40d02520597144ee04d9fc864d", kill_on_drop: false }`
[INFO] running `Command { std: "docker" "inspect" "c24db10484e9b862588776e1c962e045db55fe40d02520597144ee04d9fc864d", kill_on_drop: false }`
[INFO] running `Command { std: "docker" "exec" "-e" "SOURCE_DIR=/opt/rustwide/workdir" "-e" "CARGO_HOME=/opt/rustwide/cargo-home" "-e" "RUSTUP_HOME=/opt/rustwide/rustup-home" "-e" "CARGO_TARGET_DIR=/opt/rustwide/target" "-w" "/opt/rustwide/workdir" "--user" "0:0" "c24db10484e9b862588776e1c962e045db55fe40d02520597144ee04d9fc864d" "/opt/rustwide/cargo-home/bin/cargo" "+3154cc1a3e6424e44f438a95007d043ed5ceaaf6" "metadata" "--no-deps" "--format-version=1", kill_on_drop: false }`
[INFO] running `Command { std: "docker" "inspect" "c24db10484e9b862588776e1c962e045db55fe40d02520597144ee04d9fc864d", kill_on_drop: false }`
[INFO] running `Command { std: "docker" "exec" "-e" "SOURCE_DIR=/opt/rustwide/workdir" "-e" "CARGO_HOME=/opt/rustwide/cargo-home" "-e" "RUSTUP_HOME=/opt/rustwide/rustup-home" "-e" "CARGO_TARGET_DIR=/opt/rustwide/target" "-e" "CARGO_INCREMENTAL=0" "-e" "RUST_BACKTRACE=full" "-e" "RUSTFLAGS=--cap-lints=forbid" "-e" "RUSTDOCFLAGS=--cap-lints=forbid" "-w" "/opt/rustwide/workdir" "--user" "0:0" "c24db10484e9b862588776e1c962e045db55fe40d02520597144ee04d9fc864d" "/opt/rustwide/cargo-home/bin/cargo" "+3154cc1a3e6424e44f438a95007d043ed5ceaaf6" "check" "--frozen" "--all" "--all-targets" "--message-format=json", kill_on_drop: false }`
[INFO] [stderr]    Compiling proc-macro2 v1.0.107
[INFO] [stderr]    Compiling serde_core v1.0.229
[INFO] [stderr]    Compiling serde v1.0.229
[INFO] [stderr]    Compiling num-traits v0.2.19
[INFO] [stderr]    Compiling toml_parser v1.1.3+spec-1.1.0
[INFO] [stderr]    Compiling wayland-backend v0.3.17
[INFO] [stderr]     Checking wayland-sys v0.31.11
[INFO] [stderr]     Checking concurrent-queue v2.5.0
[INFO] [stderr]     Checking futures-lite v2.6.1
[INFO] [stderr]     Checking hound v3.5.1
[INFO] [stderr]     Checking syn v3.0.4
[INFO] [stderr]    Compiling quote v1.0.47
[INFO] [stderr]    Compiling toml_edit v0.25.13+spec-1.1.0
[INFO] [stderr]    Compiling syn v2.0.119
[INFO] [stderr]    Compiling wayland-scanner v0.31.11
[INFO] [stderr]     Checking async-channel v2.5.0
[INFO] [stderr]     Checking piper v0.2.5
[INFO] [stderr]     Checking async-io v2.6.0
[INFO] [stderr]    Compiling proc-macro-crate v3.5.0
[INFO] [stderr]     Checking stream-audio v0.6.0 (/opt/rustwide/workdir/crates/stream-audio)
[INFO] [stdout] warning: unused imports: `net::UdpSocket` and `self`
[INFO] [stdout]   --> crates/stream-audio/src/lib.rs:15:5
[INFO] [stdout]    |
[INFO] [stdout] 15 |     net::UdpSocket,
[INFO] [stdout]    |     ^^^^^^^^^^^^^^
[INFO] [stdout] ...
[INFO] [stdout] 21 |     thread::{self, JoinHandle},
[INFO] [stdout]    |              ^^^^
[INFO] [stdout]    |
[INFO] [stdout]    = note: `#[warn(unused_imports)]` (part of `#[warn(unused)]`) on by default
[INFO] [stdout] 
[INFO] [stdout] 
[INFO] [stdout] warning: unreachable expression
[INFO] [stdout]    --> crates/stream-audio/src/lib.rs:857:9
[INFO] [stdout]     |
[INFO] [stdout] 854 |             return Err(AudioError::UnsupportedPlatform);
[INFO] [stdout]     |             ------------------------------------------- any code following this expression is unreachable
[INFO] [stdout] ...
[INFO] [stdout] 857 |         Ok(id)
[INFO] [stdout]     |         ^^^^^^ unreachable expression
[INFO] [stdout]     |
[INFO] [stdout]     = note: `#[warn(unreachable_code)]` (part of `#[warn(unused)]`) on by default
[INFO] [stdout] 
[INFO] [stdout] 
[INFO] [stdout] warning: function `should_exclude_tsubame_from_desktop_recording` is never used
[INFO] [stdout]     --> crates/stream-audio/src/lib.rs:1633:4
[INFO] [stdout]      |
[INFO] [stdout] 1633 | fn should_exclude_tsubame_from_desktop_recording(external_track_count: usize) -> bool {
[INFO] [stdout]      |    ^^^^^^^^^^^^^^^^^^^^^^^^^^^^^^^^^^^^^^^^^^^^^
[INFO] [stdout]      |
[INFO] [stdout]      = note: `#[warn(dead_code)]` (part of `#[warn(unused)]`) on by default
[INFO] [stdout] 
[INFO] [stdout] 
[INFO] [stderr]     Checking blocking v1.7.0
[INFO] [stderr]     Checking async-signal v0.2.14
[INFO] [stderr]     Checking async-process v2.5.0
[INFO] [stderr]     Checking async-executor v1.14.0
[INFO] [stderr]     Checking num-integer v0.1.47
[INFO] [stderr]    Compiling xml-rs v0.8.29
[INFO] [stderr]     Checking wayland-csd-frame v0.3.0
[INFO] [stderr]     Checking num-bigint v0.4.8
[INFO] [stderr]     Checking serde_json v1.0.151
[INFO] [stderr]     Checking wayland-client v0.31.15
[INFO] [stderr]     Checking uuid v1.25.0
[INFO] [stderr]    Compiling gl_generator v0.14.0
[INFO] [stderr]     Checking flate2 v1.1.9
[INFO] [stderr]     Checking chrono v0.4.45
[INFO] [stderr]     Checking rayon v1.12.0
[INFO] [stderr]     Checking accesskit v0.19.0
[INFO] [stderr]    Compiling built v0.8.1
[INFO] [stderr]     Checking num-rational v0.4.2
[INFO] [stderr]    Compiling libm v0.2.16
[INFO] [stderr]    Compiling pulp v0.22.3
[INFO] [stderr]     Checking wayland-protocols v0.32.13
[INFO] [stderr]     Checking wayland-cursor v0.31.14
[INFO] [stderr]    Compiling rav1e v0.8.1
[INFO] [stderr]     Checking nom v8.0.0
[INFO] [stderr]     Checking no_std_io2 v0.9.4
[INFO] [stderr]     Checking x11rb v0.13.2
[INFO] [stderr]     Checking bitstream-io v4.10.0
[INFO] [stderr]     Checking png v0.18.1
[INFO] [stderr]    Compiling simd_helpers v0.1.0
[INFO] [stderr]    Compiling synstructure v0.13.2
[INFO] [stderr]     Checking raw-cpuid v11.6.0
[INFO] [stderr]     Checking maybe-rayon v0.1.1
[INFO] [stderr]     Checking imgref v1.12.3
[INFO] [stderr]     Checking tinyvec v1.12.0
[INFO] [stderr]     Checking accesskit_consumer v0.28.0
[INFO] [stderr]     Checking loop9 v0.1.5
[INFO] [stderr]    Compiling glutin_glx_sys v0.6.1
[INFO] [stderr]    Compiling serde_derive v1.0.229
[INFO] [stderr]    Compiling bytemuck_derive v1.12.0
[INFO] [stderr]    Compiling zerovec-derive v0.11.6
[INFO] [stderr]    Compiling displaydoc v0.2.7
[INFO] [stderr]    Compiling zerofrom-derive v0.1.7
[INFO] [stderr]    Compiling yoke-derive v0.8.2
[INFO] [stderr]    Compiling enumflags2_derive v0.7.12
[INFO] [stderr]     Checking bytemuck v1.25.2
[INFO] [stderr]    Compiling zerocopy-derive v0.8.56
[INFO] [stderr]    Compiling tracing-attributes v0.1.31
[INFO] [stderr]    Compiling async-recursion v1.1.1
[INFO] [stderr]    Compiling thiserror-impl v1.0.69
[INFO] [stderr]    Compiling async-trait v0.1.92
[INFO] [stderr]     Checking zerofrom v0.1.8
[INFO] [stderr]     Checking yoke v0.8.3
[INFO] [stderr]    Compiling serde_repr v0.1.21
[INFO] [stderr]     Checking zerovec v0.11.8
[INFO] [stderr]     Checking zerotrie v0.2.5
[INFO] [stderr]    Compiling equator-macro v0.4.2
[INFO] [stderr]     Checking tracing v0.1.44
[INFO] [stderr]     Checking tinystr v0.8.4
[INFO] [stderr]     Checking potential_utf v0.1.6
[INFO] [stderr]     Checking icu_collections v2.3.0
[INFO] [stderr]    Compiling profiling-procmacros v1.0.18
[INFO] [stderr]     Checking thiserror v1.0.69
[INFO] [stderr]     Checking icu_locale_core v2.3.0
[INFO] [stderr]    Compiling thiserror-impl v2.0.20
[INFO] [stderr]     Checking wayland-protocols-wlr v0.3.12
[INFO] [stderr]     Checking profiling v1.0.18
[INFO] [stderr]     Checking calloop v0.13.0
[INFO] [stderr]     Checking tiny-skia-path v0.11.4
[INFO] [stderr]     Checking equator v0.4.2
[INFO] [stderr]     Checking zerocopy v0.8.56
[INFO] [stderr]     Checking aligned-vec v0.6.4
[INFO] [stderr]     Checking calloop-wayland-source v0.3.0
[INFO] [stderr]     Checking v_frame v0.3.9
[INFO] [stderr]    Compiling arg_enum_proc_macro v0.3.4
[INFO] [stderr]    Compiling futures-macro v0.3.34
[INFO] [stderr]     Checking av1-grain v0.2.5
[INFO] [stderr]     Checking icu_provider v2.3.1
[INFO] [stderr]     Checking smithay-client-toolkit v0.19.2
[INFO] [stderr]     Checking icu_normalizer v2.3.0
[INFO] [stderr]     Checking stream-core v0.1.0 (/opt/rustwide/workdir/crates/stream-core)
[INFO] [stderr]     Checking icu_properties v2.3.0
[INFO] [stderr]     Checking zvariant_utils v4.2.0
[INFO] [stderr]     Checking zcheapstr v1.1.0
[INFO] [stderr]     Checking stream-capture v0.5.2 (/opt/rustwide/workdir/crates/stream-capture)
[INFO] [stderr]     Checking enumflags2 v0.7.12
[INFO] [stderr]     Checking thiserror v2.0.20
[INFO] [stdout] warning: field `0` is never read
[INFO] [stdout]    --> crates/stream-capture/src/lib.rs:255:11
[INFO] [stdout]     |
[INFO] [stdout] 255 |     Start(GpuRecordingConfig),
[INFO] [stdout]     |     ----- ^^^^^^^^^^^^^^^^^^
[INFO] [stdout]     |     |
[INFO] [stdout]     |     field in this variant
[INFO] [stdout]     |
[INFO] [stdout]     = note: `GpuRecordingCommand` has a derived impl for the trait `Debug`, but this is intentionally ignored during dead code analysis
[INFO] [stdout]     = note: `#[warn(dead_code)]` (part of `#[warn(unused)]`) on by default
[INFO] [stdout] help: consider changing the field to be of unit type to suppress this warning while preserving the field numbering, or remove the field
[INFO] [stdout]     |
[INFO] [stdout] 255 -     Start(GpuRecordingConfig),
[INFO] [stdout] 255 +     Start(()),
[INFO] [stdout]     |
[INFO] [stdout] 
[INFO] [stdout] 
[INFO] [stdout] warning: field `0` is never read
[INFO] [stdout]    --> crates/stream-capture/src/lib.rs:257:20
[INFO] [stdout]     |
[INFO] [stdout] 257 |     SetPreviewMode(PreviewMode),
[INFO] [stdout]     |     -------------- ^^^^^^^^^^^
[INFO] [stdout]     |     |
[INFO] [stdout]     |     field in this variant
[INFO] [stdout]     |
[INFO] [stdout]     = note: `GpuRecordingCommand` has a derived impl for the trait `Debug`, but this is intentionally ignored during dead code analysis
[INFO] [stdout] help: consider changing the field to be of unit type to suppress this warning while preserving the field numbering, or remove the field
[INFO] [stdout]     |
[INFO] [stdout] 257 -     SetPreviewMode(PreviewMode),
[INFO] [stdout] 257 +     SetPreviewMode(()),
[INFO] [stdout]     |
[INFO] [stdout] 
[INFO] [stdout] 
[INFO] [stderr]     Checking stream-recording v0.4.0 (/opt/rustwide/workdir/crates/stream-recording)
[INFO] [stderr]     Checking av-scenechange v0.14.1
[INFO] [stderr]     Checking futures-util v0.3.34
[INFO] [stderr]     Checking tiny-skia v0.11.4
[INFO] [stderr]     Checking num-complex v0.4.6
[INFO] [stderr]     Checking emath v0.32.3
[INFO] [stderr]     Checking rgb v0.8.53
[INFO] [stderr]    Compiling num-derive v0.4.2
[INFO] [stderr]     Checking ecolor v0.32.3
[INFO] [stderr]    Compiling zvariant_derive v5.15.0
[INFO] [stderr]     Checking idna_adapter v1.2.2
[INFO] [stderr]     Checking sctk-adwaita v0.10.1
[INFO] [stderr]     Checking calloop v0.14.4
[INFO] [stderr]    Compiling zvariant v5.15.0
[INFO] [stderr]     Checking idna v1.1.0
[INFO] [stderr]     Checking wayland-protocols-plasma v0.3.12
[INFO] [stderr]     Checking url v2.5.8
[INFO] [stderr]     Checking font-types v0.12.4
[INFO] [stderr]    Compiling glutin_egl_sys v0.7.1
[INFO] [stderr]     Checking xkbcommon-dl v0.4.2
[INFO] [stderr]    Compiling slotmap v1.1.1
[INFO] [stderr]     Checking avif-serialize v0.8.9
[INFO] [stderr]    Compiling alsa-sys v0.3.1
[INFO] [stderr]     Checking epaint_default_fonts v0.32.3
[INFO] [stderr]     Checking symphonia-core v0.5.5
[INFO] [stderr]     Checking moxcms v0.8.1
[INFO] [stderr]    Compiling zbus_names v4.3.4
[INFO] [stderr]     Checking ahash v0.8.12
[INFO] [stderr]     Checking half v2.7.1
[INFO] [stderr]     Checking ppv-lite86 v0.2.21
[INFO] [stderr]     Checking epaint v0.32.3
[INFO] [stderr]    Compiling zbus_xml v5.2.1
[INFO] [stderr]    Compiling zbus_macros v5.19.0
[INFO] [stderr]     Checking exr v1.74.2
[INFO] [stderr]     Checking tiff v0.11.3
[INFO] [stderr]    Compiling zbus-lockstep v0.5.2
[INFO] [stderr]     Checking winit v0.30.13
[INFO] [stderr]    Compiling zbus-lockstep-macros v0.5.2
[INFO] [stderr]     Checking read-fonts v0.41.0
[INFO] [stderr]     Checking calloop-wayland-source v0.4.1
[INFO] [stderr]     Checking wayland-protocols-misc v0.3.12
[INFO] [stderr]     Checking wayland-protocols-experimental v20250721.0.1
[INFO] [stderr]     Checking qoi v0.4.1
[INFO] [stderr]    Compiling glutin v0.32.3
[INFO] [stderr]     Checking ravif v0.13.0
[INFO] [stderr]     Checking polycool v0.4.0
[INFO] [stderr]     Checking egui v0.32.3
[INFO] [stderr]     Checking symphonia-metadata v0.5.5
[INFO] [stderr]     Checking kurbo v0.13.1
[INFO] [stderr]     Checking rand_chacha v0.9.0
[INFO] [stderr]     Checking smithay-client-toolkit v0.20.0
[INFO] [stderr]     Checking zbus v5.19.0
[INFO] [stderr]    Compiling toml v0.5.11
[INFO] [stderr]     Checking tiny-skia-path v0.12.0
[INFO] [stderr]     Checking image v0.25.10
[INFO] [stderr]    Compiling glutin-winit v0.5.0
[INFO] [stderr]    Compiling cpal v0.15.3
[INFO] [stderr]     Checking ogg v0.8.0
[INFO] [stderr]     Checking svgtypes v0.16.1
[INFO] [stderr]     Checking smithay-clipboard v0.7.3
[INFO] [stderr]     Checking alsa v0.9.1
[INFO] [stderr]    Compiling winres v0.1.12
[INFO] [stderr]     Checking fontdb v0.24.0
[INFO] [stderr]     Checking symphonia-bundle-mp3 v0.5.5
[INFO] [stderr]     Checking rand v0.9.5
[INFO] [stderr]     Checking webbrowser v1.2.4
[INFO] [stderr]     Checking async-net v2.0.0
[INFO] [stderr]     Checking async-fs v2.2.0
[INFO] [stderr]     Checking futures-channel v0.3.34
[INFO] [stderr]     Checking simplecss v0.2.2
[INFO] [stderr]     Checking unicode-script v0.5.8
[INFO] [stderr]    Compiling rfd v0.15.4
[INFO] [stderr]     Checking imagesize v0.15.0
[INFO] [stderr]     Checking dasp_sample v0.11.0
[INFO] [stderr]     Checking symphonia v0.5.5
[INFO] [stderr]    Compiling tsubame-stream v0.19.0 (/opt/rustwide/workdir/apps/tsubame)
[INFO] [stderr]     Checking lewton v0.10.2
[INFO] [stderr]     Checking tiny-skia v0.12.0
[INFO] [stderr]     Checking claxon v0.4.3
[INFO] [stderr]     Checking egui_glow v0.32.3
[INFO] [stderr]     Checking sysinfo v0.38.4
[INFO] [stderr]     Checking rodio v0.20.1
[INFO] [stdout] warning: field `0` is never read
[INFO] [stdout]    --> crates/stream-capture/src/lib.rs:255:11
[INFO] [stdout]     |
[INFO] [stdout] 255 |     Start(GpuRecordingConfig),
[INFO] [stdout]     |     ----- ^^^^^^^^^^^^^^^^^^
[INFO] [stdout]     |     |
[INFO] [stdout]     |     field in this variant
[INFO] [stdout]     |
[INFO] [stdout]     = note: `GpuRecordingCommand` has a derived impl for the trait `Debug`, but this is intentionally ignored during dead code analysis
[INFO] [stdout]     = note: `#[warn(dead_code)]` (part of `#[warn(unused)]`) on by default
[INFO] [stdout] help: consider changing the field to be of unit type to suppress this warning while preserving the field numbering, or remove the field
[INFO] [stdout]     |
[INFO] [stdout] 255 -     Start(GpuRecordingConfig),
[INFO] [stdout] 255 +     Start(()),
[INFO] [stdout]     |
[INFO] [stdout] 
[INFO] [stdout] 
[INFO] [stdout] warning: field `0` is never read
[INFO] [stdout]    --> crates/stream-capture/src/lib.rs:257:20
[INFO] [stdout]     |
[INFO] [stdout] 257 |     SetPreviewMode(PreviewMode),
[INFO] [stdout]     |     -------------- ^^^^^^^^^^^
[INFO] [stdout]     |     |
[INFO] [stdout]     |     field in this variant
[INFO] [stdout]     |
[INFO] [stdout]     = note: `GpuRecordingCommand` has a derived impl for the trait `Debug`, but this is intentionally ignored during dead code analysis
[INFO] [stdout] help: consider changing the field to be of unit type to suppress this warning while preserving the field numbering, or remove the field
[INFO] [stdout]     |
[INFO] [stdout] 257 -     SetPreviewMode(PreviewMode),
[INFO] [stdout] 257 +     SetPreviewMode(()),
[INFO] [stdout]     |
[INFO] [stdout] 
[INFO] [stdout] 
[INFO] [stderr]     Checking arboard v3.6.1
[INFO] [stdout] warning: unused imports: `net::UdpSocket` and `self`
[INFO] [stdout]   --> crates/stream-audio/src/lib.rs:15:5
[INFO] [stdout]    |
[INFO] [stdout] 15 |     net::UdpSocket,
[INFO] [stdout]    |     ^^^^^^^^^^^^^^
[INFO] [stdout] ...
[INFO] [stdout] 21 |     thread::{self, JoinHandle},
[INFO] [stdout]    |              ^^^^
[INFO] [stdout]    |
[INFO] [stdout]    = note: `#[warn(unused_imports)]` (part of `#[warn(unused)]`) on by default
[INFO] [stdout] 
[INFO] [stdout] 
[INFO] [stdout] warning: unreachable expression
[INFO] [stdout]    --> crates/stream-audio/src/lib.rs:857:9
[INFO] [stdout]     |
[INFO] [stdout] 854 |             return Err(AudioError::UnsupportedPlatform);
[INFO] [stdout]     |             ------------------------------------------- any code following this expression is unreachable
[INFO] [stdout] ...
[INFO] [stdout] 857 |         Ok(id)
[INFO] [stdout]     |         ^^^^^^ unreachable expression
[INFO] [stdout]     |
[INFO] [stdout]     = note: `#[warn(unreachable_code)]` (part of `#[warn(unused)]`) on by default
[INFO] [stdout] 
[INFO] [stdout] 
[INFO] [stderr]     Checking skrifa v0.44.0
[INFO] [stderr]     Checking harfrust v0.12.0
[INFO] [stderr]     Checking atspi-common v0.9.0
[INFO] [stderr]     Checking ashpd v0.11.1
[INFO] [stderr]     Checking usvg v0.48.1
[INFO] [stderr]     Checking resvg v0.48.1
[INFO] [stderr]     Checking atspi-proxies v0.9.0
[INFO] [stderr]     Checking accesskit_atspi_common v0.12.0
[INFO] [stderr]     Checking atspi-connection v0.9.0
[INFO] [stderr]     Checking atspi v0.25.0
[INFO] [stderr]     Checking accesskit_unix v0.15.0
[INFO] [stderr]     Checking accesskit_winit v0.27.0
[INFO] [stderr]     Checking egui-winit v0.32.3
[INFO] [stderr]     Checking eframe v0.32.3
[INFO] [stdout] error[E0599]: no method named `gpu_recording_handle` found for reference `&CaptureWorker` in the current scope
[INFO] [stdout]     --> apps/tsubame/src/app.rs:2194:18
[INFO] [stdout]      |
[INFO] [stdout] 2193 |             if capture
[INFO] [stdout] 2194 |                 .gpu_recording_handle()
[INFO] [stdout]      |                  ^^^^^^^^^^^^^^^^^^^^ method not found in `&CaptureWorker`
[INFO] [stdout] 
[INFO] [stdout] 
[INFO] [stdout] error[E0599]: no method named `gpu_recording_handle` found for reference `&CaptureWorker` in the current scope
[INFO] [stdout]     --> apps/tsubame/src/app.rs:2194:18
[INFO] [stdout]      |
[INFO] [stdout] 2193 |             if capture
[INFO] [stdout] 2194 |                 .gpu_recording_handle()
[INFO] [stdout]      |                  ^^^^^^^^^^^^^^^^^^^^ method not found in `&CaptureWorker`
[INFO] [stdout] 
[INFO] [stdout] 
[INFO] [stdout] error[E0599]: no method named `gpu_recording_handle` found for reference `&CaptureWorker` in the current scope
[INFO] [stdout]     --> apps/tsubame/src/app.rs:2451:27
[INFO] [stdout]      |
[INFO] [stdout] 2451 |         let gpu = capture.gpu_recording_handle();
[INFO] [stdout]      |                           ^^^^^^^^^^^^^^^^^^^^ method not found in `&CaptureWorker`
[INFO] [stdout] 
[INFO] [stdout] 
[INFO] [stdout] error[E0599]: no method named `gpu_recording_handle` found for reference `&CaptureWorker` in the current scope
[INFO] [stdout]     --> apps/tsubame/src/app.rs:2451:27
[INFO] [stdout]      |
[INFO] [stdout] 2451 |         let gpu = capture.gpu_recording_handle();
[INFO] [stdout]      |                           ^^^^^^^^^^^^^^^^^^^^ method not found in `&CaptureWorker`
[INFO] [stdout] 
[INFO] [stdout] 
[INFO] [stdout] For more information about this error, try `rustc --explain E0599`.
[INFO] [stdout] 
[INFO] [stderr] error: could not compile `tsubame-stream` (lib) due to 2 previous errors
[INFO] [stderr] warning: build failed, waiting for other jobs to finish...
[INFO] [stdout] For more information about this error, try `rustc --explain E0599`.
[INFO] [stdout] 
[INFO] [stderr] error: could not compile `tsubame-stream` (lib test) due to 2 previous errors
[INFO] [stderr] warning: unused dependency `hound`
[INFO] [stderr]  --> crates/stream-audio/Cargo.toml:7:1
[INFO] [stderr]   |
[INFO] [stderr] 7 | hound = "3.5"
[INFO] [stderr]   | ^^^^^^^^^^^^^
[INFO] [stderr]   |
[INFO] [stderr]   = note: `cargo::unused_dependencies` is set to `warn` by default
[INFO] [stderr] help: consider removing the dependency on `hound`
[INFO] [stderr] warning: `stream-audio` (manifest) generated 1 warning
[INFO] [stderr] warning: unused dependency `stream-core`
[INFO] [stderr]  --> crates/stream-capture/Cargo.toml:8:1
[INFO] [stderr]   |
[INFO] [stderr] 8 | stream-core = { path = "../stream-core" }
[INFO] [stderr]   | ^^^^^^^^^^^^^^^^^^^^^^^^^^^^^^^^^^^^^^^^^
[INFO] [stderr]   |
[INFO] [stderr]   = note: `cargo::unused_dependencies` is set to `warn` by default
[INFO] [stderr] help: consider removing the dependency on `stream-core`
[INFO] [stderr] warning: `stream-capture` (manifest) generated 1 warning
[INFO] running `Command { std: "docker" "inspect" "c24db10484e9b862588776e1c962e045db55fe40d02520597144ee04d9fc864d", kill_on_drop: false }`
[INFO] running `Command { std: "docker" "rm" "-f" "c24db10484e9b862588776e1c962e045db55fe40d02520597144ee04d9fc864d", kill_on_drop: false }`
[INFO] [stdout] c24db10484e9b862588776e1c962e045db55fe40d02520597144ee04d9fc864d
