[INFO] cloning repository https://github.com/kanade0424/TranslateAPI
[INFO] running `Command { std: "git" "-c" "credential.helper=" "-c" "credential.helper=/workspace/cargo-home/bin/git-credential-null" "clone" "--bare" "https://github.com/kanade0424/TranslateAPI" "/workspace/cache/git-repos/https%3A%2F%2Fgithub.com%2Fkanade0424%2FTranslateAPI", kill_on_drop: false }`
[INFO] [stderr] Cloning into bare repository '/workspace/cache/git-repos/https%3A%2F%2Fgithub.com%2Fkanade0424%2FTranslateAPI'...
[INFO] running `Command { std: "git" "rev-parse" "HEAD", kill_on_drop: false }`
[INFO] [stdout] 3ebfed86a799c62eedcc1442b4de4f2c75f0dd3c
[INFO] checking kanade0424/TranslateAPI against 3154cc1a3e6424e44f438a95007d043ed5ceaaf6 for pr-133502-30
[INFO] running `Command { std: "git" "clone" "/workspace/cache/git-repos/https%3A%2F%2Fgithub.com%2Fkanade0424%2FTranslateAPI" "/workspace/builds/worker-7-tc2/source", kill_on_drop: false }`
[INFO] [stderr] Cloning into '/workspace/builds/worker-7-tc2/source'...
[INFO] [stderr] done.
[INFO] removed /workspace/builds/worker-7-tc2/source/.cargo/config.toml
[INFO] started tweaking git repo https://github.com/kanade0424/TranslateAPI
[INFO] finished tweaking git repo https://github.com/kanade0424/TranslateAPI
[INFO] tweaked toml for git repo https://github.com/kanade0424/TranslateAPI written to /workspace/builds/worker-7-tc2/source/Cargo.toml
[INFO] validating manifest of git repo https://github.com/kanade0424/TranslateAPI on toolchain 3154cc1a3e6424e44f438a95007d043ed5ceaaf6
[INFO] running `Command { std: CARGO_HOME="/workspace/cargo-home" RUSTUP_HOME="/workspace/rustup-home" "/workspace/cargo-home/bin/cargo" "+3154cc1a3e6424e44f438a95007d043ed5ceaaf6" "metadata" "--manifest-path" "Cargo.toml" "--no-deps", kill_on_drop: false }`
[INFO] crate git repo https://github.com/kanade0424/TranslateAPI already has a lockfile, it will not be regenerated
[INFO] running `Command { std: CARGO_HOME="/workspace/cargo-home" RUSTUP_HOME="/workspace/rustup-home" "/workspace/cargo-home/bin/cargo" "+3154cc1a3e6424e44f438a95007d043ed5ceaaf6" "fetch" "--manifest-path" "Cargo.toml", kill_on_drop: false }`
[INFO] running `Command { std: "docker" "create" "-v" "/var/lib/crater-agent-workspace/builds/worker-7-tc2/source:/opt/rustwide/workdir:ro,Z" "-v" "/var/lib/crater-agent-workspace/builds/worker-7-tc2/target:/opt/rustwide/target:rw,Z" "-v" "/var/lib/crater-agent-workspace/cargo-home:/opt/rustwide/cargo-home:ro,Z" "-v" "/var/lib/crater-agent-workspace/rustup-home:/opt/rustwide/rustup-home:ro,Z" "-m" "1610612736" "--network" "none" "ghcr.io/rust-lang/crates-build-env/linux@sha256:77db811e55d90add9212f6832c23229e3de5f1c1f9905e8cb07319ea15df73ac" "sleep" "infinity", kill_on_drop: false }`
[INFO] [stdout] 7eca7b532cc44ef15d9cb0aab5060d798ffccafdb5d0755c2e3b30467e4475bc
[INFO] running `Command { std: "docker" "start" "7eca7b532cc44ef15d9cb0aab5060d798ffccafdb5d0755c2e3b30467e4475bc", kill_on_drop: false }`
[INFO] running `Command { std: "docker" "inspect" "7eca7b532cc44ef15d9cb0aab5060d798ffccafdb5d0755c2e3b30467e4475bc", kill_on_drop: false }`
[INFO] running `Command { std: "docker" "exec" "-e" "SOURCE_DIR=/opt/rustwide/workdir" "-e" "CARGO_HOME=/opt/rustwide/cargo-home" "-e" "RUSTUP_HOME=/opt/rustwide/rustup-home" "-e" "CARGO_TARGET_DIR=/opt/rustwide/target" "-w" "/opt/rustwide/workdir" "--user" "0:0" "7eca7b532cc44ef15d9cb0aab5060d798ffccafdb5d0755c2e3b30467e4475bc" "/opt/rustwide/cargo-home/bin/cargo" "+3154cc1a3e6424e44f438a95007d043ed5ceaaf6" "metadata" "--no-deps" "--format-version=1", kill_on_drop: false }`
[INFO] running `Command { std: "docker" "inspect" "7eca7b532cc44ef15d9cb0aab5060d798ffccafdb5d0755c2e3b30467e4475bc", kill_on_drop: false }`
[INFO] running `Command { std: "docker" "exec" "-e" "SOURCE_DIR=/opt/rustwide/workdir" "-e" "CARGO_HOME=/opt/rustwide/cargo-home" "-e" "RUSTUP_HOME=/opt/rustwide/rustup-home" "-e" "CARGO_TARGET_DIR=/opt/rustwide/target" "-e" "CARGO_INCREMENTAL=0" "-e" "RUST_BACKTRACE=full" "-e" "RUSTFLAGS=--cap-lints=forbid" "-e" "RUSTDOCFLAGS=--cap-lints=forbid" "-w" "/opt/rustwide/workdir" "--user" "0:0" "7eca7b532cc44ef15d9cb0aab5060d798ffccafdb5d0755c2e3b30467e4475bc" "/opt/rustwide/cargo-home/bin/cargo" "+3154cc1a3e6424e44f438a95007d043ed5ceaaf6" "check" "--frozen" "--all" "--all-targets" "--message-format=json", kill_on_drop: false }`
[INFO] [stderr]    Compiling unicode-ident v1.0.26
[INFO] [stderr]     Checking cfg-if v1.0.5
[INFO] [stderr]     Checking smallvec v1.16.1
[INFO] [stderr]    Compiling cc v1.4.6
[INFO] [stderr]     Checking mio v1.2.3
[INFO] [stderr]    Compiling zerocopy v0.8.57
[INFO] [stderr]     Checking getrandom v0.3.4
[INFO] [stderr]     Checking getrandom v0.2.17
[INFO] [stderr]    Compiling portable-atomic v1.15.0
[INFO] [stderr]    Compiling rustls v0.23.45
[INFO] [stderr]    Compiling scratch v1.0.9
[INFO] [stderr]     Checking bitflags v2.13.2
[INFO] [stderr]     Checking serde_json v1.0.151
[INFO] [stderr]    Compiling termcolor v1.4.1
[INFO] [stderr]     Checking ipnet v2.12.2
[INFO] [stderr]     Checking either v1.18.0
[INFO] [stderr]    Compiling unicode-width v0.2.2
[INFO] [stderr]    Compiling proc-macro2 v1.0.107
[INFO] [stderr]    Compiling cxxbridge-flags v1.0.202
[INFO] [stderr]    Compiling encoding_rs v0.8.41
[INFO] [stderr]     Checking rand_core v0.9.5
[INFO] [stderr]     Checking regex-automata v0.4.18
[INFO] [stderr]     Checking console v0.16.6
[INFO] [stderr]     Checking unit-prefix v0.5.2
[INFO] [stderr]    Compiling macro_rules_attribute-proc_macro v0.2.3
[INFO] [stderr]     Checking console v0.15.11
[INFO] [stderr]     Checking foldhash v0.2.0
[INFO] [stderr]     Checking num_cpus v1.17.0
[INFO] [stderr]     Checking parking_lot_core v0.9.12
[INFO] [stderr]    Compiling codespan-reporting v0.13.1
[INFO] [stderr]     Checking unicode-normalization-alignments v0.1.12
[INFO] [stderr]     Checking serde_path_to_error v0.1.20
[INFO] [stderr]     Checking rayon v1.12.0
[INFO] [stderr]     Checking itertools v0.14.0
[INFO] [stderr]     Checking parking_lot v0.12.5
[INFO] [stderr]     Checking macro_rules_attribute v0.2.3
[INFO] [stderr]    Compiling quote v1.0.47
[INFO] [stderr]    Compiling syn v3.0.6
[INFO] [stderr]    Compiling syn v2.0.119
[INFO] [stderr]     Checking indicatif v0.18.6
[INFO] [stderr]     Checking indicatif v0.17.11
[INFO] [stderr]    Compiling cmake v0.1.58
[INFO] [stderr]    Compiling ring v0.17.14
[INFO] [stderr]    Compiling link-cplusplus v1.0.12
[INFO] [stderr]    Compiling onig_sys v69.9.3
[INFO] [stderr]    Compiling cxx v1.0.202
[INFO] [stderr]    Compiling onednn-src v0.1.17
[INFO] [stderr]    Compiling esaxx-rs v0.1.10
[INFO] [stderr]     Checking regex v1.13.1
[INFO] [stderr]     Checking rayon-cond v0.4.0
[INFO] [stderr] error: could not compile `zerocopy` (lib)
[INFO] [stderr] 
[INFO] [stderr] Caused by:
[INFO] [stderr]   process didn't exit successfully: `/opt/rustwide/rustup-home/toolchains/3154cc1a3e6424e44f438a95007d043ed5ceaaf6/bin/rustc --crate-name zerocopy --edition=2021 /opt/rustwide/cargo-home/registry/src/index.crates.io-1949cf8c6b5b557f/zerocopy-0.8.57/src/lib.rs --error-format=json --json=diagnostic-rendered-ansi,artifacts,future-incompat,unused-externs-silent --crate-type lib --emit=dep-info,metadata -C embed-bitcode=no -C debuginfo=2 --cfg 'feature="simd"' --check-cfg 'cfg(docsrs,test)' --check-cfg 'cfg(feature, values("__internal_use_only_features_that_work_on_stable", "alloc", "derive", "float-nightly", "simd", "simd-nightly", "std", "zerocopy-derive"))' -C metadata=9cddada3559a1580 -C extra-filename=-775c253805583f72 --out-dir /opt/rustwide/target/debug/build/zerocopy/775c253805583f72/out --cap-lints allow --cap-lints=forbid --force-warn=unused_crate_dependencies --check-cfg 'cfg(no_zerocopy_simd_x86_avx12_1_89_0)' --check-cfg 'cfg(rust, values("1.89.0"))' --check-cfg 'cfg(no_zerocopy_core_error_1_81_0)' --check-cfg 'cfg(rust, values("1.81.0"))' --check-cfg 'cfg(no_zerocopy_diagnostic_on_unimplemented_1_78_0)' --check-cfg 'cfg(rust, values("1.78.0"))' --check-cfg 'cfg(no_zerocopy_generic_bounds_in_const_fn_1_61_0)' --check-cfg 'cfg(rust, values("1.61.0"))' --check-cfg 'cfg(no_zerocopy_target_has_atomics_1_60_0)' --check-cfg 'cfg(rust, values("1.60.0"))' --check-cfg 'cfg(no_zerocopy_aarch64_simd_1_59_0)' --check-cfg 'cfg(rust, values("1.59.0"))' --check-cfg 'cfg(no_zerocopy_aarch64_simd_be_1_87_0)' --check-cfg 'cfg(rust, values("1.87.0"))' --check-cfg 'cfg(no_zerocopy_panic_in_const_and_vec_try_reserve_1_57_0)' --check-cfg 'cfg(rust, values("1.57.0"))' --check-cfg 'cfg(doc_cfg)' --check-cfg 'cfg(kani)' --check-cfg 'cfg(__ZEROCOPY_INTERNAL_USE_ONLY_NIGHTLY_FEATURES_IN_TESTS)' --check-cfg 'cfg(__ZEROCOPY_INTERNAL_USE_ONLY_TOOLCHAIN, values("msrv", "stable", "nightly"))' --check-cfg 'cfg(__ZEROCOPY_INTERNAL_USE_ONLY_DEV_MODE)' --check-cfg 'cfg(coverage_nightly)' --check-cfg 'cfg(zerocopy_inline_always)' --check-cfg 'cfg(zerocopy_unstable_ptr)' --check-cfg 'cfg(zerocopy_unstable_linux)' --check-cfg 'cfg(no_fp_fmt_parse)'` (signal: 9, SIGKILL: kill)
[INFO] [stderr] warning: build failed, waiting for other jobs to finish...
[INFO] [stderr] error: could not compile `syn` (lib)
[INFO] [stderr] 
[INFO] [stderr] Caused by:
[INFO] [stderr]   process didn't exit successfully: `/opt/rustwide/rustup-home/toolchains/3154cc1a3e6424e44f438a95007d043ed5ceaaf6/bin/rustc --crate-name syn --edition=2021 /opt/rustwide/cargo-home/registry/src/index.crates.io-1949cf8c6b5b557f/syn-2.0.119/src/lib.rs --error-format=json --json=diagnostic-rendered-ansi,artifacts,future-incompat,unused-externs-silent --crate-type lib --emit=dep-info,metadata,link -Z embed-metadata=no -C embed-bitcode=no --cfg 'feature="clone-impls"' --cfg 'feature="default"' --cfg 'feature="derive"' --cfg 'feature="extra-traits"' --cfg 'feature="full"' --cfg 'feature="parsing"' --cfg 'feature="printing"' --cfg 'feature="proc-macro"' --check-cfg 'cfg(docsrs,test)' --check-cfg 'cfg(feature, values("clone-impls", "default", "derive", "extra-traits", "fold", "full", "parsing", "printing", "proc-macro", "test", "visit", "visit-mut"))' -C metadata=f8faa0d71a95d43a -C extra-filename=-83fd633485a0796c --out-dir /opt/rustwide/target/debug/build/syn/83fd633485a0796c/out -L dependency=/opt/rustwide/target/debug/build/proc-macro2/4f558b7141f3dc85/out -L dependency=/opt/rustwide/target/debug/build/unicode-ident/06275983cc9514f8/out --extern proc_macro2=/opt/rustwide/target/debug/build/proc-macro2/4f558b7141f3dc85/out/libproc_macro2-4f558b7141f3dc85.rmeta --extern quote=/opt/rustwide/target/debug/build/quote/882fd11ec620ce1a/out/libquote-882fd11ec620ce1a.rmeta --extern unicode_ident=/opt/rustwide/target/debug/build/unicode-ident/06275983cc9514f8/out/libunicode_ident-06275983cc9514f8.rmeta --cap-lints allow --cap-lints=forbid --force-warn=unused_crate_dependencies` (signal: 9, SIGKILL: kill)
[INFO] [stderr] error: could not compile `syn` (lib)
[INFO] [stderr] 
[INFO] [stderr] Caused by:
[INFO] [stderr]   process didn't exit successfully: `/opt/rustwide/rustup-home/toolchains/3154cc1a3e6424e44f438a95007d043ed5ceaaf6/bin/rustc --crate-name syn --edition=2021 /opt/rustwide/cargo-home/registry/src/index.crates.io-1949cf8c6b5b557f/syn-3.0.6/src/lib.rs --error-format=json --json=diagnostic-rendered-ansi,artifacts,future-incompat,unused-externs-silent --crate-type lib --emit=dep-info,metadata,link -Z embed-metadata=no -C embed-bitcode=no --cfg 'feature="clone-impls"' --cfg 'feature="default"' --cfg 'feature="derive"' --cfg 'feature="extra-traits"' --cfg 'feature="fold"' --cfg 'feature="full"' --cfg 'feature="parsing"' --cfg 'feature="printing"' --cfg 'feature="proc-macro"' --cfg 'feature="visit"' --cfg 'feature="visit-mut"' --check-cfg 'cfg(docsrs,test)' --check-cfg 'cfg(feature, values("clone-impls", "default", "derive", "extra-traits", "fold", "full", "parsing", "printing", "proc-macro", "test", "visit", "visit-mut"))' -C metadata=9cc1302dd758aba9 -C extra-filename=-d0a78c5694d6c53a --out-dir /opt/rustwide/target/debug/build/syn/d0a78c5694d6c53a/out -L dependency=/opt/rustwide/target/debug/build/proc-macro2/4f558b7141f3dc85/out -L dependency=/opt/rustwide/target/debug/build/unicode-ident/06275983cc9514f8/out --extern proc_macro2=/opt/rustwide/target/debug/build/proc-macro2/4f558b7141f3dc85/out/libproc_macro2-4f558b7141f3dc85.rmeta --extern quote=/opt/rustwide/target/debug/build/quote/882fd11ec620ce1a/out/libquote-882fd11ec620ce1a.rmeta --extern unicode_ident=/opt/rustwide/target/debug/build/unicode-ident/06275983cc9514f8/out/libunicode_ident-06275983cc9514f8.rmeta --cap-lints allow --cap-lints=forbid --force-warn=unused_crate_dependencies` (signal: 9, SIGKILL: kill)
[INFO] [stderr] error: failed to run custom build command for `onednn-src v0.1.17`
[INFO] [stderr] note: To improve backtraces for build dependencies, set the CARGO_PROFILE_DEV_BUILD_OVERRIDE_DEBUG=true environment variable to enable debug information generation.
[INFO] [stderr] 
[INFO] [stderr] Caused by:
[INFO] [stderr]   process didn't exit successfully: `/opt/rustwide/target/debug/build/onednn-src/58daeaf05cf4b500/out/build_script_build` (exit status: 101)
[INFO] [stderr]   --- stdout
[INFO] [stderr]   cargo::rerun-if-changed=build.rs
[INFO] [stderr]   cargo::rerun-if-env-changed=DOCS_RS
[INFO] [stderr]   CMAKE_TOOLCHAIN_FILE_x86_64-unknown-linux-gnu = None
[INFO] [stderr]   CMAKE_TOOLCHAIN_FILE_x86_64_unknown_linux_gnu = None
[INFO] [stderr]   HOST_CMAKE_TOOLCHAIN_FILE = None
[INFO] [stderr]   CMAKE_TOOLCHAIN_FILE = None
[INFO] [stderr]   CMAKE_GENERATOR_x86_64-unknown-linux-gnu = None
[INFO] [stderr]   CMAKE_GENERATOR_x86_64_unknown_linux_gnu = None
[INFO] [stderr]   HOST_CMAKE_GENERATOR = None
[INFO] [stderr]   CMAKE_GENERATOR = None
[INFO] [stderr]   CMAKE_PREFIX_PATH_x86_64-unknown-linux-gnu = None
[INFO] [stderr]   CMAKE_PREFIX_PATH_x86_64_unknown_linux_gnu = None
[INFO] [stderr]   HOST_CMAKE_PREFIX_PATH = None
[INFO] [stderr]   CMAKE_PREFIX_PATH = None
[INFO] [stderr]   CMAKE_x86_64-unknown-linux-gnu = None
[INFO] [stderr]   CMAKE_x86_64_unknown_linux_gnu = None
[INFO] [stderr]   HOST_CMAKE = None
[INFO] [stderr]   CMAKE = None
[INFO] [stderr]   -- The C compiler identification is GNU 15.2.0
[INFO] [stderr]   -- The CXX compiler identification is GNU 15.2.0
[INFO] [stderr]   -- Detecting C compiler ABI info
[INFO] [stderr]   -- Detecting C compiler ABI info - done
[INFO] [stderr]   -- Check for working C compiler: /usr/bin/cc - skipped
[INFO] [stderr]   -- Detecting C compile features
[INFO] [stderr]   -- Detecting C compile features - done
[INFO] [stderr]   -- Detecting CXX compiler ABI info
[INFO] [stderr]   -- Detecting CXX compiler ABI info - done
[INFO] [stderr]   -- Check for working CXX compiler: /usr/bin/c++ - skipped
[INFO] [stderr]   -- Detecting CXX compile features
[INFO] [stderr]   -- Detecting CXX compile features - done
[INFO] [stderr]   -- DNNL_TARGET_ARCH: X64
[INFO] [stderr]   -- ONEDNN_LIBRARY_TYPE: STATIC (default: SHARED)
[INFO] [stderr]   -- ONEDNN_BUILD_GRAPH: OFF (default: ON)
[INFO] [stderr]   -- ONEDNN_VERBOSE: OFF (default: ON)
[INFO] [stderr]   -- ONEDNN_BUILD_EXAMPLES: OFF (default: TRUE)
[INFO] [stderr]   -- ONEDNN_BUILD_TESTS: OFF (default: TRUE)
[INFO] [stderr]   -- Performing Test CMAKE_HAVE_LIBC_PTHREAD
[INFO] [stderr]   -- Performing Test CMAKE_HAVE_LIBC_PTHREAD - Success
[INFO] [stderr]   -- Found Threads: TRUE
[INFO] [stderr]   -- Found OpenMP_C: -fopenmp (found version "4.5")
[INFO] [stderr]   -- Found OpenMP_CXX: -fopenmp (found version "4.5")
[INFO] [stderr]   -- Found OpenMP: TRUE (found version "4.5")
[INFO] [stderr]   -- Found OpenCL headers: /opt/rustwide/cargo-home/registry/src/index.crates.io-1949cf8c6b5b557f/onednn-src-0.1.17/oneDNN/third_party/opencl
[INFO] [stderr]   -- Found Git: /usr/bin/git (found version "2.53.0")
[INFO] [stderr]   -- Enabled testing coverage: CI
[INFO] [stderr]   -- Enabled workload: TRAINING
[INFO] [stderr]   -- Enabled primitives: ALL
[INFO] [stderr]   -- Enabled primitive CPU ISA: ALL
[INFO] [stderr]   -- Enabled primitive GPU ISA: ALL
[INFO] [stderr]   -- Enabled GeMM kernels ISA: ALL
[INFO] [stderr]   -- Primitive cache is enabled
[INFO] [stderr]   -- The ASM compiler identification is GNU
[INFO] [stderr]   -- Found assembler: /usr/bin/cc
[INFO] [stderr]   -- Configuring done (6.3s)
[INFO] [stderr]   -- Generating done (0.7s)
[INFO] [stderr]   -- Build files have been written to: /opt/rustwide/target/debug/build/onednn-src/e1f39429f42eaf77/out/build
[INFO] [stderr]   [  0%] Building CXX object src/common/CMakeFiles/dnnl_common.dir/batch_normalization.cpp.o
[INFO] [stderr]   [  0%] Building CXX object src/common/CMakeFiles/dnnl_common.dir/cache_blob_id.cpp.o
[INFO] [stderr]   [  0%] Building CXX object src/cpu/CMakeFiles/dnnl_cpu.dir/bfloat16.cpp.o
[INFO] [stderr]   [  0%] Building CXX object src/common/CMakeFiles/dnnl_common.dir/concat.cpp.o
[INFO] [stderr]   [  0%] Building CXX object src/common/CMakeFiles/dnnl_common.dir/bfloat16.cpp.o
[INFO] [stderr]   [  0%] Building CXX object src/common/CMakeFiles/dnnl_common.dir/binary.cpp.o
[INFO] [stderr]   [  0%] Building CXX object src/cpu/x64/CMakeFiles/dnnl_cpu_x64.dir/amx_tile_configure.cpp.o
[INFO] [stderr]   [  0%] Building CXX object src/cpu/x64/CMakeFiles/dnnl_cpu_x64.dir/brgemm/brgemm.cpp.o
[INFO] [stderr]   [  1%] Building CXX object src/common/CMakeFiles/dnnl_common.dir/broadcast_strategy.cpp.o
[INFO] [stderr]   [  1%] Building CXX object src/cpu/CMakeFiles/dnnl_cpu.dir/binary_injector_utils.cpp.o
[INFO] [stderr]   [  2%] Building CXX object src/cpu/x64/CMakeFiles/dnnl_cpu_x64.dir/brgemm/brgemm_containers.cpp.o
[INFO] [stderr]   [  2%] Building CXX object src/cpu/x64/CMakeFiles/dnnl_cpu_x64.dir/brgemm/brgemm_utils.cpp.o
[INFO] [stderr]   [  2%] Building CXX object src/cpu/CMakeFiles/dnnl_cpu.dir/cpu_batch_normalization_list.cpp.o
[INFO] [stderr]   [  2%] Building CXX object src/cpu/x64/CMakeFiles/dnnl_cpu_x64.dir/brgemm/jit_brdgmm_kernel.cpp.o
[INFO] [stderr]   [  3%] Building CXX object src/cpu/CMakeFiles/dnnl_cpu.dir/cpu_batch_normalization_utils.cpp.o
[INFO] [stderr]   [  3%] Building CXX object src/common/CMakeFiles/dnnl_common.dir/convolution.cpp.o
[INFO] [stderr]   [  3%] Building CXX object src/cpu/x64/CMakeFiles/dnnl_cpu_x64.dir/brgemm/jit_brgemm_amx_uker.cpp.o
[INFO] [stderr]   [  3%] Building CXX object src/cpu/x64/CMakeFiles/dnnl_cpu_x64.dir/brgemm/jit_brgemm_kernel.cpp.o
[INFO] [stderr] 
[INFO] [stderr]   --- stderr
[INFO] [stderr]   running: cd "/opt/rustwide/target/debug/build/onednn-src/e1f39429f42eaf77/out/build" && CMAKE_PREFIX_PATH="" LC_ALL="C" "cmake" "/opt/rustwide/cargo-home/registry/src/index.crates.io-1949cf8c6b5b557f/onednn-src-0.1.17/oneDNN" "-B" "/opt/rustwide/target/debug/build/onednn-src/e1f39429f42eaf77/out/build" "-DONEDNN_LIBRARY_TYPE=STATIC" "-DONEDNN_BUILD_DOC=OFF" "-DONEDNN_BUILD_EXAMPLES=OFF" "-DONEDNN_BUILD_TESTS=OFF" "-DONEDNN_BUILD_GRAPH=OFF" "-DONEDNN_ENABLE_WORKLOAD=TRAINING" "-DONEDNN_EXPERIMENTAL=OFF" "-DONEDNN_VERBOSE=OFF" "-DCMAKE_INSTALL_PREFIX=/opt/rustwide/target/debug/build/onednn-src/e1f39429f42eaf77/out" "-DCMAKE_C_FLAGS= -ffunction-sections -fdata-sections -fPIC -m64 -w" "-DCMAKE_C_COMPILER=/usr/bin/cc" "-DCMAKE_CXX_FLAGS= -ffunction-sections -fdata-sections -fPIC -m64 -w" "-DCMAKE_CXX_COMPILER=/usr/bin/c++" "-DCMAKE_ASM_FLAGS= -ffunction-sections -fdata-sections -fPIC -m64 -w" "-DCMAKE_ASM_COMPILER=/usr/bin/cc" "-DCMAKE_BUILD_TYPE=Debug"
[INFO] [stderr]   running: cd "/opt/rustwide/target/debug/build/onednn-src/e1f39429f42eaf77/out/build" && LC_ALL="C" MAKEFLAGS="-j --jobserver-fds=4,5 --jobserver-auth=4,5" "cmake" "--build" "/opt/rustwide/target/debug/build/onednn-src/e1f39429f42eaf77/out/build" "--target" "install" "--config" "Debug"
[INFO] [stderr]   c++: fatal error: Killed signal terminated program cc1plus
[INFO] [stderr]   compilation terminated.
[INFO] [stderr]   gmake[2]: *** [src/cpu/CMakeFiles/dnnl_cpu.dir/build.make:93: src/cpu/CMakeFiles/dnnl_cpu.dir/binary_injector_utils.cpp.o] Error 1
[INFO] [stderr]   gmake[2]: *** Waiting for unfinished jobs....
[INFO] [stderr]   c++: fatal error: Killed signal terminated program cc1plus
[INFO] [stderr]   compilation terminated.
[INFO] [stderr]   gmake[2]: *** [src/common/CMakeFiles/dnnl_common.dir/build.make:79: src/common/CMakeFiles/dnnl_common.dir/batch_normalization.cpp.o] Error 1
[INFO] [stderr]   gmake[2]: *** Waiting for unfinished jobs....
[INFO] [stderr]   c++: fatal error: Killed signal terminated program cc1plus
[INFO] [stderr]   compilation terminated.
[INFO] [stderr]   gmake[2]: *** [src/common/CMakeFiles/dnnl_common.dir/build.make:135: src/common/CMakeFiles/dnnl_common.dir/cache_blob_id.cpp.o] Error 1
[INFO] [stderr]   c++: fatal error: Killed signal terminated program cc1plus
[INFO] [stderr]   compilation terminated.
[INFO] [stderr]   gmake[2]: *** [src/cpu/x64/CMakeFiles/dnnl_cpu_x64.dir/build.make:93: src/cpu/x64/CMakeFiles/dnnl_cpu_x64.dir/brgemm/brgemm.cpp.o] Error 1
[INFO] [stderr]   gmake[2]: *** Waiting for unfinished jobs....
[INFO] [stderr]   c++: fatal error: Killed signal terminated program cc1plus
[INFO] [stderr]   compilation terminated.
[INFO] [stderr]   gmake[2]: *** [src/cpu/x64/CMakeFiles/dnnl_cpu_x64.dir/build.make:79: src/cpu/x64/CMakeFiles/dnnl_cpu_x64.dir/amx_tile_configure.cpp.o] Error 1
[INFO] [stderr]   c++: fatal error: Killed signal terminated program cc1plus
[INFO] [stderr]   compilation terminated.
[INFO] [stderr]   gmake[2]: *** [src/cpu/x64/CMakeFiles/dnnl_cpu_x64.dir/build.make:107: src/cpu/x64/CMakeFiles/dnnl_cpu_x64.dir/brgemm/brgemm_containers.cpp.o] Error 1
[INFO] [stderr]   c++: fatal error: Killed signal terminated program cc1plus
[INFO] [stderr]   compilation terminated.
[INFO] [stderr]   gmake[2]: *** [src/common/CMakeFiles/dnnl_common.dir/build.make:121: src/common/CMakeFiles/dnnl_common.dir/broadcast_strategy.cpp.o] Error 1
[INFO] [stderr]   c++: fatal error: Killed signal terminated program cc1plus
[INFO] [stderr]   compilation terminated.
[INFO] [stderr]   gmake[2]: *** [src/common/CMakeFiles/dnnl_common.dir/build.make:107: src/common/CMakeFiles/dnnl_common.dir/binary.cpp.o] Error 1
[INFO] [stderr]   c++: fatal error: Killed signal terminated program cc1plus
[INFO] [stderr]   compilation terminated.
[INFO] [stderr]   gmake[2]: *** [src/cpu/CMakeFiles/dnnl_cpu.dir/build.make:121: src/cpu/CMakeFiles/dnnl_cpu.dir/cpu_batch_normalization_utils.cpp.o] Error 1
[INFO] [stderr]   c++: fatal error: Killed signal terminated program cc1plus
[INFO] [stderr]   compilation terminated.
[INFO] [stderr]   gmake[2]: *** [src/cpu/CMakeFiles/dnnl_cpu.dir/build.make:79: src/cpu/CMakeFiles/dnnl_cpu.dir/bfloat16.cpp.o] Error 1
[INFO] [stderr]   c++: fatal error: Killed signal terminated program cc1plus
[INFO] [stderr]   compilation terminated.
[INFO] [stderr]   gmake[2]: *** [src/cpu/x64/CMakeFiles/dnnl_cpu_x64.dir/build.make:149: src/cpu/x64/CMakeFiles/dnnl_cpu_x64.dir/brgemm/jit_brgemm_amx_uker.cpp.o] Error 1
[INFO] [stderr]   c++: fatal error: Killed signal terminated program cc1plus
[INFO] [stderr]   compilation terminated.
[INFO] [stderr]   gmake[2]: *** [src/cpu/CMakeFiles/dnnl_cpu.dir/build.make:107: src/cpu/CMakeFiles/dnnl_cpu.dir/cpu_batch_normalization_list.cpp.o] Error 1
[INFO] [stderr]   gmake[1]: *** [CMakeFiles/Makefile2:285: src/cpu/CMakeFiles/dnnl_cpu.dir/all] Error 2
[INFO] [stderr]   gmake[1]: *** Waiting for unfinished jobs....
[INFO] [stderr]   c++: fatal error: Killed signal terminated program cc1plus
[INFO] [stderr]   compilation terminated.
[INFO] [stderr]   gmake[2]: *** [src/common/CMakeFiles/dnnl_common.dir/build.make:149: src/common/CMakeFiles/dnnl_common.dir/concat.cpp.o] Error 1
[INFO] [stderr]   c++: fatal error: Killed signal terminated program cc1plus
[INFO] [stderr]   compilation terminated.
[INFO] [stderr]   gmake[2]: *** [src/cpu/x64/CMakeFiles/dnnl_cpu_x64.dir/build.make:121: src/cpu/x64/CMakeFiles/dnnl_cpu_x64.dir/brgemm/brgemm_utils.cpp.o] Error 1
[INFO] [stderr]   c++: fatal error: Killed signal terminated program cc1plus
[INFO] [stderr]   compilation terminated.
[INFO] [stderr]   gmake[2]: *** [src/common/CMakeFiles/dnnl_common.dir/build.make:163: src/common/CMakeFiles/dnnl_common.dir/convolution.cpp.o] Error 1
[INFO] [stderr]   gmake[1]: *** [CMakeFiles/Makefile2:253: src/common/CMakeFiles/dnnl_common.dir/all] Error 2
[INFO] [stderr]   gmake[1]: *** [CMakeFiles/Makefile2:317: src/cpu/x64/CMakeFiles/dnnl_cpu_x64.dir/all] Error 2
[INFO] [stderr]   gmake: *** [Makefile:146: all] Error 2
[INFO] [stderr] 
[INFO] [stderr]   thread 'main' (633) panicked at /opt/rustwide/cargo-home/registry/src/index.crates.io-1949cf8c6b5b557f/cmake-0.1.58/src/lib.rs:1132:5:
[INFO] [stderr] 
[INFO] [stderr]   command did not execute successfully, got: exit status: 2
[INFO] [stderr] 
[INFO] [stderr]   build script failed, must exit now
[INFO] [stderr]   stack backtrace:
[INFO] [stderr]      0:     0x64e56998dbf1 - std[3164a59e47d3bde]::backtrace_rs::backtrace::libunwind::trace
[INFO] [stderr]                                  at /rustc/3154cc1a3e6424e44f438a95007d043ed5ceaaf6/library/std/src/../../backtrace/src/backtrace/libunwind.rs:117:9
[INFO] [stderr]      1:     0x64e56998dbf1 - std[3164a59e47d3bde]::backtrace_rs::backtrace::trace_unsynchronized::<std[3164a59e47d3bde]::sys::backtrace::_print_fmt::{closure#1}>
[INFO] [stderr]                                  at /rustc/3154cc1a3e6424e44f438a95007d043ed5ceaaf6/library/std/src/../../backtrace/src/backtrace/mod.rs:66:14
[INFO] [stderr]      2:     0x64e56998dbf1 - std[3164a59e47d3bde]::sys::backtrace::_print_fmt
[INFO] [stderr]                                  at /rustc/3154cc1a3e6424e44f438a95007d043ed5ceaaf6/library/std/src/sys/backtrace.rs:74:9
[INFO] [stderr]      3:     0x64e56998dbf1 - <<std[3164a59e47d3bde]::sys::backtrace::BacktraceLock>::print::DisplayBacktrace as core[934024a1e6126fb4]::fmt::Display>::fmt
[INFO] [stderr]                                  at /rustc/3154cc1a3e6424e44f438a95007d043ed5ceaaf6/library/std/src/sys/backtrace.rs:44:26
[INFO] [stderr]      4:     0x64e5699a1d4a - <core[934024a1e6126fb4]::fmt::rt::Argument>::fmt
[INFO] [stderr]                                  at /rustc/3154cc1a3e6424e44f438a95007d043ed5ceaaf6/library/core/src/fmt/rt.rs:152:76
[INFO] [stderr]      5:     0x64e5699a1d4a - core[934024a1e6126fb4]::fmt::write
[INFO] [stderr]      6:     0x64e56999359c - core[934024a1e6126fb4]::io::write::default_write_fmt::<std[3164a59e47d3bde]::sys::stdio::unix::Stderr>
[INFO] [stderr]                                  at /rustc/3154cc1a3e6424e44f438a95007d043ed5ceaaf6/library/core/src/io/write.rs:402:11
[INFO] [stderr]      7:     0x64e56999359c - <std[3164a59e47d3bde]::sys::stdio::unix::Stderr as core[934024a1e6126fb4]::io::write::Write>::write_fmt
[INFO] [stderr]                                  at /rustc/3154cc1a3e6424e44f438a95007d043ed5ceaaf6/library/core/src/io/write.rs:335:13
[INFO] [stderr]      8:     0x64e56996cb46 - <std[3164a59e47d3bde]::sys::backtrace::BacktraceLock>::print
[INFO] [stderr]                                  at /rustc/3154cc1a3e6424e44f438a95007d043ed5ceaaf6/library/std/src/sys/backtrace.rs:47:9
[INFO] [stderr]      9:     0x64e56996cb46 - std[3164a59e47d3bde]::panicking::default_hook::{closure#0}
[INFO] [stderr]                                  at /rustc/3154cc1a3e6424e44f438a95007d043ed5ceaaf6/library/std/src/panicking.rs:289:27
[INFO] [stderr]     10:     0x64e569988911 - std[3164a59e47d3bde]::panicking::default_hook
[INFO] [stderr]                                  at /rustc/3154cc1a3e6424e44f438a95007d043ed5ceaaf6/library/std/src/panicking.rs:316:9
[INFO] [stderr]     11:     0x64e569988acb - std[3164a59e47d3bde]::panicking::panic_with_hook
[INFO] [stderr]                                  at /rustc/3154cc1a3e6424e44f438a95007d043ed5ceaaf6/library/std/src/panicking.rs:811:13
[INFO] [stderr]     12:     0x64e56996cbf2 - std[3164a59e47d3bde]::panicking::panic_handler::{closure#0}
[INFO] [stderr]                                  at /rustc/3154cc1a3e6424e44f438a95007d043ed5ceaaf6/library/std/src/panicking.rs:685:13
[INFO] [stderr]     13:     0x64e5699658c9 - std[3164a59e47d3bde]::sys::backtrace::__rust_end_short_backtrace::<std[3164a59e47d3bde]::panicking::panic_handler::{closure#0}, !>
[INFO] [stderr]                                  at /rustc/3154cc1a3e6424e44f438a95007d043ed5ceaaf6/library/std/src/sys/backtrace.rs:182:18
[INFO] [stderr]     14:     0x64e56996d3dd - __rustc[2e7b49d4226056d3]::rust_begin_unwind
[INFO] [stderr]                                  at /rustc/3154cc1a3e6424e44f438a95007d043ed5ceaaf6/library/std/src/panicking.rs:676:5
[INFO] [stderr]     15:     0x64e5699a253c - core[934024a1e6126fb4]::panicking::panic_fmt
[INFO] [stderr]                                  at /rustc/3154cc1a3e6424e44f438a95007d043ed5ceaaf6/library/core/src/panicking.rs:80:14
[INFO] [stderr]     16:     0x64e5698f1a07 - cmake[8baa7d9f63ae48c]::fail
[INFO] [stderr]     17:     0x64e5698f1693 - cmake[8baa7d9f63ae48c]::run
[INFO] [stderr]     18:     0x64e5698f7665 - <cmake[8baa7d9f63ae48c]::Config>::build
[INFO] [stderr]     19:     0x64e5698e3964 - build_script_build[5d6590e5c4539977]::main
[INFO] [stderr]     20:     0x64e5698e4283 - <fn() as core[934024a1e6126fb4]::ops::function::FnOnce<()>>::call_once
[INFO] [stderr]     21:     0x64e5698e363e - std[3164a59e47d3bde]::sys::backtrace::__rust_begin_short_backtrace::<fn(), ()>
[INFO] [stderr]     22:     0x64e5698e3649 - std[3164a59e47d3bde]::rt::lang_start::<()>::{closure#0}
[INFO] [stderr]     23:     0x64e569987c18 - <&dyn core[934024a1e6126fb4]::ops::function::Fn<(), Output = i32> + core[934024a1e6126fb4]::marker::Sync + core[934024a1e6126fb4]::panic::unwind_safe::RefUnwindSafe as core[934024a1e6126fb4]::ops::function::FnOnce<()>>::call_once
[INFO] [stderr]                                  at /rustc/3154cc1a3e6424e44f438a95007d043ed5ceaaf6/library/core/src/ops/function.rs:287:21
[INFO] [stderr]     24:     0x64e569987c18 - std[3164a59e47d3bde]::panicking::catch_unwind::do_call::<&dyn core[934024a1e6126fb4]::ops::function::Fn<(), Output = i32> + core[934024a1e6126fb4]::marker::Sync + core[934024a1e6126fb4]::panic::unwind_safe::RefUnwindSafe, i32>
[INFO] [stderr]                                  at /rustc/3154cc1a3e6424e44f438a95007d043ed5ceaaf6/library/std/src/panicking.rs:573:43
[INFO] [stderr]     25:     0x64e569987c18 - std[3164a59e47d3bde]::panicking::catch_unwind::<i32, &dyn core[934024a1e6126fb4]::ops::function::Fn<(), Output = i32> + core[934024a1e6126fb4]::marker::Sync + core[934024a1e6126fb4]::panic::unwind_safe::RefUnwindSafe>
[INFO] [stderr]                                  at /rustc/3154cc1a3e6424e44f438a95007d043ed5ceaaf6/library/std/src/panicking.rs:541:19
[INFO] [stderr]     26:     0x64e569987c18 - std[3164a59e47d3bde]::panic::catch_unwind::<&dyn core[934024a1e6126fb4]::ops::function::Fn<(), Output = i32> + core[934024a1e6126fb4]::marker::Sync + core[934024a1e6126fb4]::panic::unwind_safe::RefUnwindSafe, i32>
[INFO] [stderr]                                  at /rustc/3154cc1a3e6424e44f438a95007d043ed5ceaaf6/library/std/src/panic.rs:359:14
[INFO] [stderr]     27:     0x64e569987c18 - std[3164a59e47d3bde]::rt::lang_start_internal::{closure#0}
[INFO] [stderr]                                  at /rustc/3154cc1a3e6424e44f438a95007d043ed5ceaaf6/library/std/src/rt.rs:175:24
[INFO] [stderr]     28:     0x64e569987c18 - std[3164a59e47d3bde]::panicking::catch_unwind::do_call::<std[3164a59e47d3bde]::rt::lang_start_internal::{closure#0}, isize>
[INFO] [stderr]                                  at /rustc/3154cc1a3e6424e44f438a95007d043ed5ceaaf6/library/std/src/panicking.rs:573:43
[INFO] [stderr]     29:     0x64e569987c18 - std[3164a59e47d3bde]::panicking::catch_unwind::<isize, std[3164a59e47d3bde]::rt::lang_start_internal::{closure#0}>
[INFO] [stderr]                                  at /rustc/3154cc1a3e6424e44f438a95007d043ed5ceaaf6/library/std/src/panicking.rs:541:19
[INFO] [stderr]     30:     0x64e569987c18 - std[3164a59e47d3bde]::panic::catch_unwind::<std[3164a59e47d3bde]::rt::lang_start_internal::{closure#0}, isize>
[INFO] [stderr]                                  at /rustc/3154cc1a3e6424e44f438a95007d043ed5ceaaf6/library/std/src/panic.rs:359:14
[INFO] [stderr]     31:     0x64e569987c18 - std[3164a59e47d3bde]::rt::lang_start_internal
[INFO] [stderr]                                  at /rustc/3154cc1a3e6424e44f438a95007d043ed5ceaaf6/library/std/src/rt.rs:171:5
[INFO] [stderr]     32:     0x64e5698e3631 - std[3164a59e47d3bde]::rt::lang_start::<()>
[INFO] [stderr]     33:     0x64e5698e42f5 - main
[INFO] [stderr]     34:     0x7db024cb0601 - <unknown>
[INFO] [stderr]     35:     0x7db024cb0718 - __libc_start_main
[INFO] [stderr]     36:     0x64e5698e25b5 - _start
[INFO] [stderr]     37:                0x0 - <unknown>
[INFO] running `Command { std: "docker" "inspect" "7eca7b532cc44ef15d9cb0aab5060d798ffccafdb5d0755c2e3b30467e4475bc", kill_on_drop: false }`
[INFO] running `Command { std: "docker" "rm" "-f" "7eca7b532cc44ef15d9cb0aab5060d798ffccafdb5d0755c2e3b30467e4475bc", kill_on_drop: false }`
[INFO] [stdout] 7eca7b532cc44ef15d9cb0aab5060d798ffccafdb5d0755c2e3b30467e4475bc
