[INFO] cloning repository https://github.com/kaiiuen/true-tick
[INFO] running `Command { std: "git" "-c" "credential.helper=" "-c" "credential.helper=/workspace/cargo-home/bin/git-credential-null" "clone" "--bare" "https://github.com/kaiiuen/true-tick" "/workspace/cache/git-repos/https%3A%2F%2Fgithub.com%2Fkaiiuen%2Ftrue-tick", kill_on_drop: false }`
[INFO] [stderr] Cloning into bare repository '/workspace/cache/git-repos/https%3A%2F%2Fgithub.com%2Fkaiiuen%2Ftrue-tick'...
[INFO] running `Command { std: "git" "rev-parse" "HEAD", kill_on_drop: false }`
[INFO] [stdout] df0f7da83b562f317af7adb13e98daffb8578b0e
[INFO] checking kaiiuen/true-tick against 3154cc1a3e6424e44f438a95007d043ed5ceaaf6+rustflags=-Znext-solver=coherence for pr-133502-30
[INFO] running `Command { std: "git" "clone" "/workspace/cache/git-repos/https%3A%2F%2Fgithub.com%2Fkaiiuen%2Ftrue-tick" "/workspace/builds/worker-7-tc1/source", kill_on_drop: false }`
[INFO] [stderr] Cloning into '/workspace/builds/worker-7-tc1/source'...
[INFO] [stderr] done.
[INFO] removed /workspace/builds/worker-7-tc1/source/.cargo/config.toml
[INFO] removed /workspace/builds/worker-7-tc1/source/rust-toolchain.toml
[INFO] started tweaking git repo https://github.com/kaiiuen/true-tick
[INFO] finished tweaking git repo https://github.com/kaiiuen/true-tick
[INFO] tweaked toml for git repo https://github.com/kaiiuen/true-tick written to /workspace/builds/worker-7-tc1/source/Cargo.toml
[INFO] validating manifest of git repo https://github.com/kaiiuen/true-tick on toolchain 3154cc1a3e6424e44f438a95007d043ed5ceaaf6
[INFO] running `Command { std: CARGO_HOME="/workspace/cargo-home" RUSTUP_HOME="/workspace/rustup-home" "/workspace/cargo-home/bin/cargo" "+3154cc1a3e6424e44f438a95007d043ed5ceaaf6" "metadata" "--manifest-path" "Cargo.toml" "--no-deps", kill_on_drop: false }`
[INFO] crate git repo https://github.com/kaiiuen/true-tick already has a lockfile, it will not be regenerated
[INFO] running `Command { std: CARGO_HOME="/workspace/cargo-home" RUSTUP_HOME="/workspace/rustup-home" "/workspace/cargo-home/bin/cargo" "+3154cc1a3e6424e44f438a95007d043ed5ceaaf6" "fetch" "--manifest-path" "Cargo.toml", kill_on_drop: false }`
[INFO] [stderr]     Blocking waiting for file lock on package cache
[INFO] [stderr]     Blocking waiting for file lock on package cache
[INFO] [stderr]  Downloading crates ...
[INFO] [stderr]   Downloaded unicode-ident v1.0.26
[INFO] [stderr]   Downloaded syn v3.0.6
[INFO] running `Command { std: "docker" "create" "-v" "/var/lib/crater-agent-workspace/builds/worker-7-tc1/source:/opt/rustwide/workdir:ro,Z" "-v" "/var/lib/crater-agent-workspace/builds/worker-7-tc1/target:/opt/rustwide/target:rw,Z" "-v" "/var/lib/crater-agent-workspace/cargo-home:/opt/rustwide/cargo-home:ro,Z" "-v" "/var/lib/crater-agent-workspace/rustup-home:/opt/rustwide/rustup-home:ro,Z" "-m" "1610612736" "--network" "none" "ghcr.io/rust-lang/crates-build-env/linux@sha256:77db811e55d90add9212f6832c23229e3de5f1c1f9905e8cb07319ea15df73ac" "sleep" "infinity", kill_on_drop: false }`
[INFO] [stdout] 74408c855fa8d00c92a0e8ca524138d83ea87c2f9d886d4569aa36896fd2c98d
[INFO] running `Command { std: "docker" "start" "74408c855fa8d00c92a0e8ca524138d83ea87c2f9d886d4569aa36896fd2c98d", kill_on_drop: false }`
[INFO] running `Command { std: "docker" "inspect" "74408c855fa8d00c92a0e8ca524138d83ea87c2f9d886d4569aa36896fd2c98d", kill_on_drop: false }`
[INFO] running `Command { std: "docker" "exec" "-e" "SOURCE_DIR=/opt/rustwide/workdir" "-e" "CARGO_HOME=/opt/rustwide/cargo-home" "-e" "RUSTUP_HOME=/opt/rustwide/rustup-home" "-e" "CARGO_TARGET_DIR=/opt/rustwide/target" "-w" "/opt/rustwide/workdir" "--user" "0:0" "74408c855fa8d00c92a0e8ca524138d83ea87c2f9d886d4569aa36896fd2c98d" "/opt/rustwide/cargo-home/bin/cargo" "+3154cc1a3e6424e44f438a95007d043ed5ceaaf6" "metadata" "--no-deps" "--format-version=1", kill_on_drop: false }`
[INFO] running `Command { std: "docker" "inspect" "74408c855fa8d00c92a0e8ca524138d83ea87c2f9d886d4569aa36896fd2c98d", kill_on_drop: false }`
[INFO] running `Command { std: "docker" "exec" "-e" "SOURCE_DIR=/opt/rustwide/workdir" "-e" "CARGO_HOME=/opt/rustwide/cargo-home" "-e" "RUSTUP_HOME=/opt/rustwide/rustup-home" "-e" "CARGO_TARGET_DIR=/opt/rustwide/target" "-e" "CARGO_INCREMENTAL=0" "-e" "RUST_BACKTRACE=full" "-e" "RUSTFLAGS=--cap-lints=forbid -Znext-solver=coherence" "-e" "RUSTDOCFLAGS=--cap-lints=forbid" "-w" "/opt/rustwide/workdir" "--user" "0:0" "74408c855fa8d00c92a0e8ca524138d83ea87c2f9d886d4569aa36896fd2c98d" "/opt/rustwide/cargo-home/bin/cargo" "+3154cc1a3e6424e44f438a95007d043ed5ceaaf6" "check" "--frozen" "--all" "--all-targets" "--message-format=json", kill_on_drop: false }`
[INFO] [stderr]     Checking tick-core v0.1.0 (/opt/rustwide/workdir/crates/tick-core)
[INFO] [stderr]    Compiling version_check v0.9.5
[INFO] [stderr]     Checking typenum v1.20.1
[INFO] [stderr]     Checking cfg-if v1.0.4
[INFO] [stderr]     Checking cpufeatures v0.2.17
[INFO] [stderr]    Compiling proc-macro2 v1.0.107
[INFO] [stderr]    Compiling unicode-ident v1.0.26
[INFO] [stderr]    Compiling quote v1.0.47
[INFO] [stderr]    Compiling semver v1.0.28
[INFO] [stderr]    Compiling libc v0.2.189
[INFO] [stderr]     Checking tick-ipc v0.1.0 (/opt/rustwide/workdir/crates/tick-ipc)
[INFO] [stderr]     Checking subtle v2.6.1
[INFO] [stderr]     Checking zeroize v1.9.0
[INFO] [stderr]    Compiling rustc_version v0.4.1
[INFO] [stderr]     Checking signature v2.2.0
[INFO] [stderr]     Checking tick-policy v0.1.0 (/opt/rustwide/workdir/crates/tick-policy)
[INFO] [stderr]    Compiling true-tick v0.1.0 (/opt/rustwide/workdir/apps/true-tick)
[INFO] [stderr]     Checking ed25519 v2.2.3
[INFO] [stderr]     Checking tick-observation-windows v0.1.0 (/opt/rustwide/workdir/crates/tick-observation-windows)
[INFO] [stderr]    Compiling generic-array v0.14.7
[INFO] [stderr]     Checking tick-watchdog v0.1.0 (/opt/rustwide/workdir/crates/tick-watchdog)
[INFO] [stderr]     Checking tick-startup-windows v0.1.0 (/opt/rustwide/workdir/crates/tick-startup-windows)
[INFO] [stderr]     Checking true-tick-cli v0.1.0 (/opt/rustwide/workdir/apps/true-tick-cli)
[INFO] [stdout] error[E0428]: the name `verify_server_pid` is defined multiple times
[INFO] [stdout]    --> apps/true-tick-cli/src/main.rs:584:1
[INFO] [stdout]     |
[INFO] [stdout] 563 | fn verify_server_pid(root: &Path, _client: &tick_ipc::IpcClient) -> Result<(), String> {
[INFO] [stdout]     | -------------------------------------------------------------------------------------- previous definition of the value `verify_server_pid` here
[INFO] [stdout] ...
[INFO] [stdout] 584 | fn verify_server_pid(_root: &Path, _client: &tick_ipc::IpcClient) -> Result<(), String> {
[INFO] [stdout]     | ^^^^^^^^^^^^^^^^^^^^^^^^^^^^^^^^^^^^^^^^^^^^^^^^^^^^^^^^^^^^^^^^^^^^^^^^^^^^^^^^^^^^^^^ `verify_server_pid` redefined here
[INFO] [stdout]     |
[INFO] [stdout]     = note: `verify_server_pid` must be defined only once in the value namespace of this module
[INFO] [stdout] 
[INFO] [stdout] 
[INFO] [stdout] warning: constant `RUN_SUBKEY` is never used
[INFO] [stdout]  --> crates/tick-startup-windows/src/lib.rs:9:7
[INFO] [stdout]   |
[INFO] [stdout] 9 | const RUN_SUBKEY: &str = "Software\\Microsoft\\Windows\\CurrentVersion\\Run";
[INFO] [stdout]   |       ^^^^^^^^^^
[INFO] [stdout]   |
[INFO] [stdout]   = note: `#[warn(dead_code)]` (part of `#[warn(unused)]`) on by default
[INFO] [stdout] 
[INFO] [stdout] 
[INFO] [stdout] warning: constant `VALUE_NAME` is never used
[INFO] [stdout]   --> crates/tick-startup-windows/src/lib.rs:10:7
[INFO] [stdout]    |
[INFO] [stdout] 10 | const VALUE_NAME: &str = "TrueTick";
[INFO] [stdout]    |       ^^^^^^^^^^
[INFO] [stdout] 
[INFO] [stdout] 
[INFO] [stdout] warning: function `validate_launcher_path` is never used
[INFO] [stdout]   --> crates/tick-startup-windows/src/lib.rs:96:4
[INFO] [stdout]    |
[INFO] [stdout] 96 | fn validate_launcher_path(executable: &Path) -> Result<(), StartupError> {
[INFO] [stdout]    |    ^^^^^^^^^^^^^^^^^^^^^^
[INFO] [stdout] 
[INFO] [stdout] 
[INFO] [stdout] warning: function `validate_development_path` is never used
[INFO] [stdout]    --> crates/tick-startup-windows/src/lib.rs:113:4
[INFO] [stdout]     |
[INFO] [stdout] 113 | fn validate_development_path(executable: &Path) -> Result<(), StartupError> {
[INFO] [stdout]     |    ^^^^^^^^^^^^^^^^^^^^^^^^^
[INFO] [stdout] 
[INFO] [stdout] 
[INFO] [stdout] warning: function `startup_command` is never used
[INFO] [stdout]    --> crates/tick-startup-windows/src/lib.rs:170:4
[INFO] [stdout]     |
[INFO] [stdout] 170 | fn startup_command(executable: &Path) -> Result<String, StartupError> {
[INFO] [stdout]     |    ^^^^^^^^^^^^^^^
[INFO] [stdout] 
[INFO] [stdout] 
[INFO] [stdout] error[E0425]: cannot find function `serving_pipe_pid` in this scope
[INFO] [stdout]    --> apps/true-tick-cli/src/main.rs:570:18
[INFO] [stdout]     |
[INFO] [stdout] 570 |     let actual = serving_pipe_pid()
[INFO] [stdout]     |                  ^^^^^^^^^^^^^^^^ not found in this scope
[INFO] [stdout]     |
[INFO] [stdout] note: found an item that was configured out
[INFO] [stdout]    --> apps/true-tick-cli/src/main.rs:521:4
[INFO] [stdout]     |
[INFO] [stdout] 520 | #[cfg(windows)]
[INFO] [stdout]     |       ------- the item is gated here
[INFO] [stdout] 521 | fn serving_pipe_pid() -> std::io::Result<u32> {
[INFO] [stdout]     |    ^^^^^^^^^^^^^^^^
[INFO] [stdout] 
[INFO] [stdout] 
[INFO] [stdout] error[E0428]: the name `verify_server_pid` is defined multiple times
[INFO] [stdout]    --> apps/true-tick-cli/src/main.rs:584:1
[INFO] [stdout]     |
[INFO] [stdout] 563 | fn verify_server_pid(root: &Path, _client: &tick_ipc::IpcClient) -> Result<(), String> {
[INFO] [stdout]     | -------------------------------------------------------------------------------------- previous definition of the value `verify_server_pid` here
[INFO] [stdout] ...
[INFO] [stdout] 584 | fn verify_server_pid(_root: &Path, _client: &tick_ipc::IpcClient) -> Result<(), String> {
[INFO] [stdout]     | ^^^^^^^^^^^^^^^^^^^^^^^^^^^^^^^^^^^^^^^^^^^^^^^^^^^^^^^^^^^^^^^^^^^^^^^^^^^^^^^^^^^^^^^ `verify_server_pid` redefined here
[INFO] [stdout]     |
[INFO] [stdout]     = note: `verify_server_pid` must be defined only once in the value namespace of this module
[INFO] [stdout] 
[INFO] [stdout] 
[INFO] [stdout] error[E0425]: cannot find function `serving_pipe_pid` in this scope
[INFO] [stdout]    --> apps/true-tick-cli/src/main.rs:570:18
[INFO] [stdout]     |
[INFO] [stdout] 570 |     let actual = serving_pipe_pid()
[INFO] [stdout]     |                  ^^^^^^^^^^^^^^^^ not found in this scope
[INFO] [stdout]     |
[INFO] [stdout] note: found an item that was configured out
[INFO] [stdout]    --> apps/true-tick-cli/src/main.rs:521:4
[INFO] [stdout]     |
[INFO] [stdout] 520 | #[cfg(windows)]
[INFO] [stdout]     |       ------- the item is gated here
[INFO] [stdout] 521 | fn serving_pipe_pid() -> std::io::Result<u32> {
[INFO] [stdout]     |    ^^^^^^^^^^^^^^^^
[INFO] [stdout] 
[INFO] [stdout] 
[INFO] [stdout] Some errors have detailed explanations: E0425, E0428.
[INFO] [stdout] 
[INFO] [stdout] For more information about an error, try `rustc --explain E0425`.
[INFO] [stdout] 
[INFO] [stderr] error: could not compile `true-tick-cli` (bin "true-tick-cli" test) due to 2 previous errors
[INFO] [stderr] warning: build failed, waiting for other jobs to finish...
[INFO] [stdout] Some errors have detailed explanations: E0425, E0428.
[INFO] [stdout] 
[INFO] [stdout] For more information about an error, try `rustc --explain E0425`.
[INFO] [stdout] 
[INFO] [stderr] error: could not compile `true-tick-cli` (bin "true-tick-cli") due to 2 previous errors
[INFO] running `Command { std: "docker" "inspect" "74408c855fa8d00c92a0e8ca524138d83ea87c2f9d886d4569aa36896fd2c98d", kill_on_drop: false }`
[INFO] running `Command { std: "docker" "rm" "-f" "74408c855fa8d00c92a0e8ca524138d83ea87c2f9d886d4569aa36896fd2c98d", kill_on_drop: false }`
[INFO] [stdout] 74408c855fa8d00c92a0e8ca524138d83ea87c2f9d886d4569aa36896fd2c98d
