[INFO] cloning repository https://github.com/justDavid-3065/voidproxy
[INFO] running `Command { std: "git" "-c" "credential.helper=" "-c" "credential.helper=/workspace/cargo-home/bin/git-credential-null" "clone" "--bare" "https://github.com/justDavid-3065/voidproxy" "/workspace/cache/git-repos/https%3A%2F%2Fgithub.com%2FjustDavid-3065%2Fvoidproxy", kill_on_drop: false }`
[INFO] [stderr] Cloning into bare repository '/workspace/cache/git-repos/https%3A%2F%2Fgithub.com%2FjustDavid-3065%2Fvoidproxy'...
[INFO] running `Command { std: "git" "rev-parse" "HEAD", kill_on_drop: false }`
[INFO] [stdout] fdf0ba3f5591ae86fa19755e1ac314b6644c9927
[INFO] checking justDavid-3065/voidproxy against 3154cc1a3e6424e44f438a95007d043ed5ceaaf6+rustflags=-Znext-solver=coherence for pr-133502-30
[INFO] running `Command { std: "git" "clone" "/workspace/cache/git-repos/https%3A%2F%2Fgithub.com%2FjustDavid-3065%2Fvoidproxy" "/workspace/builds/worker-3-tc1/source", kill_on_drop: false }`
[INFO] [stderr] Cloning into '/workspace/builds/worker-3-tc1/source'...
[INFO] [stderr] done.
[INFO] started tweaking git repo https://github.com/justDavid-3065/voidproxy
[INFO] finished tweaking git repo https://github.com/justDavid-3065/voidproxy
[INFO] tweaked toml for git repo https://github.com/justDavid-3065/voidproxy written to /workspace/builds/worker-3-tc1/source/Cargo.toml
[INFO] validating manifest of git repo https://github.com/justDavid-3065/voidproxy on toolchain 3154cc1a3e6424e44f438a95007d043ed5ceaaf6
[INFO] running `Command { std: CARGO_HOME="/workspace/cargo-home" RUSTUP_HOME="/workspace/rustup-home" "/workspace/cargo-home/bin/cargo" "+3154cc1a3e6424e44f438a95007d043ed5ceaaf6" "metadata" "--manifest-path" "Cargo.toml" "--no-deps", kill_on_drop: false }`
[INFO] crate git repo https://github.com/justDavid-3065/voidproxy already has a lockfile, it will not be regenerated
[INFO] running `Command { std: CARGO_HOME="/workspace/cargo-home" RUSTUP_HOME="/workspace/rustup-home" "/workspace/cargo-home/bin/cargo" "+3154cc1a3e6424e44f438a95007d043ed5ceaaf6" "fetch" "--manifest-path" "Cargo.toml", kill_on_drop: false }`
[INFO] [stderr]  Downloading crates ...
[INFO] [stderr]   Downloaded wasm-bindgen-shared v0.2.101
[INFO] [stderr]   Downloaded wasm-bindgen-macro v0.2.101
[INFO] [stderr]   Downloaded wasm-bindgen-macro-support v0.2.101
[INFO] [stderr]   Downloaded wasm-bindgen-backend v0.2.101
[INFO] [stderr]   Downloaded wasm-bindgen v0.2.101
[INFO] [stderr]   Downloaded js-sys v0.3.78
[INFO] [stderr]   Downloaded windows-result v0.4.0
[INFO] [stderr]   Downloaded windows-strings v0.5.0
[INFO] [stderr]   Downloaded wasi v0.14.5+wasi-0.2.4
[INFO] [stderr]   Downloaded clap_derive v4.5.47
[INFO] [stderr]   Downloaded windows-core v0.62.0
[INFO] [stderr]   Downloaded wit-bindgen v0.45.1
[INFO] [stderr]   Downloaded tempfile v3.22.0
[INFO] [stderr]   Downloaded find-msvc-tools v0.1.1
[INFO] [stderr]   Downloaded clap v4.5.47
[INFO] [stderr]   Downloaded indexmap v2.11.1
[INFO] [stderr]   Downloaded cc v1.2.37
[INFO] [stderr]   Downloaded wasip2 v1.0.0+wasi-0.2.4
[INFO] [stderr]   Downloaded clap_builder v4.5.47
[INFO] running `Command { std: "docker" "create" "-v" "/var/lib/crater-agent-workspace/builds/worker-3-tc1/source:/opt/rustwide/workdir:ro,Z" "-v" "/var/lib/crater-agent-workspace/builds/worker-3-tc1/target:/opt/rustwide/target:rw,Z" "-v" "/var/lib/crater-agent-workspace/cargo-home:/opt/rustwide/cargo-home:ro,Z" "-v" "/var/lib/crater-agent-workspace/rustup-home:/opt/rustwide/rustup-home:ro,Z" "-m" "1610612736" "--network" "none" "ghcr.io/rust-lang/crates-build-env/linux@sha256:77db811e55d90add9212f6832c23229e3de5f1c1f9905e8cb07319ea15df73ac" "sleep" "infinity", kill_on_drop: false }`
[INFO] [stdout] e2e65779a622e5ec722a487320c05f6b6d85019bdc2f97add031b6b0269f3f83
[INFO] running `Command { std: "docker" "start" "e2e65779a622e5ec722a487320c05f6b6d85019bdc2f97add031b6b0269f3f83", kill_on_drop: false }`
[INFO] running `Command { std: "docker" "inspect" "e2e65779a622e5ec722a487320c05f6b6d85019bdc2f97add031b6b0269f3f83", kill_on_drop: false }`
[INFO] running `Command { std: "docker" "exec" "-e" "SOURCE_DIR=/opt/rustwide/workdir" "-e" "CARGO_HOME=/opt/rustwide/cargo-home" "-e" "RUSTUP_HOME=/opt/rustwide/rustup-home" "-e" "CARGO_TARGET_DIR=/opt/rustwide/target" "-w" "/opt/rustwide/workdir" "--user" "0:0" "e2e65779a622e5ec722a487320c05f6b6d85019bdc2f97add031b6b0269f3f83" "/opt/rustwide/cargo-home/bin/cargo" "+3154cc1a3e6424e44f438a95007d043ed5ceaaf6" "metadata" "--no-deps" "--format-version=1", kill_on_drop: false }`
[INFO] running `Command { std: "docker" "inspect" "e2e65779a622e5ec722a487320c05f6b6d85019bdc2f97add031b6b0269f3f83", kill_on_drop: false }`
[INFO] running `Command { std: "docker" "exec" "-e" "SOURCE_DIR=/opt/rustwide/workdir" "-e" "CARGO_HOME=/opt/rustwide/cargo-home" "-e" "RUSTUP_HOME=/opt/rustwide/rustup-home" "-e" "CARGO_TARGET_DIR=/opt/rustwide/target" "-e" "CARGO_INCREMENTAL=0" "-e" "RUST_BACKTRACE=full" "-e" "RUSTFLAGS=--cap-lints=forbid -Znext-solver=coherence" "-e" "RUSTDOCFLAGS=--cap-lints=forbid" "-w" "/opt/rustwide/workdir" "--user" "0:0" "e2e65779a622e5ec722a487320c05f6b6d85019bdc2f97add031b6b0269f3f83" "/opt/rustwide/cargo-home/bin/cargo" "+3154cc1a3e6424e44f438a95007d043ed5ceaaf6" "check" "--frozen" "--all" "--all-targets" "--message-format=json", kill_on_drop: false }`
[INFO] [stderr]    Compiling unicode-ident v1.0.19
[INFO] [stderr]    Compiling serde v1.0.219
[INFO] [stderr]     Checking log v0.4.28
[INFO] [stderr]    Compiling getrandom v0.3.3
[INFO] [stderr]    Compiling find-msvc-tools v0.1.1
[INFO] [stderr]    Compiling unicase v2.8.1
[INFO] [stderr]     Checking bitflags v2.9.4
[INFO] [stderr]     Checking regex-syntax v0.8.6
[INFO] [stderr]    Compiling serde_json v1.0.143
[INFO] [stderr]     Checking indexmap v2.11.1
[INFO] [stderr]     Checking winnow v0.7.13
[INFO] [stderr]     Checking clap_builder v4.5.47
[INFO] [stderr]    Compiling rustix v1.1.2
[INFO] [stderr]     Checking http-range-header v0.4.2
[INFO] [stderr]     Checking iana-time-zone v0.1.64
[INFO] [stderr]    Compiling cc v1.2.37
[INFO] [stderr]     Checking matchit v0.7.3
[INFO] [stderr]    Compiling proc-macro2 v1.0.101
[INFO] [stderr]    Compiling mime_guess v2.0.5
[INFO] [stderr]     Checking lru v0.12.5
[INFO] [stderr]     Checking linux-raw-sys v0.11.0
[INFO] [stderr]     Checking fastrand v2.3.0
[INFO] [stderr]     Checking tracing-log v0.2.0
[INFO] [stderr]    Compiling quote v1.0.40
[INFO] [stderr]    Compiling syn v2.0.106
[INFO] [stderr]    Compiling include_dir_macros v0.7.4
[INFO] [stderr]     Checking include_dir v0.7.4
[INFO] [stderr]     Checking regex-automata v0.4.10
[INFO] [stderr]    Compiling sys-info v0.9.1
[INFO] [stderr]     Checking tempfile v3.22.0
[INFO] [stderr]     Checking matchers v0.2.0
[INFO] [stderr]    Compiling serde_derive v1.0.219
[INFO] [stderr]    Compiling tokio-macros v2.5.0
[INFO] [stderr]    Compiling tracing-attributes v0.1.30
[INFO] [stderr]    Compiling async-trait v0.1.89
[INFO] [stderr]    Compiling clap_derive v4.5.47
[INFO] [stderr]     Checking tokio v1.47.1
[INFO] [stderr]     Checking tracing v0.1.41
[INFO] [stderr]     Checking axum-core v0.4.5
[INFO] [stderr]     Checking tracing-subscriber v0.3.20
[INFO] [stderr]     Checking clap v4.5.47
[INFO] [stderr]     Checking hyper v1.7.0
[INFO] [stderr]     Checking tokio-util v0.7.16
[INFO] [stderr]     Checking tower v0.5.2
[INFO] [stderr]     Checking tower-http v0.6.6
[INFO] [stderr]     Checking serde_spanned v0.6.9
[INFO] [stderr]     Checking toml_datetime v0.6.11
[INFO] [stderr]     Checking serde_path_to_error v0.1.17
[INFO] [stderr]     Checking serde_urlencoded v0.7.1
[INFO] [stderr]     Checking uuid v1.18.1
[INFO] [stderr]     Checking chrono v0.4.42
[INFO] [stderr]     Checking toml_edit v0.22.27
[INFO] [stderr]     Checking hyper-util v0.1.16
[INFO] [stderr]     Checking axum v0.7.9
[INFO] [stderr]     Checking toml v0.8.23
[INFO] [stderr]     Checking void_proxy v0.1.0 (/opt/rustwide/workdir)
[INFO] [stdout] warning: use of deprecated method `std::sync::atomic::Atomic::<u64>::fetch_update`: renamed to `try_update` for consistency
[INFO] [stdout]   --> src/metrics.rs:39:25
[INFO] [stdout]    |
[INFO] [stdout] 39 |         self.bytes_sent.fetch_update(Ordering::Relaxed, Ordering::Relaxed, |current| {
[INFO] [stdout]    |                         ^^^^^^^^^^^^
[INFO] [stdout]    |
[INFO] [stdout]    = note: `#[warn(deprecated)]` on by default
[INFO] [stdout] help: replace the use of the deprecated method
[INFO] [stdout]    |
[INFO] [stdout] 39 -         self.bytes_sent.fetch_update(Ordering::Relaxed, Ordering::Relaxed, |current| {
[INFO] [stdout] 39 +         self.bytes_sent.try_update(Ordering::Relaxed, Ordering::Relaxed, |current| {
[INFO] [stdout]    |
[INFO] [stdout] 
[INFO] [stdout] 
[INFO] [stdout] warning: use of deprecated method `std::sync::atomic::Atomic::<u64>::fetch_update`: renamed to `try_update` for consistency
[INFO] [stdout]   --> src/metrics.rs:45:29
[INFO] [stdout]    |
[INFO] [stdout] 45 |         self.bytes_received.fetch_update(Ordering::Relaxed, Ordering::Relaxed, |current| {
[INFO] [stdout]    |                             ^^^^^^^^^^^^
[INFO] [stdout]    |
[INFO] [stdout] help: replace the use of the deprecated method
[INFO] [stdout]    |
[INFO] [stdout] 45 -         self.bytes_received.fetch_update(Ordering::Relaxed, Ordering::Relaxed, |current| {
[INFO] [stdout] 45 +         self.bytes_received.try_update(Ordering::Relaxed, Ordering::Relaxed, |current| {
[INFO] [stdout]    |
[INFO] [stdout] 
[INFO] [stdout] 
[INFO] [stdout] error[E0308]: mismatched types
[INFO] [stdout]    --> src/storage.rs:226:24
[INFO] [stdout]     |
[INFO] [stdout] 226 |             log_level: "info".to_string(),
[INFO] [stdout]     |                        ^^^^^^^^^^^^^^^^^^ expected `LogLevel`, found `String`
[INFO] [stdout] 
[INFO] [stdout] 
[INFO] [stdout] error[E0308]: mismatched types
[INFO] [stdout]    --> src/storage.rs:256:24
[INFO] [stdout]     |
[INFO] [stdout] 256 |             log_level: "info".to_string(),
[INFO] [stdout]     |                        ^^^^^^^^^^^^^^^^^^ expected `LogLevel`, found `String`
[INFO] [stdout] 
[INFO] [stdout] 
[INFO] [stdout] error[E0308]: mismatched types
[INFO] [stdout]    --> src/storage.rs:270:24
[INFO] [stdout]     |
[INFO] [stdout] 270 |             log_level: "info".to_string(),
[INFO] [stdout]     |                        ^^^^^^^^^^^^^^^^^^ expected `LogLevel`, found `String`
[INFO] [stdout] 
[INFO] [stdout] 
[INFO] [stdout] error[E0308]: mismatched types
[INFO] [stdout]    --> src/storage.rs:311:24
[INFO] [stdout]     |
[INFO] [stdout] 311 |             log_level: "info".to_string(),
[INFO] [stdout]     |                        ^^^^^^^^^^^^^^^^^^ expected `LogLevel`, found `String`
[INFO] [stdout] 
[INFO] [stdout] 
[INFO] [stdout] warning: use of deprecated method `std::sync::atomic::Atomic::<u64>::fetch_update`: renamed to `try_update` for consistency
[INFO] [stdout]   --> src/metrics.rs:39:25
[INFO] [stdout]    |
[INFO] [stdout] 39 |         self.bytes_sent.fetch_update(Ordering::Relaxed, Ordering::Relaxed, |current| {
[INFO] [stdout]    |                         ^^^^^^^^^^^^
[INFO] [stdout]    |
[INFO] [stdout]    = note: `#[warn(deprecated)]` on by default
[INFO] [stdout] help: replace the use of the deprecated method
[INFO] [stdout]    |
[INFO] [stdout] 39 -         self.bytes_sent.fetch_update(Ordering::Relaxed, Ordering::Relaxed, |current| {
[INFO] [stdout] 39 +         self.bytes_sent.try_update(Ordering::Relaxed, Ordering::Relaxed, |current| {
[INFO] [stdout]    |
[INFO] [stdout] 
[INFO] [stdout] 
[INFO] [stdout] warning: use of deprecated method `std::sync::atomic::Atomic::<u64>::fetch_update`: renamed to `try_update` for consistency
[INFO] [stdout]   --> src/metrics.rs:45:29
[INFO] [stdout]    |
[INFO] [stdout] 45 |         self.bytes_received.fetch_update(Ordering::Relaxed, Ordering::Relaxed, |current| {
[INFO] [stdout]    |                             ^^^^^^^^^^^^
[INFO] [stdout]    |
[INFO] [stdout] help: replace the use of the deprecated method
[INFO] [stdout]    |
[INFO] [stdout] 45 -         self.bytes_received.fetch_update(Ordering::Relaxed, Ordering::Relaxed, |current| {
[INFO] [stdout] 45 +         self.bytes_received.try_update(Ordering::Relaxed, Ordering::Relaxed, |current| {
[INFO] [stdout]    |
[INFO] [stdout] 
[INFO] [stdout] 
[INFO] [stdout] For more information about this error, try `rustc --explain E0308`.
[INFO] [stdout] 
[INFO] [stderr] error: could not compile `void_proxy` (lib test) due to 4 previous errors; 2 warnings emitted
[INFO] [stderr] warning: build failed, waiting for other jobs to finish...
[INFO] running `Command { std: "docker" "inspect" "e2e65779a622e5ec722a487320c05f6b6d85019bdc2f97add031b6b0269f3f83", kill_on_drop: false }`
[INFO] running `Command { std: "docker" "rm" "-f" "e2e65779a622e5ec722a487320c05f6b6d85019bdc2f97add031b6b0269f3f83", kill_on_drop: false }`
[INFO] [stdout] e2e65779a622e5ec722a487320c05f6b6d85019bdc2f97add031b6b0269f3f83
